000
CDUS44 KHGX 102132
CLIGLS


CLIMATE REPORT
NATIONAL WEATHER SERVICE HOUSTON/GALVESTON TX
422 PM CDT THU JUL 10 2014


...................................

...THE GALVESTON CLIMATE SUMMARY FOR JULY 10 2014...
VALID TODAY AS OF 400 PM LOCAL TIME.

CLIMATE NORMAL PERIOD 1981 TO 2010
CLIMATE RECORD PERIOD 1875 TO 2014


WEATHER ITEM   OBSERVED TIME   RECORD YEAR NORMAL DEPARTURE LAST
                VALUE   (LST)  VALUE       VALUE  FROM      YEAR
                                                  NORMAL
..................................................................
TEMPERATURE (F)
 TODAY
  MAXIMUM         90   1257 PM  96    1931  89      1       91
  MINIMUM         78    142 AM  69    1961  79     -1       80
                                      1894
  AVERAGE         84                        84      0       86

PRECIPITATION (IN)
  TODAY            0.00          2.61 1925   0.12  -0.12      T
  MONTH TO DATE    0.02                      1.60  -1.58     0.06
  SINCE JUN 1      1.55                      7.29  -5.74     3.32
  SINCE JAN 1     10.24                     24.59 -14.35    18.04

SNOWFALL (IN)
  TODAY            0.0          MM      MM  MM     MM        0.0
  MONTH TO DATE    0.0                      MM     MM        0.0
  SINCE JUN 1      0.0                      MM     MM        0.0
  SINCE JUL 1      0.0                      MM     MM        0.0
  SNOW DEPTH       0

DEGREE DAYS
 HEATING
  TODAY            0                         0      0        0
  MONTH TO DATE    0                         0      0        0
  SINCE JUN 1      0                         0      0        0
  SINCE JUL 1      0                         0      0        0

 COOLING
  TODAY           19                        19      0       21
  MONTH TO DATE  194                       190      4      204
  SINCE JUN 1    752                       725     27      798
  SINCE JAN 1   1260                      1360   -100     1349
..................................................................


WIND (MPH)
  RESULTANT WIND SPEED   9   RESULTANT WIND DIRECTION   S (190)
  HIGHEST WIND SPEED    25   HIGHEST WIND DIRECTION    SW (220)
  HIGHEST GUST SPEED    36   HIGHEST GUST DIRECTION    SW (210)
  AVERAGE WIND SPEED     9.4


SKY COVER
  AVERAGE SKY COVER 0.3


WEATHER CONDITIONS
 THE FOLLOWING WEATHER WAS RECORDED TODAY.
  NO SIGNIFICANT WEATHER WAS OBSERVED.


RELATIVE HUMIDITY (PERCENT)
 HIGHEST    91           100 AM
 LOWEST     56           100 PM
 AVERAGE    74

..........................................................


THE GALVESTON CLIMATE NORMALS FOR TOMORROW
                         NORMAL    RECORD    YEAR
 MAXIMUM TEMPERATURE (F)   90        97      1875
 MINIMUM TEMPERATURE (F)   79        67      1959


SUNRISE AND SUNSET
JULY 10 2014..........SUNRISE   628 AM CDT   SUNSET   822 PM CDT
JULY 11 2014..........SUNRISE   628 AM CDT   SUNSET   822 PM CDT


-  INDICATES NEGATIVE NUMBERS.
R  INDICATES RECORD WAS SET OR TIED.
MM INDICATES DATA IS MISSING.
T  INDICATES TRACE AMOUNT.


$$
