000
CDUS42 KJAX 232136
CLIGNV


CLIMATE REPORT
NATIONAL WEATHER SERVICE JACKSONVILLE FL
536 PM EDT TUE SEP 23 2014


...................................

...THE GAINESVILLE CLIMATE SUMMARY FOR SEPTEMBER 23 2014...
VALID TODAY AS OF 0500 PM LOCAL TIME.

CLIMATE NORMAL PERIOD 1981 TO 2010
CLIMATE RECORD PERIOD 1890 TO 2014


WEATHER ITEM   OBSERVED TIME   RECORD YEAR NORMAL DEPARTURE LAST
                VALUE   (LST)  VALUE       VALUE  FROM      YEAR
                                                  NORMAL
..................................................................
TEMPERATURE (F)
 TODAY
  MAXIMUM         77    249 PM  97    1925  86     -9       82
  MINIMUM         70    748 AM  50    1897  68      2       73
  AVERAGE         74                        77     -3       78

PRECIPITATION (IN)
  TODAY            0.87          3.34 1947   0.14   0.73     0.36
  MONTH TO DATE    4.80                      3.51   1.29     1.49
  SINCE SEP 1      4.80                      3.51   1.29     1.49
  SINCE JAN 1     41.86                     39.08   2.78    38.19

SNOWFALL (IN)
  TODAY            0.0           0.0    MM   0.0    0.0      0.0
  MONTH TO DATE    0.0                       0.0    0.0      0.0
  SINCE SEP 1      0.0                       0.0    0.0      0.0
  SINCE JUL 1      0.0                       0.0    0.0      0.0
  SNOW DEPTH       0

DEGREE DAYS
 HEATING
  TODAY            0                         0      0        0
  MONTH TO DATE    0                         0      0        0
  SINCE SEP 1      0                         0      0        0
  SINCE JUL 1      0                         0      0        0

 COOLING
  TODAY            9                        12     -3       13
  MONTH TO DATE  330                       318     12      353
  SINCE SEP 1    330                       318     12      353
  SINCE JAN 1   2276                      2262     14     2415
..................................................................


WIND (MPH)
  HIGHEST WIND SPEED    13   HIGHEST WIND DIRECTION     N (10)
  HIGHEST GUST SPEED    16   HIGHEST GUST DIRECTION     N (20)
  AVERAGE WIND SPEED     7.1


SKY COVER
  POSSIBLE SUNSHINE  MM
  AVERAGE SKY COVER 0.9


WEATHER CONDITIONS
 THE FOLLOWING WEATHER WAS RECORDED TODAY.
  HEAVY RAIN
  RAIN
  LIGHT RAIN
  FOG


RELATIVE HUMIDITY (PERCENT)
 HIGHEST   100           300 AM
 LOWEST     76           100 PM
 AVERAGE    88

..........................................................


THE GAINESVILLE CLIMATE NORMALS FOR TOMORROW
                         NORMAL    RECORD    YEAR
 MAXIMUM TEMPERATURE (F)   86        95      1997
                                             1936
                                             1925
 MINIMUM TEMPERATURE (F)   68        54      1897


SUNRISE AND SUNSET
SEPTEMBER 23 2014.....SUNRISE   718 AM EDT   SUNSET   724 PM EDT
SEPTEMBER 24 2014.....SUNRISE   718 AM EDT   SUNSET   723 PM EDT


-  INDICATES NEGATIVE NUMBERS.
R  INDICATES RECORD WAS SET OR TIED.
MM INDICATES DATA IS MISSING.
T  INDICATES TRACE AMOUNT.




$$
