000
CDUS42 KJAX 070533
CLIGNV


CLIMATE REPORT
NATIONAL WEATHER SERVICE JACKSONVILLE FL
1232 AM EST WED DEC 7 2016


...................................

...THE GAINESVILLE CLIMATE SUMMARY FOR DECEMBER 6 2016...

CLIMATE NORMAL PERIOD 1981 TO 2010
CLIMATE RECORD PERIOD 1890 TO 2016


WEATHER ITEM   OBSERVED TIME   RECORD YEAR NORMAL DEPARTURE LAST
                VALUE   (LST)  VALUE       VALUE  FROM      YEAR
                                                  NORMAL
..................................................................
TEMPERATURE (F)
 YESTERDAY
  MAXIMUM         82    226 PM  84    2013  70     12       74
  MINIMUM         59   1050 PM  27    2000  46     13       58
  AVERAGE         71                        58     13       66

PRECIPITATION (IN)
  YESTERDAY        1.52R         1.05 1979   0.08   1.44     0.00
  MONTH TO DATE    1.64                      0.45   1.19     0.06
  SINCE DEC 1      1.64                      0.45   1.19     0.06
  SINCE JAN 1     41.00                     45.38  -4.38    45.27

SNOWFALL (IN)
  YESTERDAY        0.0           0.0    MM   0.0    0.0      0.0
  MONTH TO DATE    0.0                       0.0    0.0      0.0
  SINCE DEC 1      0.0                       0.0    0.0      0.0
  SINCE JUL 1      0.0                       0.0    0.0      0.0
  SNOW DEPTH       0

DEGREE DAYS
 HEATING
  YESTERDAY        0                         8     -8        0
  MONTH TO DATE   19                        45    -26       11
  SINCE DEC 1     19                        45    -26       11
  SINCE JUL 1    125                       206    -81       50

 COOLING
  YESTERDAY        6                         1      5        1
  MONTH TO DATE   15                         6      9       13
  SINCE DEC 1     15                         6      9       13
  SINCE JAN 1   3049                      2622    427     3139
..................................................................


WIND (MPH)
  HIGHEST WIND SPEED    29   HIGHEST WIND DIRECTION     W (250)
  HIGHEST GUST SPEED    35   HIGHEST GUST DIRECTION     W (250)
  AVERAGE WIND SPEED    11.5


SKY COVER
  POSSIBLE SUNSHINE  MM
  AVERAGE SKY COVER 0.3


WEATHER CONDITIONS
 THE FOLLOWING WEATHER WAS RECORDED YESTERDAY.
  THUNDERSTORM
  HEAVY RAIN
  RAIN
  LIGHT RAIN
  FOG


RELATIVE HUMIDITY (PERCENT)
 HIGHEST    93           700 AM
 LOWEST     46           500 PM
 AVERAGE    70

..........................................................


THE GAINESVILLE CLIMATE NORMALS FOR TODAY
                         NORMAL    RECORD    YEAR
 MAXIMUM TEMPERATURE (F)   69        86      1978
 MINIMUM TEMPERATURE (F)   46        20      1937


SUNRISE AND SUNSET
DECEMBER  7 2016......SUNRISE   712 AM EST   SUNSET   530 PM EST
DECEMBER  8 2016......SUNRISE   712 AM EST   SUNSET   530 PM EST


-  INDICATES NEGATIVE NUMBERS.
R  INDICATES RECORD WAS SET OR TIED.
MM INDICATES DATA IS MISSING.
T  INDICATES TRACE AMOUNT.




$$
