000
CDUS42 KJAX 240531
CLIGNV


CLIMATE REPORT
NATIONAL WEATHER SERVICE JACKSONVILLE FL
1231 AM EST MON NOV 24 2014


...................................

...THE GAINESVILLE CLIMATE SUMMARY FOR NOVEMBER 23 2014...

CLIMATE NORMAL PERIOD 1981 TO 2010
CLIMATE RECORD PERIOD 1890 TO 2014


WEATHER ITEM   OBSERVED TIME   RECORD YEAR NORMAL DEPARTURE LAST
                VALUE   (LST)  VALUE       VALUE  FROM      YEAR
                                                  NORMAL
..................................................................
TEMPERATURE (F)
 YESTERDAY
  MAXIMUM         82    107 PM  88    1906  73      9       82
  MINIMUM         66    446 AM  27    2000  49     17       55
  AVERAGE         74                        61     13       69

PRECIPITATION (IN)
  YESTERDAY        0.21          0.93 1977   0.06   0.15      T
  MONTH TO DATE    0.79                      1.57  -0.78     1.55
  SINCE SEP 1      9.62                      8.87   0.75     4.83
  SINCE JAN 1     46.68                     44.44   2.24    41.53

SNOWFALL (IN)
  YESTERDAY        0.0           0.0    MM   0.0    0.0      0.0
  MONTH TO DATE    0.0                       0.0    0.0      0.0
  SINCE SEP 1      0.0                       0.0    0.0      0.0
  SINCE JUL 1      0.0                       0.0    0.0      0.0
  SNOW DEPTH       0

DEGREE DAYS
 HEATING
  YESTERDAY        0                         6     -6        0
  MONTH TO DATE  179                        89     90       16
  SINCE SEP 1    197                       116     81       31
  SINCE JUL 1    197                       116     81       31

 COOLING
  YESTERDAY        9                         2      7        4
  MONTH TO DATE   17                        59    -42       81
  SINCE SEP 1    602                       665    -63      760
  SINCE JAN 1   2548                      2609    -61     2822
..................................................................


WIND (MPH)
  HIGHEST WIND SPEED    17   HIGHEST WIND DIRECTION     S (180)
  HIGHEST GUST SPEED    25   HIGHEST GUST DIRECTION     S (200)
  AVERAGE WIND SPEED     9.3


SKY COVER
  POSSIBLE SUNSHINE  MM
  AVERAGE SKY COVER 0.8


WEATHER CONDITIONS
 THE FOLLOWING WEATHER WAS RECORDED YESTERDAY.
  RAIN
  LIGHT RAIN
  FOG


RELATIVE HUMIDITY (PERCENT)
 HIGHEST   100           400 AM
 LOWEST     69           100 PM
 AVERAGE    85

..........................................................


THE GAINESVILLE CLIMATE NORMALS FOR TODAY
                         NORMAL    RECORD    YEAR
 MAXIMUM TEMPERATURE (F)   72        86      1948
 MINIMUM TEMPERATURE (F)   49        25      1925


SUNRISE AND SUNSET
NOVEMBER 24 2014......SUNRISE   701 AM EST   SUNSET   530 PM EST
NOVEMBER 25 2014......SUNRISE   702 AM EST   SUNSET   530 PM EST


-  INDICATES NEGATIVE NUMBERS.
R  INDICATES RECORD WAS SET OR TIED.
MM INDICATES DATA IS MISSING.
T  INDICATES TRACE AMOUNT.




$$
