000
CDUS42 KJAX 110531
CLIGNV


CLIMATE REPORT
NATIONAL WEATHER SERVICE JACKSONVILLE FL
1230 AM EST THU FEB 11 2016


...................................

...THE GAINESVILLE CLIMATE SUMMARY FOR FEBRUARY 10 2016...

CLIMATE NORMAL PERIOD 1981 TO 2010
CLIMATE RECORD PERIOD 1890 TO 2016


WEATHER ITEM   OBSERVED TIME   RECORD YEAR NORMAL DEPARTURE LAST
                VALUE   (LST)  VALUE       VALUE  FROM      YEAR
                                                  NORMAL
..................................................................
TEMPERATURE (F)
 YESTERDAY
  MAXIMUM         55    259 PM  86    1957  69    -14       63
  MINIMUM         29    615 AM  24    1947  45    -16       43
  AVERAGE         42                        57    -15       53

PRECIPITATION (IN)
  YESTERDAY        0.00          1.47 1973   0.11  -0.11     0.00
  MONTH TO DATE    3.60                      1.10   2.50     0.63
  SINCE DEC 1      8.30                      6.89   1.41     7.25
  SINCE JAN 1      6.33                      4.41   1.92     3.87

SNOWFALL (IN)
  YESTERDAY        0.0           0.0    MM   0.0    0.0      0.0
  MONTH TO DATE    0.0                       0.0    0.0      0.0
  SINCE DEC 1      0.0                       0.0    0.0      0.0
  SINCE JUL 1      0.0                       0.0    0.0      0.0
  SNOW DEPTH       0

DEGREE DAYS
 HEATING
  YESTERDAY       23                         9     14       12
  MONTH TO DATE  113                        95     18      120
  SINCE DEC 1    571                       736   -165      670
  SINCE JUL 1    610                       897   -287      935

 COOLING
  YESTERDAY        0                         1     -1        0
  MONTH TO DATE   14                         6      8        0
  SINCE DEC 1    162                        40    122       50
  SINCE JAN 1     16                        18     -2       14
..................................................................


WIND (MPH)
  HIGHEST WIND SPEED    26   HIGHEST WIND DIRECTION     W (260)
  HIGHEST GUST SPEED    33   HIGHEST GUST DIRECTION     W (260)
  AVERAGE WIND SPEED     9.8


SKY COVER
  POSSIBLE SUNSHINE  MM
  AVERAGE SKY COVER 0.0


WEATHER CONDITIONS
 THE FOLLOWING WEATHER WAS RECORDED YESTERDAY.
  NO SIGNIFICANT WEATHER WAS OBSERVED.


RELATIVE HUMIDITY (PERCENT)
 HIGHEST    72           500 AM
 LOWEST     19           200 PM
 AVERAGE    46

..........................................................


THE GAINESVILLE CLIMATE NORMALS FOR TODAY
                         NORMAL    RECORD    YEAR
 MAXIMUM TEMPERATURE (F)   69        87      1932
 MINIMUM TEMPERATURE (F)   45        24      1971


SUNRISE AND SUNSET
FEBRUARY 11 2016......SUNRISE   712 AM EST   SUNSET   615 PM EST
FEBRUARY 12 2016......SUNRISE   711 AM EST   SUNSET   615 PM EST


-  INDICATES NEGATIVE NUMBERS.
R  INDICATES RECORD WAS SET OR TIED.
MM INDICATES DATA IS MISSING.
T  INDICATES TRACE AMOUNT.




$$
