000
CDUS42 KJAX 010533
CLIGNV


CLIMATE REPORT
NATIONAL WEATHER SERVICE JACKSONVILLE FL
132 AM EDT SUN MAY 1 2016


...................................

...THE GAINESVILLE CLIMATE SUMMARY FOR APRIL 30 2016...

CLIMATE NORMAL PERIOD 1981 TO 2010
CLIMATE RECORD PERIOD 1890 TO 2016


WEATHER ITEM   OBSERVED TIME   RECORD YEAR NORMAL DEPARTURE LAST
                VALUE   (LST)  VALUE       VALUE  FROM      YEAR
                                                  NORMAL
..................................................................
TEMPERATURE (F)
 YESTERDAY
  MAXIMUM         89    434 PM  95    1906  84      5       78
  MINIMUM         67    549 AM  42    2008  58      9       58
  AVERAGE         78                        71      7       68

PRECIPITATION (IN)
  YESTERDAY        0.00          2.53 2010   0.07  -0.07     0.00
  MONTH TO DATE    1.66                      2.67  -1.01     3.22
  SINCE MAR 1      4.01                      7.00  -2.99     4.39
  SINCE JAN 1     10.86                     13.51  -2.65     9.65

SNOWFALL (IN)
  YESTERDAY        0.0           0.0    MM   0.0    0.0      0.0
  MONTH TO DATE    0.0                       0.0    0.0      0.0
  SINCE MAR 1      0.0                       0.0    0.0      0.0
  SINCE JUL 1      0.0                       0.0    0.0      0.0
  SNOW DEPTH       0

DEGREE DAYS
 HEATING
  YESTERDAY        0                         1     -1        0
  MONTH TO DATE    9                        45    -36        0
  SINCE MAR 1     83                       180    -97       60
  SINCE JUL 1    848                      1214   -366     1211

 COOLING
  YESTERDAY       13                         6      7        3
  MONTH TO DATE  139                       121     18      246
  SINCE MAR 1    268                       175     93      385
  SINCE JAN 1    293                       207     86      400
..................................................................


WIND (MPH)
  HIGHEST WIND SPEED    15   HIGHEST WIND DIRECTION    SE (120)
  HIGHEST GUST SPEED    19   HIGHEST GUST DIRECTION    SE (150)
  AVERAGE WIND SPEED     6.5


SKY COVER
  POSSIBLE SUNSHINE  MM
  AVERAGE SKY COVER 0.2


WEATHER CONDITIONS
 THE FOLLOWING WEATHER WAS RECORDED YESTERDAY.
  THUNDERSTORM
  FOG


RELATIVE HUMIDITY (PERCENT)
 HIGHEST    93           300 AM
 LOWEST     41           100 PM
 AVERAGE    67

..........................................................


THE GAINESVILLE CLIMATE NORMALS FOR TODAY
                         NORMAL    RECORD    YEAR
 MAXIMUM TEMPERATURE (F)   84        95      1914
                                             1906
 MINIMUM TEMPERATURE (F)   58        47      1908


SUNRISE AND SUNSET
MAY  1 2016...........SUNRISE   646 AM EDT   SUNSET   806 PM EDT
MAY  2 2016...........SUNRISE   645 AM EDT   SUNSET   807 PM EDT


-  INDICATES NEGATIVE NUMBERS.
R  INDICATES RECORD WAS SET OR TIED.
MM INDICATES DATA IS MISSING.
T  INDICATES TRACE AMOUNT.




$$
