000
CDUS42 KJAX 190626
CLIGNV


CLIMATE REPORT
NATIONAL WEATHER SERVICE JACKSONVILLE FL
125 AM EST SUN NOV 19 2017


...................................

...THE GAINESVILLE CLIMATE SUMMARY FOR NOVEMBER 18 2017...

CLIMATE NORMAL PERIOD 1981 TO 2010
CLIMATE RECORD PERIOD 1890 TO 2017


WEATHER ITEM   OBSERVED TIME   RECORD YEAR NORMAL DEPARTURE LAST
                VALUE   (LST)  VALUE       VALUE  FROM      YEAR
                                                  NORMAL
..................................................................
TEMPERATURE (F)
 YESTERDAY
  MAXIMUM         78    219 PM  88    1957  74      4       80
  MINIMUM         45    705 AM  29    1970  50     -5       42
  AVERAGE         62                        62      0       61

PRECIPITATION (IN)
  YESTERDAY        0.00          1.03 2015   0.06  -0.06     0.00
  MONTH TO DATE    T                         1.25  -1.25     0.02
  SINCE SEP 1     16.85                      8.55   8.30     9.64
  SINCE JAN 1     65.90                     44.12  21.78    39.36

SNOWFALL (IN)
  YESTERDAY        0.0           0.0    MM   0.0    0.0      0.0
  MONTH TO DATE    0.0                       0.0    0.0      0.0
  SINCE SEP 1      0.0                       0.0    0.0      0.0
  SINCE JUL 1      0.0                       0.0    0.0      0.0
  SNOW DEPTH       0

DEGREE DAYS
 HEATING
  YESTERDAY        3                         5     -2        4
  MONTH TO DATE   40                        63    -23       35
  SINCE SEP 1     92                        90      2       51
  SINCE JUL 1     92                        90      2       51

 COOLING
  YESTERDAY        0                         2     -2        0
  MONTH TO DATE   41                        49     -8       52
  SINCE SEP 1    724                       655     69      770
  SINCE JAN 1   2884                      2599    285     3013
..................................................................


WIND (MPH)
  HIGHEST WIND SPEED    16   HIGHEST WIND DIRECTION     S (180)
  HIGHEST GUST SPEED    19   HIGHEST GUST DIRECTION     S (190)
  AVERAGE WIND SPEED     4.4


SKY COVER
  POSSIBLE SUNSHINE  MM
  AVERAGE SKY COVER 0.1


WEATHER CONDITIONS
 THE FOLLOWING WEATHER WAS RECORDED YESTERDAY.
  FOG


RELATIVE HUMIDITY (PERCENT)
 HIGHEST   100          1200 AM
 LOWEST     46           100 PM
 AVERAGE    73

..........................................................


THE GAINESVILLE CLIMATE NORMALS FOR TODAY
                         NORMAL    RECORD    YEAR
 MAXIMUM TEMPERATURE (F)   74        90      1906
 MINIMUM TEMPERATURE (F)   50        27      2014


SUNRISE AND SUNSET
NOVEMBER 19 2017......SUNRISE   657 AM EST   SUNSET   532 PM EST
NOVEMBER 20 2017......SUNRISE   658 AM EST   SUNSET   531 PM EST


-  INDICATES NEGATIVE NUMBERS.
R  INDICATES RECORD WAS SET OR TIED.
MM INDICATES DATA IS MISSING.
T  INDICATES TRACE AMOUNT.




$$
