000
CDUS45 KMSO 222333
CLIGPI


CLIMATE REPORT
NATIONAL WEATHER SERVICE MISSOULA, MT
432 PM MST MON DEC 22 2014


...................................

...THE KALISPELL MT CLIMATE SUMMARY FOR DECEMBER 22 2014...
VALID TODAY AS OF 0400 PM LOCAL TIME.

CLIMATE NORMAL PERIOD 1981 TO 2010
CLIMATE RECORD PERIOD 1894 TO 2014


WEATHER ITEM   OBSERVED TIME   RECORD YEAR NORMAL DEPARTURE LAST
                VALUE   (LST)  VALUE       VALUE  FROM      YEAR
                                                  NORMAL
..................................................................
TEMPERATURE (F)
 TODAY
  MAXIMUM         38    258 PM  55    1933  29      9       29
  MINIMUM         29    558 AM -12    1990  14     15       20
  AVERAGE         34                        22     12       25

PRECIPITATION (IN)
  TODAY            0.01          0.41 1951   0.06  -0.05     0.01
  MONTH TO DATE    1.34                      1.09   0.25     1.20
  SINCE OCT 1      5.07                      3.53   1.54     4.07
  SINCE JAN 1     20.55                     16.52   4.03    17.10

SNOWFALL (IN)
  TODAY            T
  MONTH TO DATE    6.6
  SINCE JAN 1     55.1
  SINCE JUL 1     16.9
  SNOW DEPTH       T

DEGREE DAYS
 HEATING
  TODAY           31                        44    -13       40
  MONTH TO DATE  807                       918   -111     1019
  SINCE DEC 1    807                       918   -111     1019
  SINCE JUL 1   2805                      3122   -317     3096

 COOLING
  TODAY            0                         0      0        0
  MONTH TO DATE    0                         0      0        0
  SINCE DEC 1      0                         0      0        0
  SINCE JAN 1    217                       147     70      264
..................................................................


WIND (MPH)
  HIGHEST WIND SPEED    14   HIGHEST WIND DIRECTION     N (350)
  HIGHEST GUST SPEED    19   HIGHEST GUST DIRECTION     N (340)
  AVERAGE WIND SPEED     2.4


SKY COVER
  POSSIBLE SUNSHINE  MM
  AVERAGE SKY COVER 0.9


WEATHER CONDITIONS
 THE FOLLOWING WEATHER WAS RECORDED TODAY.
  LIGHT RAIN
  LIGHT SNOW
  FOG


RELATIVE HUMIDITY (PERCENT)
 HIGHEST   100           600 AM
 LOWEST     70           300 PM
 AVERAGE    85

..........................................................


THE KALISPELL MT CLIMATE NORMALS FOR TOMORROW
                         NORMAL    RECORD    YEAR
 MAXIMUM TEMPERATURE (F)   29        50      1936
 MINIMUM TEMPERATURE (F)   14       -26      1983


SUNRISE AND SUNSET
DECEMBER 22 2014......SUNRISE   826 AM MST   SUNSET   446 PM MST
DECEMBER 23 2014......SUNRISE   826 AM MST   SUNSET   446 PM MST


-  INDICATES NEGATIVE NUMBERS.
R  INDICATES RECORD WAS SET OR TIED.
MM INDICATES DATA IS MISSING.
T  INDICATES TRACE AMOUNT.




$$
