000
CDUS45 KMSO 270739
CLIGPI


CLIMATE REPORT
NATIONAL WEATHER SERVICE MISSOULA, MT
1238 AM MST FRI FEB 27 2015


...................................

...THE KALISPELL MT CLIMATE SUMMARY FOR FEBRUARY 26 2015...

CLIMATE NORMAL PERIOD 1981 TO 2010
CLIMATE RECORD PERIOD 1894 TO 2015


WEATHER ITEM   OBSERVED TIME   RECORD YEAR NORMAL DEPARTURE LAST
                VALUE   (LST)  VALUE       VALUE  FROM      YEAR
                                                  NORMAL
..................................................................
TEMPERATURE (F)
 YESTERDAY
  MAXIMUM         37    440 PM  55    1926  39     -2       22
  MINIMUM         22    731 AM -10    1922  20      2       10
  AVERAGE         30                        29      1       16

PRECIPITATION (IN)
  YESTERDAY        T             0.37 1919   0.04  -0.04     0.00
  MONTH TO DATE    1.12                      0.90   0.22     1.08
  SINCE OCT 1      9.61                      6.23   3.38     6.88
  SINCE JAN 1      3.53                      2.23   1.30     2.43

SNOWFALL (IN)
  YESTERDAY        0.2
  MONTH TO DATE    8.5
  SINCE JAN 1     38.9
  SINCE JUL 1     65.4
  SNOW DEPTH       T

DEGREE DAYS
 HEATING
  YESTERDAY       35                        36     -1       49
  MONTH TO DATE  846                       989   -143     1207
  SINCE DEC 1   3377                      3576   -199     3767
  SINCE JUL 1   5375                      5780   -405     5844

 COOLING
  YESTERDAY        0                         0      0        0
  MONTH TO DATE    0                         0      0        0
  SINCE DEC 1      0                         0      0        0
  SINCE JAN 1      0                         0      0        0
..................................................................


WIND (MPH)
  HIGHEST WIND SPEED    21   HIGHEST WIND DIRECTION     N (20)
  HIGHEST GUST SPEED    25   HIGHEST GUST DIRECTION     N (20)
  AVERAGE WIND SPEED     6.6


SKY COVER
  POSSIBLE SUNSHINE  MM
  AVERAGE SKY COVER 0.4


WEATHER CONDITIONS
 THE FOLLOWING WEATHER WAS RECORDED YESTERDAY.
  LIGHT SNOW
  HAZE


RELATIVE HUMIDITY (PERCENT)
 HIGHEST    88           900 PM
 LOWEST     40           200 PM
 AVERAGE    64

..........................................................


THE KALISPELL MT CLIMATE NORMALS FOR TODAY
                         NORMAL    RECORD    YEAR
 MAXIMUM TEMPERATURE (F)   39        62      1932
 MINIMUM TEMPERATURE (F)   20       -19      1960


SUNRISE AND SUNSET
FEBRUARY 27 2015......SUNRISE   722 AM MST   SUNSET   618 PM MST
FEBRUARY 28 2015......SUNRISE   721 AM MST   SUNSET   619 PM MST


-  INDICATES NEGATIVE NUMBERS.
R  INDICATES RECORD WAS SET OR TIED.
MM INDICATES DATA IS MISSING.
T  INDICATES TRACE AMOUNT.




$$
