000
CDUS45 KMSO 192230
CLIGPI


CLIMATE REPORT
NATIONAL WEATHER SERVICE MISSOULA, MT
430 PM MDT SAT AUG 19 2017


...................................

...THE KALISPELL MT CLIMATE SUMMARY FOR AUGUST 19 2017...
VALID TODAY AS OF 0400 PM LOCAL TIME.

CLIMATE NORMAL PERIOD 1981 TO 2010
CLIMATE RECORD PERIOD 1894 TO 2017


WEATHER ITEM   OBSERVED TIME   RECORD YEAR NORMAL DEPARTURE LAST
                VALUE   (LST)  VALUE       VALUE  FROM      YEAR
                                                  NORMAL
..................................................................
TEMPERATURE (F)
 TODAY
  MAXIMUM         81    259 PM  97    1967  81      0       74
  MINIMUM         45    608 AM  34    1998  46     -1       39
  AVERAGE         63                        64     -1       57

PRECIPITATION (IN)
  TODAY            0.00          0.37 2014   0.03  -0.03     0.00
  MONTH TO DATE    0.08                      0.56  -0.48     1.08
  SINCE OCT 1     18.48                     15.18   3.30    16.27
  SINCE JAN 1     11.25                     11.18   0.07    12.22

SNOWFALL (IN)
  TODAY            0.0
  MONTH TO DATE    0.0
  SINCE JAN 1     54.5
  SINCE JUL 1      0.0
  SNOW DEPTH       0

DEGREE DAYS
 HEATING
  TODAY            2                         3     -1        8
  MONTH TO DATE   20                        44    -24       42
  SINCE JUN 1    184                       337   -153      300
  SINCE JUL 1     26                       121    -95      121

 COOLING
  TODAY            0                         2     -2        0
  MONTH TO DATE   59                        49     10       42
  SINCE JUN 1    203                       129     74      143
  SINCE JAN 1    208                       132     76      143
..................................................................


WIND (MPH)
  HIGHEST WIND SPEED    16   HIGHEST WIND DIRECTION     W (250)
  HIGHEST GUST SPEED    23   HIGHEST GUST DIRECTION     W (260)
  AVERAGE WIND SPEED     6.5


SKY COVER
  POSSIBLE SUNSHINE  MM
  AVERAGE SKY COVER 0.1


WEATHER CONDITIONS
 THE FOLLOWING WEATHER WAS RECORDED TODAY.
  NO SIGNIFICANT WEATHER WAS OBSERVED.


RELATIVE HUMIDITY (PERCENT)
 HIGHEST    83           600 AM
 LOWEST     21           300 PM
 AVERAGE    52

..........................................................


THE KALISPELL MT CLIMATE NORMALS FOR TOMORROW
                         NORMAL    RECORD    YEAR
 MAXIMUM TEMPERATURE (F)   81        94      1967
 MINIMUM TEMPERATURE (F)   46        32      2000


SUNRISE AND SUNSET
AUGUST 19 2017........SUNRISE   637 AM MDT   SUNSET   843 PM MDT
AUGUST 20 2017........SUNRISE   639 AM MDT   SUNSET   841 PM MDT


-  INDICATES NEGATIVE NUMBERS.
R  INDICATES RECORD WAS SET OR TIED.
MM INDICATES DATA IS MISSING.
T  INDICATES TRACE AMOUNT.




$$
