000
CDUS45 KMSO 250737
CLIGPI


CLIMATE REPORT
NATIONAL WEATHER SERVICE MISSOULA, MT
137 AM MDT FRI JUL 25 2014


...................................

...THE KALISPELL MT CLIMATE SUMMARY FOR JULY 24 2014...

CLIMATE NORMAL PERIOD 1981 TO 2010
CLIMATE RECORD PERIOD 1894 TO 2014


WEATHER ITEM   OBSERVED TIME   RECORD YEAR NORMAL DEPARTURE LAST
                VALUE   (LST)  VALUE       VALUE  FROM      YEAR
                                                  NORMAL
..................................................................
TEMPERATURE (F)
 YESTERDAY
  MAXIMUM         68   1132 AM  96    2003  84    -16       93
  MINIMUM         53   1046 PM  37    1960  49      4       49
  AVERAGE         61                        66     -5       71

PRECIPITATION (IN)
  YESTERDAY        0.04          0.48 1925   0.04   0.00     0.00
  MONTH TO DATE    0.39                      1.23  -0.84     0.31
  SINCE OCT 1     17.33                     14.40   2.93    14.70
  SINCE JAN 1     12.88                     10.40   2.48     9.32

SNOWFALL (IN)
  YESTERDAY        0.0
  MONTH TO DATE    0.0
  SINCE JAN 1     38.2
  SINCE JUL 1      0.0
  SNOW DEPTH       0

DEGREE DAYS
 HEATING
  YESTERDAY        4                         2      2        0
  MONTH TO DATE    4                        68    -64       18
  SINCE JUN 1    257                       284    -27      204
  SINCE JUL 1      4                        68    -64       18

 COOLING
  YESTERDAY        0                         3     -3        6
  MONTH TO DATE   97                        46     51       94
  SINCE JUN 1     97                        59     38      113
  SINCE JAN 1     97                        62     35      113
..................................................................


WIND (MPH)
  HIGHEST WIND SPEED    25   HIGHEST WIND DIRECTION    SW (240)
  HIGHEST GUST SPEED    35   HIGHEST GUST DIRECTION    SW (230)
  AVERAGE WIND SPEED    10.4


SKY COVER
  POSSIBLE SUNSHINE  MM
  AVERAGE SKY COVER 0.8


WEATHER CONDITIONS
 THE FOLLOWING WEATHER WAS RECORDED YESTERDAY.
  RAIN
  LIGHT RAIN


RELATIVE HUMIDITY (PERCENT)
 HIGHEST    75           400 AM
 LOWEST     34          1200 PM
 AVERAGE    55

..........................................................


THE KALISPELL MT CLIMATE NORMALS FOR TODAY
                         NORMAL    RECORD    YEAR
 MAXIMUM TEMPERATURE (F)   84        97      1931
 MINIMUM TEMPERATURE (F)   49        39      1960


SUNRISE AND SUNSET
JULY 25 2014..........SUNRISE   603 AM MDT   SUNSET   923 PM MDT
JULY 26 2014..........SUNRISE   605 AM MDT   SUNSET   922 PM MDT


-  INDICATES NEGATIVE NUMBERS.
R  INDICATES RECORD WAS SET OR TIED.
MM INDICATES DATA IS MISSING.
T  INDICATES TRACE AMOUNT.




$$
