000
CDUS43 KGRB 292130
CLIGRB


CLIMATE REPORT
NATIONAL WEATHER SERVICE GREEN BAY
429 PM CDT SAT APR 29 2017


...................................

...THE GREEN BAY WI CLIMATE SUMMARY FOR APRIL 29 2017...
VALID TODAY AS OF 0400 PM LOCAL TIME.

CLIMATE NORMAL PERIOD 1981 TO 2010
CLIMATE RECORD PERIOD 1886 TO 2017


WEATHER ITEM   OBSERVED TIME   RECORD YEAR NORMAL DEPARTURE LAST
                VALUE   (LST)  VALUE       VALUE  FROM      YEAR
                                                  NORMAL
..................................................................
TEMPERATURE (F)
 TODAY
  MAXIMUM         48    259 PM  85    2007  60    -12       56
  MINIMUM         35    530 AM  22    1969  39     -4       38
                                      1956
  AVERAGE         42                        49     -7       47

PRECIPITATION (IN)
  TODAY            0.00          1.98 1896   0.09  -0.09      T
  MONTH TO DATE    4.17                      2.54   1.63     1.29
  SINCE MAR 1      6.47                      4.39   2.08     5.34
  SINCE JAN 1      9.72                      6.63   3.09     7.82

SNOWFALL (IN)
  TODAY            0.0           3.5  1956   0.1   -0.1      0.0
  MONTH TO DATE    T                         2.9   -2.9      4.4
  SINCE MAR 1      9.0                      11.0   -2.0     16.2
  SINCE JUL 1     53.2                      51.2    2.0     50.0
  SNOW DEPTH       0

DEGREE DAYS
 HEATING
  TODAY           23                        16      7       18
  MONTH TO DATE  462                       622   -160      651
  SINCE MAR 1   1486                      1682   -196     1516
  SINCE JUL 1   6059                      7522  -1463     6327

 COOLING
  TODAY            0                         0      0        0
  MONTH TO DATE    0                         0      0        0
  SINCE MAR 1      0                         0      0        0
  SINCE JAN 1      0                         0      0        0
..................................................................


WIND (MPH)
  HIGHEST WIND SPEED    23   HIGHEST WIND DIRECTION    NE (50)
  HIGHEST GUST SPEED    29   HIGHEST GUST DIRECTION    NE (50)
  AVERAGE WIND SPEED    14.5


SKY COVER
  POSSIBLE SUNSHINE  MM
  AVERAGE SKY COVER 0.1


WEATHER CONDITIONS
 THE FOLLOWING WEATHER WAS RECORDED TODAY.
  NO SIGNIFICANT WEATHER WAS OBSERVED.


RELATIVE HUMIDITY (PERCENT)
 HIGHEST    75           400 AM
 LOWEST     54           200 PM
 AVERAGE    65

..........................................................


THE GREEN BAY WI CLIMATE NORMALS FOR TOMORROW
                         NORMAL    RECORD    YEAR
 MAXIMUM TEMPERATURE (F)   61        84      2013
                                             1901
 MINIMUM TEMPERATURE (F)   39        12      1956


SUNRISE AND SUNSET
APRIL 29 2017.........SUNRISE   546 AM CDT   SUNSET   755 PM CDT
APRIL 30 2017.........SUNRISE   544 AM CDT   SUNSET   756 PM CDT


-  INDICATES NEGATIVE NUMBERS.
R  INDICATES RECORD WAS SET OR TIED.
MM INDICATES DATA IS MISSING.
T  INDICATES TRACE AMOUNT.




$$
