000
CDUS43 KGID 222222
CLIGRI


CLIMATE REPORT
NATIONAL WEATHER SERVICE HASTINGS NE
522 PM CDT SAT APR 22 2017


...................................

...THE GRAND ISLAND NE CLIMATE SUMMARY FOR APRIL 22 2017...
VALID TODAY AS OF 0500 PM LOCAL TIME.

CLIMATE NORMAL PERIOD 1981 TO 2010
CLIMATE RECORD PERIOD 1895 TO 2017


WEATHER ITEM   OBSERVED TIME   RECORD YEAR NORMAL DEPARTURE LAST
                VALUE   (LST)  VALUE       VALUE  FROM      YEAR
                                                  NORMAL
..................................................................
TEMPERATURE (F)
 TODAY
  MAXIMUM         65    344 PM  94    1989  66     -1       68
  MINIMUM         37    604 AM  23    1931  40     -3       37
  AVERAGE         51                        53     -2       53

PRECIPITATION (IN)
  TODAY            0.00          2.05 1957   0.10  -0.10     0.00
  MONTH TO DATE    0.13                      1.72  -1.59     3.38
  SINCE MAR 1      0.94                      3.52  -2.58     3.99
  SINCE JAN 1      2.26                      4.73  -2.47     6.17

SNOWFALL (IN)
  TODAY            0.0           T    2013   0.1   -0.1      0.0
                                      1988
                                      1984
  MONTH TO DATE    0.0                       1.4   -1.4      0.0
  SINCE MAR 1      1.2                       6.8   -5.6      2.6
  SINCE JUL 1      8.9                      28.9  -20.0     33.8
  SNOW DEPTH       0

DEGREE DAYS
 HEATING
  TODAY           14                        13      1       12
  MONTH TO DATE  252                       356   -104      278
  SINCE MAR 1    949                      1152   -203      865
  SINCE JUL 1   5015                      5913   -898     4863

 COOLING
  TODAY            0                         1     -1        0
  MONTH TO DATE    5                         3      2        0
  SINCE MAR 1      5                         3      2        0
  SINCE JAN 1      5                         3      2        0
..................................................................


WIND (MPH)
  HIGHEST WIND SPEED    10   HIGHEST WIND DIRECTION    NE (30)
  HIGHEST GUST SPEED    15   HIGHEST GUST DIRECTION     N (10)
  AVERAGE WIND SPEED     6.8


SKY COVER
  POSSIBLE SUNSHINE  MM
  AVERAGE SKY COVER 0.1


WEATHER CONDITIONS
 THE FOLLOWING WEATHER WAS RECORDED TODAY.
  NO SIGNIFICANT WEATHER WAS OBSERVED.


RELATIVE HUMIDITY (PERCENT)
 HIGHEST    92           200 AM
 LOWEST     25           400 PM
 AVERAGE    59

..........................................................


THE GRAND ISLAND NE CLIMATE NORMALS FOR TOMORROW
                         NORMAL    RECORD    YEAR
 MAXIMUM TEMPERATURE (F)   66        94      1939
 MINIMUM TEMPERATURE (F)   41        23      1963


SUNRISE AND SUNSET
APRIL 22 2017.........SUNRISE   643 AM CDT   SUNSET   821 PM CDT
APRIL 23 2017.........SUNRISE   642 AM CDT   SUNSET   822 PM CDT


-  INDICATES NEGATIVE NUMBERS.
R  INDICATES RECORD WAS SET OR TIED.
MM INDICATES DATA IS MISSING.
T  INDICATES TRACE AMOUNT.




$$
