000
CDUS43 KGID 270722
CLIGRI


CLIMATE REPORT
NATIONAL WEATHER SERVICE HASTINGS NE
120 AM CST MON FEB 27 2017


...................................

...THE GRAND ISLAND NE CLIMATE SUMMARY FOR FEBRUARY 26 2017...

CLIMATE NORMAL PERIOD 1981 TO 2010
CLIMATE RECORD PERIOD 1895 TO 2017


WEATHER ITEM   OBSERVED TIME   RECORD YEAR NORMAL DEPARTURE LAST
                VALUE   (LST)  VALUE       VALUE  FROM      YEAR
                                                  NORMAL
..................................................................
TEMPERATURE (F)
 YESTERDAY
  MAXIMUM         45    430 PM  75    1896  43      2       60
  MINIMUM         25   1149 PM -15    1934  22      3       27
  AVERAGE         35                        33      2       44

PRECIPITATION (IN)
  YESTERDAY        0.00          0.45 1958   0.03  -0.03     0.00
  MONTH TO DATE    0.25                      0.62  -0.37     1.86
  SINCE DEC 1      2.13                      1.78   0.35     4.06
  SINCE JAN 1      1.32                      1.15   0.17     2.18

SNOWFALL (IN)
  YESTERDAY        0.0           4.0  1915   0.2   -0.2      0.0
  MONTH TO DATE    3.5                       5.9   -2.4     18.6
  SINCE DEC 1      7.3                      17.5  -10.2     25.6
  SINCE JUL 1      7.7                      21.7  -14.0     31.2
  SNOW DEPTH       T

DEGREE DAYS
 HEATING
  YESTERDAY       30                        32     -2       21
  MONTH TO DATE  700                       942   -242      803
  SINCE DEC 1   3092                      3368   -276     2981
  SINCE JUL 1   4012                      4698   -686     3947

 COOLING
  YESTERDAY        0                         0      0        0
  MONTH TO DATE    0                         0      0        0
  SINCE DEC 1      0                         0      0        0
  SINCE JAN 1      0                         0      0        0
..................................................................


WIND (MPH)
  HIGHEST WIND SPEED    18   HIGHEST WIND DIRECTION     W (260)
  HIGHEST GUST SPEED    23   HIGHEST GUST DIRECTION     W (260)
  AVERAGE WIND SPEED     8.6


SKY COVER
  AVERAGE SKY COVER 0.1


WEATHER CONDITIONS
 THE FOLLOWING WEATHER WAS RECORDED YESTERDAY.
  NO SIGNIFICANT WEATHER WAS OBSERVED.


RELATIVE HUMIDITY (PERCENT)
 HIGHEST    74           700 AM
 LOWEST     31           400 PM
 AVERAGE    53

..........................................................


THE GRAND ISLAND NE CLIMATE NORMALS FOR TODAY
                         NORMAL    RECORD    YEAR
 MAXIMUM TEMPERATURE (F)   44        76      2016
 MINIMUM TEMPERATURE (F)   22        -7      1962


SUNRISE AND SUNSET
FEBRUARY 27 2017......SUNRISE   710 AM CST   SUNSET   622 PM CST
FEBRUARY 28 2017......SUNRISE   708 AM CST   SUNSET   624 PM CST


-  INDICATES NEGATIVE NUMBERS.
R  INDICATES RECORD WAS SET OR TIED.
MM INDICATES DATA IS MISSING.
T  INDICATES TRACE AMOUNT.




$$
