000
CDUS43 KGID 020626
CLIGRI


CLIMATE REPORT
NATIONAL WEATHER SERVICE HASTINGS NE
1225 AM CST FRI DEC 2 2016


...................................

...THE GRAND ISLAND NE CLIMATE SUMMARY FOR DECEMBER 1 2016...

CLIMATE NORMAL PERIOD 1981 TO 2010
CLIMATE RECORD PERIOD 1895 TO 2016


WEATHER ITEM   OBSERVED TIME   RECORD YEAR NORMAL DEPARTURE LAST
                VALUE   (LST)  VALUE       VALUE  FROM      YEAR
                                                  NORMAL
..................................................................
TEMPERATURE (F)
 YESTERDAY
  MAXIMUM         43    257 PM  70    1998  41      2       31
  MINIMUM         21    635 AM  -3    1985  20      1       22
                                      1944
  AVERAGE         32                        30      2       27

PRECIPITATION (IN)
  YESTERDAY        0.00          0.76 1933   0.02  -0.02     0.01
  MONTH TO DATE    0.00                      0.02  -0.02     0.01
  SINCE DEC 1      0.00                      0.02  -0.02     0.01
  SINCE JAN 1     23.42                     26.05  -2.63    24.11

SNOWFALL (IN)
  YESTERDAY        0.0           0.6  1981   0.1   -0.1      0.1
  MONTH TO DATE    0.0                       0.1   -0.1      0.1
  SINCE DEC 1      0.0                       0.1   -0.1      0.1
  SINCE JUL 1      0.4                       4.3   -3.9      5.7
  SNOW DEPTH       0

DEGREE DAYS
 HEATING
  YESTERDAY       33                        35     -2       38
  MONTH TO DATE   33                        35     -2       38
  SINCE DEC 1     33                        35     -2       38
  SINCE JUL 1    953                      1365   -412     1004

 COOLING
  YESTERDAY        0                         0      0        0
  MONTH TO DATE    0                         0      0        0
  SINCE DEC 1      0                         0      0        0
  SINCE JAN 1   1146                      1034    112     1048
..................................................................


WIND (MPH)
  HIGHEST WIND SPEED    16   HIGHEST WIND DIRECTION    NW (330)
  HIGHEST GUST SPEED    21   HIGHEST GUST DIRECTION     N (350)
  AVERAGE WIND SPEED     6.3


SKY COVER
  AVERAGE SKY COVER 0.3


WEATHER CONDITIONS
 THE FOLLOWING WEATHER WAS RECORDED YESTERDAY.
  NO SIGNIFICANT WEATHER WAS OBSERVED.


RELATIVE HUMIDITY (PERCENT)
 HIGHEST    92           600 AM
 LOWEST     49           300 PM
 AVERAGE    71

..........................................................


THE GRAND ISLAND NE CLIMATE NORMALS FOR TODAY
                         NORMAL    RECORD    YEAR
 MAXIMUM TEMPERATURE (F)   41        70      2012
 MINIMUM TEMPERATURE (F)   20        -8      1919


SUNRISE AND SUNSET
DECEMBER  2 2016......SUNRISE   740 AM CST   SUNSET   505 PM CST
DECEMBER  3 2016......SUNRISE   741 AM CST   SUNSET   505 PM CST


-  INDICATES NEGATIVE NUMBERS.
R  INDICATES RECORD WAS SET OR TIED.
MM INDICATES DATA IS MISSING.
T  INDICATES TRACE AMOUNT.




$$
