000
CDUS43 KGID 210632
CLIGRI


CLIMATE REPORT
NATIONAL WEATHER SERVICE HASTINGS NE
1231 AM CST SUN DEC 21 2014


...................................

...THE GRAND ISLAND NE CLIMATE SUMMARY FOR DECEMBER 20 2014...

CLIMATE NORMAL PERIOD 1981 TO 2010
CLIMATE RECORD PERIOD 1895 TO 2014


WEATHER ITEM   OBSERVED TIME   RECORD YEAR NORMAL DEPARTURE LAST
                VALUE   (LST)  VALUE       VALUE  FROM      YEAR
                                                  NORMAL
..................................................................
TEMPERATURE (F)
 YESTERDAY
  MAXIMUM         38    331 PM  63    1941  36      2       20
  MINIMUM         26   1127 PM -17    1924  15     11        9
  AVERAGE         32                        26      6       15

PRECIPITATION (IN)
  YESTERDAY        0.00          1.11 1918   0.02  -0.02      T
  MONTH TO DATE    0.45                      0.44   0.01     0.10
  SINCE DEC 1      0.45                      0.44   0.01     0.10
  SINCE JAN 1     27.25                     26.47   0.78    26.91

SNOWFALL (IN)
  YESTERDAY        0.0           7.0  1914   0.2   -0.2       T
  MONTH TO DATE    0.4                       3.2   -2.8      2.1
  SINCE DEC 1      0.4                       3.2   -2.8      2.1
  SINCE JUL 1      2.6                       7.4   -4.8      2.3
  SNOW DEPTH       0

DEGREE DAYS
 HEATING
  YESTERDAY       33                        39     -6       50
  MONTH TO DATE  637                       749   -112      817
  SINCE DEC 1    637                       749   -112      817
  SINCE JUL 1   1970                      2079   -109     2045

 COOLING
  YESTERDAY        0                         0      0        0
  MONTH TO DATE    0                         0      0        0
  SINCE DEC 1      0                         0      0        0
  SINCE JAN 1   1031                      1034     -3     1265
..................................................................


WIND (MPH)
  HIGHEST WIND SPEED    14   HIGHEST WIND DIRECTION     S (160)
  HIGHEST GUST SPEED    17   HIGHEST GUST DIRECTION     S (160)
  AVERAGE WIND SPEED     4.5


SKY COVER
  AVERAGE SKY COVER 0.8


WEATHER CONDITIONS
 THE FOLLOWING WEATHER WAS RECORDED YESTERDAY.
  FOG
  FOG W/VISIBILITY <= 1/4 MILE
  HAZE


RELATIVE HUMIDITY (PERCENT)
 HIGHEST   100           100 AM
 LOWEST     85           400 PM
 AVERAGE    93

..........................................................


THE GRAND ISLAND NE CLIMATE NORMALS FOR TODAY
                         NORMAL    RECORD    YEAR
 MAXIMUM TEMPERATURE (F)   36        67      1933
 MINIMUM TEMPERATURE (F)   15       -23      1983


SUNRISE AND SUNSET
DECEMBER 21 2014......SUNRISE   755 AM CST   SUNSET   508 PM CST
DECEMBER 22 2014......SUNRISE   755 AM CST   SUNSET   509 PM CST


-  INDICATES NEGATIVE NUMBERS.
R  INDICATES RECORD WAS SET OR TIED.
MM INDICATES DATA IS MISSING.
T  INDICATES TRACE AMOUNT.




$$
