429
CDUS43 KGID 240653
CLIGRI


CLIMATE REPORT
NATIONAL WEATHER SERVICE HASTINGS NE
153 AM CDT TUE OCT 24 2017


...................................

...THE GRAND ISLAND NE CLIMATE SUMMARY FOR OCTOBER 23 2017...

CLIMATE NORMAL PERIOD 1981 TO 2010
CLIMATE RECORD PERIOD 1895 TO 2017


WEATHER ITEM   OBSERVED TIME   RECORD YEAR NORMAL DEPARTURE LAST
                VALUE   (LST)  VALUE       VALUE  FROM      YEAR
                                                  NORMAL
..................................................................
TEMPERATURE (F)
 YESTERDAY
  MAXIMUM         64    146 PM  88    1927  62      2       71
  MINIMUM         44   1159 PM  16    1981  37      7       39
  AVERAGE         54                        49      5       55

PRECIPITATION (IN)
  YESTERDAY        T             2.11 1906   0.05  -0.05     0.00
  MONTH TO DATE    5.28                      1.47   3.81     0.12
  SINCE SEP 1      7.96                      3.70   4.26     2.65
  SINCE JAN 1     29.35                     24.47   4.88    22.05

SNOWFALL (IN)
  YESTERDAY        0.0           3.8  2002   0.1   -0.1      0.0
  MONTH TO DATE    0.0                       0.6   -0.6      0.0
  SINCE SEP 1      0.0                       0.7   -0.7      0.0
  SINCE JUL 1      0.0                       0.7   -0.7      0.0
  SNOW DEPTH       0

DEGREE DAYS
 HEATING
  YESTERDAY       11                        16     -5       10
  MONTH TO DATE  188                       268    -80      206
  SINCE SEP 1    244                       373   -129      271
  SINCE JUL 1    248                       383   -135      278

 COOLING
  YESTERDAY        0                         0      0        0
  MONTH TO DATE    4                        10     -6        3
  SINCE SEP 1    151                       119     32      130
  SINCE JAN 1   1062                      1033     29     1144
..................................................................


WIND (MPH)
  HIGHEST WIND SPEED    39   HIGHEST WIND DIRECTION    NW (330)
  HIGHEST GUST SPEED    53   HIGHEST GUST DIRECTION    NW (320)
  AVERAGE WIND SPEED    20.4


SKY COVER
  AVERAGE SKY COVER 0.2


WEATHER CONDITIONS
 THE FOLLOWING WEATHER WAS RECORDED YESTERDAY.
  NO SIGNIFICANT WEATHER WAS OBSERVED.


RELATIVE HUMIDITY (PERCENT)
 HIGHEST    58          1000 PM
 LOWEST     25           200 PM
 AVERAGE    42

..........................................................


THE GRAND ISLAND NE CLIMATE NORMALS FOR TODAY
                         NORMAL    RECORD    YEAR
 MAXIMUM TEMPERATURE (F)   61        86      1927
 MINIMUM TEMPERATURE (F)   37        18      1938


SUNRISE AND SUNSET
OCTOBER 24 2017.......SUNRISE   755 AM CDT   SUNSET   639 PM CDT
OCTOBER 25 2017.......SUNRISE   756 AM CDT   SUNSET   638 PM CDT


-  INDICATES NEGATIVE NUMBERS.
R  INDICATES RECORD WAS SET OR TIED.
MM INDICATES DATA IS MISSING.
T  INDICATES TRACE AMOUNT.




$$
