000
CDUS43 KGID 011520 AAA
CLIGRI

CLIMATE REPORT...UPDATED
NATIONAL WEATHER SERVICE HASTINGS NE
1234 AM CST SUN FEB 1 2015

...ADDED SNOWFALL AND SNOW DEPTH DATA FOR GRAND ISLAND...

...................................

...THE GRAND ISLAND NE CLIMATE SUMMARY FOR JANUARY 31 2015...

CLIMATE NORMAL PERIOD 1981 TO 2010
CLIMATE RECORD PERIOD 1895 TO 2015


WEATHER ITEM   OBSERVED TIME   RECORD YEAR NORMAL DEPARTURE LAST
                VALUE   (LST)  VALUE       VALUE  FROM      YEAR
                                                  NORMAL
..................................................................
TEMPERATURE (F)
 YESTERDAY
  MAXIMUM         38   1216 AM  72    1989  37      1       21
  MINIMUM         29   1159 PM -18    1980  15     14       15
                                      1979
  AVERAGE         34                        26      8       18

PRECIPITATION (IN)
  YESTERDAY        0.44          0.60 2002   0.02   0.42     0.17
  MONTH TO DATE    0.47                      0.53  -0.06     0.32
  SINCE DEC 1      1.23                      1.16   0.07     0.43
  SINCE JAN 1      0.47                      0.53  -0.06     0.32

SNOWFALL (IN)
  YESTERDAY        2.8          10.5  2002   0.2    2.6      2.0
  MONTH TO DATE    0.9                       6.5   -5.6      4.5
  SINCE DEC 1      6.8                      11.6   -4.8      6.7
  SINCE JUL 1      9.0                      15.8   -6.8      6.9
  SNOW DEPTH       T   AT 6 AM

DEGREE DAYS
 HEATING
  YESTERDAY       31                        39     -8       47
  MONTH TO DATE 1154                      1236    -82     1215
  SINCE DEC 1   2259                      2426   -167     2451
  SINCE JUL 1   3592                      3756   -164     3679

 COOLING
  YESTERDAY        0                         0      0        0
  MONTH TO DATE    0                         0      0        0
  SINCE DEC 1      0                         0      0        0
  SINCE JAN 1      0                         0      0        0
..................................................................


WIND (MPH)
  HIGHEST WIND SPEED    21   HIGHEST WIND DIRECTION     N (350)
  HIGHEST GUST SPEED    25   HIGHEST GUST DIRECTION     N (360)
  AVERAGE WIND SPEED     9.2


SKY COVER
  AVERAGE SKY COVER 1.0


WEATHER CONDITIONS
 THE FOLLOWING WEATHER WAS RECORDED YESTERDAY.
  LIGHT RAIN
  SNOW
  LIGHT SNOW
  FOG


RELATIVE HUMIDITY (PERCENT)
 HIGHEST   100           300 PM
 LOWEST     82          1200 AM
 AVERAGE    91

..........................................................


THE GRAND ISLAND NE CLIMATE NORMALS FOR TODAY
                         NORMAL    RECORD    YEAR
 MAXIMUM TEMPERATURE (F)   37        73      1992
 MINIMUM TEMPERATURE (F)   15       -22      1917


SUNRISE AND SUNSET
FEBRUARY  1 2015......SUNRISE   744 AM CST   SUNSET   550 PM CST
FEBRUARY  2 2015......SUNRISE   743 AM CST   SUNSET   551 PM CST


-  INDICATES NEGATIVE NUMBERS.
R  INDICATES RECORD WAS SET OR TIED.
MM INDICATES DATA IS MISSING.
T  INDICATES TRACE AMOUNT.




$$
