000
CDUS43 KGID 280650
CLIGRI


CLIMATE REPORT
NATIONAL WEATHER SERVICE HASTINGS NE
150 AM CDT WED JUN 28 2017


...................................

...THE GRAND ISLAND NE CLIMATE SUMMARY FOR JUNE 27 2017...

CLIMATE NORMAL PERIOD 1981 TO 2010
CLIMATE RECORD PERIOD 1895 TO 2017


WEATHER ITEM   OBSERVED TIME   RECORD YEAR NORMAL DEPARTURE LAST
                VALUE   (LST)  VALUE       VALUE  FROM      YEAR
                                                  NORMAL
..................................................................
TEMPERATURE (F)
 YESTERDAY
  MAXIMUM         84    527 PM 107    2012  87     -3       88
  MINIMUM         55    142 AM  47    1968  63     -8       66
  AVERAGE         70                        75     -5       77

PRECIPITATION (IN)
  YESTERDAY        0.20          1.52 1906   0.14   0.06      T
  MONTH TO DATE    1.85                      3.92  -2.07     0.01
  SINCE JUN 1      1.85                      3.92  -2.07     0.01
  SINCE JAN 1     11.90                     13.87  -1.97    14.69

SNOWFALL (IN)
  YESTERDAY        0.0                       0.0    0.0      0.0
  MONTH TO DATE    0.0                       0.0    0.0      0.0
  SINCE JUN 1      0.0                       0.0    0.0      0.0
  SINCE JUL 1      9.2                      29.0  -19.8     33.8
  SNOW DEPTH       0

DEGREE DAYS
 HEATING
  YESTERDAY        0                         0      0        0
  MONTH TO DATE    3                        21    -18        0
  SINCE JUN 1      3                        21    -18        0
  SINCE JUL 1   5360                      6196   -836     5131

 COOLING
  YESTERDAY        5                        10     -5       12
  MONTH TO DATE  266                       181     85      322
  SINCE JUN 1    266                       181     85      322
  SINCE JAN 1    316                       246     70      356
..................................................................


WIND (MPH)
  HIGHEST WIND SPEED    54   HIGHEST WIND DIRECTION    NW (310)
  HIGHEST GUST SPEED    70   HIGHEST GUST DIRECTION    NW (320)
  AVERAGE WIND SPEED    15.5


SKY COVER
  AVERAGE SKY COVER 0.3


WEATHER CONDITIONS
 THE FOLLOWING WEATHER WAS RECORDED YESTERDAY.
  THUNDERSTORM
  HEAVY RAIN
  LIGHT RAIN
  FOG


RELATIVE HUMIDITY (PERCENT)
 HIGHEST   100           200 AM
 LOWEST     58           200 PM
 AVERAGE    79

..........................................................


THE GRAND ISLAND NE CLIMATE NORMALS FOR TODAY
                         NORMAL    RECORD    YEAR
 MAXIMUM TEMPERATURE (F)   87       107      1970
 MINIMUM TEMPERATURE (F)   63        48      2004


SUNRISE AND SUNSET
JUNE 28 2017..........SUNRISE   604 AM CDT   SUNSET   909 PM CDT
JUNE 29 2017..........SUNRISE   604 AM CDT   SUNSET   909 PM CDT


-  INDICATES NEGATIVE NUMBERS.
R  INDICATES RECORD WAS SET OR TIED.
MM INDICATES DATA IS MISSING.
T  INDICATES TRACE AMOUNT.




$$
