000
CDUS43 KGID 242225
CLIGRI


CLIMATE REPORT
NATIONAL WEATHER SERVICE HASTINGS NE
525 PM CDT WED MAY 24 2017


...................................

...THE GRAND ISLAND NE CLIMATE SUMMARY FOR MAY 24 2017...
VALID TODAY AS OF 0500 PM LOCAL TIME.

CLIMATE NORMAL PERIOD 1981 TO 2010
CLIMATE RECORD PERIOD 1895 TO 2017


WEATHER ITEM   OBSERVED TIME   RECORD YEAR NORMAL DEPARTURE LAST
                VALUE   (LST)  VALUE       VALUE  FROM      YEAR
                                                  NORMAL
..................................................................
TEMPERATURE (F)
 TODAY
  MAXIMUM         66    335 PM 101    1967  75     -9       80
  MINIMUM         42    529 AM  29    1924  52    -10       58
  AVERAGE         54                        64    -10       69

PRECIPITATION (IN)
  TODAY            0.00          2.08 1982   0.15  -0.15      T
  MONTH TO DATE    5.19                      3.35   1.84     4.77
  SINCE MAR 1      8.64                      7.68   0.96    10.43
  SINCE JAN 1      9.96                      8.89   1.07    12.61

SNOWFALL (IN)
  TODAY            0.0           T    1951   0.0    0.0      0.0
  MONTH TO DATE    0.3                       0.1    0.2      0.0
  SINCE MAR 1      1.5                       7.0   -5.5      2.6
  SINCE JUL 1      9.2                      29.1  -19.9     33.8
  SNOW DEPTH       0

DEGREE DAYS
 HEATING
  TODAY           11                         4      7        0
  MONTH TO DATE  174                       153     21      175
  SINCE MAR 1   1284                      1394   -110     1132
  SINCE JUL 1   5350                      6155   -805     5130

 COOLING
  TODAY            0                         2     -2        4
  MONTH TO DATE   40                        33      7       17
  SINCE MAR 1     45                        44      1       17
  SINCE JAN 1     45                        44      1       17
..................................................................


WIND (MPH)
  HIGHEST WIND SPEED    18   HIGHEST WIND DIRECTION     N (350)
  HIGHEST GUST SPEED    21   HIGHEST GUST DIRECTION    NW (330)
  AVERAGE WIND SPEED     9.0


SKY COVER
  POSSIBLE SUNSHINE  MM
  AVERAGE SKY COVER 0.3


WEATHER CONDITIONS
 THE FOLLOWING WEATHER WAS RECORDED TODAY.
  NO SIGNIFICANT WEATHER WAS OBSERVED.


RELATIVE HUMIDITY (PERCENT)
 HIGHEST   100           500 AM
 LOWEST     44           200 PM
 AVERAGE    72

..........................................................


THE GRAND ISLAND NE CLIMATE NORMALS FOR TOMORROW
                         NORMAL    RECORD    YEAR
 MAXIMUM TEMPERATURE (F)   76       100      1967
 MINIMUM TEMPERATURE (F)   53        33      1925


SUNRISE AND SUNSET
MAY 24 2017...........SUNRISE   608 AM CDT   SUNSET   853 PM CDT
MAY 25 2017...........SUNRISE   607 AM CDT   SUNSET   854 PM CDT


-  INDICATES NEGATIVE NUMBERS.
R  INDICATES RECORD WAS SET OR TIED.
MM INDICATES DATA IS MISSING.
T  INDICATES TRACE AMOUNT.




$$
