000
CDUS42 KRAH 020546
CLIGSO


CLIMATE REPORT
NATIONAL WEATHER SERVICE RALEIGH NC
144 AM EDT WED SEP 2 2015


...................................

...THE PIEDMONT TRIAD INTL AIRPORT NC CLIMATE SUMMARY FOR SEPTEMBER 1 2015...

CLIMATE NORMAL PERIOD 1981 TO 2010
CLIMATE RECORD PERIOD 1903 TO 2015


WEATHER ITEM   OBSERVED TIME   RECORD YEAR NORMAL DEPARTURE LAST
                VALUE   (LST)  VALUE       VALUE  FROM      YEAR
                                                  NORMAL
..................................................................
TEMPERATURE (F)
 YESTERDAY
  MAXIMUM         91    447 PM  99    1932  84      7       93
  MINIMUM         67    604 AM  48    1946  66      1       71
  AVERAGE         79                        75      4       82

PRECIPITATION (IN)
  YESTERDAY        0.00          3.13 1917   0.15  -0.15     0.00
  MONTH TO DATE    0.00                      0.15  -0.15     0.00
  SINCE SEP 1      0.00                      0.15  -0.15     0.00
  SINCE JAN 1     25.21                     28.94  -3.73    25.88

DEGREE DAYS
 HEATING
  YESTERDAY        0                         0      0        0
  MONTH TO DATE    0                         0      0        0
  SINCE SEP 1      0                         0      0        0
  SINCE JUL 1      0                         1     -1        0

 COOLING
  YESTERDAY       14                        10      4       17
  MONTH TO DATE   14                        10      4       17
  SINCE SEP 1     14                        10      4       17
  SINCE JAN 1   1528                      1272    256     1270
..................................................................


WIND (MPH)
  HIGHEST WIND SPEED     9   HIGHEST WIND DIRECTION    NE (30)
  HIGHEST GUST SPEED    13   HIGHEST GUST DIRECTION    NE (40)
  AVERAGE WIND SPEED     1.8


SKY COVER
  POSSIBLE SUNSHINE  MM
  AVERAGE SKY COVER 0.3


WEATHER CONDITIONS
 THE FOLLOWING WEATHER WAS RECORDED YESTERDAY.
  NO SIGNIFICANT WEATHER WAS OBSERVED.


RELATIVE HUMIDITY (PERCENT)
 HIGHEST    97           200 AM
 LOWEST     36           200 PM
 AVERAGE    67

..........................................................


THE PIEDMONT TRIAD INTL AIRPORT NC CLIMATE NORMALS FOR TODAY
                         NORMAL    RECORD    YEAR
 MAXIMUM TEMPERATURE (F)   84       101      1921
 MINIMUM TEMPERATURE (F)   65        48      1948


SUNRISE AND SUNSET
SEPTEMBER  2 2015.....SUNRISE   652 AM EDT   SUNSET   746 PM EDT
SEPTEMBER  3 2015.....SUNRISE   653 AM EDT   SUNSET   745 PM EDT


-  INDICATES NEGATIVE NUMBERS.
R  INDICATES RECORD WAS SET OR TIED.
MM INDICATES DATA IS MISSING.
T  INDICATES TRACE AMOUNT.

$$
