000
CDUS42 KRAH 230638
CLIGSO

CLIMATE REPORT
NATIONAL WEATHER SERVICE RALEIGH NC
232 AM EDT THU OCT 23 2014
...................................

...THE PIEDMONT TRIAD INTL AIRPORT NC CLIMATE SUMMARY FOR OCTOBER 22 2014...

CLIMATE NORMAL PERIOD 1981 TO 2010
CLIMATE RECORD PERIOD 1903 TO 2014


WEATHER ITEM   OBSERVED TIME   RECORD YEAR NORMAL DEPARTURE LAST
                VALUE   (LST)  VALUE       VALUE  FROM      YEAR
                                                  NORMAL
..................................................................
TEMPERATURE (F)
 YESTERDAY
  MAXIMUM         64    251 PM  88    1910  69     -5       67
  MINIMUM         41    457 AM  25    1952  47     -6       53
  AVERAGE         53                        58     -5       60

PRECIPITATION (IN)
  YESTERDAY        0.00          2.71 1990   0.10  -0.10      T
  MONTH TO DATE    1.58                      2.21  -0.63     1.11
  SINCE SEP 1      4.51                      6.40  -1.89     3.24
  SINCE JAN 1     30.39                     35.19  -4.80    41.63

DEGREE DAYS
 HEATING
  YESTERDAY       12                         8      4        5
  MONTH TO DATE   90                       119    -29       63
  SINCE SEP 1    107                       149    -42       77
  SINCE JUL 1    107                       150    -43       79

 COOLING
  YESTERDAY        0                         1     -1        0
  MONTH TO DATE   45                        31     14       49
  SINCE SEP 1    244                       216     28      221
  SINCE JAN 1   1497                      1478     19     1380
..................................................................


WIND (MPH)
  HIGHEST WIND SPEED    21   HIGHEST WIND DIRECTION     N (340)
  HIGHEST GUST SPEED    32   HIGHEST GUST DIRECTION    NW (310)
  AVERAGE WIND SPEED     7.8


SKY COVER
  POSSIBLE SUNSHINE  MM
  AVERAGE SKY COVER 0.2


WEATHER CONDITIONS
 THE FOLLOWING WEATHER WAS RECORDED YESTERDAY.
  NO SIGNIFICANT WEATHER WAS OBSERVED.


RELATIVE HUMIDITY (PERCENT)
 HIGHEST    86           500 AM
 LOWEST     40           100 PM
 AVERAGE    63

..........................................................


THE PIEDMONT TRIAD INTL AIRPORT NC CLIMATE NORMALS FOR TODAY
                         NORMAL    RECORD    YEAR
 MAXIMUM TEMPERATURE (F)   68        86      1941
                                             1927
 MINIMUM TEMPERATURE (F)   46        29      1987
                                             1930


SUNRISE AND SUNSET
OCTOBER 23 2014.......SUNRISE   734 AM EDT   SUNSET   634 PM EDT
OCTOBER 24 2014.......SUNRISE   735 AM EDT   SUNSET   633 PM EDT


-  INDICATES NEGATIVE NUMBERS.
R  INDICATES RECORD WAS SET OR TIED.
MM INDICATES DATA IS MISSING.
T  INDICATES TRACE AMOUNT.




$$
