000
CDUS42 KRAH 230958
CLIGSO


CLIMATE REPORT
NATIONAL WEATHER SERVICE RALEIGH NC
556 AM EDT WED APR 23 2014


...................................

...THE PIEDMONT TRIAD INTL AIRPORT NC CLIMATE SUMMARY FOR APRIL 22 2014...

CLIMATE NORMAL PERIOD 1981 TO 2010
CLIMATE RECORD PERIOD 1903 TO 2014


WEATHER ITEM   OBSERVED TIME   RECORD YEAR NORMAL DEPARTURE LAST
                VALUE   (LST)  VALUE       VALUE  FROM      YEAR
                                                  NORMAL
..................................................................
TEMPERATURE (F)
 YESTERDAY
  MAXIMUM         79   1259 PM  89    1985  72      7       62
                                      1917
  MINIMUM         54    618 AM  31    1953  49      5       37
                                      1934
  AVERAGE         67                        60      7       50

PRECIPITATION (IN)
  YESTERDAY        T             1.14 1958   0.12  -0.12     0.00
  MONTH TO DATE    3.91                      2.65   1.26     2.02
  SINCE MAR 1      8.27                      6.38   1.89     4.87
  SINCE JAN 1     14.49                     12.40   2.09    13.54

SNOWFALL (IN)
  YESTERDAY        0.0           0.0    MM   0.0    0.0      0.0
  MONTH TO DATE    0.0                       0.1   -0.1       T
  SINCE MAR 1      4.7                       0.9    3.8       T
  SINCE JUL 1     15.3                       7.6    7.7      3.6
  SNOW DEPTH       0

DEGREE DAYS
 HEATING
  YESTERDAY        0                         6     -6       15
  MONTH TO DATE  153                       181    -28      150
  SINCE MAR 1    780                       651    129      791
  SINCE JUL 1   3757                      3506    251     3495

 COOLING
  YESTERDAY        2                         1      1        0
  MONTH TO DATE   17                        21     -4       37
  SINCE MAR 1     17                        26     -9       37
  SINCE JAN 1     17                        26     -9       37
..................................................................


WIND (MPH)
  HIGHEST WIND SPEED    23   HIGHEST WIND DIRECTION    NW (310)
  HIGHEST GUST SPEED    26   HIGHEST GUST DIRECTION    NW (320)
  AVERAGE WIND SPEED     8.2


SKY COVER
  POSSIBLE SUNSHINE  MM
  AVERAGE SKY COVER 0.7


WEATHER CONDITIONS
 THE FOLLOWING WEATHER WAS RECORDED YESTERDAY.
  NO SIGNIFICANT WEATHER WAS OBSERVED.


RELATIVE HUMIDITY (PERCENT)
 HIGHEST    84          1000 PM
 LOWEST     35           100 PM
 AVERAGE    60

..........................................................


THE PIEDMONT TRIAD INTL AIRPORT NC CLIMATE NORMALS FOR TODAY
                         NORMAL    RECORD    YEAR
 MAXIMUM TEMPERATURE (F)   72        90      1980
                                             1965
                                             1925
 MINIMUM TEMPERATURE (F)   49        30      1986


SUNRISE AND SUNSET
APRIL 23 2014.........SUNRISE   636 AM EDT   SUNSET   800 PM EDT
APRIL 24 2014.........SUNRISE   635 AM EDT   SUNSET   801 PM EDT


-  INDICATES NEGATIVE NUMBERS.
R  INDICATES RECORD WAS SET OR TIED.
MM INDICATES DATA IS MISSING.
T  INDICATES TRACE AMOUNT.




$$
