000
CDUS42 KRAH 050601
CLIGSO


CLIMATE REPORT
NATIONAL WEATHER SERVICE RALEIGH NC
100 AM EST MON DEC 5 2016


...................................

...THE PIEDMONT TRIAD INTL AIRPORT NC CLIMATE SUMMARY FOR DECEMBER 4 2016...

CLIMATE NORMAL PERIOD 1981 TO 2010
CLIMATE RECORD PERIOD 1903 TO 2016


WEATHER ITEM   OBSERVED TIME   RECORD YEAR NORMAL DEPARTURE LAST
                VALUE   (LST)  VALUE       VALUE  FROM      YEAR
                                                  NORMAL
..................................................................
TEMPERATURE (F)
 YESTERDAY
  MAXIMUM         42    239 PM  73    1998  54    -12       54
  MINIMUM         39   1037 AM  13    1940  34      5       29
  AVERAGE         41                        44     -3       42

PRECIPITATION (IN)
  YESTERDAY        0.37          2.63 1962   0.10   0.27     0.00
  MONTH TO DATE    0.37                      0.41  -0.04     0.63
  SINCE DEC 1      0.37                      0.41  -0.04     0.63
  SINCE JAN 1     38.32                     39.63  -1.31    42.47

SNOWFALL (IN)
  YESTERDAY        0.0           3.5  2002   0.0    0.0      0.0
  MONTH TO DATE    0.0                       0.0    0.0      0.0
  SINCE DEC 1      0.0                       0.0    0.0      0.0
  SINCE JUL 1      0.0                       0.1   -0.1      0.0
  SNOW DEPTH       0

DEGREE DAYS
 HEATING
  YESTERDAY       24                        21      3       23
  MONTH TO DATE   77                        82     -5       72
  SINCE DEC 1     77                        82     -5       72
  SINCE JUL 1    527                       762   -235      586

 COOLING
  YESTERDAY        0                         0      0        0
  MONTH TO DATE    0                         0      0        0
  SINCE DEC 1      0                         0      0        0
  SINCE JAN 1   1974                      1483    491     1766
..................................................................


WIND (MPH)
  HIGHEST WIND SPEED     9   HIGHEST WIND DIRECTION    NE (30)
  HIGHEST GUST SPEED    11   HIGHEST GUST DIRECTION    NE (50)
  AVERAGE WIND SPEED     3.0


SKY COVER
  POSSIBLE SUNSHINE  MM
  AVERAGE SKY COVER 1.0


WEATHER CONDITIONS
 THE FOLLOWING WEATHER WAS RECORDED YESTERDAY.
  RAIN
  LIGHT RAIN
  FOG


RELATIVE HUMIDITY (PERCENT)
 HIGHEST   100          1100 PM
 LOWEST     57           300 AM
 AVERAGE    79

..........................................................


THE PIEDMONT TRIAD INTL AIRPORT NC CLIMATE NORMALS FOR TODAY
                         NORMAL    RECORD    YEAR
 MAXIMUM TEMPERATURE (F)   53        74      2001
 MINIMUM TEMPERATURE (F)   34        17      1935


SUNRISE AND SUNSET
DECEMBER  5 2016......SUNRISE   716 AM EST   SUNSET   505 PM EST
DECEMBER  6 2016......SUNRISE   717 AM EST   SUNSET   505 PM EST


-  INDICATES NEGATIVE NUMBERS.
R  INDICATES RECORD WAS SET OR TIED.
MM INDICATES DATA IS MISSING.
T  INDICATES TRACE AMOUNT.




$$
