000
CDUS42 KRAH 200643
CLIGSO


CLIMATE REPORT
NATIONAL WEATHER SERVICE RALEIGH NC
241 AM EDT WED SEP 20 2017


...................................

...THE PIEDMONT TRIAD INTL AIRPORT NC CLIMATE SUMMARY FOR SEPTEMBER 19 2017...

CLIMATE NORMAL PERIOD 1981 TO 2010
CLIMATE RECORD PERIOD 1903 TO 2017


WEATHER ITEM   OBSERVED TIME   RECORD YEAR NORMAL DEPARTURE LAST
                VALUE   (LST)  VALUE       VALUE  FROM      YEAR
                                                  NORMAL
..................................................................
TEMPERATURE (F)
 YESTERDAY
  MAXIMUM         84    349 PM  95    1915  79      5       84
  MINIMUM         65    524 AM  41    1984  59      6       70
  AVERAGE         75                        69      6       77

PRECIPITATION (IN)
  YESTERDAY        0.00          3.66 1928   0.14  -0.14     0.18
  MONTH TO DATE    2.80                      2.84  -0.04     0.30
  SINCE SEP 1      2.80                      2.84  -0.04     0.30
  SINCE JAN 1     37.25                     31.63   5.62    31.10

DEGREE DAYS
 HEATING
  YESTERDAY        0                         1     -1        0
  MONTH TO DATE   22                         7     15        0
  SINCE SEP 1     22                         7     15        0
  SINCE JUL 1     22                         8     14        0

 COOLING
  YESTERDAY       10                         5      5       12
  MONTH TO DATE   82                       143    -61      239
  SINCE SEP 1     82                       143    -61      239
  SINCE JAN 1   1436                      1405     31     1806
..................................................................


WIND (MPH)
  HIGHEST WIND SPEED    13   HIGHEST WIND DIRECTION    NW (300)
  HIGHEST GUST SPEED    15   HIGHEST GUST DIRECTION    NW (300)
  AVERAGE WIND SPEED     5.1


SKY COVER
  POSSIBLE SUNSHINE  MM
  AVERAGE SKY COVER 0.3


WEATHER CONDITIONS
 THE FOLLOWING WEATHER WAS RECORDED YESTERDAY.
  NO SIGNIFICANT WEATHER WAS OBSERVED.


RELATIVE HUMIDITY (PERCENT)
 HIGHEST   100           100 AM
 LOWEST     55           300 PM
 AVERAGE    78

..........................................................


THE PIEDMONT TRIAD INTL AIRPORT NC CLIMATE NORMALS FOR TODAY
                         NORMAL    RECORD    YEAR
 MAXIMUM TEMPERATURE (F)   78        94      1925
                                             1905
 MINIMUM TEMPERATURE (F)   59        39      1929


SUNRISE AND SUNSET
SEPTEMBER 20 2017.....SUNRISE   706 AM EDT   SUNSET   719 PM EDT
SEPTEMBER 21 2017.....SUNRISE   707 AM EDT   SUNSET   718 PM EDT


-  INDICATES NEGATIVE NUMBERS.
R  INDICATES RECORD WAS SET OR TIED.
MM INDICATES DATA IS MISSING.
T  INDICATES TRACE AMOUNT.




$$
