000
CDUS42 KRAH 240751
CLIGSO


CLIMATE REPORT
NATIONAL WEATHER SERVICE RALEIGH NC
249 AM EST FRI FEB 24 2017


...................................

...THE PIEDMONT TRIAD INTL AIRPORT NC CLIMATE SUMMARY FOR FEBRUARY 23 2017...

CLIMATE NORMAL PERIOD 1981 TO 2010
CLIMATE RECORD PERIOD 1903 TO 2017


WEATHER ITEM   OBSERVED TIME   RECORD YEAR NORMAL DEPARTURE LAST
                VALUE   (LST)  VALUE       VALUE  FROM      YEAR
                                                  NORMAL
..................................................................
TEMPERATURE (F)
 YESTERDAY
  MAXIMUM         74R   329 PM  73    1980  55     19       46
  MINIMUM         48    407 AM  10    1963  34     14       42
  AVERAGE         61                        44     17       44

PRECIPITATION (IN)
  YESTERDAY        0.00          1.55 1984   0.11  -0.11     0.53
  MONTH TO DATE    0.45                      2.38  -1.93     3.53
  SINCE DEC 1      7.27                      8.42  -1.15    12.09
  SINCE JAN 1      5.57                      5.44   0.13     5.44

SNOWFALL (IN)
  YESTERDAY        0.0           3.3  1989   0.1   -0.1      0.0
  MONTH TO DATE    T                         2.0   -2.0      2.0
  SINCE DEC 1      8.0                       6.2    1.8      4.5
  SINCE JUL 1      8.0                       6.3    1.7      4.5
  SNOW DEPTH       0

DEGREE DAYS
 HEATING
  YESTERDAY        4                        21    -17       21
  MONTH TO DATE  335                       532   -197      546
  SINCE DEC 1   1668                      2075   -407     1771
  SINCE JUL 1   2118                      2755   -637     2285

 COOLING
  YESTERDAY        0                         0      0        0
  MONTH TO DATE    4                         0      4        0
  SINCE DEC 1      4                         1      3       15
  SINCE JAN 1      4                         0      4        0
..................................................................


WIND (MPH)
  HIGHEST WIND SPEED    15   HIGHEST WIND DIRECTION     S (200)
  HIGHEST GUST SPEED    18   HIGHEST GUST DIRECTION     S (160)
  AVERAGE WIND SPEED     3.9


SKY COVER
  POSSIBLE SUNSHINE  MM
  AVERAGE SKY COVER 0.6


WEATHER CONDITIONS
 THE FOLLOWING WEATHER WAS RECORDED YESTERDAY.
  FOG
  FOG W/VISIBILITY <= 1/4 MILE


RELATIVE HUMIDITY (PERCENT)
 HIGHEST   100          1200 AM
 LOWEST     41           400 PM
 AVERAGE    71

..........................................................


THE PIEDMONT TRIAD INTL AIRPORT NC CLIMATE NORMALS FOR TODAY
                         NORMAL    RECORD    YEAR
 MAXIMUM TEMPERATURE (F)   55        79      1982
 MINIMUM TEMPERATURE (F)   34        12      1967


SUNRISE AND SUNSET
FEBRUARY 24 2017......SUNRISE   656 AM EST   SUNSET   610 PM EST
FEBRUARY 25 2017......SUNRISE   655 AM EST   SUNSET   611 PM EST


-  INDICATES NEGATIVE NUMBERS.
R  INDICATES RECORD WAS SET OR TIED.
MM INDICATES DATA IS MISSING.
T  INDICATES TRACE AMOUNT.

$$
