000
CDUS42 KRAH 202158
CLIGSO


CLIMATE REPORT
NATIONAL WEATHER SERVICE RALEIGH NC
456 PM EST MON NOV 20 2017


...................................

...THE PIEDMONT TRIAD INTL AIRPORT NC CLIMATE SUMMARY FOR NOVEMBER 20 2017...
VALID TODAY AS OF 0455 PM LOCAL TIME.

CLIMATE NORMAL PERIOD 1981 TO 2010
CLIMATE RECORD PERIOD 1903 TO 2017


WEATHER ITEM   OBSERVED TIME   RECORD YEAR NORMAL DEPARTURE LAST
                VALUE   (LST)  VALUE       VALUE  FROM      YEAR
                                                  NORMAL
..................................................................
TEMPERATURE (F)
 TODAY
  MAXIMUM         56    232 PM  81    1906  59     -3       51
  MINIMUM         27    422 AM  12    1951  38    -11       35
  AVERAGE         42                        49     -7       43

PRECIPITATION (IN)
  TODAY            0.00          1.85 1921   0.10  -0.10     0.00
  MONTH TO DATE    0.91                      2.08  -1.17     0.01
  SINCE SEP 1      6.74                      9.40  -2.66     6.14
  SINCE JAN 1     41.19                     38.19   3.00    36.94

DEGREE DAYS
 HEATING
  TODAY           23                        16      7       22
  MONTH TO DATE  293                       265     28      217
  SINCE SEP 1    455                       497    -42      306
  SINCE JUL 1    455                       498    -43      306

 COOLING
  TODAY            0                         0      0        0
  MONTH TO DATE    1                         0      1        9
  SINCE SEP 1    258                       218     40      404
  SINCE JAN 1   1612                      1480    132     1971
..................................................................


WIND (MPH)
  HIGHEST WIND SPEED    14   HIGHEST WIND DIRECTION    NW (310)
  HIGHEST GUST SPEED    16   HIGHEST GUST DIRECTION    NW (330)
  AVERAGE WIND SPEED     6.0


SKY COVER
  POSSIBLE SUNSHINE  MM
  AVERAGE SKY COVER 0.1


WEATHER CONDITIONS
 THE FOLLOWING WEATHER WAS RECORDED TODAY.
  NO SIGNIFICANT WEATHER WAS OBSERVED.


RELATIVE HUMIDITY (PERCENT)
 HIGHEST    85           200 AM
 LOWEST     24           200 PM
 AVERAGE    55

..........................................................


THE PIEDMONT TRIAD INTL AIRPORT NC CLIMATE NORMALS FOR TOMORROW
                         NORMAL    RECORD    YEAR
 MAXIMUM TEMPERATURE (F)   59        79      1942
 MINIMUM TEMPERATURE (F)   38        12      1914


SUNRISE AND SUNSET
NOVEMBER 20 2017......SUNRISE   702 AM EST   SUNSET   509 PM EST
NOVEMBER 21 2017......SUNRISE   703 AM EST   SUNSET   508 PM EST


-  INDICATES NEGATIVE NUMBERS.
R  INDICATES RECORD WAS SET OR TIED.
MM INDICATES DATA IS MISSING.
T  INDICATES TRACE AMOUNT.

$$
