000
CDUS42 KGSP 240639
CLIGSP

CLIMATE REPORT
NATIONAL WEATHER SERVICE GREENVILLE-SPARTANBURG SC
234 AM EDT TUE OCT 4  2017


...................................

...THE GREENVILLE-SPARTANBURG SC CLIMATE SUMMARY FOR OCTOBER 23 2017...

CLIMATE NORMAL PERIOD 1981 TO 2010
CLIMATE RECORD PERIOD 1884 TO 2017


WEATHER ITEM   OBSERVED TIME   RECORD YEAR NORMAL DEPARTURE LAST
                VALUE   (LST)  VALUE       VALUE  FROM      YEAR
                                                  NORMAL
..................................................................
TEMPERATURE (F)
 YESTERDAY
  MAXIMUM         72   1240 PM  87    1941  71      1       75
  MINIMUM         55   1154 PM  26    1891  48      7       42
  AVERAGE         64                        59      5       59

PRECIPITATION (IN)
  YESTERDAY        2.90R         1.85 1908   0.11   2.79     0.00
  MONTH TO DATE    5.81                      2.61   3.20     0.44
  SINCE SEP 1     10.03                      6.04   3.99     1.43
  SINCE JAN 1     48.00                     38.55   9.45    29.66

SNOWFALL (IN)
  YESTERDAY        0.0           0.0    MM   0.0    0.0      0.0
  MONTH TO DATE    0.0                       0.0    0.0      0.0
  SINCE SEP 1      0.0                       0.0    0.0      0.0
  SINCE JUL 1      0.0                       0.0    0.0      0.0
  SNOW DEPTH       0

DEGREE DAYS
 HEATING
  YESTERDAY        1                         6     -5        6
  MONTH TO DATE   38                        92    -54       29
  SINCE SEP 1     49                       109    -60       29
  SINCE JUL 1     49                       109    -60       29

 COOLING
  YESTERDAY        0                         1     -1        0
  MONTH TO DATE   96                        42     54       69
  SINCE SEP 1    328                       269     59      441
  SINCE JAN 1   1794                      1704     90     2160
..................................................................


WIND (MPH)
  HIGHEST WIND SPEED    23   HIGHEST WIND DIRECTION     S (160)
  HIGHEST GUST SPEED    33   HIGHEST GUST DIRECTION    SE (150)
  AVERAGE WIND SPEED    10.6


SKY COVER
  POSSIBLE SUNSHINE  MM
  AVERAGE SKY COVER 0.7


WEATHER CONDITIONS
 THE FOLLOWING WEATHER WAS RECORDED YESTERDAY.
  THUNDERSTORM
  HEAVY RAIN
  RAIN
  LIGHT RAIN
  FOG
  FOG W/VISIBILITY <= 1/4 MILE


RELATIVE HUMIDITY (PERCENT)
 HIGHEST   100           300 AM
 LOWEST     72           800 PM
 AVERAGE    86

..........................................................


THE GREENVILLE-SPARTANBURG SC CLIMATE NORMALS FOR TODAY
                         NORMAL    RECORD    YEAR
 MAXIMUM TEMPERATURE (F)   71        86      1939
                                             1927
 MINIMUM TEMPERATURE (F)   48        26      1917
                                             1904


SUNRISE AND SUNSET
OCTOBER 24 2017.......SUNRISE   743 AM EDT   SUNSET   643 PM EDT
OCTOBER 25 2017.......SUNRISE   744 AM EDT   SUNSET   642 PM EDT


-  INDICATES NEGATIVE NUMBERS.
R  INDICATES RECORD WAS SET OR TIED.
MM INDICATES DATA IS MISSING.
T  INDICATES TRACE AMOUNT.

$$
