000
CDUS42 KGSP 210641
CLIGSP

CLIMATE REPORT
NATIONAL WEATHER SERVICE GREENVILLE-SPARTANBURG SC
141 AM EST SAT JAN 21 2017


...................................

...THE GREENVILLE-SPARTANBURG SC CLIMATE SUMMARY FOR JANUARY 20 2017...

CLIMATE NORMAL PERIOD 1981 TO 2010
CLIMATE RECORD PERIOD 1884 TO 2017


WEATHER ITEM   OBSERVED TIME   RECORD YEAR NORMAL DEPARTURE LAST
                VALUE   (LST)  VALUE       VALUE  FROM      YEAR
                                                  NORMAL
..................................................................
TEMPERATURE (F)
 YESTERDAY
  MAXIMUM         71    407 PM  72    1933  53     18       39
  MINIMUM         50    831 AM   1    1985  32     18       27
  AVERAGE         61                        42     19       33

PRECIPITATION (IN)
  YESTERDAY        0.22          2.80 1979   0.13   0.09     0.01
  MONTH TO DATE    2.82                      2.48   0.34     2.00
  SINCE DEC 1      5.51                      6.59  -1.08    12.08
  SINCE JAN 1      2.82                      2.48   0.34     2.00

SNOWFALL (IN)
  YESTERDAY        0.0           8.5  1893   0.0    0.0       T
  MONTH TO DATE    3.1                       1.5    1.6       T
  SINCE DEC 1      3.1                       1.9    1.2       T
  SINCE JUL 1      3.1                       2.0    1.1       T
  SNOW DEPTH       0

DEGREE DAYS
 HEATING
  YESTERDAY        4                        23    -19       32
  MONTH TO DATE  328                       460   -132      499
  SINCE DEC 1    924                      1110   -186      808
  SINCE JUL 1   1250                      1663   -413     1253

 COOLING
  YESTERDAY        0                         0      0        0
  MONTH TO DATE    0                         0      0        0
  SINCE DEC 1      0                         1     -1       11
  SINCE JAN 1      0                         0      0        0
..................................................................


WIND (MPH)
  HIGHEST WIND SPEED    16   HIGHEST WIND DIRECTION     W (250)
  HIGHEST GUST SPEED    20   HIGHEST GUST DIRECTION    SW (220)
  AVERAGE WIND SPEED     5.8


SKY COVER
  POSSIBLE SUNSHINE  MM
  AVERAGE SKY COVER 0.7


WEATHER CONDITIONS
 THE FOLLOWING WEATHER WAS RECORDED YESTERDAY.
  LIGHT RAIN
  FOG
  FOG W/VISIBILITY <= 1/4 MILE
  HAZE


RELATIVE HUMIDITY (PERCENT)
 HIGHEST    93           600 AM
 LOWEST     53           500 PM
 AVERAGE    73

..........................................................


THE GREENVILLE-SPARTANBURG SC CLIMATE NORMALS FOR TODAY
                         NORMAL    RECORD    YEAR
 MAXIMUM TEMPERATURE (F)   53        73      1927
 MINIMUM TEMPERATURE (F)   32        -4      1985


SUNRISE AND SUNSET
JANUARY 21 2017.......SUNRISE   734 AM EST   SUNSET   547 PM EST
JANUARY 22 2017.......SUNRISE   733 AM EST   SUNSET   548 PM EST


-  INDICATES NEGATIVE NUMBERS.
R  INDICATES RECORD WAS SET OR TIED.
MM INDICATES DATA IS MISSING.
T  INDICATES TRACE AMOUNT.

$$

OUTLAW
