000
CDUS42 KGSP 270702 RRA
CLIGSP

CLIMATE REPORT
NATIONAL WEATHER SERVICE GREENVILLE-SPARTANBURG SC
136 AM EST TUE JAN 27 2015


...................................

...THE GREENVILLE-SPARTANBURG SC CLIMATE SUMMARY FOR JANUARY 26 2015...

CLIMATE NORMAL PERIOD 1981 TO 2010
CLIMATE RECORD PERIOD 1884 TO 2015


WEATHER ITEM   OBSERVED TIME   RECORD YEAR NORMAL DEPARTURE LAST
                VALUE   (LST)  VALUE       VALUE  FROM      YEAR
                                                  NORMAL
..................................................................
TEMPERATURE (F)
 YESTERDAY
  MAXIMUM         57   1252 PM  79    1909  53      4       54
  MINIMUM         33   1159 PM   8    1940  32      1       25
                                      1905
  AVERAGE         45                        43      2       40

PRECIPITATION (IN)
  YESTERDAY        0.00          1.78 1976   0.12  -0.12     0.00
  MONTH TO DATE    3.86                      3.21   0.65     3.09
  SINCE DEC 1      7.49                      7.32   0.17     9.76
  SINCE JAN 1      3.86                      3.21   0.65     3.09

SNOWFALL (IN)
  YESTERDAY        0.0           5.0  1921   0.1   -0.1      0.0
  MONTH TO DATE    0.0                       2.0   -2.0      0.0
  SINCE DEC 1      0.0                       2.4   -2.4      0.0
  SINCE JUL 1      T                         2.5   -2.5      0.1
  SNOW DEPTH       0

DEGREE DAYS
 HEATING
  YESTERDAY       20                        22     -2       25
  MONTH TO DATE  595                       595      0      734
  SINCE DEC 1   1118                      1245   -127     1293
  SINCE JUL 1   1755                      1798    -43     1897

 COOLING
  YESTERDAY        0                         0      0        0
  MONTH TO DATE    0                         0      0        0
  SINCE DEC 1      0                         1     -1        6
  SINCE JAN 1      0                         0      0        0
..................................................................


WIND (MPH)
  HIGHEST WIND SPEED    20   HIGHEST WIND DIRECTION     N (20)
  HIGHEST GUST SPEED    30   HIGHEST GUST DIRECTION    NW (320)
  AVERAGE WIND SPEED     8.6


SKY COVER
  POSSIBLE SUNSHINE  MM
  AVERAGE SKY COVER 0.4


WEATHER CONDITIONS
 THE FOLLOWING WEATHER WAS RECORDED YESTERDAY.
  NO SIGNIFICANT WEATHER WAS OBSERVED.


RELATIVE HUMIDITY (PERCENT)
 HIGHEST    92           800 AM
 LOWEST     41           300 PM
 AVERAGE    67

..........................................................


THE GREENVILLE-SPARTANBURG SC CLIMATE NORMALS FOR TODAY
                         NORMAL    RECORD    YEAR
 MAXIMUM TEMPERATURE (F)   53        73      1954
 MINIMUM TEMPERATURE (F)   32         8      1940


SUNRISE AND SUNSET
JANUARY 27 2015.......SUNRISE   731 AM EST   SUNSET   553 PM EST
JANUARY 28 2015.......SUNRISE   730 AM EST   SUNSET   554 PM EST


-  INDICATES NEGATIVE NUMBERS.
R  INDICATES RECORD WAS SET OR TIED.
MM INDICATES DATA IS MISSING.
T  INDICATES TRACE AMOUNT.

$$
07
