000
CDUS42 KGSP 250629
CLIGSP

CLIMATE REPORT
NATIONAL WEATHER SERVICE GREENVILLE-SPARTANBURG SC
228 AM EDT SUN JUN 25 2017

...THE GREENVILLE-SPARTANBURG SC CLIMATE SUMMARY FOR JUNE 24 2017...

CLIMATE NORMAL PERIOD 1981 TO 2010
CLIMATE RECORD PERIOD 1884 TO 2017


WEATHER ITEM   OBSERVED TIME   RECORD YEAR NORMAL DEPARTURE LAST
                VALUE   (LST)  VALUE       VALUE  FROM      YEAR
                                                  NORMAL
..................................................................
TEMPERATURE (F)
 YESTERDAY
  MAXIMUM         83    219 PM 100    1952  89     -6       96
  MINIMUM         69    326 PM  51    1915  68      1       76
  AVERAGE         76                        78     -2       86

PRECIPITATION (IN)
  YESTERDAY        0.45          1.87 1980   0.13   0.32     0.00
  MONTH TO DATE    2.90                      3.01  -0.11     1.06
  SINCE JUN 1      2.90                      3.01  -0.11     1.06
  SINCE JAN 1     28.27                     22.44   5.83    18.61

SNOWFALL (IN)
  YESTERDAY        0.0           0.0    MM   0.0    0.0      0.0
  MONTH TO DATE    0.0                       0.0    0.0      0.0
  SINCE JUN 1      0.0                       0.0    0.0      0.0
  SINCE JUL 1      3.6                       4.7   -1.1      2.6
  SNOW DEPTH       0

DEGREE DAYS
 HEATING
  YESTERDAY        0                         0      0        0
  MONTH TO DATE    0                         0      0        0
  SINCE JUN 1      0                         0      0        0
  SINCE JUL 1   2186                      3044   -858     2498

 COOLING
  YESTERDAY       11                        13     -2       21
  MONTH TO DATE  261                       267     -6      335
  SINCE JUN 1    261                       267     -6      335
  SINCE JAN 1    526                       468     58      574
..................................................................


WIND (MPH)
  HIGHEST WIND SPEED    21   HIGHEST WIND DIRECTION     N (350)
  HIGHEST GUST SPEED    31   HIGHEST GUST DIRECTION    NW (330)
  AVERAGE WIND SPEED     8.1


SKY COVER
  POSSIBLE SUNSHINE  MM
  AVERAGE SKY COVER 0.7


WEATHER CONDITIONS
 THE FOLLOWING WEATHER WAS RECORDED YESTERDAY.
  THUNDERSTORM
  HEAVY RAIN
  RAIN
  LIGHT RAIN
  FOG


RELATIVE HUMIDITY (PERCENT)
 HIGHEST    97          1100 PM
 LOWEST     74          1000 AM
 AVERAGE    86

..........................................................


THE GREENVILLE-SPARTANBURG SC CLIMATE NORMALS FOR TODAY
                         NORMAL    RECORD    YEAR
 MAXIMUM TEMPERATURE (F)   89       101      1952
 MINIMUM TEMPERATURE (F)   68        52      1972


SUNRISE AND SUNSET
JUNE 25 2017..........SUNRISE   617 AM EDT   SUNSET   846 PM EDT
JUNE 26 2017..........SUNRISE   617 AM EDT   SUNSET   847 PM EDT


-  INDICATES NEGATIVE NUMBERS.
R  INDICATES RECORD WAS SET OR TIED.
MM INDICATES DATA IS MISSING.
T  INDICATES TRACE AMOUNT.

$$
