000
CDUS42 KGSP 270630 RRA
CLIGSP

CLIMATE REPORT
NATIONAL WEATHER SERVICE GREENVILLE-SPARTANBURG SC
128 AM EST FRI FEB 27 2015


...................................

...THE GREENVILLE-SPARTANBURG SC CLIMATE SUMMARY FOR FEBRUARY 26 2015...

CLIMATE NORMAL PERIOD 1981 TO 2010
CLIMATE RECORD PERIOD 1884 TO 2015


WEATHER ITEM   OBSERVED TIME   RECORD YEAR NORMAL DEPARTURE LAST
                VALUE   (LST)  VALUE       VALUE  FROM      YEAR
                                                  NORMAL
..................................................................
TEMPERATURE (F)
 YESTERDAY
  MAXIMUM         42    413 PM  80    1996  59    -17       53
  MINIMUM         33    734 AM  12    1974  37     -4       35
  AVERAGE         38                        48    -10       44

PRECIPITATION (IN)
  YESTERDAY        0.12          2.50 1890   0.14  -0.02     0.00
  MONTH TO DATE    3.46                      3.67  -0.21     3.08
  SINCE DEC 1     10.95                     11.60  -0.65    12.91
  SINCE JAN 1      7.32                      7.49  -0.17     6.24

SNOWFALL (IN)
  YESTERDAY        0.1           8.0  2004   0.0    0.1      0.0
  MONTH TO DATE    3.7                       0.9    2.8      6.3
  SINCE DEC 1      3.7                       3.6    0.1      7.1
  SINCE JUL 1      3.7                       3.7    0.0      7.2
  SNOW DEPTH       2

DEGREE DAYS
 HEATING
  YESTERDAY       27                        17     10       21
  MONTH TO DATE  686                       506    180      460
  SINCE DEC 1   1927                      1863     64     1907
  SINCE JUL 1   2564                      2416    148     2511

 COOLING
  YESTERDAY        0                         0      0        0
  MONTH TO DATE    0                         0      0        0
  SINCE DEC 1      0                         1     -1        6
  SINCE JAN 1      0                         0      0        0
..................................................................


WIND (MPH)
  HIGHEST WIND SPEED    16   HIGHEST WIND DIRECTION     N (20)
  HIGHEST GUST SPEED    22   HIGHEST GUST DIRECTION     N (20)
  AVERAGE WIND SPEED     4.9


SKY COVER
  POSSIBLE SUNSHINE  MM
  AVERAGE SKY COVER 0.9


WEATHER CONDITIONS
 THE FOLLOWING WEATHER WAS RECORDED YESTERDAY.
  LIGHT RAIN
  LIGHT SNOW
  FOG


RELATIVE HUMIDITY (PERCENT)
 HIGHEST    96          1200 AM
 LOWEST     70           300 PM
 AVERAGE    83

..........................................................


THE GREENVILLE-SPARTANBURG SC CLIMATE NORMALS FOR TODAY
                         NORMAL    RECORD    YEAR
 MAXIMUM TEMPERATURE (F)   60        81      1996
 MINIMUM TEMPERATURE (F)   37        12      1963


SUNRISE AND SUNSET
FEBRUARY 27 2015......SUNRISE   701 AM EST   SUNSET   623 PM EST
FEBRUARY 28 2015......SUNRISE   700 AM EST   SUNSET   624 PM EST


-  INDICATES NEGATIVE NUMBERS.
R  INDICATES RECORD WAS SET OR TIED.
MM INDICATES DATA IS MISSING.
T  INDICATES TRACE AMOUNT.

$$
07
