000
CDUS42 KGSP 080638
CLIGSP

CLIMATE REPORT
NATIONAL WEATHER SERVICE GREENVILLE-SPARTANBURG SC
137 AM EST MON FEB 8 2016


...................................

...THE GREENVILLE-SPARTANBURG SC CLIMATE SUMMARY FOR FEBRUARY 7 2016...

CLIMATE NORMAL PERIOD 1981 TO 2010
CLIMATE RECORD PERIOD 1884 TO 2016


WEATHER ITEM   OBSERVED TIME   RECORD YEAR NORMAL DEPARTURE LAST
                VALUE   (LST)  VALUE       VALUE  FROM      YEAR
                                                  NORMAL
..................................................................
TEMPERATURE (F)
 YESTERDAY
  MAXIMUM         56    417 PM  70    2009  55      1       64
                                      2007
                                      1999
  MINIMUM         33    804 AM  11    1988  34     -1       30
  AVERAGE         45                        44      1       47

PRECIPITATION (IN)
  YESTERDAY        0.00          2.55 1891   0.13  -0.13     0.00
  MONTH TO DATE    1.62                      0.93   0.69     0.88
  SINCE DEC 1     15.24                      8.86   6.38     8.37
  SINCE JAN 1      5.16                      4.75   0.41     4.74

SNOWFALL (IN)
  YESTERDAY        0.0           2.5  1895   0.0    0.0      0.0
  MONTH TO DATE    T                         0.3   -0.3      0.0
  SINCE DEC 1      2.2                       3.0   -0.8      0.0
  SINCE JUL 1      2.2                       3.1   -0.9       T
  SNOW DEPTH       0

DEGREE DAYS
 HEATING
  YESTERDAY       20                        21     -1       18
  MONTH TO DATE  107                       148    -41      170
  SINCE DEC 1   1175                      1505   -330     1411
  SINCE JUL 1   1620                      2058   -438     2048

 COOLING
  YESTERDAY        0                         0      0        0
  MONTH TO DATE    0                         0      0        0
  SINCE DEC 1     11                         1     10        0
  SINCE JAN 1      0                         0      0        0
..................................................................


WIND (MPH)
  HIGHEST WIND SPEED    17   HIGHEST WIND DIRECTION    NE (30)
  HIGHEST GUST SPEED    25   HIGHEST GUST DIRECTION    NE (40)
  AVERAGE WIND SPEED     4.9


SKY COVER
  POSSIBLE SUNSHINE  MM
  AVERAGE SKY COVER 0.0


WEATHER CONDITIONS
 THE FOLLOWING WEATHER WAS RECORDED YESTERDAY.
  NO SIGNIFICANT WEATHER WAS OBSERVED.


RELATIVE HUMIDITY (PERCENT)
 HIGHEST    56           300 AM
 LOWEST     26           100 PM
 AVERAGE    41

..........................................................


THE GREENVILLE-SPARTANBURG SC CLIMATE NORMALS FOR TODAY
                         NORMAL    RECORD    YEAR
 MAXIMUM TEMPERATURE (F)   55        75      1911
 MINIMUM TEMPERATURE (F)   34        16      1951


SUNRISE AND SUNSET
FEBRUARY  8 2016......SUNRISE   722 AM EST   SUNSET   604 PM EST
FEBRUARY  9 2016......SUNRISE   721 AM EST   SUNSET   605 PM EST


-  INDICATES NEGATIVE NUMBERS.
R  INDICATES RECORD WAS SET OR TIED.
MM INDICATES DATA IS MISSING.
T  INDICATES TRACE AMOUNT.




$$
