000
CDUS42 KGSP 040646
CLIGSP

CLIMATE REPORT
NATIONAL WEATHER SERVICE GREENVILLE-SPARTANBURG SC
146 AM EST SUN DEC 4 2016


...................................

...THE GREENVILLE-SPARTANBURG SC CLIMATE SUMMARY FOR DECEMBER 3 2016...

CLIMATE NORMAL PERIOD 1981 TO 2010
CLIMATE RECORD PERIOD 1884 TO 2016


WEATHER ITEM   OBSERVED TIME   RECORD YEAR NORMAL DEPARTURE LAST
                VALUE   (LST)  VALUE       VALUE  FROM      YEAR
                                                  NORMAL
..................................................................
TEMPERATURE (F)
 YESTERDAY
  MAXIMUM         55    404 PM  74    1956  57     -2       51
  MINIMUM         39    754 AM  16    1903  36      3       38
  AVERAGE         47                        47      0       45

PRECIPITATION (IN)
  YESTERDAY        0.01          3.25 1905   0.14  -0.13     0.00
  MONTH TO DATE    0.01                      0.43  -0.42     0.49
  SINCE DEC 1      0.01                      0.43  -0.42     0.49
  SINCE JAN 1     31.75                     43.51 -11.76    50.16

SNOWFALL (IN)
  YESTERDAY        0.0          11.4  1971   0.0    0.0      0.0
  MONTH TO DATE    0.0                       0.0    0.0      0.0
  SINCE DEC 1      0.0                       0.0    0.0      0.0
  SINCE JUL 1      0.0                       0.1   -0.1      0.0
  SNOW DEPTH       0

DEGREE DAYS
 HEATING
  YESTERDAY       18                        18      0       20
  MONTH TO DATE   50                        54     -4       45
  SINCE DEC 1     50                        54     -4       45
  SINCE JUL 1    376                       607   -231      490

 COOLING
  YESTERDAY        0                         0      0        0
  MONTH TO DATE    0                         0      0        0
  SINCE DEC 1      0                         0      0        0
  SINCE JAN 1   2188                      1715    473     1935
..................................................................


WIND (MPH)
  HIGHEST WIND SPEED    14   HIGHEST WIND DIRECTION     N (360)
  HIGHEST GUST SPEED    19   HIGHEST GUST DIRECTION     N (360)
  AVERAGE WIND SPEED     3.8


SKY COVER
  POSSIBLE SUNSHINE  MM
  AVERAGE SKY COVER 0.2


WEATHER CONDITIONS
 THE FOLLOWING WEATHER WAS RECORDED YESTERDAY.
  LIGHT RAIN


RELATIVE HUMIDITY (PERCENT)
 HIGHEST    89          1000 PM
 LOWEST     35          1200 PM
 AVERAGE    62

..........................................................


THE GREENVILLE-SPARTANBURG SC CLIMATE NORMALS FOR TODAY
                         NORMAL    RECORD    YEAR
 MAXIMUM TEMPERATURE (F)   57        73      2012
                                             1998
                                             1970
 MINIMUM TEMPERATURE (F)   36        14      1896


SUNRISE AND SUNSET
DECEMBER  4 2016......SUNRISE   721 AM EST   SUNSET   517 PM EST
DECEMBER  5 2016......SUNRISE   722 AM EST   SUNSET   517 PM EST


-  INDICATES NEGATIVE NUMBERS.
R  INDICATES RECORD WAS SET OR TIED.
MM INDICATES DATA IS MISSING.
T  INDICATES TRACE AMOUNT.

$$

OUTLAW
