000
CDUS42 KGSP 202135
CLIGSP

CLIMATE REPORT
NATIONAL WEATHER SERVICE GREENVILLE-SPARTANBURG SC
435 PM EST SAT JAN 20 2018


...................................

...THE GREENVILLE-SPARTANBURG SC CLIMATE SUMMARY FOR JANUARY 20 2018...
VALID TODAY AS OF 0400 PM LOCAL TIME.

CLIMATE NORMAL PERIOD 1981 TO 2010
CLIMATE RECORD PERIOD 1884 TO 2018


WEATHER ITEM   OBSERVED TIME   RECORD YEAR NORMAL DEPARTURE LAST
                VALUE   (LST)  VALUE       VALUE  FROM      YEAR
                                                  NORMAL
..................................................................
TEMPERATURE (F)
 TODAY
  MAXIMUM         63    244 PM  72    1933  53     10       71
  MINIMUM         28    605 AM   1    1985  32     -4       50
  AVERAGE         46                        42      4       61

PRECIPITATION (IN)
  TODAY            0.00          2.80 1979   0.13  -0.13     0.22
  MONTH TO DATE    1.79                      2.48  -0.69     2.82
  SINCE DEC 1      4.70                      6.59  -1.89     5.51
  SINCE JAN 1      1.79                      2.48  -0.69     2.82

SNOWFALL (IN)
  TODAY            0.0           8.5  1893   0.0    0.0      0.0
  MONTH TO DATE    3.1                       1.5    1.6      3.1
  SINCE DEC 1      4.7                       1.9    2.8      3.1
  SINCE JUL 1      4.7                       2.0    2.7      3.1
  SNOW DEPTH       T

DEGREE DAYS
 HEATING
  TODAY           19                        23     -4        4
  MONTH TO DATE  619                       460    159      328
  SINCE DEC 1   1238                      1110    128      924
  SINCE JUL 1   1732                      1663     69     1250

 COOLING
  TODAY            0                         0      0        0
  MONTH TO DATE    0                         0      0        0
  SINCE DEC 1      0                         1     -1        0
  SINCE JAN 1      0                         0      0        0
..................................................................


WIND (MPH)
  HIGHEST WIND SPEED    13   HIGHEST WIND DIRECTION     N (340)
  HIGHEST GUST SPEED    21   HIGHEST GUST DIRECTION    NW (330)
  AVERAGE WIND SPEED     6.4


SKY COVER
  POSSIBLE SUNSHINE  MM
  AVERAGE SKY COVER 0.0


WEATHER CONDITIONS
 THE FOLLOWING WEATHER WAS RECORDED TODAY.
  NO SIGNIFICANT WEATHER WAS OBSERVED.


RELATIVE HUMIDITY (PERCENT)
 HIGHEST    59           900 AM
 LOWEST     34           300 PM
 AVERAGE    47

..........................................................


THE GREENVILLE-SPARTANBURG SC CLIMATE NORMALS FOR TOMORROW
                         NORMAL    RECORD    YEAR
 MAXIMUM TEMPERATURE (F)   53        73      1927
 MINIMUM TEMPERATURE (F)   32        -4      1985


SUNRISE AND SUNSET
JANUARY 20 2018.......SUNRISE   734 AM EST   SUNSET   546 PM EST
JANUARY 21 2018.......SUNRISE   734 AM EST   SUNSET   547 PM EST


-  INDICATES NEGATIVE NUMBERS.
R  INDICATES RECORD WAS SET OR TIED.
MM INDICATES DATA IS MISSING.
T  INDICATES TRACE AMOUNT.

$$
