000
CDUS45 KTFX 041040
CLIGTF


CLIMATE REPORT
NATIONAL WEATHER SERVICE GREAT FALLS MT
338 AM MST SUN DEC 4 2016


...................................

...THE GREAT FALLS MT CLIMATE SUMMARY FOR DECEMBER 3 2016...

CLIMATE NORMAL PERIOD 1981 TO 2010
CLIMATE RECORD PERIOD 1886 TO 2016


WEATHER ITEM   OBSERVED TIME   RECORD YEAR NORMAL DEPARTURE LAST
                VALUE   (LST)  VALUE       VALUE  FROM      YEAR
                                                  NORMAL
..................................................................
TEMPERATURE (F)
 YESTERDAY
  MAXIMUM         42    212 PM  61    1987  36      6       45
                                      1915
  MINIMUM         26    736 PM -19    1972  17      9       31
  AVERAGE         34                        27      7       38

PRECIPITATION (IN)
  YESTERDAY        0.00          0.36 1950   0.02  -0.02     0.00
  MONTH TO DATE    0.15                      0.06   0.09     0.00
  SINCE OCT 1      2.19                      1.51   0.68     4.03
  SINCE JAN 1     13.71                     14.26  -0.55    14.62

SNOWFALL (IN)
  YESTERDAY        0.0           5.7  2002   0.3   -0.3      0.0
  MONTH TO DATE    3.0                       0.9    2.1      0.0
  SINCE DEC 1      3.0                       0.9    2.1      0.0
  SINCE JUL 1      5.7                      14.6   -8.9     15.9
  SNOW DEPTH       2

DEGREE DAYS
 HEATING
  YESTERDAY       31                        38     -7       27
  MONTH TO DATE  100                       114    -14       95
  SINCE DEC 1    100                       114    -14       95
  SINCE JUL 1   1685                      2083   -398     1916

 COOLING
  YESTERDAY        0                         0      0        0
  MONTH TO DATE    0                         0      0        0
  SINCE DEC 1      0                         0      0        0
  SINCE JAN 1    252                       298    -46      411
..................................................................


WIND (MPH)
  HIGHEST WIND SPEED    26   HIGHEST WIND DIRECTION    SW (220)
  HIGHEST GUST SPEED    32   HIGHEST GUST DIRECTION    SW (220)
  AVERAGE WIND SPEED    15.7


SKY COVER
  AVERAGE SKY COVER 0.1


WEATHER CONDITIONS
 THE FOLLOWING WEATHER WAS RECORDED YESTERDAY.
  NO SIGNIFICANT WEATHER WAS OBSERVED.


RELATIVE HUMIDITY (PERCENT)
 HIGHEST    75           700 AM
 LOWEST     43           200 PM
 AVERAGE    59

..........................................................


THE GREAT FALLS MT CLIMATE NORMALS FOR TODAY
                         NORMAL    RECORD    YEAR
 MAXIMUM TEMPERATURE (F)   36        62      1987
                                             1939
 MINIMUM TEMPERATURE (F)   17       -23      2013


SUNRISE AND SUNSET
DECEMBER  4 2016......SUNRISE   756 AM MST   SUNSET   435 PM MST
DECEMBER  5 2016......SUNRISE   758 AM MST   SUNSET   435 PM MST


-  INDICATES NEGATIVE NUMBERS.
R  INDICATES RECORD WAS SET OR TIED.
MM INDICATES DATA IS MISSING.
T  INDICATES TRACE AMOUNT.




$$
