000
CDUS45 KTFX 121120
CLIGTF


CLIMATE REPORT
NATIONAL WEATHER SERVICE GREAT FALLS MT
420 AM MST FRI FEB 12 2016


...................................

...THE GREAT FALLS MT CLIMATE SUMMARY FOR FEBRUARY 11 2016...

CLIMATE NORMAL PERIOD 1981 TO 2010
CLIMATE RECORD PERIOD 1886 TO 2016


WEATHER ITEM   OBSERVED TIME   RECORD YEAR NORMAL DEPARTURE LAST
                VALUE   (LST)  VALUE       VALUE  FROM      YEAR
                                                  NORMAL
..................................................................
TEMPERATURE (F)
 YESTERDAY
  MAXIMUM         58    236 PM  62    2005  38     20       31
                                      1987
  MINIMUM         31   1151 PM -35    1899  16     15       19
  AVERAGE         45                        27     18       25

PRECIPITATION (IN)
  YESTERDAY        0.00          0.43 1978   0.02  -0.02     0.00
  MONTH TO DATE    0.03                      0.17  -0.14     0.12
  SINCE OCT 1      5.75                      2.68   3.07     4.08
  SINCE JAN 1      0.65                      0.68  -0.03     1.13

SNOWFALL (IN)
  YESTERDAY        0.0           8.6  1978   0.2   -0.2      0.0
  MONTH TO DATE    0.1                       3.0   -2.9      0.2
  SINCE DEC 1     22.0                      21.1    0.9     33.3
  SINCE JUL 1     37.9                      34.8    3.1     50.7
  SNOW DEPTH       0

DEGREE DAYS
 HEATING
  YESTERDAY       20                        38    -18       40
  MONTH TO DATE  310                       426   -116      331
  SINCE DEC 1   2653                      2908   -255     2634
  SINCE JUL 1   4474                      4877   -403     4523

 COOLING
  YESTERDAY        0                         0      0        0
  MONTH TO DATE    0                         0      0        0
  SINCE DEC 1      0                         0      0        0
  SINCE JAN 1      0                         0      0        0
..................................................................


WIND (MPH)
  HIGHEST WIND SPEED    22   HIGHEST WIND DIRECTION     W (270)
  HIGHEST GUST SPEED    26   HIGHEST GUST DIRECTION     W (260)
  AVERAGE WIND SPEED    10.0


SKY COVER
  AVERAGE SKY COVER 0.0


WEATHER CONDITIONS
 THE FOLLOWING WEATHER WAS RECORDED YESTERDAY.
  NO SIGNIFICANT WEATHER WAS OBSERVED.


RELATIVE HUMIDITY (PERCENT)
 HIGHEST    82           900 PM
 LOWEST     19           200 PM
 AVERAGE    51

..........................................................


THE GREAT FALLS MT CLIMATE NORMALS FOR TODAY
                         NORMAL    RECORD    YEAR
 MAXIMUM TEMPERATURE (F)   38        67      1934
 MINIMUM TEMPERATURE (F)   16       -21      1936


SUNRISE AND SUNSET
FEBRUARY 12 2016......SUNRISE   736 AM MST   SUNSET   544 PM MST
FEBRUARY 13 2016......SUNRISE   735 AM MST   SUNSET   545 PM MST


-  INDICATES NEGATIVE NUMBERS.
R  INDICATES RECORD WAS SET OR TIED.
MM INDICATES DATA IS MISSING.
T  INDICATES TRACE AMOUNT.




$$
