000
CDUS45 KTFX 230923
CLIGTF


CLIMATE REPORT
NATIONAL WEATHER SERVICE GREAT FALLS MT
321 AM MDT TUE SEP 23 2014


...................................

...THE GREAT FALLS MT CLIMATE SUMMARY FOR SEPTEMBER 22 2014...

CLIMATE NORMAL PERIOD 1981 TO 2010
CLIMATE RECORD PERIOD 1886 TO 2014


WEATHER ITEM   OBSERVED TIME   RECORD YEAR NORMAL DEPARTURE LAST
                VALUE   (LST)  VALUE       VALUE  FROM      YEAR
                                                  NORMAL
..................................................................
TEMPERATURE (F)
 YESTERDAY
  MAXIMUM         84    243 PM  91    1938  68     16       70
                                      1896
  MINIMUM         48    559 AM  24    2000  40      8       46
                                      1934
  AVERAGE         66                        54     12       58

PRECIPITATION (IN)
  YESTERDAY        0.00          0.84 1910   0.04  -0.04      T
  MONTH TO DATE    0.30                      1.08  -0.78     0.44
  SINCE OCT 1     18.81                     14.41   4.40    12.67
  SINCE JAN 1     16.76                     12.41   4.35     9.33

SNOWFALL (IN)
  YESTERDAY        0.0           6.0  1934   0.1   -0.1      0.0
  MONTH TO DATE    T                         0.7   -0.7      0.0
  SINCE SEP 1      T                         0.7   -0.7      0.0
  SINCE JUL 1      T                         1.0   -1.0      0.0
  SNOW DEPTH       0

DEGREE DAYS
 HEATING
  YESTERDAY        0                        12    -12        7
  MONTH TO DATE  200                       181     19       47
  SINCE SEP 1    200                       181     19       47
  SINCE JUL 1    270                       302    -32       71

 COOLING
  YESTERDAY        1                         0      1        0
  MONTH TO DATE    7                        20    -13       80
  SINCE SEP 1      7                        20    -13       80
  SINCE JAN 1    331                       296     35      449
..................................................................


WIND (MPH)
  HIGHEST WIND SPEED    16   HIGHEST WIND DIRECTION    SW (220)
  HIGHEST GUST SPEED    20   HIGHEST GUST DIRECTION    SW (210)
  AVERAGE WIND SPEED    10.5


SKY COVER
  AVERAGE SKY COVER 0.0


WEATHER CONDITIONS
 THE FOLLOWING WEATHER WAS RECORDED YESTERDAY.
  NO SIGNIFICANT WEATHER WAS OBSERVED.


RELATIVE HUMIDITY (PERCENT)
 HIGHEST    80           600 AM
 LOWEST     27           200 PM
 AVERAGE    54

..........................................................


THE GREAT FALLS MT CLIMATE NORMALS FOR TODAY
                         NORMAL    RECORD    YEAR
 MAXIMUM TEMPERATURE (F)   67        93      1966
 MINIMUM TEMPERATURE (F)   40        16      2000


SUNRISE AND SUNSET
SEPTEMBER 23 2014.....SUNRISE   714 AM MDT   SUNSET   721 PM MDT
SEPTEMBER 24 2014.....SUNRISE   715 AM MDT   SUNSET   719 PM MDT


-  INDICATES NEGATIVE NUMBERS.
R  INDICATES RECORD WAS SET OR TIED.
MM INDICATES DATA IS MISSING.
T  INDICATES TRACE AMOUNT.




$$
