000
CDGM40 PGUM 020652
CLIGUM


CLIMATE REPORT
NATIONAL WEATHER SERVICE TIYAN, GUAM
437 PM CHST TUE JUN 2 2015


...................................

...THE GUAM INTERNATIONAL AIRPORT GU CLIMATE SUMMARY FOR JUNE 2 2015...
VALID TODAY AS OF 0400 PM LOCAL TIME.

CLIMATE NORMAL PERIOD 1981 TO 2010
CLIMATE RECORD PERIOD 1945 TO 2015


WEATHER ITEM   OBSERVED TIME   RECORD YEAR NORMAL DEPARTURE LAST
                VALUE   (LST)  VALUE       VALUE  FROM      YEAR
                                                  NORMAL
..................................................................
TEMPERATURE (F)
 TODAY
  MAXIMUM         88    101 PM  92    2001  88      0       88
                                      1990
                                      1984
  MINIMUM         77    600 AM  73    1973  78     -1       81
  AVERAGE         83                        83      0       85

PRECIPITATION (IN)
  TODAY            T             3.00 2005   0.18  -0.18     0.03
  MONTH TO DATE    0.12                      0.36  -0.24     0.03
  SINCE JUN 1      0.12                      0.36  -0.24     0.03
  SINCE JAN 1     29.51                     20.50   9.01    31.07

SNOWFALL (IN)
  TODAY            0.0
  MONTH TO DATE    0.0
  SINCE JUN 1      0.0
  SINCE JUL 1      0.0
  SNOW DEPTH       0

DEGREE DAYS
 HEATING
  TODAY            0
  MONTH TO DATE    0
  SINCE JUN 1      0
  SINCE JUL 1      0

 COOLING
  TODAY           18                        18      0       20
  MONTH TO DATE   36                        36      0       38
  SINCE JUN 1     36                        36      0       38
  SINCE JAN 1   2541                      2464     77     2674
..................................................................


WIND (MPH)
  RESULTANT WIND SPEED  13   RESULTANT WIND DIRECTION   E (80)
  HIGHEST WIND SPEED    23   HIGHEST WIND DIRECTION     E (80)
  HIGHEST GUST SPEED    30   HIGHEST GUST DIRECTION     E (70)
  AVERAGE WIND SPEED    12.8


SKY COVER
  POSSIBLE SUNSHINE  MM
  AVERAGE SKY COVER 0.3


WEATHER CONDITIONS
 THE FOLLOWING WEATHER WAS RECORDED TODAY.
  LIGHT RAIN


RELATIVE HUMIDITY (PERCENT)
 HIGHEST    91           400 AM
 LOWEST     63          1200 PM
 AVERAGE    77

..........................................................


THE GUAM INTERNATIONAL AIRPORT GU CLIMATE NORMALS FOR TOMORROW
                         NORMAL    RECORD    YEAR
 MAXIMUM TEMPERATURE (F)   88        92      2001
                                             1990
                                             1987
 MINIMUM TEMPERATURE (F)   78        73      1995


SUNRISE AND SUNSET
JUNE  2 2015..........SUNRISE   553 AM CHST  SUNSET   645 PM CHST
JUNE  3 2015..........SUNRISE   553 AM CHST  SUNSET   645 PM CHST


-  INDICATES NEGATIVE NUMBERS.
R  INDICATES RECORD WAS SET OR TIED.
MM INDICATES DATA IS MISSING.
T  INDICATES TRACE AMOUNT.




$$
