000
CDUS44 KAMA 200631
CLIGUY


CLIMATE REPORT
NATIONAL WEATHER SERVICE AMARILLO TX
129 AM CDT FRI OCT 20 2017


...................................

...THE GUYMON CLIMATE SUMMARY FOR OCTOBER 19 2017...

CLIMATE NORMAL PERIOD 1981 TO 2010
CLIMATE RECORD PERIOD 1998 TO 2017


WEATHER ITEM   OBSERVED TIME   RECORD YEAR NORMAL DEPARTURE LAST
                VALUE   (LST)  VALUE       VALUE  FROM      YEAR
                                                  NORMAL
..................................................................
TEMPERATURE (F)
 YESTERDAY
  MAXIMUM         80    346 PM  94    2003  71      9       74
  MINIMUM         43    602 AM  31    2007  41      2       39
                                      2001
  AVERAGE         62                        56      6       57

PRECIPITATION (IN)
  YESTERDAY        0.00          0.10 2002   0.05  -0.05     0.00
  MONTH TO DATE    1.34                      1.09   0.25     0.65
  SINCE SEP 1      6.13                      2.88   3.25     0.66
  SINCE JAN 1     21.69                     17.65   4.04    15.10

SNOWFALL (IN)
  YESTERDAY        0.0          MM      MM  MM     MM        0.0
  MONTH TO DATE    0.0                      MM     MM        0.0
  SINCE SEP 1      0.0                      MM     MM        0.0
  SINCE JUL 1      0.0                      MM     MM        0.0
  SNOW DEPTH       0

DEGREE DAYS
 HEATING
  YESTERDAY        3                         9     -6        8
  MONTH TO DATE   85                       128    -43       58
  SINCE SEP 1    117                       170    -53       69
  SINCE JUL 1    117                       171    -54       69

 COOLING
  YESTERDAY        0                         0      0        0
  MONTH TO DATE   40                        25     15       76
  SINCE SEP 1    264                       230     34      341
  SINCE JAN 1   1585                      1479    106     1778
..................................................................


WIND (MPH)
  RESULTANT WIND SPEED   9   RESULTANT WIND DIRECTION   S (170)
  HIGHEST WIND SPEED    24   HIGHEST WIND DIRECTION     S (160)
  HIGHEST GUST SPEED    30   HIGHEST GUST DIRECTION     S (180)
  AVERAGE WIND SPEED    10.0


SKY COVER
  AVERAGE SKY COVER 0.0


WEATHER CONDITIONS
 THE FOLLOWING WEATHER WAS RECORDED YESTERDAY.
  NO SIGNIFICANT WEATHER WAS OBSERVED.


RELATIVE HUMIDITY (PERCENT)
 HIGHEST    93           400 AM
 LOWEST     32           300 PM
 AVERAGE    63

..........................................................


THE GUYMON CLIMATE NORMALS FOR TODAY
                         NORMAL    RECORD    YEAR
 MAXIMUM TEMPERATURE (F)   70        93      2007
 MINIMUM TEMPERATURE (F)   41        31      1999


SUNRISE AND SUNSET
OCTOBER 20 2017.......SUNRISE   758 AM CDT   SUNSET   703 PM CDT
OCTOBER 21 2017.......SUNRISE   759 AM CDT   SUNSET   701 PM CDT


-  INDICATES NEGATIVE NUMBERS.
R  INDICATES RECORD WAS SET OR TIED.
MM INDICATES DATA IS MISSING.
T  INDICATES TRACE AMOUNT.




$$
