000
CDUS44 KAMA 250638
CLIGUY


CLIMATE REPORT
NATIONAL WEATHER SERVICE AMARILLO TX
138 AM CDT SUN JUN 25 2017


...................................

...THE GUYMON CLIMATE SUMMARY FOR JUNE 24 2017...

CLIMATE NORMAL PERIOD 1981 TO 2010
CLIMATE RECORD PERIOD 1998 TO 2017


WEATHER ITEM   OBSERVED TIME   RECORD YEAR NORMAL DEPARTURE LAST
                VALUE   (LST)  VALUE       VALUE  FROM      YEAR
                                                  NORMAL
..................................................................
TEMPERATURE (F)
 YESTERDAY
  MAXIMUM         79    435 PM  MM      MM  91    -12       99
  MINIMUM         63    633 AM  MM      MM  63      0       67
  AVERAGE         71                        77     -6       83

PRECIPITATION (IN)
  YESTERDAY        T            MM      MM   0.09  -0.09     0.48
  MONTH TO DATE    1.76                      2.57  -0.81     1.69
  SINCE JUN 1      1.76                      2.57  -0.81     1.69
  SINCE JAN 1     11.95                      8.82   3.13     8.65

SNOWFALL (IN)
  YESTERDAY        0.0          MM      MM  MM     MM        0.0
  MONTH TO DATE    0.0                      MM     MM        0.0
  SINCE JUN 1      0.0                      MM     MM        0.0
  SINCE JUL 1      3.8                      MM     MM        0.0
  SNOW DEPTH       0

DEGREE DAYS
 HEATING
  YESTERDAY        0                         0      0        0
  MONTH TO DATE    0                         6     -6        0
  SINCE JUN 1      0                         6     -6        0
  SINCE JUL 1   3669                      4455   -786     3784

 COOLING
  YESTERDAY        6                        12     -6       18
  MONTH TO DATE  291                       206     85      315
  SINCE JUN 1    291                       206     85      315
  SINCE JAN 1    415                       314    101      405
..................................................................


WIND (MPH)
  RESULTANT WIND SPEED   4   RESULTANT WIND DIRECTION   S (160)
  HIGHEST WIND SPEED    17   HIGHEST WIND DIRECTION    SE (140)
  HIGHEST GUST SPEED    25   HIGHEST GUST DIRECTION    SE (130)
  AVERAGE WIND SPEED     6.2


SKY COVER
  AVERAGE SKY COVER 0.9


WEATHER CONDITIONS
 THE FOLLOWING WEATHER WAS RECORDED YESTERDAY.
  LIGHT RAIN


RELATIVE HUMIDITY (PERCENT)
 HIGHEST    78           200 AM
 LOWEST     43           100 PM
 AVERAGE    61

..........................................................


THE GUYMON CLIMATE NORMALS FOR TODAY
                         NORMAL    RECORD    YEAR
 MAXIMUM TEMPERATURE (F)   91        MM        MM
 MINIMUM TEMPERATURE (F)   63        MM        MM


SUNRISE AND SUNSET
JUNE 25 2017..........SUNRISE   629 AM CDT   SUNSET   909 PM CDT
JUNE 26 2017..........SUNRISE   629 AM CDT   SUNSET   909 PM CDT


-  INDICATES NEGATIVE NUMBERS.
R  INDICATES RECORD WAS SET OR TIED.
MM INDICATES DATA IS MISSING.
T  INDICATES TRACE AMOUNT.




$$
