000
CDUS44 KAMA 290738
CLIGUY


CLIMATE REPORT
NATIONAL WEATHER SERVICE AMARILLO TX
135 AM CST THU JAN 29 2015


...................................

...THE GUYMON CLIMATE SUMMARY FOR JANUARY 28 2015...

CLIMATE NORMAL PERIOD 1981 TO 2010
CLIMATE RECORD PERIOD 1998 TO 2015


WEATHER ITEM   OBSERVED TIME   RECORD YEAR NORMAL DEPARTURE LAST
                VALUE   (LST)  VALUE       VALUE  FROM      YEAR
                                                  NORMAL
..................................................................
TEMPERATURE (F)
 YESTERDAY
  MAXIMUM         73    448 PM  MM      MM  51     22       34
  MINIMUM         39    257 AM  MM      MM  22     17        7
  AVERAGE         56                        36     20       21

PRECIPITATION (IN)
  YESTERDAY        0.00         MM      MM   0.02  -0.02     0.09
  MONTH TO DATE    0.77                      0.33   0.44     0.17
  SINCE DEC 1      1.60                      0.97   0.63     0.48
  SINCE JAN 1      0.77                      0.33   0.44     0.17

SNOWFALL (IN)
  YESTERDAY        0.0          MM      MM  MM     MM        1.0
  MONTH TO DATE    5.5                      MM     MM        3.0
  SINCE DEC 1      7.3                      MM     MM        6.5
  SINCE JUL 1     10.3                      MM     MM       10.2
  SNOW DEPTH       0

DEGREE DAYS
 HEATING
  YESTERDAY        9                        28    -19       44
  MONTH TO DATE  786                       828    -42      781
  SINCE DEC 1   1604                      1754   -150     1741
  SINCE JUL 1   2411                      2645   -234     2627

 COOLING
  YESTERDAY        0                         0      0        0
  MONTH TO DATE    0                         0      0        0
  SINCE DEC 1      0                         0      0        0
  SINCE JAN 1      0                         0      0        0
..................................................................


WIND (MPH)
  RESULTANT WIND SPEED   6   RESULTANT WIND DIRECTION  NW (330)
  HIGHEST WIND SPEED    30   HIGHEST WIND DIRECTION     N (10)
  HIGHEST GUST SPEED    35   HIGHEST GUST DIRECTION     N (10)
  AVERAGE WIND SPEED    10.8


SKY COVER
  AVERAGE SKY COVER 0.0


WEATHER CONDITIONS
 THE FOLLOWING WEATHER WAS RECORDED YESTERDAY.
  NO SIGNIFICANT WEATHER WAS OBSERVED.


RELATIVE HUMIDITY (PERCENT)
 HIGHEST    85           300 AM
 LOWEST     19           300 PM
 AVERAGE    52

..........................................................


THE GUYMON CLIMATE NORMALS FOR TODAY
                         NORMAL    RECORD    YEAR
 MAXIMUM TEMPERATURE (F)   51        MM        MM
 MINIMUM TEMPERATURE (F)   22        MM        MM


SUNRISE AND SUNSET
JANUARY 29 2015.......SUNRISE   750 AM CST   SUNSET   608 PM CST
JANUARY 30 2015.......SUNRISE   750 AM CST   SUNSET   609 PM CST


-  INDICATES NEGATIVE NUMBERS.
R  INDICATES RECORD WAS SET OR TIED.
MM INDICATES DATA IS MISSING.
T  INDICATES TRACE AMOUNT.




$$
