000
CDUS44 KAMA 282238
CLIGUY


CLIMATE REPORT
NATIONAL WEATHER SERVICE AMARILLO TX
440 PM CST FRI NOV 28 2014


...THE GUYMON CLIMATE SUMMARY FOR NOVEMBER 28 2014...
VALID TODAY AS OF 400 PM LOCAL TIME.

CLIMATE NORMAL PERIOD 1981 TO 2010
CLIMATE RECORD PERIOD 1998 TO 2014


WEATHER ITEM   OBSERVED TIME   NORMAL DEPARTURE LAST
                VALUE   (LST)  VALUE  FROM      YEAR
                                      NORMAL
......................................................
TEMPERATURE (F)
 TODAY
  MAXIMUM         83    340 PM  54     29       46
  MINIMUM         31    522 AM  26      5       29
  AVERAGE         57            40     17       38

PRECIPITATION (IN)
  TODAY            0.00          0.02  -0.02     0.00
  MONTH TO DATE    0.14          0.51  -0.37     0.68
  SINCE SEP 1      3.87          3.87   0.00     4.45
  SINCE JAN 1     12.31         18.64  -6.33    15.00

SNOWFALL (IN)
  TODAY            0.0                           0.0
  MONTH TO DATE    3.0                           3.7
  SINCE SEP 1      3.0                           3.7
  SINCE JUL 1      3.0                           3.7
  SNOW DEPTH       0

DEGREE DAYS
 HEATING
  TODAY            8            25    -17       27
  MONTH TO DATE  600           531     69      576
  SINCE SEP 1    770           839    -69      847
  SINCE JUL 1    774           840    -66      847

 COOLING
  TODAY            0             0      0        0
  MONTH TO DATE    0             0      0        0
  SINCE SEP 1    260           232     28      295
  SINCE JAN 1   1706          1481    225     1846
..........................................................


WIND (MPH)
  RESULTANT WIND SPEED   7   RESULTANT WIND DIRECTION  SW (210)
  HIGHEST WIND SPEED    18   HIGHEST WIND DIRECTION    SW (210)
  HIGHEST GUST SPEED    21   HIGHEST GUST DIRECTION    SW (210)
  AVERAGE WIND SPEED   7.3


SKY COVER
  AVERAGE SKY COVER 0.0


WEATHER CONDITIONS
 THE FOLLOWING WEATHER WAS RECORDED TODAY.
  NO SIGNIFICANT WEATHER WAS OBSERVED.


RELATIVE HUMIDITY (PERCENT)
 HIGHEST    75           400 AM
 LOWEST      9           300 PM
 AVERAGE    42

..........................................................


THE GUYMON CLIMATE NORMALS FOR TOMORROW
                         NORMAL
 MAXIMUM TEMPERATURE (F)   54
 MINIMUM TEMPERATURE (F)   25


SUNRISE AND SUNSET
NOVEMBER 28 2014......SUNRISE   737 AM CST   SUNSET   531 PM CST
NOVEMBER 29 2014......SUNRISE   738 AM CST   SUNSET   531 PM CST


-  INDICATES NEGATIVE NUMBERS.
R  INDICATES RECORD WAS SET OR TIED.
MM INDICATES DATA IS MISSING.
T  INDICATES TRACE AMOUNT.


$$
