000
CDUS44 KAMA 280628
CLIGUY


CLIMATE REPORT
NATIONAL WEATHER SERVICE AMARILLO TX
127 AM CDT MON JUL 28 2014


...................................

...THE GUYMON CLIMATE SUMMARY FOR JULY 27 2014...

CLIMATE NORMAL PERIOD 1981 TO 2010
CLIMATE RECORD PERIOD 1998 TO 2014


WEATHER ITEM   OBSERVED TIME   NORMAL DEPARTURE LAST
                VALUE   (LST)  VALUE  FROM      YEAR
                                      NORMAL
......................................................
TEMPERATURE (F)
 YESTERDAY
  MAXIMUM         89    142 PM  94     -5       97
  MINIMUM         73   1159 PM  66      7       63
  AVERAGE         81            80      1       80

PRECIPITATION (IN)
  YESTERDAY        T             0.10  -0.10     0.00
  MONTH TO DATE    1.25          2.29  -1.04     0.94
  SINCE JUN 1      3.59          5.23  -1.64     3.87
  SINCE JAN 1      6.98         11.48  -4.50     6.22

SNOWFALL (IN)
  YESTERDAY        0.0                           0.0
  MONTH TO DATE    0.0                           0.0
  SINCE JUN 1      0.0                            T
  SINCE JUL 1      0.0                           0.0
  SNOW DEPTH       0

DEGREE DAYS
 HEATING
  YESTERDAY        0             0      0        0
  MONTH TO DATE    4             0      4        0
  SINCE JUN 1      9             8      1        0
  SINCE JUL 1      4             0      4        0

 COOLING
  YESTERDAY       16            15      1       15
  MONTH TO DATE  409           395     14      410
  SINCE JUN 1    758           675     83      846
  SINCE JAN 1    936           783    153     1050
......................................................


WIND (MPH)
  RESULTANT WIND SPEED   9   RESULTANT WIND DIRECTION  NE (50)
  HIGHEST WIND SPEED    32   HIGHEST WIND DIRECTION     N (340)
  HIGHEST GUST SPEED    42   HIGHEST GUST DIRECTION     N (350)
  AVERAGE WIND SPEED    13.8


SKY COVER
  AVERAGE SKY COVER 0.3


WEATHER CONDITIONS
 THE FOLLOWING WEATHER WAS RECORDED YESTERDAY.
  THUNDERSTORM
  LIGHT RAIN


RELATIVE HUMIDITY (PERCENT)
 HIGHEST    87           700 AM
 LOWEST     34          1200 AM
 AVERAGE    61

..........................................................


THE GUYMON CLIMATE NORMALS FOR TODAY
                         NORMAL
 MAXIMUM TEMPERATURE (F)   94
 MINIMUM TEMPERATURE (F)   66


SUNRISE AND SUNSET
JULY 28 2014..........SUNRISE   649 AM CDT   SUNSET   856 PM CDT
JULY 29 2014..........SUNRISE   650 AM CDT   SUNSET   855 PM CDT


-  INDICATES NEGATIVE NUMBERS.
R  INDICATES RECORD WAS SET OR TIED.
MM INDICATES DATA IS MISSING.
T  INDICATES TRACE AMOUNT.




$$
