000
CDUS42 KFFC 020820
CLIGVL


CLIMATE REPORT
NATIONAL WEATHER SERVICE PEACHTREE CITY GA
420 AM EDT TUE JUN 2 2015


...................................

...THE GAINESVILLE   CLIMATE SUMMARY FOR JUNE 1 2015...

CLIMATE NORMAL PERIOD 1981 TO 2010
CLIMATE RECORD PERIOD 9999 TO 9999


WEATHER ITEM   OBSERVED TIME   RECORD YEAR NORMAL DEPARTURE LAST
                VALUE   (LST)  VALUE       VALUE  FROM      YEAR
                                                  NORMAL
..................................................................
TEMPERATURE (F)
 YESTERDAY
  MAXIMUM         79    105 PM  MM      MM  82     -3       79
  MINIMUM         65    641 AM  MM      MM  63      2       65
  AVERAGE         72                        72      0       72

PRECIPITATION (IN)
  YESTERDAY        0.57         MM      MM   0.14   0.43     0.04
  MONTH TO DATE    0.57                      0.14   0.43     0.04
  SINCE JUN 1      0.57                      0.14   0.43     0.04
  SINCE JAN 1     17.89                     23.06  -5.17    19.21

DEGREE DAYS
 COOLING
  YESTERDAY        7                         8     -1        7
  MONTH TO DATE    7                         8     -1        7
  SINCE JUN 1      7                         8     -1        7
  SINCE JAN 1    260                       183     77      236
..................................................................


WIND (MPH)
  RESULTANT WIND SPEED   3   RESULTANT WIND DIRECTION   S (180)
  HIGHEST WIND SPEED    18   HIGHEST WIND DIRECTION    SW (240)
  HIGHEST GUST SPEED    23   HIGHEST GUST DIRECTION    SW (240)
  AVERAGE WIND SPEED     4.9


SKY COVER
  AVERAGE SKY COVER 0.8


WEATHER CONDITIONS
 THE FOLLOWING WEATHER WAS RECORDED YESTERDAY.
  THUNDERSTORM
  HEAVY RAIN
  RAIN
  LIGHT RAIN
  FOG


RELATIVE HUMIDITY (PERCENT)
 HIGHEST   100           500 AM
 LOWEST     62           100 PM
 AVERAGE    81

..........................................................


THE GAINESVILLE   CLIMATE NORMALS FOR TODAY
                         NORMAL    RECORD    YEAR
 MAXIMUM TEMPERATURE (F)   82        MM        MM
 MINIMUM TEMPERATURE (F)   63        MM        MM


SUNRISE AND SUNSET
JUNE  2 2015..........SUNRISE   624 AM EDT   SUNSET   843 PM EDT
JUNE  3 2015..........SUNRISE   624 AM EDT   SUNSET   843 PM EDT


-  INDICATES NEGATIVE NUMBERS.
R  INDICATES RECORD WAS SET OR TIED.
MM INDICATES DATA IS MISSING.
T  INDICATES TRACE AMOUNT.




$$
