000
CDUS42 KFFC 010818
CLIGVL


CLIMATE REPORT
NATIONAL WEATHER SERVICE PEACHTREE CITY GA
418 AM EDT SUN MAY 1 2016


...................................

...THE GAINESVILLE   CLIMATE SUMMARY FOR APRIL 30 2016...

CLIMATE NORMAL PERIOD 1981 TO 2010
CLIMATE RECORD PERIOD 9999 TO 9999


WEATHER ITEM   OBSERVED TIME   RECORD YEAR NORMAL DEPARTURE LAST
                VALUE   (LST)  VALUE       VALUE  FROM      YEAR
                                                  NORMAL
..................................................................
TEMPERATURE (F)
 YESTERDAY
  MAXIMUM         82   1210 PM  MM      MM  75      7       73
  MINIMUM         65   1159 PM  MM      MM  53     12       51
  AVERAGE         74                        64     10       62

PRECIPITATION (IN)
  YESTERDAY        0.60         MM      MM   0.12   0.48      T
  MONTH TO DATE    2.83                      3.56  -0.73     5.23
  SINCE MAR 1      4.69                      8.98  -4.29     6.98
  SINCE JAN 1     14.64                     18.88  -4.24    15.16

SNOWFALL (IN)
  YESTERDAY       MM            MM      MM  MM     MM       MM
  MONTH TO DATE    0.0                      MM     MM        0.0
  SINCE MAR 1      0.0                      MM     MM        0.0
  SINCE JUL 1      T                        MM     MM         T
  SNOW DEPTH      MM

DEGREE DAYS
 HEATING
  YESTERDAY        0                         3     -3        3
  MONTH TO DATE  126                       174    -48       98
  SINCE MAR 1    359                       561   -202      395
  SINCE JUL 1   2411                      3025   -614     3025

 COOLING
  YESTERDAY        9                         2      7        0
  MONTH TO DATE   56                        34     22       44
  SINCE MAR 1     77                        39     38       46
  SINCE JAN 1     77                        39     38       46
..................................................................


WIND (MPH)
  RESULTANT WIND SPEED   5   RESULTANT WIND DIRECTION   E (80)
  HIGHEST WIND SPEED    15   HIGHEST WIND DIRECTION     E (90)
  HIGHEST GUST SPEED    19   HIGHEST GUST DIRECTION     E (110)
  AVERAGE WIND SPEED     6.9


SKY COVER
  AVERAGE SKY COVER 0.1


WEATHER CONDITIONS
 THE FOLLOWING WEATHER WAS RECORDED YESTERDAY.
  THUNDERSTORM
  HEAVY RAIN
  RAIN
  LIGHT RAIN
  FOG


RELATIVE HUMIDITY (PERCENT)
 HIGHEST    84           600 PM
 LOWEST     51          1200 PM
 AVERAGE    68

..........................................................


THE GAINESVILLE   CLIMATE NORMALS FOR TODAY
                         NORMAL    RECORD    YEAR
 MAXIMUM TEMPERATURE (F)   75        MM        MM
 MINIMUM TEMPERATURE (F)   54        MM        MM


SUNRISE AND SUNSET
MAY  1 2016...........SUNRISE   645 AM EDT   SUNSET   820 PM EDT
MAY  2 2016...........SUNRISE   644 AM EDT   SUNSET   821 PM EDT


-  INDICATES NEGATIVE NUMBERS.
R  INDICATES RECORD WAS SET OR TIED.
MM INDICATES DATA IS MISSING.
T  INDICATES TRACE AMOUNT.




$$
