000
CDUS42 KFFC 220831
CLIGVL


CLIMATE REPORT
NATIONAL WEATHER SERVICE PEACHTREE CITY GA
430 AM EDT THU JUN 22 2017


...................................

...THE GAINESVILLE   CLIMATE SUMMARY FOR JUNE 21 2017...

CLIMATE NORMAL PERIOD 1981 TO 2010
CLIMATE RECORD PERIOD 9999 TO 9999


WEATHER ITEM   OBSERVED TIME   RECORD YEAR NORMAL DEPARTURE LAST
                VALUE   (LST)  VALUE       VALUE  FROM      YEAR
                                                  NORMAL
..................................................................
TEMPERATURE (F)
 YESTERDAY
  MAXIMUM         80   1213 PM  MM      MM  86     -6       91
  MINIMUM         68    541 AM  MM      MM  68      0       67
  AVERAGE         74                        77     -3       79

PRECIPITATION (IN)
  YESTERDAY        0.06         MM      MM   0.15  -0.09     0.00
  MONTH TO DATE    3.64                      3.02   0.62     2.33
  SINCE JUN 1      3.64                      3.02   0.62     2.33
  SINCE JAN 1     29.53                     25.94   3.59    19.58

DEGREE DAYS
 COOLING
  YESTERDAY        9                        12     -3       14
  MONTH TO DATE  214                       208      6      276
  SINCE JUN 1    214                       208      6      276
  SINCE JAN 1    491                       383    108      507
..................................................................


WIND (MPH)
  RESULTANT WIND SPEED   2   RESULTANT WIND DIRECTION   S (160)
  HIGHEST WIND SPEED    12   HIGHEST WIND DIRECTION     S (190)
  HIGHEST GUST SPEED    16   HIGHEST GUST DIRECTION     S (180)
  AVERAGE WIND SPEED     2.6


SKY COVER
  AVERAGE SKY COVER 0.9


WEATHER CONDITIONS
 THE FOLLOWING WEATHER WAS RECORDED YESTERDAY.
  LIGHT RAIN
  FOG


RELATIVE HUMIDITY (PERCENT)
 HIGHEST   100           500 AM
 LOWEST     74          1200 PM
 AVERAGE    87

..........................................................


THE GAINESVILLE   CLIMATE NORMALS FOR TODAY
                         NORMAL    RECORD    YEAR
 MAXIMUM TEMPERATURE (F)   86        MM        MM
 MINIMUM TEMPERATURE (F)   68        MM        MM


SUNRISE AND SUNSET
JUNE 22 2017..........SUNRISE   624 AM EDT   SUNSET   851 PM EDT
JUNE 23 2017..........SUNRISE   624 AM EDT   SUNSET   851 PM EDT


-  INDICATES NEGATIVE NUMBERS.
R  INDICATES RECORD WAS SET OR TIED.
MM INDICATES DATA IS MISSING.
T  INDICATES TRACE AMOUNT.




$$
