000
CDUS44 KJAN 052211
CLIGWO


CLIMATE REPORT
NATIONAL WEATHER SERVICE JACKSON MS
410 PM CST MON DEC 5 2016


...................................

...THE GREENWOOD CLIMATE SUMMARY FOR DECEMBER 5 2016...
VALID TODAY AS OF 0400 PM LOCAL TIME.

CLIMATE NORMAL PERIOD 1981 TO 2010
CLIMATE RECORD PERIOD 1948 TO 2016


WEATHER ITEM   OBSERVED TIME   RECORD YEAR NORMAL DEPARTURE LAST
                VALUE   (LST)  VALUE       VALUE  FROM      YEAR
                                                  NORMAL
..................................................................
TEMPERATURE (F)
 TODAY
  MAXIMUM         51    359 PM  76    2001  59     -8       64
  MINIMUM         46    230 AM  20    2006  37      9       29
  AVERAGE         49                        48      1       47

PRECIPITATION (IN)
  TODAY            0.55          1.94 1983   0.20   0.35     0.00
  MONTH TO DATE    2.02                      1.01   1.01     0.36
  SINCE DEC 1      2.02                      1.01   1.01     0.36
  SINCE JAN 1     44.83                     47.13  -2.30    45.79

SNOWFALL (IN)
  TODAY            0.0

DEGREE DAYS
 HEATING
  TODAY           16                        17     -1       18
  MONTH TO DATE   88                        83      5       84
  SINCE DEC 1     88                        83      5       84
  SINCE JUL 1    380                       551   -171      312

 COOLING
  TODAY            0                         0      0        0
  MONTH TO DATE    0                         0      0        0
  SINCE DEC 1      0                         0      0        0
  SINCE JAN 1   2559                      2159    400     2420
..................................................................


WIND (MPH)
  HIGHEST WIND SPEED    14   HIGHEST WIND DIRECTION     E (80)
  HIGHEST GUST SPEED    18   HIGHEST GUST DIRECTION     E (80)
  AVERAGE WIND SPEED     7.4


SKY COVER
  POSSIBLE SUNSHINE  MM
  AVERAGE SKY COVER 1.0


WEATHER CONDITIONS
 THE FOLLOWING WEATHER WAS RECORDED TODAY.
  HEAVY RAIN
  RAIN
  LIGHT RAIN
  FOG


RELATIVE HUMIDITY (PERCENT)
 HIGHEST   100          1100 AM
 LOWEST     86          1200 AM
 AVERAGE    93

..........................................................


THE GREENWOOD CLIMATE NORMALS FOR TOMORROW
                         NORMAL    RECORD    YEAR
 MAXIMUM TEMPERATURE (F)   59        81      1951
 MINIMUM TEMPERATURE (F)   37        20      2010


SUNRISE AND SUNSET
DECEMBER  5 2016......SUNRISE   650 AM CST   SUNSET   452 PM CST
DECEMBER  6 2016......SUNRISE   651 AM CST   SUNSET   452 PM CST


-  INDICATES NEGATIVE NUMBERS.
R  INDICATES RECORD WAS SET OR TIED.
MM INDICATES DATA IS MISSING.
T  INDICATES TRACE AMOUNT.




$$
