000
CDUS44 KJAN 220844
CLIGWO


CLIMATE REPORT
NATIONAL WEATHER SERVICE JACKSON MS
341 AM CDT WED OCT 22 2014


...................................

...THE GREENWOOD CLIMATE SUMMARY FOR OCTOBER 21 2014...

CLIMATE NORMAL PERIOD 1981 TO 2010
CLIMATE RECORD PERIOD 1948 TO 2014


WEATHER ITEM   OBSERVED TIME   RECORD YEAR NORMAL DEPARTURE LAST
                VALUE   (LST)  VALUE       VALUE  FROM      YEAR
                                                  NORMAL
..................................................................
TEMPERATURE (F)
 YESTERDAY
  MAXIMUM         80    313 PM  87    2003  75      5       74
  MINIMUM         48    607 AM  27    2011  50     -2       43
  AVERAGE         64                        63      1       59

PRECIPITATION (IN)
  YESTERDAY        0.00          0.87 1994   0.14  -0.14     0.00
  MONTH TO DATE    5.80                      2.64   3.16     1.00
  SINCE SEP 1      6.18                      6.30  -0.12     9.09
  SINCE JAN 1     46.94                     40.37   6.57    47.34

SNOWFALL (IN)
  YESTERDAY        0.0

DEGREE DAYS
 HEATING
  YESTERDAY        1                         5     -4        6
  MONTH TO DATE   39                        60    -21       50
  SINCE SEP 1     39                        72    -33       50
  SINCE JUL 1     39                        72    -33       50

 COOLING
  YESTERDAY        0                         2     -2        0
  MONTH TO DATE  103                        77     26      101
  SINCE SEP 1    467                       382     85      459
  SINCE JAN 1   2023                      2124   -101     2081
..................................................................


WIND (MPH)
  HIGHEST WIND SPEED     9   HIGHEST WIND DIRECTION     N (20)
  HIGHEST GUST SPEED    13   HIGHEST GUST DIRECTION     W (290)
  AVERAGE WIND SPEED     2.3


SKY COVER
  POSSIBLE SUNSHINE  MM
  AVERAGE SKY COVER 0.0


WEATHER CONDITIONS
 THE FOLLOWING WEATHER WAS RECORDED YESTERDAY.
  NO SIGNIFICANT WEATHER WAS OBSERVED.


RELATIVE HUMIDITY (PERCENT)
 HIGHEST   100          1200 AM
 LOWEST     42           200 PM
 AVERAGE    71

..........................................................


THE GREENWOOD CLIMATE NORMALS FOR TODAY
                         NORMAL    RECORD    YEAR
 MAXIMUM TEMPERATURE (F)   75        87      2003
 MINIMUM TEMPERATURE (F)   50        29      1952


SUNRISE AND SUNSET
OCTOBER 22 2014.......SUNRISE   711 AM CDT   SUNSET   618 PM CDT
OCTOBER 23 2014.......SUNRISE   711 AM CDT   SUNSET   617 PM CDT


-  INDICATES NEGATIVE NUMBERS.
R  INDICATES RECORD WAS SET OR TIED.
MM INDICATES DATA IS MISSING.
T  INDICATES TRACE AMOUNT.




$$
