000
CDUS44 KJAN 030653
CLIGWO


CLIMATE REPORT
NATIONAL WEATHER SERVICE JACKSON MS
142 AM CDT WED JUN 3 2015


...................................

...THE GREENWOOD CLIMATE SUMMARY FOR JUNE 2 2015...

CLIMATE NORMAL PERIOD 1981 TO 2010
CLIMATE RECORD PERIOD 1948 TO 2015


WEATHER ITEM   OBSERVED TIME   RECORD YEAR NORMAL DEPARTURE LAST
                VALUE   (LST)  VALUE       VALUE  FROM      YEAR
                                                  NORMAL
..................................................................
TEMPERATURE (F)
 YESTERDAY
  MAXIMUM         80    404 PM  97    1977  87     -7       86
  MINIMUM         60    342 AM  53    2012  65     -5       70
                                      1956
                                      1948
  AVERAGE         70                        76     -6       78

PRECIPITATION (IN)
  YESTERDAY        0.00          1.81 1950   0.14  -0.14     0.04
  MONTH TO DATE    0.00                      0.29  -0.29     0.39
  SINCE JUN 1      0.00                      0.29  -0.29     0.39
  SINCE JAN 1     27.93                     23.62   4.31    23.51

SNOWFALL (IN)
  YESTERDAY        0.0

DEGREE DAYS
 HEATING
  YESTERDAY        0                         0      0        0
  MONTH TO DATE    0                         0      0        0
  SINCE JUN 1      0                         0      0        0
  SINCE JUL 1   2869                      2688    181     3271

 COOLING
  YESTERDAY        5                        11     -6       13
  MONTH TO DATE   11                        22    -11       26
  SINCE JUN 1     11                        22    -11       26
  SINCE JAN 1    375                       352     23      320
..................................................................


WIND (MPH)
  HIGHEST WIND SPEED    14   HIGHEST WIND DIRECTION     N (350)
  HIGHEST GUST SPEED    18   HIGHEST GUST DIRECTION     N (360)
  AVERAGE WIND SPEED     4.8


SKY COVER
  POSSIBLE SUNSHINE  MM
  AVERAGE SKY COVER 0.0


WEATHER CONDITIONS
 THE FOLLOWING WEATHER WAS RECORDED YESTERDAY.
  FOG


RELATIVE HUMIDITY (PERCENT)
 HIGHEST    93           200 AM
 LOWEST     50           600 PM
 AVERAGE    72

..........................................................


THE GREENWOOD CLIMATE NORMALS FOR TODAY
                         NORMAL    RECORD    YEAR
 MAXIMUM TEMPERATURE (F)   87        97      2011
 MINIMUM TEMPERATURE (F)   66        49      1956


SUNRISE AND SUNSET
JUNE  3 2015..........SUNRISE   551 AM CDT   SUNSET   806 PM CDT
JUNE  4 2015..........SUNRISE   551 AM CDT   SUNSET   807 PM CDT


-  INDICATES NEGATIVE NUMBERS.
R  INDICATES RECORD WAS SET OR TIED.
MM INDICATES DATA IS MISSING.
T  INDICATES TRACE AMOUNT.




$$
