000
CDUS44 KJAN 022112
CLIGWO


CLIMATE REPORT
NATIONAL WEATHER SERVICE JACKSON MS
410 PM CDT SUN AUG 2 2015


...................................

...THE GREENWOOD CLIMATE SUMMARY FOR AUGUST 2 2015...
VALID TODAY AS OF 0400 PM LOCAL TIME.

CLIMATE NORMAL PERIOD 1981 TO 2010
CLIMATE RECORD PERIOD 1948 TO 2015


WEATHER ITEM   OBSERVED TIME   RECORD YEAR NORMAL DEPARTURE LAST
                VALUE   (LST)  VALUE       VALUE  FROM      YEAR
                                                  NORMAL
..................................................................
TEMPERATURE (F)
 TODAY
  MAXIMUM         95    259 PM 103    2010  92      3       88
  MINIMUM         67    536 AM  62    1973  71     -4       71
  AVERAGE         81                        82     -1       80

PRECIPITATION (IN)
  TODAY            0.00          0.83 1967   0.09  -0.09     0.12
  MONTH TO DATE    0.00                      0.17  -0.17     0.15
  SINCE JUN 1      4.37                      8.08  -3.71    14.77
  SINCE JAN 1     32.30                     31.41   0.89    37.89

DEGREE DAYS
 HEATING
  TODAY            0                         0      0        0
  MONTH TO DATE    0                         0      0        0
  SINCE JUN 1      0                         0      0        0
  SINCE JUL 1      0                         0      0        0

 COOLING
  TODAY           16                        16      0       15
  MONTH TO DATE   31                        32     -1       25
  SINCE JUN 1   1033                       950     83      821
  SINCE JAN 1   1397                      1280    117     1115
..................................................................


WIND (MPH)
  HIGHEST WIND SPEED    10   HIGHEST WIND DIRECTION     N (10)
  HIGHEST GUST SPEED    13   HIGHEST GUST DIRECTION     N (10)
  AVERAGE WIND SPEED     3.3


SKY COVER
  POSSIBLE SUNSHINE  MM
  AVERAGE SKY COVER 0.0


WEATHER CONDITIONS
 THE FOLLOWING WEATHER WAS RECORDED TODAY.
  NO SIGNIFICANT WEATHER WAS OBSERVED.


RELATIVE HUMIDITY (PERCENT)
 HIGHEST    93           400 AM
 LOWEST     34           300 PM
 AVERAGE    64

..........................................................


THE GREENWOOD CLIMATE NORMALS FOR TOMORROW
                         NORMAL    RECORD    YEAR
 MAXIMUM TEMPERATURE (F)   92       102      2010
 MINIMUM TEMPERATURE (F)   71        57      1976


SUNRISE AND SUNSET
AUGUST  2 2015........SUNRISE   613 AM CDT   SUNSET   759 PM CDT
AUGUST  3 2015........SUNRISE   614 AM CDT   SUNSET   759 PM CDT


-  INDICATES NEGATIVE NUMBERS.
R  INDICATES RECORD WAS SET OR TIED.
MM INDICATES DATA IS MISSING.
T  INDICATES TRACE AMOUNT.




$$
