000
CDUS44 KJAN 140814
CLIGWO


CLIMATE REPORT
NATIONAL WEATHER SERVICE JACKSON MS
311 AM CDT MON JUL 14 2014


...................................

...THE GREENWOOD CLIMATE SUMMARY FOR JULY 13 2014...

CLIMATE NORMAL PERIOD 1981 TO 2010
CLIMATE RECORD PERIOD 1948 TO 2014


WEATHER ITEM   OBSERVED TIME   RECORD YEAR NORMAL DEPARTURE LAST
                VALUE   (LST)  VALUE       VALUE  FROM      YEAR
                                                  NORMAL
..................................................................
TEMPERATURE (F)
 YESTERDAY
  MAXIMUM         93    405 PM 103    1980  92      1       88
  MINIMUM         71    536 AM  60    1975  71      0       65
  AVERAGE         82                        81      1       77

PRECIPITATION (IN)
  YESTERDAY        0.00          1.40 1993   0.13  -0.13     0.00
  MONTH TO DATE    0.64                      1.67  -1.03     0.10
  SINCE JUN 1      9.67                      5.98   3.69     3.14
  SINCE JAN 1     32.79                     29.31   3.48    33.55

SNOWFALL (IN)
  YESTERDAY        0.0

DEGREE DAYS
 HEATING
  YESTERDAY        0                         0      0        0
  MONTH TO DATE    0                         0      0        0
  SINCE JUN 1      0                         0      0        0
  SINCE JUL 1      0                         0      0        0

 COOLING
  YESTERDAY       17                        16      1       12
  MONTH TO DATE  180                       208    -28      174
  SINCE JUN 1    604                       621    -17      593
  SINCE JAN 1    898                       951    -53      869
..................................................................


WIND (MPH)
  HIGHEST WIND SPEED     9   HIGHEST WIND DIRECTION    SW (210)
  HIGHEST GUST SPEED    11   HIGHEST GUST DIRECTION     S (160)
  AVERAGE WIND SPEED     3.1


SKY COVER
  POSSIBLE SUNSHINE  MM
  AVERAGE SKY COVER 0.0


WEATHER CONDITIONS
 THE FOLLOWING WEATHER WAS RECORDED YESTERDAY.
  FOG
  HAZE


RELATIVE HUMIDITY (PERCENT)
 HIGHEST   100           300 AM
 LOWEST     46           200 PM
 AVERAGE    73

..........................................................


THE GREENWOOD CLIMATE NORMALS FOR TODAY
                         NORMAL    RECORD    YEAR
 MAXIMUM TEMPERATURE (F)   92       103      1980
 MINIMUM TEMPERATURE (F)   71        58      1967


SUNRISE AND SUNSET
JULY 14 2014..........SUNRISE   601 AM CDT   SUNSET   811 PM CDT
JULY 15 2014..........SUNRISE   601 AM CDT   SUNSET   811 PM CDT


-  INDICATES NEGATIVE NUMBERS.
R  INDICATES RECORD WAS SET OR TIED.
MM INDICATES DATA IS MISSING.
T  INDICATES TRACE AMOUNT.




$$
