000
CDUS44 KJAN 290639
CLIGWO


CLIMATE REPORT
NATIONAL WEATHER SERVICE JACKSON MS
136 AM CDT FRI JUL 29 2016


...................................

...THE GREENWOOD CLIMATE SUMMARY FOR JULY 28 2016...

CLIMATE NORMAL PERIOD 1981 TO 2010
CLIMATE RECORD PERIOD 1948 TO 2016


WEATHER ITEM   OBSERVED TIME   RECORD YEAR NORMAL DEPARTURE LAST
                VALUE   (LST)  VALUE       VALUE  FROM      YEAR
                                                  NORMAL
..................................................................
TEMPERATURE (F)
 YESTERDAY
  MAXIMUM         81    447 PM 104    1952  92    -11       98
  MINIMUM         73   1123 PM  61    2004  71      2       74
  AVERAGE         77                        81     -4       86

PRECIPITATION (IN)
  YESTERDAY        0.36          2.71 2009   0.09   0.27     0.00
  MONTH TO DATE    2.61                      3.31  -0.70     2.08
  SINCE JUN 1      5.98                      7.62  -1.64     4.37
  SINCE JAN 1     31.77                     30.95   0.82    32.30

SNOWFALL (IN)
  YESTERDAY        0.0

DEGREE DAYS
 HEATING
  YESTERDAY        0                         0      0        0
  MONTH TO DATE    0                         0      0        0
  SINCE JUN 1      0                         0      0        0
  SINCE JUL 1      0                         0      0        0

 COOLING
  YESTERDAY       12                        16     -4       21
  MONTH TO DATE  514                       448     66      511
  SINCE JUN 1    987                       861    126      949
  SINCE JAN 1   1316                      1191    125     1313
..................................................................


WIND (MPH)
  HIGHEST WIND SPEED    14   HIGHEST WIND DIRECTION    SW (210)
  HIGHEST GUST SPEED    18   HIGHEST GUST DIRECTION    SW (210)
  AVERAGE WIND SPEED     8.3


SKY COVER
  POSSIBLE SUNSHINE  MM
  AVERAGE SKY COVER 0.8


WEATHER CONDITIONS
 THE FOLLOWING WEATHER WAS RECORDED YESTERDAY.
  HEAVY RAIN
  RAIN
  LIGHT RAIN
  FOG


RELATIVE HUMIDITY (PERCENT)
 HIGHEST    94          1200 PM
 LOWEST     79           900 AM
 AVERAGE    87

..........................................................


THE GREENWOOD CLIMATE NORMALS FOR TODAY
                         NORMAL    RECORD    YEAR
 MAXIMUM TEMPERATURE (F)   92       104      1986
 MINIMUM TEMPERATURE (F)   71        61      1994


SUNRISE AND SUNSET
JULY 29 2016..........SUNRISE   611 AM CDT   SUNSET   802 PM CDT
JULY 30 2016..........SUNRISE   612 AM CDT   SUNSET   801 PM CDT


-  INDICATES NEGATIVE NUMBERS.
R  INDICATES RECORD WAS SET OR TIED.
MM INDICATES DATA IS MISSING.
T  INDICATES TRACE AMOUNT.




$$
