000
CDUS41 KGYX 100915
CLIGYX


CLIMATE REPORT
NATIONAL WEATHER SERVICE GRAY ME
414 AM EST SAT DEC 10 2016


...................................

...THE GRAY ME CLIMATE SUMMARY FOR DECEMBER 9 2016...

CLIMATE NORMAL PERIOD 1981 TO 2010
CLIMATE RECORD PERIOD 1995 TO 2016


WEATHER ITEM   OBSERVED TIME   RECORD YEAR NORMAL DEPARTURE LAST
                VALUE   (LST)  VALUE       VALUE  FROM      YEAR
                                                  NORMAL
..................................................................
TEMPERATURE (F)
 YESTERDAY
  MAXIMUM         30        MM  MM      MM  37     -7       35
  MINIMUM         20        MM  MM      MM  22     -2       29
  AVERAGE         25                        30     -5       32

PRECIPITATION (IN)
  YESTERDAY        T            MM      MM   0.15  -0.15     0.00
  MONTH TO DATE    1.33                      1.30   0.03     0.43
  SINCE DEC 1      1.33                      1.30   0.03     0.43
  SINCE JAN 1     43.70                     47.46  -3.76    39.75

SNOWFALL (IN)
  YESTERDAY        T            MM      MM   0.6   -0.6      0.0
  MONTH TO DATE    4.1                       4.0    0.1       T
  SINCE DEC 1      4.1                       4.0    0.1       T
  SINCE JUL 1      5.4                       7.1   -1.7      0.2
  SNOW DEPTH       1

DEGREE DAYS
 HEATING
  YESTERDAY       40                        36      4       33
  MONTH TO DATE  293                       307    -14      261
  SINCE DEC 1    293                       307    -14      261
  SINCE JUL 1   1572                      1804   -232     1560

 COOLING
  YESTERDAY        0                         0      0        0
  MONTH TO DATE    0                         0      0        0
  SINCE DEC 1      0                         0      0        0
  SINCE JAN 1    607                       389    218      468
..................................................................







THE GRAY ME CLIMATE NORMALS FOR TODAY
                         NORMAL
 MAXIMUM TEMPERATURE (F)   36
 MINIMUM TEMPERATURE (F)   22


SUNRISE AND SUNSET
DECEMBER 10 2016......SUNRISE   705 AM EST   SUNSET   403 PM EST
DECEMBER 11 2016......SUNRISE   706 AM EST   SUNSET   403 PM EST


-  INDICATES NEGATIVE NUMBERS.
R  INDICATES RECORD WAS SET OR TIED.
MM INDICATES DATA IS MISSING.
T  INDICATES TRACE AMOUNT.




$$
