000
CDUS41 KGYX 010907
CLIGYX


CLIMATE REPORT
NATIONAL WEATHER SERVICE GRAY ME
406 AM EST SUN MAR 1 2015


...................................

...THE GRAY ME CLIMATE SUMMARY FOR FEBRUARY 28 2015...

CLIMATE NORMAL PERIOD 1981 TO 2010
CLIMATE RECORD PERIOD 1995 TO 2015


WEATHER ITEM   OBSERVED TIME   RECORD YEAR NORMAL DEPARTURE LAST
                VALUE   (LST)  VALUE       VALUE  FROM      YEAR
                                                  NORMAL
..................................................................
TEMPERATURE (F)
 YESTERDAY
  MAXIMUM         30        MM  MM      MM  37     -7       21
  MINIMUM          5        MM  MM      MM  20    -15        5
  AVERAGE         18                        28    -10       13

PRECIPITATION (IN)
  YESTERDAY        0.00         MM      MM   0.13  -0.13     0.00
  MONTH TO DATE    2.04                      3.31  -1.27     3.49
  SINCE DEC 1     12.17                     10.90   1.27    10.67
  SINCE JAN 1      5.97                      6.84  -0.87     6.99

SNOWFALL (IN)
  YESTERDAY        0.0          MM      MM   0.7   -0.7      0.0
  MONTH TO DATE   31.8                      16.5   15.3     33.2
  SINCE DEC 1     84.1                      56.0   28.1     73.0
  SINCE JUL 1     99.1                      59.1   40.0     74.1
  SNOW DEPTH      25

DEGREE DAYS
 HEATING
  YESTERDAY       47                        37     10       52
  MONTH TO DATE 1477                      1129    348     1218
  SINCE DEC 1   4026                      3661    365     3939
  SINCE JUL 1   5476                      5158    318     5410

 COOLING
  YESTERDAY        0                         0      0        0
  MONTH TO DATE    0                         0      0        0
  SINCE DEC 1      0                         0      0        0
  SINCE JAN 1      0                         0      0        0
..................................................................







THE GRAY ME CLIMATE NORMALS FOR TODAY
                         NORMAL
 MAXIMUM TEMPERATURE (F)   38
 MINIMUM TEMPERATURE (F)   20


SUNRISE AND SUNSET
MARCH  1 2015.........SUNRISE   618 AM EST   SUNSET   529 PM EST
MARCH  2 2015.........SUNRISE   617 AM EST   SUNSET   530 PM EST


-  INDICATES NEGATIVE NUMBERS.
R  INDICATES RECORD WAS SET OR TIED.
MM INDICATES DATA IS MISSING.
T  INDICATES TRACE AMOUNT.




$$
