000
CDUS41 KGYX 270903
CLIGYX


CLIMATE REPORT
NATIONAL WEATHER SERVICE GRAY ME
403 AM EST TUE JAN 27 2015


...................................

...THE GRAY ME CLIMATE SUMMARY FOR JANUARY 26 2015...

CLIMATE NORMAL PERIOD 1981 TO 2010
CLIMATE RECORD PERIOD 1995 TO 2015


WEATHER ITEM   OBSERVED TIME   RECORD YEAR NORMAL DEPARTURE LAST
                VALUE   (LST)  VALUE       VALUE  FROM      YEAR
                                                  NORMAL
..................................................................
TEMPERATURE (F)
 YESTERDAY
  MAXIMUM         18        MM  MM      MM  29    -11       21
  MINIMUM          1        MM  MM      MM  12    -11        9
  AVERAGE         10                        21    -11       15

PRECIPITATION (IN)
  YESTERDAY        T            MM      MM   0.11  -0.11      T
  MONTH TO DATE    1.62                      2.99  -1.37     3.48
  SINCE DEC 1      7.82                      7.05   0.77     7.16
  SINCE JAN 1      1.62                      2.99  -1.37     3.48

SNOWFALL (IN)
  YESTERDAY        T            MM      MM   0.6   -0.6       T
  MONTH TO DATE   12.3                      17.9   -5.6     12.7
  SINCE DEC 1     18.8                      36.2  -17.4     39.6
  SINCE JUL 1     33.8                      39.3   -5.5     40.7
  SNOW DEPTH       6

DEGREE DAYS
 HEATING
  YESTERDAY       55                        44     11       50
  MONTH TO DATE 1221                      1146     75     1161
  SINCE DEC 1   2311                      2315     -4     2491
  SINCE JUL 1   3761                      3812    -51     3962

 COOLING
  YESTERDAY        0                         0      0        0
  MONTH TO DATE    0                         0      0        0
  SINCE DEC 1      0                         0      0        0
  SINCE JAN 1      0                         0      0        0
..................................................................







THE GRAY ME CLIMATE NORMALS FOR TODAY
                         NORMAL
 MAXIMUM TEMPERATURE (F)   29
 MINIMUM TEMPERATURE (F)   12


SUNRISE AND SUNSET
JANUARY 27 2015.......SUNRISE   704 AM EST   SUNSET   444 PM EST
JANUARY 28 2015.......SUNRISE   703 AM EST   SUNSET   446 PM EST


-  INDICATES NEGATIVE NUMBERS.
R  INDICATES RECORD WAS SET OR TIED.
MM INDICATES DATA IS MISSING.
T  INDICATES TRACE AMOUNT.




$$
