000
CDUS41 KGYX 260833
CLIGYX


CLIMATE REPORT
NATIONAL WEATHER SERVICE GRAY ME
433 AM EDT FRI AUG 26 2016


...................................

...THE GRAY ME CLIMATE SUMMARY FOR AUGUST 25 2016...

CLIMATE NORMAL PERIOD 1981 TO 2010
CLIMATE RECORD PERIOD 1995 TO 2016


WEATHER ITEM   OBSERVED TIME   RECORD YEAR NORMAL DEPARTURE LAST
                VALUE   (LST)  VALUE       VALUE  FROM      YEAR
                                                  NORMAL
..................................................................
TEMPERATURE (F)
 YESTERDAY
  MAXIMUM         85        MM  MM      MM  77      8       70
  MINIMUM         62        MM  MM      MM  58      4       66
  AVERAGE         74                        68      6       68

PRECIPITATION (IN)
  YESTERDAY        0.00         MM      MM   0.12  -0.12     0.12
  MONTH TO DATE    3.15                      2.86   0.29     3.91
  SINCE JUN 1     11.38                     11.46  -0.08    12.31
  SINCE JAN 1     29.01                     30.75  -1.74    25.36

SNOWFALL (IN)
  YESTERDAY        0.0          MM      MM   0.0    0.0      0.0
  MONTH TO DATE    0.0                       0.0    0.0      0.0
  SINCE JUN 1      0.0                       0.0    0.0      0.0
  SINCE JUL 1      0.0                       0.0    0.0      0.0
  SNOW DEPTH       0

DEGREE DAYS
 HEATING
  YESTERDAY        0                         1     -1        0
  MONTH TO DATE    1                        13    -12        3
  SINCE JUN 1     89                       121    -32      173
  SINCE JUL 1     19                        27     -8       16

 COOLING
  YESTERDAY        9                         4      5        3
  MONTH TO DATE  190                       116     74      139
  SINCE JUN 1    469                       331    138      305
  SINCE JAN 1    491                       342    149      345
..................................................................







THE GRAY ME CLIMATE NORMALS FOR TODAY
                         NORMAL
 MAXIMUM TEMPERATURE (F)   77
 MINIMUM TEMPERATURE (F)   58


SUNRISE AND SUNSET
AUGUST 26 2016........SUNRISE   558 AM EDT   SUNSET   726 PM EDT
AUGUST 27 2016........SUNRISE   559 AM EDT   SUNSET   725 PM EDT


-  INDICATES NEGATIVE NUMBERS.
R  INDICATES RECORD WAS SET OR TIED.
MM INDICATES DATA IS MISSING.
T  INDICATES TRACE AMOUNT.




$$
