795
CDUS41 KGYX 310802
CLIGYX


CLIMATE REPORT
NATIONAL WEATHER SERVICE GRAY ME
401 AM EDT TUE MAY 31 2016


...................................

...THE GRAY ME CLIMATE SUMMARY FOR MAY 30 2016...

CLIMATE NORMAL PERIOD 1981 TO 2010
CLIMATE RECORD PERIOD 1995 TO 2016


WEATHER ITEM   OBSERVED TIME   RECORD YEAR NORMAL DEPARTURE LAST
                VALUE   (LST)  VALUE       VALUE  FROM      YEAR
                                                  NORMAL
..................................................................
TEMPERATURE (F)
 YESTERDAY
  MAXIMUM         71        MM  MM      MM  69      2       81
  MINIMUM         49        MM  MM      MM  49      0       54
  AVERAGE         60                        59      1       68

PRECIPITATION (IN)
  YESTERDAY        0.04         MM      MM   0.13  -0.09     0.00
  MONTH TO DATE    2.00                      3.75  -1.75     1.45
  SINCE MAR 1      9.35                     12.30  -2.95     6.46
  SINCE JAN 1     17.61                     19.14  -1.53    12.43

SNOWFALL (IN)
  YESTERDAY        0.0          MM      MM   0.0    0.0      0.0
  MONTH TO DATE    0.0                       0.2   -0.2       T
  SINCE MAR 1     14.5                      24.9  -10.4      8.2
  SINCE JUL 1     51.8                      84.0  -32.2    107.3
  SNOW DEPTH       0

DEGREE DAYS
 HEATING
  YESTERDAY        5                         7     -2        0
  MONTH TO DATE  299                       317    -18      209
  SINCE MAR 1   1862                      1934    -72     1987
  SINCE JUL 1   6382                      7092   -710     7463

 COOLING
  YESTERDAY        0                         1     -1        3
  MONTH TO DATE   11                         6      5       40
  SINCE MAR 1     11                         7      4       40
  SINCE JAN 1     11                         7      4       40
..................................................................







THE GRAY ME CLIMATE NORMALS FOR TODAY
                         NORMAL
 MAXIMUM TEMPERATURE (F)   70
 MINIMUM TEMPERATURE (F)   49


SUNRISE AND SUNSET
MAY 31 2016...........SUNRISE   502 AM EDT   SUNSET   816 PM EDT
JUNE  1 2016..........SUNRISE   501 AM EDT   SUNSET   817 PM EDT


-  INDICATES NEGATIVE NUMBERS.
R  INDICATES RECORD WAS SET OR TIED.
MM INDICATES DATA IS MISSING.
T  INDICATES TRACE AMOUNT.




$$
