000
CDUS41 KGYX 290833
CLIGYX


CLIMATE REPORT
NATIONAL WEATHER SERVICE GRAY ME
433 AM EDT FRI JUL 29 2016


...................................

...THE GRAY ME CLIMATE SUMMARY FOR JULY 28 2016...

CLIMATE NORMAL PERIOD 1981 TO 2010
CLIMATE RECORD PERIOD 1995 TO 2016


WEATHER ITEM   OBSERVED TIME   RECORD YEAR NORMAL DEPARTURE LAST
                VALUE   (LST)  VALUE       VALUE  FROM      YEAR
                                                  NORMAL
..................................................................
TEMPERATURE (F)
 YESTERDAY
  MAXIMUM         87        MM  MM      MM  80      7       83
  MINIMUM         66        MM  MM      MM  60      6       61
  AVERAGE         77                        70      7       72

PRECIPITATION (IN)
  YESTERDAY        0.00         MM      MM   0.12  -0.12     0.01
  MONTH TO DATE    4.47                      3.92   0.55     2.27
  SINCE JUN 1      8.23                      8.22   0.01     8.34
  SINCE JAN 1     25.86                     27.51  -1.65    21.39

SNOWFALL (IN)
  YESTERDAY        0.0          MM      MM   0.0    0.0      0.0
  MONTH TO DATE    0.0                       0.0    0.0      0.0
  SINCE JUN 1      0.0                       0.0    0.0      0.0
  SINCE JUL 1      0.0                       0.0    0.0      0.0
  SNOW DEPTH       0

DEGREE DAYS
 HEATING
  YESTERDAY        0                         0      0        0
  MONTH TO DATE   18                         7     11       13
  SINCE JUN 1     88                       101    -13      170
  SINCE JUL 1     18                         7     11       13

 COOLING
  YESTERDAY       12                         5      7        7
  MONTH TO DATE  205                       133     72       99
  SINCE JUN 1    257                       198     59      134
  SINCE JAN 1    279                       209     70      174
..................................................................







THE GRAY ME CLIMATE NORMALS FOR TODAY
                         NORMAL
 MAXIMUM TEMPERATURE (F)   80
 MINIMUM TEMPERATURE (F)   60


SUNRISE AND SUNSET
JULY 29 2016..........SUNRISE   527 AM EDT   SUNSET   808 PM EDT
JULY 30 2016..........SUNRISE   528 AM EDT   SUNSET   806 PM EDT


-  INDICATES NEGATIVE NUMBERS.
R  INDICATES RECORD WAS SET OR TIED.
MM INDICATES DATA IS MISSING.
T  INDICATES TRACE AMOUNT.




$$
