843
CDUS41 KGYX 230909
CLIGYX


CLIMATE REPORT
NATIONAL WEATHER SERVICE GRAY ME
409 AM EST TUE JAN 23 2018


...................................

...THE GRAY ME CLIMATE SUMMARY FOR JANUARY 22 2018...

CLIMATE NORMAL PERIOD 1981 TO 2010
CLIMATE RECORD PERIOD 1995 TO 2018


WEATHER ITEM   OBSERVED TIME   RECORD YEAR NORMAL DEPARTURE LAST
                VALUE   (LST)  VALUE       VALUE  FROM      YEAR
                                                  NORMAL
..................................................................
TEMPERATURE (F)
 YESTERDAY
  MAXIMUM         34        MM  MM      MM  29      5       38
  MINIMUM         18        MM  MM      MM  12      6       30
  AVERAGE         26                        20      6       34

PRECIPITATION (IN)
  YESTERDAY        0.15         MM      MM   0.12   0.03     0.00
  MONTH TO DATE    2.87                      2.54   0.33     1.53
  SINCE DEC 1      6.34                      6.60  -0.26     6.35
  SINCE JAN 1      2.87                      2.54   0.33     1.53

SNOWFALL (IN)
  YESTERDAY        0.5          MM      MM   0.7   -0.2      0.0
  MONTH TO DATE   19.1                      15.3    3.8      6.5
  SINCE DEC 1     42.7                      33.6    9.1     42.0
  SINCE JUL 1     43.9                      36.7    7.2     43.3
  SNOW DEPTH       8

DEGREE DAYS
 HEATING
  YESTERDAY       39                        45     -6       31
  MONTH TO DATE  951                       968    -17      841
  SINCE DEC 1   2305                      2137    168     2062
  SINCE JUL 1   3498                      3634   -136     3341

 COOLING
  YESTERDAY        0                         0      0        0
  MONTH TO DATE    0                         0      0        0
  SINCE DEC 1      0                         0      0        0
  SINCE JAN 1      0                         0      0        0
..................................................................







THE GRAY ME CLIMATE NORMALS FOR TODAY
                         NORMAL
 MAXIMUM TEMPERATURE (F)   29
 MINIMUM TEMPERATURE (F)   12


SUNRISE AND SUNSET
JANUARY 23 2018.......SUNRISE   707 AM EST   SUNSET   439 PM EST
JANUARY 24 2018.......SUNRISE   706 AM EST   SUNSET   441 PM EST


-  INDICATES NEGATIVE NUMBERS.
R  INDICATES RECORD WAS SET OR TIED.
MM INDICATES DATA IS MISSING.
T  INDICATES TRACE AMOUNT.




$$
