000
CDUS41 KGYX 220806
CLIGYX


CLIMATE REPORT
NATIONAL WEATHER SERVICE GRAY ME
406 AM EDT SAT JUL 22 2017


...................................

...THE GRAY ME CLIMATE SUMMARY FOR JULY 21 2017...

CLIMATE NORMAL PERIOD 1981 TO 2010
CLIMATE RECORD PERIOD 1995 TO 2017


WEATHER ITEM   OBSERVED TIME   RECORD YEAR NORMAL DEPARTURE LAST
                VALUE   (LST)  VALUE       VALUE  FROM      YEAR
                                                  NORMAL
..................................................................
TEMPERATURE (F)
 YESTERDAY
  MAXIMUM         88        MM  MM      MM  80      8       84
  MINIMUM         67        MM  MM      MM  60      7       61
  AVERAGE         78                        70      8       73

PRECIPITATION (IN)
  YESTERDAY        0.00         MM      MM   0.13  -0.13     0.00
  MONTH TO DATE    0.92                      3.02  -2.10     2.65
  SINCE JUN 1      4.25                      7.32  -3.07     6.41
  SINCE JAN 1     24.79                     26.61  -1.82    24.04

SNOWFALL (IN)
  YESTERDAY        0.0          MM      MM   0.0    0.0      0.0
  MONTH TO DATE    0.0                       0.0    0.0      0.0
  SINCE JUN 1      0.0                       0.0    0.0      0.0
  SINCE JUL 1      0.0                       0.0    0.0      0.0
  SNOW DEPTH       0

DEGREE DAYS
 HEATING
  YESTERDAY        0                         0      0        0
  MONTH TO DATE    7                         7      0       18
  SINCE JUN 1     84                       101    -17       88
  SINCE JUL 1      7                         7      0       18

 COOLING
  YESTERDAY       13                         5      8        8
  MONTH TO DATE  136                        98     38      128
  SINCE JUN 1    241                       163     78      180
  SINCE JAN 1    262                       174     88      202
..................................................................







THE GRAY ME CLIMATE NORMALS FOR TODAY
                         NORMAL
 MAXIMUM TEMPERATURE (F)   80
 MINIMUM TEMPERATURE (F)   60


SUNRISE AND SUNSET
JULY 22 2017..........SUNRISE   519 AM EDT   SUNSET   815 PM EDT
JULY 23 2017..........SUNRISE   520 AM EDT   SUNSET   814 PM EDT


-  INDICATES NEGATIVE NUMBERS.
R  INDICATES RECORD WAS SET OR TIED.
MM INDICATES DATA IS MISSING.
T  INDICATES TRACE AMOUNT.




$$
