000
CDUS41 KGYX 250813
CLIGYX


CLIMATE REPORT
NATIONAL WEATHER SERVICE GRAY ME
413 AM EDT THU MAY 25 2017


...................................

...THE GRAY ME CLIMATE SUMMARY FOR MAY 24 2017...

CLIMATE NORMAL PERIOD 1981 TO 2010
CLIMATE RECORD PERIOD 1995 TO 2017


WEATHER ITEM   OBSERVED TIME   RECORD YEAR NORMAL DEPARTURE LAST
                VALUE   (LST)  VALUE       VALUE  FROM      YEAR
                                                  NORMAL
..................................................................
TEMPERATURE (F)
 YESTERDAY
  MAXIMUM         73        MM  MM      MM  68      5       59
  MINIMUM         50        MM  MM      MM  47      3       53
  AVERAGE         62                        57      5       56

PRECIPITATION (IN)
  YESTERDAY        0.00         MM      MM   0.13  -0.13     0.13
  MONTH TO DATE    2.99                      2.97   0.02     1.89
  SINCE MAR 1     10.81                     11.52  -0.71     9.24
  SINCE JAN 1     17.49                     18.36  -0.87    17.50

SNOWFALL (IN)
  YESTERDAY        0.0          MM      MM   0.0    0.0      0.0
  MONTH TO DATE    0.0                       0.2   -0.2      0.0
  SINCE MAR 1     34.1                      24.9    9.2     14.5
  SINCE JUL 1    123.9                      84.0   39.9     51.8
  SNOW DEPTH       0

DEGREE DAYS
 HEATING
  YESTERDAY        3                         8     -5        9
  MONTH TO DATE  291                       272     19      277
  SINCE MAR 1   1997                      1889    108     1840
  SINCE JUL 1   6691                      7047   -356     6360

 COOLING
  YESTERDAY        0                         0      0        0
  MONTH TO DATE   19                         0     19        2
  SINCE MAR 1     21                         1     20        2
  SINCE JAN 1     21                         1     20        2
..................................................................







THE GRAY ME CLIMATE NORMALS FOR TODAY
                         NORMAL
 MAXIMUM TEMPERATURE (F)   68
 MINIMUM TEMPERATURE (F)   47


SUNRISE AND SUNSET
MAY 25 2017...........SUNRISE   506 AM EDT   SUNSET   811 PM EDT
MAY 26 2017...........SUNRISE   505 AM EDT   SUNSET   812 PM EDT


-  INDICATES NEGATIVE NUMBERS.
R  INDICATES RECORD WAS SET OR TIED.
MM INDICATES DATA IS MISSING.
T  INDICATES TRACE AMOUNT.




$$
