000
CDUS44 KJAN 160639
CLIHBG


CLIMATE REPORT
NATIONAL WEATHER SERVICE JACKSON MS
136 AM CDT WED APR 16 2014


...................................

...THE HATTIESBURG CLIMATE SUMMARY FOR APRIL 15 2014...

CLIMATE NORMAL PERIOD 1981 TO 2010
CLIMATE RECORD PERIOD 1948 TO 2014


WEATHER ITEM   OBSERVED TIME   RECORD YEAR NORMAL DEPARTURE LAST
                VALUE   (LST)  VALUE       VALUE  FROM      YEAR
                                                  NORMAL
..................................................................
TEMPERATURE (F)
 YESTERDAY
  MAXIMUM         59    426 PM  87    2006  78    -19       85
                                      1965
  MINIMUM         43   1159 PM  32    1950  52     -9       60
  AVERAGE         51                        65    -14       73

PRECIPITATION (IN)
  YESTERDAY        0.03          1.83 1967   0.16  -0.13      T
  MONTH TO DATE    3.98                      2.68   1.30     5.91
  SINCE MAR 1     10.35                      8.18   2.17     8.06
  SINCE JAN 1     20.25                     19.31   0.94    26.49

SNOWFALL (IN)
  YESTERDAY        0.0

DEGREE DAYS
 HEATING
  YESTERDAY       14                         3     11        0
  MONTH TO DATE   42                        60    -18       51
  SINCE MAR 1    314                       277     37      400
  SINCE JUL 1   2237                      1955    282     1793

 COOLING
  YESTERDAY        0                         3     -3        8
  MONTH TO DATE   30                        35     -5       30
  SINCE MAR 1     39                        68    -29       39
  SINCE JAN 1     56                        83    -27       67
..................................................................


WIND (MPH)
  HIGHEST WIND SPEED    23   HIGHEST WIND DIRECTION     N (340)
  HIGHEST GUST SPEED    32   HIGHEST GUST DIRECTION     N (360)
  AVERAGE WIND SPEED    12.5


SKY COVER
  POSSIBLE SUNSHINE  MM
  AVERAGE SKY COVER 0.5


WEATHER CONDITIONS
 THE FOLLOWING WEATHER WAS RECORDED YESTERDAY.
  LIGHT RAIN
  FOG


RELATIVE HUMIDITY (PERCENT)
 HIGHEST    96          1200 AM
 LOWEST     28           300 PM
 AVERAGE    62

..........................................................


THE HATTIESBURG CLIMATE NORMALS FOR TODAY
                         NORMAL    RECORD    YEAR
 MAXIMUM TEMPERATURE (F)   78        87      2002
 MINIMUM TEMPERATURE (F)   53        34      1950


SUNRISE AND SUNSET
APRIL 16 2014.........SUNRISE   628 AM CDT   SUNSET   726 PM CDT
APRIL 17 2014.........SUNRISE   627 AM CDT   SUNSET   727 PM CDT


-  INDICATES NEGATIVE NUMBERS.
R  INDICATES RECORD WAS SET OR TIED.
MM INDICATES DATA IS MISSING.
T  INDICATES TRACE AMOUNT.




$$
