000
CDUS44 KJAN 150636
CLIHBG


CLIMATE REPORT
NATIONAL WEATHER SERVICE JACKSON MS
134 AM CDT MON SEP 15 2014


...................................

...THE HATTIESBURG CLIMATE SUMMARY FOR SEPTEMBER 14 2014...

CLIMATE NORMAL PERIOD 1981 TO 2010
CLIMATE RECORD PERIOD 1948 TO 2014


WEATHER ITEM   OBSERVED TIME   RECORD YEAR NORMAL DEPARTURE LAST
                VALUE   (LST)  VALUE       VALUE  FROM      YEAR
                                                  NORMAL
..................................................................
TEMPERATURE (F)
 YESTERDAY
  MAXIMUM         91    356 PM  97    1954  88      3       89
  MINIMUM         66    621 AM  49    1964  67     -1       67
  AVERAGE         79                        78      1       78

PRECIPITATION (IN)
  YESTERDAY        0.00          4.10 1961   0.16  -0.16     0.00
  MONTH TO DATE    1.35                      2.04  -0.69     2.13
  SINCE SEP 1      1.35                      2.04  -0.69     2.13
  SINCE JAN 1     38.63                     44.20  -5.57    54.30

SNOWFALL (IN)
  YESTERDAY        0.0

DEGREE DAYS
 HEATING
  YESTERDAY        0                         0      0        0
  MONTH TO DATE    0                         0      0        0
  SINCE SEP 1      0                         0      0        0
  SINCE JUL 1      0                         0      0        0

 COOLING
  YESTERDAY       14                        12      2       13
  MONTH TO DATE  240                       196     44      238
  SINCE SEP 1    240                       196     44      238
  SINCE JAN 1   2119                      2067     52     2017
..................................................................


WIND (MPH)
  HIGHEST WIND SPEED    10   HIGHEST WIND DIRECTION     N (360)
  HIGHEST GUST SPEED    16   HIGHEST GUST DIRECTION    SE (120)
  AVERAGE WIND SPEED     4.5


SKY COVER
  POSSIBLE SUNSHINE  MM
  AVERAGE SKY COVER 0.2


WEATHER CONDITIONS
 THE FOLLOWING WEATHER WAS RECORDED YESTERDAY.
  FOG


RELATIVE HUMIDITY (PERCENT)
 HIGHEST    88           900 PM
 LOWEST     52           400 PM
 AVERAGE    70

..........................................................


THE HATTIESBURG CLIMATE NORMALS FOR TODAY
                         NORMAL    RECORD    YEAR
 MAXIMUM TEMPERATURE (F)   88        97      1972
 MINIMUM TEMPERATURE (F)   66        53      1969


SUNRISE AND SUNSET
SEPTEMBER 15 2014.....SUNRISE   641 AM CDT   SUNSET   703 PM CDT
SEPTEMBER 16 2014.....SUNRISE   642 AM CDT   SUNSET   701 PM CDT


-  INDICATES NEGATIVE NUMBERS.
R  INDICATES RECORD WAS SET OR TIED.
MM INDICATES DATA IS MISSING.
T  INDICATES TRACE AMOUNT.




$$
