000
CDUS44 KJAN 282213
CLIHBG


CLIMATE REPORT
NATIONAL WEATHER SERVICE JACKSON MS
412 PM CST SUN DEC 28 2014


...................................

...THE HATTIESBURG CLIMATE SUMMARY FOR DECEMBER 28 2014...
VALID TODAY AS OF 0400 PM LOCAL TIME.

CLIMATE NORMAL PERIOD 1981 TO 2010
CLIMATE RECORD PERIOD 1948 TO 2014


WEATHER ITEM   OBSERVED TIME   RECORD YEAR NORMAL DEPARTURE LAST
                VALUE   (LST)  VALUE       VALUE  FROM      YEAR
                                                  NORMAL
..................................................................
TEMPERATURE (F)
 TODAY
  MAXIMUM         70    515 AM  82    1987  60     10       48
  MINIMUM         57   1031 AM  19    2010  38     19       44
  AVERAGE         64                        49     15       46

PRECIPITATION (IN)
  TODAY            0.10          4.48 1983   0.14  -0.04     1.50
  MONTH TO DATE    6.01                      4.50   1.51     3.91
  SINCE DEC 1      6.01                      4.50   1.51     3.91
  SINCE JAN 1     52.12                     58.76  -6.64    65.99

SNOWFALL (IN)
  TODAY            0.0

DEGREE DAYS
 HEATING
  TODAY            1                        16    -15       19
  MONTH TO DATE  283                       409   -126      401
  SINCE DEC 1    283                       409   -126      401
  SINCE JUL 1    699                       737    -38      768

 COOLING
  TODAY            0                         0      0        0
  MONTH TO DATE    7                        12     -5       34
  SINCE DEC 1      7                        12     -5       34
  SINCE JAN 1   2471                      2402     69     2442
..................................................................


WIND (MPH)
  HIGHEST WIND SPEED    16   HIGHEST WIND DIRECTION    NW (310)
  HIGHEST GUST SPEED    20   HIGHEST GUST DIRECTION    NW (320)
  AVERAGE WIND SPEED     5.8


SKY COVER
  POSSIBLE SUNSHINE  MM
  AVERAGE SKY COVER 1.0


WEATHER CONDITIONS
 THE FOLLOWING WEATHER WAS RECORDED TODAY.
  THUNDERSTORM
  RAIN
  LIGHT RAIN
  FOG


RELATIVE HUMIDITY (PERCENT)
 HIGHEST    97           500 AM
 LOWEST     84           200 PM
 AVERAGE    91

..........................................................


THE HATTIESBURG CLIMATE NORMALS FOR TOMORROW
                         NORMAL    RECORD    YEAR
 MAXIMUM TEMPERATURE (F)   60        79      1971
 MINIMUM TEMPERATURE (F)   38        22      1961


SUNRISE AND SUNSET
DECEMBER 28 2014......SUNRISE   655 AM CST   SUNSET   503 PM CST
DECEMBER 29 2014......SUNRISE   655 AM CST   SUNSET   503 PM CST


-  INDICATES NEGATIVE NUMBERS.
R  INDICATES RECORD WAS SET OR TIED.
MM INDICATES DATA IS MISSING.
T  INDICATES TRACE AMOUNT.




$$
