120
CDUS44 KJAN 220852
CLIHBG


CLIMATE REPORT
NATIONAL WEATHER SERVICE JACKSON MS
348 AM CDT FRI MAY 22 2015


...................................

...THE HATTIESBURG CLIMATE SUMMARY FOR MAY 21 2015...

CLIMATE NORMAL PERIOD 1981 TO 2010
CLIMATE RECORD PERIOD 1948 TO 2015


WEATHER ITEM   OBSERVED TIME   RECORD YEAR NORMAL DEPARTURE LAST
                VALUE   (LST)  VALUE       VALUE  FROM      YEAR
                                                  NORMAL
..................................................................
TEMPERATURE (F)
 YESTERDAY
  MAXIMUM         87    110 PM  95    1956  87      0       88
  MINIMUM         65   1159 PM  46    1954  63      2       63
  AVERAGE         76                        75      1       76

PRECIPITATION (IN)
  YESTERDAY        0.89          2.02 1989   0.17   0.72     0.00
  MONTH TO DATE    3.71                      3.33   0.38     2.68
  SINCE MAR 1     12.79                     13.76  -0.97    15.29
  SINCE JAN 1     20.62                     24.89  -4.27    25.19

SNOWFALL (IN)
  YESTERDAY        0.0

DEGREE DAYS
 HEATING
  YESTERDAY        0                         0      0        0
  MONTH TO DATE    1                         5     -4       11
  SINCE MAR 1    131                       305   -174      353
  SINCE JUL 1   1912                      1983    -71     2276

 COOLING
  YESTERDAY       11                        10      1       11
  MONTH TO DATE  190                       164     26      134
  SINCE MAR 1    463                       289    174      242
  SINCE JAN 1    469                       304    165      259
..................................................................


WIND (MPH)
  HIGHEST WIND SPEED    16   HIGHEST WIND DIRECTION     N (340)
  HIGHEST GUST SPEED    25   HIGHEST GUST DIRECTION     N (10)
  AVERAGE WIND SPEED     4.8


SKY COVER
  POSSIBLE SUNSHINE  MM
  AVERAGE SKY COVER 0.5


WEATHER CONDITIONS
 THE FOLLOWING WEATHER WAS RECORDED YESTERDAY.
  THUNDERSTORM
  HEAVY RAIN
  RAIN
  LIGHT RAIN
  FOG


RELATIVE HUMIDITY (PERCENT)
 HIGHEST   100           500 AM
 LOWEST     55           100 PM
 AVERAGE    78

..........................................................


THE HATTIESBURG CLIMATE NORMALS FOR TODAY
                         NORMAL    RECORD    YEAR
 MAXIMUM TEMPERATURE (F)   87        98      1956
 MINIMUM TEMPERATURE (F)   64        44      2002


SUNRISE AND SUNSET
MAY 22 2015...........SUNRISE   557 AM CDT   SUNSET   750 PM CDT
MAY 23 2015...........SUNRISE   557 AM CDT   SUNSET   751 PM CDT


-  INDICATES NEGATIVE NUMBERS.
R  INDICATES RECORD WAS SET OR TIED.
MM INDICATES DATA IS MISSING.
T  INDICATES TRACE AMOUNT.




$$
