000
CDUS44 KJAN 030652
CLIHBG


CLIMATE REPORT
NATIONAL WEATHER SERVICE JACKSON MS
148 AM CDT MON AUG 3 2015


...................................

...THE HATTIESBURG CLIMATE SUMMARY FOR AUGUST 2 2015...

CLIMATE NORMAL PERIOD 1981 TO 2010
CLIMATE RECORD PERIOD 1948 TO 2015


WEATHER ITEM   OBSERVED TIME   RECORD YEAR NORMAL DEPARTURE LAST
                VALUE   (LST)  VALUE       VALUE  FROM      YEAR
                                                  NORMAL
..................................................................
TEMPERATURE (F)
 YESTERDAY
  MAXIMUM         97    430 PM 103    2010  93      4       91
  MINIMUM         68    442 AM  64    1950  72     -4       70
  AVERAGE         83                        82      1       81

PRECIPITATION (IN)
  YESTERDAY        0.00          3.32 1955   0.16  -0.16     0.00
  MONTH TO DATE    0.00                      0.31  -0.31     0.15
  SINCE JUN 1     10.93                     11.20  -0.27     7.35
  SINCE JAN 1     34.75                     37.74  -2.99    35.83

SNOWFALL (IN)
  YESTERDAY        0.0

DEGREE DAYS
 HEATING
  YESTERDAY        0                         0      0        0
  MONTH TO DATE    0                         0      0        0
  SINCE JUN 1      0                         0      0        0
  SINCE JUL 1      0                         0      0        0

 COOLING
  YESTERDAY       18                        17      1       16
  MONTH TO DATE   34                        34      0       27
  SINCE JUN 1   1132                       979    153      973
  SINCE JAN 1   1709                      1394    315     1349
..................................................................


WIND (MPH)
  HIGHEST WIND SPEED    10   HIGHEST WIND DIRECTION    NE (60)
  HIGHEST GUST SPEED    14   HIGHEST GUST DIRECTION    NE (60)
  AVERAGE WIND SPEED     2.5


SKY COVER
  POSSIBLE SUNSHINE  MM
  AVERAGE SKY COVER 0.1


WEATHER CONDITIONS
 THE FOLLOWING WEATHER WAS RECORDED YESTERDAY.
  NO SIGNIFICANT WEATHER WAS OBSERVED.


RELATIVE HUMIDITY (PERCENT)
 HIGHEST    90           500 AM
 LOWEST     35           300 PM
 AVERAGE    63

..........................................................


THE HATTIESBURG CLIMATE NORMALS FOR TODAY
                         NORMAL    RECORD    YEAR
 MAXIMUM TEMPERATURE (F)   93       100      2010
 MINIMUM TEMPERATURE (F)   71        65      1976
                                             1965


SUNRISE AND SUNSET
AUGUST  3 2015........SUNRISE   615 AM CDT   SUNSET   751 PM CDT
AUGUST  4 2015........SUNRISE   615 AM CDT   SUNSET   750 PM CDT


-  INDICATES NEGATIVE NUMBERS.
R  INDICATES RECORD WAS SET OR TIED.
MM INDICATES DATA IS MISSING.
T  INDICATES TRACE AMOUNT.




$$
