000
CDUS44 KJAN 282111
CLIHBG


CLIMATE REPORT
NATIONAL WEATHER SERVICE JACKSON MS
409 PM CDT SUN MAY 28 2017


...................................

...THE HATTIESBURG CLIMATE SUMMARY FOR MAY 28 2017...
VALID TODAY AS OF 0400 PM LOCAL TIME.

CLIMATE NORMAL PERIOD 1981 TO 2010
CLIMATE RECORD PERIOD 1948 TO 2017


WEATHER ITEM   OBSERVED TIME   RECORD YEAR NORMAL DEPARTURE LAST
                VALUE   (LST)  VALUE       VALUE  FROM      YEAR
                                                  NORMAL
..................................................................
TEMPERATURE (F)
 TODAY
  MAXIMUM         86    945 AM  98    2012  88     -2       85
  MINIMUM         71   1038 AM  45    1961  65      6       67
  AVERAGE         79                        76      3       76

PRECIPITATION (IN)
  TODAY            0.17          3.75 1976   0.16   0.01     0.00
  MONTH TO DATE    5.97                      4.48   1.49     2.46
  SINCE MAR 1     17.99                     14.91   3.08    21.78
  SINCE JAN 1     29.59                     26.04   3.55    31.15

SNOWFALL (IN)
  TODAY            0.0

DEGREE DAYS
 HEATING
  TODAY            0                         0      0        0
  MONTH TO DATE   14                         5      9        4
  SINCE MAR 1    190                       305   -115      145
  SINCE JUL 1   1157                      1983   -826     1383

 COOLING
  TODAY           14                        11      3       11
  MONTH TO DATE  197                       239    -42      212
  SINCE MAR 1    423                       364     59      392
  SINCE JAN 1    492                       379    113      417
..................................................................


WIND (MPH)
  HIGHEST WIND SPEED    25   HIGHEST WIND DIRECTION     N (350)
  HIGHEST GUST SPEED    39   HIGHEST GUST DIRECTION     N (360)
  AVERAGE WIND SPEED     4.4


SKY COVER
  POSSIBLE SUNSHINE  MM
  AVERAGE SKY COVER 0.4


WEATHER CONDITIONS
 THE FOLLOWING WEATHER WAS RECORDED TODAY.
  THUNDERSTORM
  HEAVY RAIN
  RAIN
  LIGHT RAIN


RELATIVE HUMIDITY (PERCENT)
 HIGHEST    94           500 AM
 LOWEST     69           200 PM
 AVERAGE    82

..........................................................


THE HATTIESBURG CLIMATE NORMALS FOR TOMORROW
                         NORMAL    RECORD    YEAR
 MAXIMUM TEMPERATURE (F)   88        98      1951
 MINIMUM TEMPERATURE (F)   65        53      1961


SUNRISE AND SUNSET
MAY 28 2017...........SUNRISE   555 AM CDT   SUNSET   754 PM CDT
MAY 29 2017...........SUNRISE   554 AM CDT   SUNSET   755 PM CDT


-  INDICATES NEGATIVE NUMBERS.
R  INDICATES RECORD WAS SET OR TIED.
MM INDICATES DATA IS MISSING.
T  INDICATES TRACE AMOUNT.




$$
