000
CDUS44 KJAN 220732
CLIHBG


CLIMATE REPORT
NATIONAL WEATHER SERVICE JACKSON MS
128 AM CST WED NOV 22 2017


...................................

...THE HATTIESBURG CLIMATE SUMMARY FOR NOVEMBER 21 2017...

CLIMATE NORMAL PERIOD 1981 TO 2010
CLIMATE RECORD PERIOD 1948 TO 2017


WEATHER ITEM   OBSERVED TIME   RECORD YEAR NORMAL DEPARTURE LAST
                VALUE   (LST)  VALUE       VALUE  FROM      YEAR
                                                  NORMAL
..................................................................
TEMPERATURE (F)
 YESTERDAY
  MAXIMUM         70    133 PM  82    2011  68      2       68
                                      1973
  MINIMUM         35    637 AM  25    1951  44     -9       28
  AVERAGE         53                        56     -3       48

PRECIPITATION (IN)
  YESTERDAY        0.00          1.70 1986   0.15  -0.15     0.00
  MONTH TO DATE    0.58                      2.83  -2.25     0.10
  SINCE SEP 1      5.50                     10.66  -5.16     4.29
  SINCE JAN 1     61.92                     52.82   9.10    55.30

SNOWFALL (IN)
  YESTERDAY        0.0

DEGREE DAYS
 HEATING
  YESTERDAY       12                        10      2       17
  MONTH TO DATE  119                       152    -33      109
  SINCE SEP 1    203                       227    -24      128
  SINCE JUL 1    203                       227    -24      128

 COOLING
  YESTERDAY        0                         1     -1        0
  MONTH TO DATE   50                        25     25       24
  SINCE SEP 1    599                       516     83      688
  SINCE JAN 1   2544                      2387    157     2802
..................................................................


WIND (MPH)
  HIGHEST WIND SPEED    10   HIGHEST WIND DIRECTION     W (290)
  HIGHEST GUST SPEED    12   HIGHEST GUST DIRECTION     W (290)
  AVERAGE WIND SPEED     1.8


SKY COVER
  POSSIBLE SUNSHINE  MM
  AVERAGE SKY COVER 0.2


WEATHER CONDITIONS
 THE FOLLOWING WEATHER WAS RECORDED YESTERDAY.
  NO SIGNIFICANT WEATHER WAS OBSERVED.


RELATIVE HUMIDITY (PERCENT)
 HIGHEST   100          1200 AM
 LOWEST     47           100 PM
 AVERAGE    74

..........................................................


THE HATTIESBURG CLIMATE NORMALS FOR TODAY
                         NORMAL    RECORD    YEAR
 MAXIMUM TEMPERATURE (F)   68        82      1965
 MINIMUM TEMPERATURE (F)   43        22      2008


SUNRISE AND SUNSET
NOVEMBER 22 2017......SUNRISE   631 AM CST   SUNSET   456 PM CST
NOVEMBER 23 2017......SUNRISE   631 AM CST   SUNSET   455 PM CST


-  INDICATES NEGATIVE NUMBERS.
R  INDICATES RECORD WAS SET OR TIED.
MM INDICATES DATA IS MISSING.
T  INDICATES TRACE AMOUNT.




$$
