000
CDUS44 KJAN 252117
CLIHBG


CLIMATE REPORT
NATIONAL WEATHER SERVICE JACKSON MS
414 PM CDT WED MAY 25 2016


...................................

...THE HATTIESBURG CLIMATE SUMMARY FOR MAY 25 2016...
VALID TODAY AS OF 0400 PM LOCAL TIME.

CLIMATE NORMAL PERIOD 1981 TO 2010
CLIMATE RECORD PERIOD 1948 TO 2016


WEATHER ITEM   OBSERVED TIME   RECORD YEAR NORMAL DEPARTURE LAST
                VALUE   (LST)  VALUE       VALUE  FROM      YEAR
                                                  NORMAL
..................................................................
TEMPERATURE (F)
 TODAY
  MAXIMUM         89    252 PM  96    1953  87      2       80
  MINIMUM         61    308 AM  52    1983  64     -3       71
                                      1979
  AVERAGE         75                        76     -1       76

PRECIPITATION (IN)
  TODAY            0.00          1.77 1997   0.17  -0.17     0.31
  MONTH TO DATE    2.46                      4.00  -1.54     4.95
  SINCE MAR 1     21.78                     14.43   7.35    14.03
  SINCE JAN 1     31.15                     25.56   5.59    21.86

SNOWFALL (IN)
  TODAY            0.0

DEGREE DAYS
 HEATING
  TODAY            0                         0      0        0
  MONTH TO DATE    4                         5     -1        1
  SINCE MAR 1    145                       305   -160      131
  SINCE JUL 1   1383                      1983   -600     1912

 COOLING
  TODAY           10                        11     -1       11
  MONTH TO DATE  172                       206    -34      227
  SINCE MAR 1    352                       331     21      500
  SINCE JAN 1    377                       346     31      506
..................................................................


WIND (MPH)
  HIGHEST WIND SPEED    16   HIGHEST WIND DIRECTION    SE (150)
  HIGHEST GUST SPEED    19   HIGHEST GUST DIRECTION     S (160)
  AVERAGE WIND SPEED     4.8


SKY COVER
  POSSIBLE SUNSHINE  MM
  AVERAGE SKY COVER 0.2


WEATHER CONDITIONS
 THE FOLLOWING WEATHER WAS RECORDED TODAY.
  FOG


RELATIVE HUMIDITY (PERCENT)
 HIGHEST    93           400 AM
 LOWEST     50           200 PM
 AVERAGE    72

..........................................................


THE HATTIESBURG CLIMATE NORMALS FOR TOMORROW
                         NORMAL    RECORD    YEAR
 MAXIMUM TEMPERATURE (F)   88        96      1996
 MINIMUM TEMPERATURE (F)   64        44      1979


SUNRISE AND SUNSET
MAY 25 2016...........SUNRISE   556 AM CDT   SUNSET   753 PM CDT
MAY 26 2016...........SUNRISE   555 AM CDT   SUNSET   753 PM CDT


-  INDICATES NEGATIVE NUMBERS.
R  INDICATES RECORD WAS SET OR TIED.
MM INDICATES DATA IS MISSING.
T  INDICATES TRACE AMOUNT.




$$
