000
CDUS41 KLWX 292143
CLIHGR


CLIMATE REPORT
NATIONAL WEATHER SERVICE BALTIMORE MD/WASHINGTON DC
541 PM EDT FRI MAY 29 2015


...................................

...THE HAGERSTOWN MD CLIMATE SUMMARY FOR MAY 29 2015...
VALID TODAY AS OF 0500 PM LOCAL TIME.

CLIMATE NORMAL PERIOD 1981 TO 2010
CLIMATE RECORD PERIOD 9999 TO 9999


WEATHER ITEM   OBSERVED TIME   RECORD YEAR NORMAL DEPARTURE LAST
                VALUE   (LST)  VALUE       VALUE  FROM      YEAR
                                                  NORMAL
..................................................................
TEMPERATURE (F)
 TODAY
  MAXIMUM         86    317 PM  MM      MM  76     10       60
  MINIMUM         64    505 AM  MM      MM  56      8       55
  AVERAGE         75                        66      9       58

PRECIPITATION (IN)
  TODAY            0.00         MM      MM   0.15  -0.15     0.06
  MONTH TO DATE    1.55                      3.75  -2.20     4.48
  SINCE MAR 1      7.08                     10.69  -3.61     8.70
  SINCE JAN 1      9.36                     15.92  -6.56    12.48

DEGREE DAYS
 HEATING
  TODAY            0                         3     -3        7
  MONTH TO DATE   50                       150   -100      105
  SINCE MAR 1   1123                      1261   -138     1355
  SINCE JUL 1   5129                      5164    -35     5370

 COOLING
  TODAY           10                         4      6        0
  MONTH TO DATE  173                        52    121       70
  SINCE MAR 1    175                        67    108       80
  SINCE JAN 1    175                        67    108       80
..................................................................


WIND (MPH)
  HIGHEST WIND SPEED    15   HIGHEST WIND DIRECTION     S (180)
  HIGHEST GUST SPEED    19   HIGHEST GUST DIRECTION    SW (240)
  AVERAGE WIND SPEED     6.2


SKY COVER
  POSSIBLE SUNSHINE  MM
  AVERAGE SKY COVER 0.2


WEATHER CONDITIONS
 THE FOLLOWING WEATHER WAS RECORDED TODAY.
  NO SIGNIFICANT WEATHER WAS OBSERVED.


RELATIVE HUMIDITY (PERCENT)
 HIGHEST    70          1200 AM
 LOWEST     47          1200 PM
 AVERAGE    59

..........................................................


THE HAGERSTOWN MD CLIMATE NORMALS FOR TOMORROW
                         NORMAL    RECORD    YEAR
 MAXIMUM TEMPERATURE (F)   76        MM        MM
 MINIMUM TEMPERATURE (F)   56        MM        MM


SUNRISE AND SUNSET
MAY 29 2015...........SUNRISE   547 AM EDT   SUNSET   830 PM EDT
MAY 30 2015...........SUNRISE   546 AM EDT   SUNSET   831 PM EDT


-  INDICATES NEGATIVE NUMBERS.
R  INDICATES RECORD WAS SET OR TIED.
MM INDICATES DATA IS MISSING.
T  INDICATES TRACE AMOUNT.




$$
