000
CDUS41 KLWX 300525
CLIHGR


CLIMATE REPORT
NATIONAL WEATHER SERVICE BALTIMORE MD/WASHINGTON DC
123 AM EDT FRI SEP 30 2016


...................................

...THE HAGERSTOWN MD CLIMATE SUMMARY FOR SEPTEMBER 29 2016...

CLIMATE NORMAL PERIOD 1981 TO 2010
CLIMATE RECORD PERIOD 9999 TO 9999


WEATHER ITEM   OBSERVED TIME   RECORD YEAR NORMAL DEPARTURE LAST
                VALUE   (LST)  VALUE       VALUE  FROM      YEAR
                                                  NORMAL
..................................................................
TEMPERATURE (F)
 YESTERDAY
  MAXIMUM         68    146 PM  MM      MM  70     -2       77
  MINIMUM         60   1059 PM  MM      MM  51      9       68
  AVERAGE         64                        60      4       73

PRECIPITATION (IN)
  YESTERDAY        0.93         MM      MM   0.14   0.79     1.40
  MONTH TO DATE    2.34                      3.53  -1.19     3.19
  SINCE SEP 1      2.34                      3.53  -1.19     3.19
  SINCE JAN 1     23.44                     30.16  -6.72    21.83

DEGREE DAYS
 HEATING
  YESTERDAY        1                         5     -4        0
  MONTH TO DATE    7                        61    -54        7
  SINCE SEP 1      7                        61    -54        7
  SINCE JUL 1      7                        66    -59        7

 COOLING
  YESTERDAY        0                         1     -1        8
  MONTH TO DATE  254                        90    164      193
  SINCE SEP 1    254                        90    164      193
  SINCE JAN 1   1513                       958    555     1336
..................................................................


WIND (MPH)
  HIGHEST WIND SPEED    21   HIGHEST WIND DIRECTION     E (80)
  HIGHEST GUST SPEED    29   HIGHEST GUST DIRECTION     E (110)
  AVERAGE WIND SPEED    12.3


SKY COVER
  POSSIBLE SUNSHINE  MM
  AVERAGE SKY COVER 1.0


WEATHER CONDITIONS
 THE FOLLOWING WEATHER WAS RECORDED YESTERDAY.
  HEAVY RAIN
  RAIN
  LIGHT RAIN
  FOG


RELATIVE HUMIDITY (PERCENT)
 HIGHEST    93          1200 AM
 LOWEST     81          1200 PM
 AVERAGE    87

..........................................................


THE HAGERSTOWN MD CLIMATE NORMALS FOR TODAY
                         NORMAL    RECORD    YEAR
 MAXIMUM TEMPERATURE (F)   70        MM        MM
 MINIMUM TEMPERATURE (F)   50        MM        MM


SUNRISE AND SUNSET
SEPTEMBER 30 2016.....SUNRISE   707 AM EDT   SUNSET   654 PM EDT
OCTOBER  1 2016.......SUNRISE   708 AM EDT   SUNSET   652 PM EDT


-  INDICATES NEGATIVE NUMBERS.
R  INDICATES RECORD WAS SET OR TIED.
MM INDICATES DATA IS MISSING.
T  INDICATES TRACE AMOUNT.




$$
