000
CDUS41 KLWX 250552
CLIHGR


CLIMATE REPORT
NATIONAL WEATHER SERVICE BALTIMORE MD/WASHINGTON DC
1251 AM EST THU DEC 25 2014


...................................

...THE HAGERSTOWN MD CLIMATE SUMMARY FOR DECEMBER 24 2014...

CLIMATE NORMAL PERIOD 1981 TO 2010
CLIMATE RECORD PERIOD 9999 TO 9999


WEATHER ITEM   OBSERVED TIME   RECORD YEAR NORMAL DEPARTURE LAST
                VALUE   (LST)  VALUE       VALUE  FROM      YEAR
                                                  NORMAL
..................................................................
TEMPERATURE (F)
 YESTERDAY
  MAXIMUM         51   1023 PM  MM      MM  39     12       35
  MINIMUM         40    228 AM  MM      MM  24     16       19
  AVERAGE         46                        32     14       27

PRECIPITATION (IN)
  YESTERDAY        0.76         MM      MM   0.09   0.67      T
  MONTH TO DATE    2.91                      2.36   0.55     3.12
  SINCE DEC 1      2.91                      2.36   0.55     3.12
  SINCE JAN 1     36.25                     38.76  -2.51    33.05

DEGREE DAYS
 HEATING
  YESTERDAY       19                        33    -14       38
  MONTH TO DATE  647                       724    -77      671
  SINCE DEC 1    647                       724    -77      671
  SINCE JUL 1   1600                      1729   -129     1733

 COOLING
  YESTERDAY        0                         0      0        0
  MONTH TO DATE    0                         0      0        0
  SINCE DEC 1      0                         0      0        0
  SINCE JAN 1    941                       969    -28     1133
..................................................................


WIND (MPH)
  HIGHEST WIND SPEED    16   HIGHEST WIND DIRECTION     W (270)
  HIGHEST GUST SPEED    22   HIGHEST GUST DIRECTION     W (270)
  AVERAGE WIND SPEED     3.1


SKY COVER
  POSSIBLE SUNSHINE  MM
  AVERAGE SKY COVER 1.0


WEATHER CONDITIONS
 THE FOLLOWING WEATHER WAS RECORDED YESTERDAY.
  RAIN
  LIGHT RAIN
  FOG
  FOG W/VISIBILITY <= 1/4 MILE


RELATIVE HUMIDITY (PERCENT)
 HIGHEST   100           200 AM
 LOWEST     86           900 AM
 AVERAGE    93

..........................................................


THE HAGERSTOWN MD CLIMATE NORMALS FOR TODAY
                         NORMAL    RECORD    YEAR
 MAXIMUM TEMPERATURE (F)   39        MM        MM
 MINIMUM TEMPERATURE (F)   24        MM        MM


SUNRISE AND SUNSET
DECEMBER 25 2014......SUNRISE   730 AM EST   SUNSET   452 PM EST
DECEMBER 26 2014......SUNRISE   730 AM EST   SUNSET   453 PM EST


-  INDICATES NEGATIVE NUMBERS.
R  INDICATES RECORD WAS SET OR TIED.
MM INDICATES DATA IS MISSING.
T  INDICATES TRACE AMOUNT.




$$
