805
CDUS41 KLWX 212123
CLIHGR


CLIMATE REPORT
NATIONAL WEATHER SERVICE BALTIMORE MD/WASHINGTON DC
423 PM EST SUN JAN 21 2018


...................................

...THE HAGERSTOWN MD CLIMATE SUMMARY FOR JANUARY 21 2018...
VALID TODAY AS OF 0400 PM LOCAL TIME.

CLIMATE NORMAL PERIOD 1981 TO 2010
CLIMATE RECORD PERIOD 1998 TO 2018


WEATHER ITEM   OBSERVED TIME   RECORD YEAR NORMAL DEPARTURE LAST
                VALUE   (LST)  VALUE       VALUE  FROM      YEAR
                                                  NORMAL
..................................................................
TEMPERATURE (F)
 TODAY
  MAXIMUM         57    321 PM  MM      MM  38     19       47
  MINIMUM         43    811 AM  MM      MM  23     20       41
  AVERAGE         50                        31     19       44

PRECIPITATION (IN)
  TODAY            T            MM      MM   0.07  -0.07     0.00
  MONTH TO DATE    1.44                      1.83  -0.39     1.89
  SINCE DEC 1      2.25                      4.72  -2.47     3.67
  SINCE JAN 1      1.44                      1.83  -0.39     1.89

DEGREE DAYS
 HEATING
  TODAY           15                        34    -19       21
  MONTH TO DATE  782                       719     63      608
  SINCE DEC 1   1708                      1678     30     1472
  SINCE JUL 1   2489                      2683   -194     2180

 COOLING
  TODAY            0                         0      0        0
  MONTH TO DATE    0                         0      0        0
  SINCE DEC 1      0                         0      0        0
  SINCE JAN 1      0                         0      0        0
..................................................................


WIND (MPH)
  HIGHEST WIND SPEED    14   HIGHEST WIND DIRECTION    NW (300)
  HIGHEST GUST SPEED    16   HIGHEST GUST DIRECTION    NW (300)
  AVERAGE WIND SPEED     3.8


SKY COVER
  POSSIBLE SUNSHINE  MM
  AVERAGE SKY COVER 0.9


WEATHER CONDITIONS
 THE FOLLOWING WEATHER WAS RECORDED TODAY.
  LIGHT RAIN
  HAZE


RELATIVE HUMIDITY (PERCENT)
 HIGHEST    76           400 AM
 LOWEST     56          1200 AM
 AVERAGE    66

..........................................................


THE HAGERSTOWN MD CLIMATE NORMALS FOR TOMORROW
                         NORMAL    RECORD    YEAR
 MAXIMUM TEMPERATURE (F)   38        MM        MM
 MINIMUM TEMPERATURE (F)   23        MM        MM


SUNRISE AND SUNSET
JANUARY 21 2018.......SUNRISE   727 AM EST   SUNSET   518 PM EST
JANUARY 22 2018.......SUNRISE   726 AM EST   SUNSET   519 PM EST


-  INDICATES NEGATIVE NUMBERS.
R  INDICATES RECORD WAS SET OR TIED.
MM INDICATES DATA IS MISSING.
T  INDICATES TRACE AMOUNT.




$$
