000
CDUS41 KLWX 242135
CLIHGR


CLIMATE REPORT
NATIONAL WEATHER SERVICE BALTIMORE MD/WASHINGTON DC
434 PM EST TUE JAN 24 2017


...................................

...THE HAGERSTOWN MD CLIMATE SUMMARY FOR JANUARY 24 2017...
VALID TODAY AS OF 0400 PM LOCAL TIME.

CLIMATE NORMAL PERIOD 1981 TO 2010
CLIMATE RECORD PERIOD 9999 TO 9999


WEATHER ITEM   OBSERVED TIME   RECORD YEAR NORMAL DEPARTURE LAST
                VALUE   (LST)  VALUE       VALUE  FROM      YEAR
                                                  NORMAL
..................................................................
TEMPERATURE (F)
 TODAY
  MAXIMUM         45    359 PM  MM      MM  38      7       33
  MINIMUM         35    349 AM  MM      MM  24     11       12
  AVERAGE         40                        31      9       23

PRECIPITATION (IN)
  TODAY            0.03         MM      MM   0.09  -0.06     0.00
  MONTH TO DATE    2.75                      2.09   0.66     1.64
  SINCE DEC 1      4.53                      4.98  -0.45     4.52
  SINCE JAN 1      2.75                      2.09   0.66     1.64

DEGREE DAYS
 HEATING
  TODAY           25                        34     -9       42
  MONTH TO DATE  675                       821   -146      841
  SINCE DEC 1   1539                      1780   -241     1401
  SINCE JUL 1   2247                      2785   -538     2133

 COOLING
  TODAY            0                         0      0        0
  MONTH TO DATE    0                         0      0        0
  SINCE DEC 1      0                         0      0        0
  SINCE JAN 1      0                         0      0        0
..................................................................


WIND (MPH)
  HIGHEST WIND SPEED    22   HIGHEST WIND DIRECTION    NW (320)
  HIGHEST GUST SPEED    27   HIGHEST GUST DIRECTION    NW (330)
  AVERAGE WIND SPEED    11.7


SKY COVER
  POSSIBLE SUNSHINE  MM
  AVERAGE SKY COVER 1.0


WEATHER CONDITIONS
 THE FOLLOWING WEATHER WAS RECORDED TODAY.
  FOG


RELATIVE HUMIDITY (PERCENT)
 HIGHEST    92           100 AM
 LOWEST     65           400 PM
 AVERAGE    79

..........................................................


THE HAGERSTOWN MD CLIMATE NORMALS FOR TOMORROW
                         NORMAL    RECORD    YEAR
 MAXIMUM TEMPERATURE (F)   39        MM        MM
 MINIMUM TEMPERATURE (F)   24        MM        MM


SUNRISE AND SUNSET
JANUARY 24 2017.......SUNRISE   725 AM EST   SUNSET   521 PM EST
JANUARY 25 2017.......SUNRISE   724 AM EST   SUNSET   523 PM EST


-  INDICATES NEGATIVE NUMBERS.
R  INDICATES RECORD WAS SET OR TIED.
MM INDICATES DATA IS MISSING.
T  INDICATES TRACE AMOUNT.




$$
