000
CDUS46 KPQR 201141
CLIHIO


CLIMATE REPORT
NATIONAL WEATHER SERVICE PORTLAND OREGON
440 AM PDT WED AUG 20 2014


...................................

...THE HILLSBORO OR CLIMATE SUMMARY FOR AUGUST 19 2014...

CLIMATE NORMAL PERIOD 1981 TO 2010
CLIMATE RECORD PERIOD 1929 TO 2014


WEATHER ITEM   OBSERVED TIME   RECORD YEAR NORMAL DEPARTURE LAST
                VALUE   (LST)  VALUE       VALUE  FROM      YEAR
                                                  NORMAL
..................................................................
TEMPERATURE (F)
 YESTERDAY
  MAXIMUM         86    257 PM  97    2009  81      5       85
  MINIMUM         60   1159 PM  40    1973  50     10       52
  AVERAGE         73                        66      7       69

PRECIPITATION (IN)
  YESTERDAY        0.00          1.11 1968   0.02  -0.02
  MONTH TO DATE    0.10                      0.34  -0.24
  SINCE OCT 1     24.88                     38.17 -13.29
  SINCE JAN 1     20.20                     21.78  -1.58

SNOWFALL (IN)
  YESTERDAY        0.0
  MONTH TO DATE    0.0
  SINCE JUN 1      0.0
  SINCE JUL 1      0.0
  SNOW DEPTH       0

DEGREE DAYS
 HEATING
  YESTERDAY        0                         2     -2
  MONTH TO DATE    0                        26    -26
  SINCE JUL 1      6                        82    -76

 COOLING
  YESTERDAY        8                         2      6
  MONTH TO DATE  129                        56     73
  SINCE JAN 1    307                       157    150
..................................................................


WIND (MPH)
  HIGHEST WIND SPEED    23   HIGHEST WIND DIRECTION    NW (320)
  HIGHEST GUST SPEED    28   HIGHEST GUST DIRECTION    NW (320)
  AVERAGE WIND SPEED     7.7


SKY COVER
  POSSIBLE SUNSHINE  MM
  AVERAGE SKY COVER 0.0


WEATHER CONDITIONS
 THE FOLLOWING WEATHER WAS RECORDED YESTERDAY.
  NO SIGNIFICANT WEATHER WAS OBSERVED.


RELATIVE HUMIDITY (PERCENT)
 HIGHEST    84           600 AM
 LOWEST     34           100 PM
 AVERAGE    59

..........................................................


THE HILLSBORO OR CLIMATE NORMALS FOR TODAY
                         NORMAL    RECORD    YEAR
 MAXIMUM TEMPERATURE (F)   81       101      1951
 MINIMUM TEMPERATURE (F)   50        40      2010


SUNRISE AND SUNSET
AUGUST 20 2014........SUNRISE   619 AM PDT   SUNSET   811 PM PDT
AUGUST 21 2014........SUNRISE   620 AM PDT   SUNSET   809 PM PDT


-  INDICATES NEGATIVE NUMBERS.
R  INDICATES RECORD WAS SET OR TIED.
MM INDICATES DATA IS MISSING.
T  INDICATES TRACE AMOUNT.




$$
