000
CDUS46 KPQR 191147
CLIHIO


CLIMATE REPORT
NATIONAL WEATHER SERVICE PORTLAND OREGON
346 AM PST SUN FEB 19 2017


...................................

...THE HILLSBORO OR CLIMATE SUMMARY FOR FEBRUARY 18 2017...

CLIMATE NORMAL PERIOD 1981 TO 2010
CLIMATE RECORD PERIOD 1929 TO 2017


WEATHER ITEM   OBSERVED TIME   RECORD YEAR NORMAL DEPARTURE LAST
                VALUE   (LST)  VALUE       VALUE  FROM      YEAR
                                                  NORMAL
..................................................................
TEMPERATURE (F)
 YESTERDAY
  MAXIMUM         50    447 PM  68    1977  51     -1       48
  MINIMUM         41    829 PM  21    1936  34      7       42
  AVERAGE         46                        42      4       45

PRECIPITATION (IN)
  YESTERDAY        0.19          1.09 1968   0.12   0.07
  MONTH TO DATE    8.04                      3.05   4.99
  SINCE OCT 1     31.83                     25.50   6.33
  SINCE JAN 1     12.15                      9.11   3.04

SNOWFALL (IN)
  YESTERDAY       MM
  MONTH TO DATE    0.0
  SINCE DEC 1      0.0
  SINCE JUL 1      0.0
  SNOW DEPTH       0

DEGREE DAYS
 HEATING
  YESTERDAY       19                        23     -4
  MONTH TO DATE  410                       414     -4
  SINCE JUL 1   3286                      3307    -21

 COOLING
  YESTERDAY        0                         0      0
  MONTH TO DATE    0                         0      0
  SINCE JAN 1      0                         0      0
..................................................................


WIND (MPH)
  HIGHEST WIND SPEED    13   HIGHEST WIND DIRECTION    SW (230)
  HIGHEST GUST SPEED    16   HIGHEST GUST DIRECTION    SW (240)
  AVERAGE WIND SPEED     5.3


SKY COVER
  POSSIBLE SUNSHINE  MM
  AVERAGE SKY COVER 0.9


WEATHER CONDITIONS
 THE FOLLOWING WEATHER WAS RECORDED YESTERDAY.
  LIGHT RAIN
  FOG


RELATIVE HUMIDITY (PERCENT)
 HIGHEST    93          1100 AM
 LOWEST     74           400 PM
 AVERAGE    84

..........................................................


THE HILLSBORO OR CLIMATE NORMALS FOR TODAY
                         NORMAL    RECORD    YEAR
 MAXIMUM TEMPERATURE (F)   52        68      1977
 MINIMUM TEMPERATURE (F)   34        16      2006


SUNRISE AND SUNSET
FEBRUARY 19 2017......SUNRISE   707 AM PST   SUNSET   545 PM PST
FEBRUARY 20 2017......SUNRISE   705 AM PST   SUNSET   547 PM PST


-  INDICATES NEGATIVE NUMBERS.
R  INDICATES RECORD WAS SET OR TIED.
MM INDICATES DATA IS MISSING.
T  INDICATES TRACE AMOUNT.




$$
