000
CDUS46 KPQR 311150
CLIHIO


CLIMATE REPORT
NATIONAL WEATHER SERVICE PORTLAND OREGON
449 AM PDT TUE MAY 31 2016


...................................

...THE HILLSBORO OR CLIMATE SUMMARY FOR MAY 30 2016...

CLIMATE NORMAL PERIOD 1981 TO 2010
CLIMATE RECORD PERIOD 1929 TO 2016


WEATHER ITEM   OBSERVED TIME   RECORD YEAR NORMAL DEPARTURE LAST
                VALUE   (LST)  VALUE       VALUE  FROM      YEAR
                                                  NORMAL
..................................................................
TEMPERATURE (F)
 YESTERDAY
  MAXIMUM         79    409 PM  93    1986  70      9       79
  MINIMUM         42    501 AM  34    1934  47     -5       47
  AVERAGE         61                        58      3       63

PRECIPITATION (IN)
  YESTERDAY        0.00          0.43 1943   0.06  -0.06
  MONTH TO DATE    0.80                      2.23  -1.43
  SINCE OCT 1     41.50                     35.83   5.67
  SINCE JAN 1     19.48                     19.44   0.04

SNOWFALL (IN)
  YESTERDAY        0.0
  MONTH TO DATE    0.0
  SINCE MAR 1      0.0
  SINCE JUL 1      0.0
  SNOW DEPTH       0

DEGREE DAYS
 HEATING
  YESTERDAY        4                         7     -3
  MONTH TO DATE  162                       280   -118
  SINCE JUL 1   3945                      4842   -897

 COOLING
  YESTERDAY        0                         0      0
  MONTH TO DATE    9                         0      9
  SINCE JAN 1     16                         0     16
..................................................................


WIND (MPH)
  HIGHEST WIND SPEED    13   HIGHEST WIND DIRECTION     N (20)
  HIGHEST GUST SPEED    18   HIGHEST GUST DIRECTION    NW (320)
  AVERAGE WIND SPEED     4.7


SKY COVER
  POSSIBLE SUNSHINE  MM
  AVERAGE SKY COVER 0.0


WEATHER CONDITIONS
 THE FOLLOWING WEATHER WAS RECORDED YESTERDAY.
  NO SIGNIFICANT WEATHER WAS OBSERVED.


RELATIVE HUMIDITY (PERCENT)
 HIGHEST    89           300 AM
 LOWEST     21           400 PM
 AVERAGE    55

..........................................................


THE HILLSBORO OR CLIMATE NORMALS FOR TODAY
                         NORMAL    RECORD    YEAR
 MAXIMUM TEMPERATURE (F)   70        92      2001
 MINIMUM TEMPERATURE (F)   47        32      1934


SUNRISE AND SUNSET
MAY 31 2016...........SUNRISE   527 AM PDT   SUNSET   853 PM PDT
JUNE  1 2016..........SUNRISE   526 AM PDT   SUNSET   854 PM PDT


-  INDICATES NEGATIVE NUMBERS.
R  INDICATES RECORD WAS SET OR TIED.
MM INDICATES DATA IS MISSING.
T  INDICATES TRACE AMOUNT.




$$
