000
CDUS46 KPQR 271141
CLIHIO


CLIMATE REPORT
NATIONAL WEATHER SERVICE PORTLAND OREGON
441 AM PDT TUE JUN 27 2017


...................................

...THE HILLSBORO OR CLIMATE SUMMARY FOR JUNE 26 2017...

CLIMATE NORMAL PERIOD 1981 TO 2010
CLIMATE RECORD PERIOD 1929 TO 2017


WEATHER ITEM   OBSERVED TIME   RECORD YEAR NORMAL DEPARTURE LAST
                VALUE   (LST)  VALUE       VALUE  FROM      YEAR
                                                  NORMAL
..................................................................
TEMPERATURE (F)
 YESTERDAY
  MAXIMUM         80    415 PM 102    2006  75      5       91
  MINIMUM         55   1159 PM  34    1935  49      6       55
  AVERAGE         68                        62      6       73

PRECIPITATION (IN)
  YESTERDAY        0.00          0.46 2014   0.03  -0.03
  MONTH TO DATE    1.05                      1.29  -0.24
  SINCE OCT 1     47.24                     37.17  10.07
  SINCE JAN 1     27.56                     20.78   6.78

SNOWFALL (IN)
  YESTERDAY        0.0
  MONTH TO DATE    0.0
  SINCE JUN 1      0.0
  SINCE JUL 1      0.0
  SNOW DEPTH       0

DEGREE DAYS
 HEATING
  YESTERDAY        0                         4     -4
  MONTH TO DATE   95                       141    -46
  SINCE JUL 1   4870                      4991   -121

 COOLING
  YESTERDAY        3                         1      2
  MONTH TO DATE   50                        12     38
  SINCE JAN 1     80                        18     62
..................................................................


WIND (MPH)
  HIGHEST WIND SPEED    17   HIGHEST WIND DIRECTION    NW (300)
  HIGHEST GUST SPEED    20   HIGHEST GUST DIRECTION    NW (310)
  AVERAGE WIND SPEED     5.6


SKY COVER
  POSSIBLE SUNSHINE  MM
  AVERAGE SKY COVER 0.5


WEATHER CONDITIONS
 THE FOLLOWING WEATHER WAS RECORDED YESTERDAY.
  THUNDERSTORM


RELATIVE HUMIDITY (PERCENT)
 HIGHEST    93           400 AM
 LOWEST     50           300 PM
 AVERAGE    72

..........................................................


THE HILLSBORO OR CLIMATE NORMALS FOR TODAY
                         NORMAL    RECORD    YEAR
 MAXIMUM TEMPERATURE (F)   75        93      2015
 MINIMUM TEMPERATURE (F)   49        34      1965


SUNRISE AND SUNSET
JUNE 27 2017..........SUNRISE   525 AM PDT   SUNSET   905 PM PDT
JUNE 28 2017..........SUNRISE   525 AM PDT   SUNSET   905 PM PDT


-  INDICATES NEGATIVE NUMBERS.
R  INDICATES RECORD WAS SET OR TIED.
MM INDICATES DATA IS MISSING.
T  INDICATES TRACE AMOUNT.




$$
