000
CDUS46 KPQR 291147
CLIHIO


CLIMATE REPORT
NATIONAL WEATHER SERVICE PORTLAND OREGON
446 AM PDT MON JUN 29 2015


...................................

...THE HILLSBORO OR CLIMATE SUMMARY FOR JUNE 28 2015...

CLIMATE NORMAL PERIOD 1981 TO 2010
CLIMATE RECORD PERIOD 1929 TO 2015


WEATHER ITEM   OBSERVED TIME   RECORD YEAR NORMAL DEPARTURE LAST
                VALUE   (LST)  VALUE       VALUE  FROM      YEAR
                                                  NORMAL
..................................................................
TEMPERATURE (F)
 YESTERDAY
  MAXIMUM         86    337 PM 101    2008  76     10       72
  MINIMUM         65   1153 PM  37    1935  50     15       56
  AVERAGE         76                        62     14       64

PRECIPITATION (IN)
  YESTERDAY        T             0.77 2002   0.03  -0.03
  MONTH TO DATE    0.54                      1.34  -0.80
  SINCE OCT 1     29.48                     37.22  -7.74
  SINCE JAN 1     14.65                     20.83  -6.18

SNOWFALL (IN)
  YESTERDAY        0.0
  MONTH TO DATE    0.0
  SINCE JUN 1      0.0
  SINCE JUL 1      0.0
  SNOW DEPTH       0

DEGREE DAYS
 HEATING
  YESTERDAY        0                         4     -4
  MONTH TO DATE   46                       149   -103
  SINCE JUL 1   3817                      4999  -1182

 COOLING
  YESTERDAY       11                         1     10
  MONTH TO DATE  106                        14     92
  SINCE JAN 1    119                        20     99
..................................................................


WIND (MPH)
  HIGHEST WIND SPEED    12   HIGHEST WIND DIRECTION     E (70)
  HIGHEST GUST SPEED    16   HIGHEST GUST DIRECTION     E (80)
  AVERAGE WIND SPEED     3.9


SKY COVER
  POSSIBLE SUNSHINE  MM
  AVERAGE SKY COVER 0.0


WEATHER CONDITIONS
 THE FOLLOWING WEATHER WAS RECORDED YESTERDAY.
  THUNDERSTORM


RELATIVE HUMIDITY (PERCENT)
 HIGHEST    87           400 AM
 LOWEST     42           300 PM
 AVERAGE    65

..........................................................


THE HILLSBORO OR CLIMATE NORMALS FOR TODAY
                         NORMAL    RECORD    YEAR
 MAXIMUM TEMPERATURE (F)   76        98      1951
 MINIMUM TEMPERATURE (F)   50        31      1935


SUNRISE AND SUNSET
JUNE 29 2015..........SUNRISE   526 AM PDT   SUNSET   905 PM PDT
JUNE 30 2015..........SUNRISE   526 AM PDT   SUNSET   905 PM PDT


-  INDICATES NEGATIVE NUMBERS.
R  INDICATES RECORD WAS SET OR TIED.
MM INDICATES DATA IS MISSING.
T  INDICATES TRACE AMOUNT.




$$
