000
CDUS46 KPQR 240220
CLIHIO


CLIMATE REPORT
NATIONAL WEATHER SERVICE PORTLAND OREGON
720 PM PDT MON OCT 23 2017


...................................

...THE HILLSBORO OR CLIMATE SUMMARY FOR OCTOBER 23 2017...
VALID TODAY AS OF 0700 PM LOCAL TIME.

CLIMATE NORMAL PERIOD 1981 TO 2010
CLIMATE RECORD PERIOD 1929 TO 2017


WEATHER ITEM   OBSERVED TIME   RECORD YEAR NORMAL DEPARTURE LAST
                VALUE   (LST)  VALUE       VALUE  FROM      YEAR
                                                  NORMAL
..................................................................
TEMPERATURE (F)
 TODAY
  MAXIMUM         68    251 PM  77    1965  60      8       63
  MINIMUM         41    709 AM  28    1945  39      2       50
  AVERAGE         55                        50      5       57

PRECIPITATION (IN)
  TODAY            0.00                      0.12  -0.12      T
  MONTH TO DATE    2.00                      2.14  -0.14     7.23
  SINCE OCT 1      2.00                      2.14  -0.14     7.23
  SINCE JAN 1     31.08                     25.65   5.43    29.55

DEGREE DAYS
 HEATING
  TODAY           10                                         8
  MONTH TO DATE  293                                       232
  SINCE SEP 1    397                                       378
  SINCE JUL 1    413                                       422

 COOLING
  TODAY            0                                         0
  MONTH TO DATE    0                                         0
  SINCE SEP 1    102                                        10
  SINCE JAN 1    496                                       336
..................................................................


WIND (MPH)
  HIGHEST WIND SPEED     7   HIGHEST WIND DIRECTION    NW (330)
  HIGHEST GUST SPEED     9   HIGHEST GUST DIRECTION     N (20)
  AVERAGE WIND SPEED     1.7


SKY COVER
  POSSIBLE SUNSHINE  MM
  AVERAGE SKY COVER 0.5


WEATHER CONDITIONS
 THE FOLLOWING WEATHER WAS RECORDED TODAY.
  FOG
  FOG W/VISIBILITY <= 1/4 MILE


RELATIVE HUMIDITY (PERCENT)
 HIGHEST   100           200 AM
 LOWEST     52           300 PM
 AVERAGE    76

..........................................................


THE HILLSBORO OR CLIMATE NORMALS FOR TOMORROW
                         NORMAL    RECORD    YEAR
 MAXIMUM TEMPERATURE (F)   60        74      1965
 MINIMUM TEMPERATURE (F)   39        29      1954


SUNRISE AND SUNSET
OCTOBER 23 2017.......SUNRISE   739 AM PDT   SUNSET   612 PM PDT
OCTOBER 24 2017.......SUNRISE   741 AM PDT   SUNSET   610 PM PDT


-  INDICATES NEGATIVE NUMBERS.
R  INDICATES RECORD WAS SET OR TIED.
MM INDICATES DATA IS MISSING.
T  INDICATES TRACE AMOUNT.




$$
