000
CDUS46 KPQR 041143
CLIHIO


CLIMATE REPORT
NATIONAL WEATHER SERVICE PORTLAND OREGON
342 AM PST SUN DEC 4 2016


...................................

...THE HILLSBORO OR CLIMATE SUMMARY FOR DECEMBER 3 2016...

CLIMATE NORMAL PERIOD 1981 TO 2010
CLIMATE RECORD PERIOD 1929 TO 2016


WEATHER ITEM   OBSERVED TIME   RECORD YEAR NORMAL DEPARTURE LAST
                VALUE   (LST)  VALUE       VALUE  FROM      YEAR
                                                  NORMAL
..................................................................
TEMPERATURE (F)
 YESTERDAY
  MAXIMUM         50    334 PM  59    1979  47      3       54
  MINIMUM         42    712 AM  23    1969  34      8       38
  AVERAGE         46                        40      6       46

PRECIPITATION (IN)
  YESTERDAY        0.05          2.07 2007   0.19  -0.14
  MONTH TO DATE    0.17                      0.59  -0.42
  SINCE OCT 1     15.08                     10.24   4.84
  SINCE JAN 1     37.40                     33.75   3.65

SNOWFALL (IN)
  YESTERDAY       MM
  MONTH TO DATE    0.0
  SINCE DEC 1      0.0
  SINCE JUL 1      0.0
  SNOW DEPTH       0

DEGREE DAYS
 HEATING
  YESTERDAY       19                        25     -6
  MONTH TO DATE   67                        74     -7
  SINCE JUL 1   1038                      1375   -337

 COOLING
  YESTERDAY        0                         0      0
  MONTH TO DATE    0                         0      0
  SINCE JAN 1    336                       198    138
..................................................................


WIND (MPH)
  HIGHEST WIND SPEED    13   HIGHEST WIND DIRECTION     S (190)
  HIGHEST GUST SPEED    19   HIGHEST GUST DIRECTION     S (190)
  AVERAGE WIND SPEED     5.0


SKY COVER
  POSSIBLE SUNSHINE  MM
  AVERAGE SKY COVER 1.0


WEATHER CONDITIONS
 THE FOLLOWING WEATHER WAS RECORDED YESTERDAY.
  LIGHT RAIN
  FOG


RELATIVE HUMIDITY (PERCENT)
 HIGHEST    93          1200 PM
 LOWEST     80           200 PM
 AVERAGE    87

..........................................................


THE HILLSBORO OR CLIMATE NORMALS FOR TODAY
                         NORMAL    RECORD    YEAR
 MAXIMUM TEMPERATURE (F)   46        60      2007
 MINIMUM TEMPERATURE (F)   33        19      2013


SUNRISE AND SUNSET
DECEMBER  4 2016......SUNRISE   736 AM PST   SUNSET   429 PM PST
DECEMBER  5 2016......SUNRISE   737 AM PST   SUNSET   429 PM PST


-  INDICATES NEGATIVE NUMBERS.
R  INDICATES RECORD WAS SET OR TIED.
MM INDICATES DATA IS MISSING.
T  INDICATES TRACE AMOUNT.




$$
