000
CDUS46 KHNX 030822
CLIHJO


CLIMATE REPORT
NATIONAL WEATHER SERVICE SAN JOAQUIN VALLEY, CA
121 AM PDT WED JUN 3 2015


...................................

...THE HANFORD CA CLIMATE SUMMARY FOR JUNE 2 2015...

CLIMATE NORMAL PERIOD 1981 TO 2010
CLIMATE RECORD PERIOD 1998 TO 2015


WEATHER ITEM   OBSERVED TIME   RECORD YEAR NORMAL DEPARTURE
                VALUE   (LST)  VALUE       VALUE  FROM
                                                  NORMAL
...............................................................
TEMPERATURE (F)
 YESTERDAY
  MAXIMUM         88    348 PM 102    2013  88      0
  MINIMUM         59    444 AM  49    2011  56      3
  AVERAGE         74                        72      2

PRECIPITATION (IN)
  YESTERDAY        0.00          T    1998   0.01  -0.01
  MONTH TO DATE    0.00                      0.02  -0.02
  SINCE OCT 1      5.04                      9.76  -4.72
  SINCE JAN 1      1.92                      6.63  -4.71

SNOWFALL (IN)
  YESTERDAY        0.0
  MONTH TO DATE    0.0
  SINCE JUN 1      0.0
  SINCE JUL 1      0.0
  SNOW DEPTH       0

DEGREE DAYS
 HEATING
  YESTERDAY        0
  MONTH TO DATE    0
  SINCE JUN 1      0
  SINCE JUL 1   1711

 COOLING
  YESTERDAY        9
  MONTH TO DATE   15
  SINCE JUN 1     15
  SINCE JAN 1    321
...............................................................


WIND (MPH)
  HIGHEST WIND SPEED    22   HIGHEST WIND DIRECTION    NW (320)
  HIGHEST GUST SPEED    30   HIGHEST GUST DIRECTION    NW (310)
  AVERAGE WIND SPEED    10.8




RELATIVE HUMIDITY (PERCENT)
 HIGHEST    72
 LOWEST     22
 AVERAGE    47

..........................................................


THE HANFORD CA CLIMATE NORMALS FOR TODAY
                         NORMAL    RECORD    YEAR
 MAXIMUM TEMPERATURE (F)   88       103      2003
 MINIMUM TEMPERATURE (F)   56        50      2011


SUNRISE AND SUNSET
JUNE  3 2015..........SUNRISE   542 AM PDT   SUNSET   812 PM PDT
JUNE  4 2015..........SUNRISE   541 AM PDT   SUNSET   812 PM PDT


-  INDICATES NEGATIVE NUMBERS.
R  INDICATES RECORD WAS SET OR TIED.
MM INDICATES DATA IS MISSING.
T  INDICATES TRACE AMOUNT.




$$
