000
CDUS46 KHNX 230022
CLIHJO


CLIMATE REPORT
NATIONAL WEATHER SERVICE SAN JOAQUIN VALLEY, CA
422 PM PST THU FEB 22 2018


...................................

...THE HANFORD CA CLIMATE SUMMARY FOR FEBRUARY 22 2018...
VALID AS OF 0400 PM LOCAL TIME.

CLIMATE NORMAL PERIOD 1981 TO 2010
CLIMATE RECORD PERIOD 1998 TO 2018


WEATHER ITEM   OBSERVED TIME   RECORD YEAR NORMAL DEPARTURE LAST
                VALUE   (LST)  VALUE       VALUE  FROM      YEAR
                                                  NORMAL
..................................................................
TEMPERATURE (F)
 TODAY
  MAXIMUM         60    335 PM  77    2002  64     -4       58
  MINIMUM         30    413 AM  29    2006  40    -10       42
  AVERAGE         45                        52     -7       50

PRECIPITATION (IN)
  TODAY            0.00          0.72 2004   0.07  -0.07     0.00
  MONTH TO DATE    T                         1.33  -1.33     2.86
  SINCE OCT 1      1.78                      6.50  -4.72     9.10
  SINCE JAN 1      1.37                      3.37  -2.00     6.23

SNOWFALL (IN)
  TODAY            0.0
  MONTH TO DATE    0.0
  SINCE DEC 1      0.0
  SINCE JUL 1      0.0
  SNOW DEPTH       0

DEGREE DAYS
 HEATING
  TODAY           20                                        15
  MONTH TO DATE  261                                       206
  SINCE DEC 1   1247                                      1304
  SINCE JUL 1   1552                                      1610

 COOLING
  TODAY            0                                         0
  MONTH TO DATE    0                                         0
  SINCE DEC 1      0                                         0
  SINCE JAN 1      0                                         0
..................................................................


WIND (MPH)
  HIGHEST WIND SPEED    15   HIGHEST WIND DIRECTION    NW (330)
  HIGHEST GUST SPEED    20   HIGHEST GUST DIRECTION     N (340)
  AVERAGE WIND SPEED     3.0




RELATIVE HUMIDITY (PERCENT)
 HIGHEST    92
 LOWEST     31
 AVERAGE    62

..........................................................


THE HANFORD CA CLIMATE NORMALS FOR TOMORROW
                         NORMAL    RECORD    YEAR
 MAXIMUM TEMPERATURE (F)   64        76      2014
 MINIMUM TEMPERATURE (F)   40        31      2006


SUNRISE AND SUNSET
FEBRUARY 22 2018......SUNRISE   638 AM PST   SUNSET   547 PM PST
FEBRUARY 23 2018......SUNRISE   637 AM PST   SUNSET   548 PM PST


-  INDICATES NEGATIVE NUMBERS.
R  INDICATES RECORD WAS SET OR TIED.
MM INDICATES DATA IS MISSING.
T  INDICATES TRACE AMOUNT.




$$
