000
CDUS46 KHNX 280823
CLIHJO


CLIMATE REPORT
NATIONAL WEATHER SERVICE SAN JOAQUIN VALLEY, CA
1223 AM PST TUE FEB 28 2017


...................................

...THE HANFORD CA CLIMATE SUMMARY FOR FEBRUARY 27 2017...

CLIMATE NORMAL PERIOD 1981 TO 2010
CLIMATE RECORD PERIOD 1998 TO 2017


WEATHER ITEM   OBSERVED TIME   RECORD YEAR NORMAL DEPARTURE
                VALUE   (LST)  VALUE       VALUE  FROM
                                                  NORMAL
...............................................................
TEMPERATURE (F)
 YESTERDAY
  MAXIMUM         59    257 PM  73    2002  65     -6
  MINIMUM         38    620 AM  27    2011  41     -3
  AVERAGE         49                        53     -4

PRECIPITATION (IN)
  YESTERDAY        0.00          0.49 2000   0.06  -0.06
  MONTH TO DATE    2.86                      1.67   1.19
  SINCE OCT 1      9.10                      6.84   2.26
  SINCE JAN 1      6.23                      3.71   2.52

SNOWFALL (IN)
  YESTERDAY        0.0
  MONTH TO DATE    0.0
  SINCE DEC 1      0.0
  SINCE JUL 1      0.0
  SNOW DEPTH       0

DEGREE DAYS
 HEATING
  YESTERDAY       16
  MONTH TO DATE  305
  SINCE DEC 1   1403
  SINCE JUL 1   1709

 COOLING
  YESTERDAY        0
  MONTH TO DATE    0
  SINCE DEC 1      0
  SINCE JAN 1      0
...............................................................


WIND (MPH)
  HIGHEST WIND SPEED    16   HIGHEST WIND DIRECTION    NW (310)
  HIGHEST GUST SPEED    21   HIGHEST GUST DIRECTION    NW (320)
  AVERAGE WIND SPEED     6.8




RELATIVE HUMIDITY (PERCENT)
 HIGHEST   100
 LOWEST     44
 AVERAGE    72

..........................................................


THE HANFORD CA CLIMATE NORMALS FOR TODAY
                         NORMAL    RECORD    YEAR
 MAXIMUM TEMPERATURE (F)   65        75      2002
 MINIMUM TEMPERATURE (F)   41        29      2011


SUNRISE AND SUNSET
FEBRUARY 28 2017......SUNRISE   630 AM PST   SUNSET   553 PM PST
MARCH  1 2017.........SUNRISE   628 AM PST   SUNSET   554 PM PST


-  INDICATES NEGATIVE NUMBERS.
R  INDICATES RECORD WAS SET OR TIED.
MM INDICATES DATA IS MISSING.
T  INDICATES TRACE AMOUNT.




$$
