000
CDUS46 KHNX 251820 CCA
CLIHJO

CLIMATE REPORT
NATIONAL WEATHER SERVICE SAN JOAQUIN VALLEY, CA
124 AM PDT WED MAY 24 2017


...................................

...THE HANFORD CA CLIMATE SUMMARY FOR MAY 23 2017...

CLIMATE NORMAL PERIOD 1981 TO 2010
CLIMATE RECORD PERIOD 1998 TO 2017


WEATHER ITEM   OBSERVED TIME   RECORD YEAR NORMAL DEPARTURE
                VALUE   (LST)  VALUE       VALUE  FROM
                                                  NORMAL
...............................................................
TEMPERATURE (F)
 YESTERDAY
  MAXIMUM        102R   341 PM 101    2000  86     16
  MINIMUM         62    513 AM  44    2010  55      7
  AVERAGE         82                        70     12

PRECIPITATION (IN)
  YESTERDAY        0.00          T    2016   0.01  -0.01
  MONTH TO DATE    0.39                      0.34   0.05
  SINCE OCT 1     11.04                      9.66   1.38
  SINCE JAN 1      8.17                      6.53   1.64

SNOWFALL (IN)
  YESTERDAY        0.0
  MONTH TO DATE    0.0
  SINCE MAR 1      0.0
  SINCE JUL 1      0.0
  SNOW DEPTH       0

DEGREE DAYS
 HEATING
  YESTERDAY        0
  MONTH TO DATE   24
  SINCE MAR 1    377
  SINCE JUL 1   2104

 COOLING
  YESTERDAY       17
  MONTH TO DATE  131
  SINCE MAR 1    146
  SINCE JAN 1    146
...............................................................


WIND (MPH)
  HIGHEST WIND SPEED    15   HIGHEST WIND DIRECTION    NW (330)
  HIGHEST GUST SPEED    19   HIGHEST GUST DIRECTION    NW (320)
  AVERAGE WIND SPEED     4.1




RELATIVE HUMIDITY (PERCENT)
 HIGHEST    90
 LOWEST     19
 AVERAGE    55

..........................................................


THE HANFORD CA CLIMATE NORMALS FOR TODAY
                         NORMAL    RECORD    YEAR
 MAXIMUM TEMPERATURE (F)   86        99      2001
 MINIMUM TEMPERATURE (F)   55        47      2013


SUNRISE AND SUNSET
MAY 24 2017...........SUNRISE   546 AM PDT   SUNSET   805 PM PDT
MAY 25 2017...........SUNRISE   545 AM PDT   SUNSET   806 PM PDT


-  INDICATES NEGATIVE NUMBERS.
R  INDICATES RECORD WAS SET OR TIED.
MM INDICATES DATA IS MISSING.
T  INDICATES TRACE AMOUNT.




$$
