705
CDUS46 KHNX 230822
CLIHJO


CLIMATE REPORT
NATIONAL WEATHER SERVICE SAN JOAQUIN VALLEY, CA
122 AM PDT SUN APR 23 2017


...................................

...THE HANFORD CA CLIMATE SUMMARY FOR APRIL 22 2017...

CLIMATE NORMAL PERIOD 1981 TO 2010
CLIMATE RECORD PERIOD 1998 TO 2017


WEATHER ITEM   OBSERVED TIME   RECORD YEAR NORMAL DEPARTURE
                VALUE   (LST)  VALUE       VALUE  FROM
                                                  NORMAL
...............................................................
TEMPERATURE (F)
 YESTERDAY
  MAXIMUM         83    158 PM  96    2012  77      6
                                      2009
  MINIMUM         49    537 AM  41    2008  48      1
  AVERAGE         66                        62      4

PRECIPITATION (IN)
  YESTERDAY        0.00          0.23 2004   0.02  -0.02
  MONTH TO DATE    1.03                      0.58   0.45
  SINCE OCT 1     10.65                      9.11   1.54
  SINCE JAN 1      7.78                      5.98   1.80

SNOWFALL (IN)
  YESTERDAY        0.0
  MONTH TO DATE    0.0
  SINCE MAR 1      0.0
  SINCE JUL 1      0.0
  SNOW DEPTH       0

DEGREE DAYS
 HEATING
  YESTERDAY        0
  MONTH TO DATE   99
  SINCE MAR 1    345
  SINCE JUL 1   2072

 COOLING
  YESTERDAY        1
  MONTH TO DATE    2
  SINCE MAR 1     10
  SINCE JAN 1     10
...............................................................


WIND (MPH)
  HIGHEST WIND SPEED    18   HIGHEST WIND DIRECTION    NW (320)
  HIGHEST GUST SPEED    24   HIGHEST GUST DIRECTION    NW (320)
  AVERAGE WIND SPEED     7.3




RELATIVE HUMIDITY (PERCENT)
 HIGHEST   100
 LOWEST     33
 AVERAGE    67

..........................................................


THE HANFORD CA CLIMATE NORMALS FOR TODAY
                         NORMAL    RECORD    YEAR
 MAXIMUM TEMPERATURE (F)   77        88      2002
 MINIMUM TEMPERATURE (F)   48        39      2010


SUNRISE AND SUNSET
APRIL 23 2017.........SUNRISE   614 AM PDT   SUNSET   740 PM PDT
APRIL 24 2017.........SUNRISE   613 AM PDT   SUNSET   741 PM PDT


-  INDICATES NEGATIVE NUMBERS.
R  INDICATES RECORD WAS SET OR TIED.
MM INDICATES DATA IS MISSING.
T  INDICATES TRACE AMOUNT.




$$
