000
CDUS46 KHNX 290822
CLIHJO


CLIMATE REPORT
NATIONAL WEATHER SERVICE SAN JOAQUIN VALLEY, CA
121 AM PDT SUN MAR 29 2015


...................................

...THE HANFORD CA CLIMATE SUMMARY FOR MARCH 28 2015...

CLIMATE NORMAL PERIOD 1981 TO 2010
CLIMATE RECORD PERIOD 1998 TO 2015


WEATHER ITEM   OBSERVED TIME   RECORD YEAR NORMAL DEPARTURE
                VALUE   (LST)  VALUE       VALUE  FROM
                                                  NORMAL
...............................................................
TEMPERATURE (F)
 YESTERDAY
  MAXIMUM         86R   302 PM  81    2009  70     16
  MINIMUM         53    621 AM  34    2008  44      9
  AVERAGE         70                        57     13

PRECIPITATION (IN)
  YESTERDAY        0.00          0.56 1998   0.04  -0.04
  MONTH TO DATE    0.14                      1.51  -1.37
  SINCE OCT 1      4.05                      8.41  -4.36
  SINCE JAN 1      0.93                      5.28  -4.35

SNOWFALL (IN)
  YESTERDAY        0.0
  MONTH TO DATE    0.0
  SINCE MAR 1      0.0
  SINCE JUL 1      0.0
  SNOW DEPTH       0

DEGREE DAYS
 HEATING
  YESTERDAY        0
  MONTH TO DATE   90
  SINCE MAR 1     90
  SINCE JUL 1   1632

 COOLING
  YESTERDAY        5
  MONTH TO DATE   43
  SINCE MAR 1     43
  SINCE JAN 1     43
...............................................................


WIND (MPH)
  HIGHEST WIND SPEED    16   HIGHEST WIND DIRECTION    NW (330)
  HIGHEST GUST SPEED    20   HIGHEST GUST DIRECTION    NW (320)
  AVERAGE WIND SPEED     8.6




RELATIVE HUMIDITY (PERCENT)
 HIGHEST    77
 LOWEST     23
 AVERAGE    50

..........................................................


THE HANFORD CA CLIMATE NORMALS FOR TODAY
                         NORMAL    RECORD    YEAR
 MAXIMUM TEMPERATURE (F)   70        87      2004
 MINIMUM TEMPERATURE (F)   44        33      1998


SUNRISE AND SUNSET
MARCH 29 2015.........SUNRISE   649 AM PDT   SUNSET   718 PM PDT
MARCH 30 2015.........SUNRISE   648 AM PDT   SUNSET   719 PM PDT


-  INDICATES NEGATIVE NUMBERS.
R  INDICATES RECORD WAS SET OR TIED.
MM INDICATES DATA IS MISSING.
T  INDICATES TRACE AMOUNT.




$$
