000
CDUS46 KHNX 050832
CLIHJO


CLIMATE REPORT
NATIONAL WEATHER SERVICE SAN JOAQUIN VALLEY, CA
1226 AM PST FRI FEB 5 2016


...................................

...THE HANFORD CA CLIMATE SUMMARY FOR FEBRUARY 4 2016...

CLIMATE NORMAL PERIOD 1981 TO 2010
CLIMATE RECORD PERIOD 1998 TO 2016


WEATHER ITEM   OBSERVED TIME   RECORD YEAR NORMAL DEPARTURE
                VALUE   (LST)  VALUE       VALUE  FROM
                                                  NORMAL
...............................................................
TEMPERATURE (F)
 YESTERDAY
  MAXIMUM         59    340 PM  75    2015  59      0
  MINIMUM         33    649 AM  29    2012  38     -5
                                      2002
  AVERAGE         46                        48     -2

PRECIPITATION (IN)
  YESTERDAY        0.00          0.01 2008   0.05  -0.05
  MONTH TO DATE    0.00                      0.18  -0.18
  SINCE OCT 1      5.47                      5.35   0.12
  SINCE JAN 1      2.87                      2.22   0.65

SNOWFALL (IN)
  YESTERDAY        0.0
  MONTH TO DATE    0.0
  SINCE DEC 1      0.0
  SINCE JUL 1      0.0
  SNOW DEPTH       0

DEGREE DAYS
 HEATING
  YESTERDAY       19
  MONTH TO DATE   85
  SINCE DEC 1   1197
  SINCE JUL 1   1647

 COOLING
  YESTERDAY        0
  MONTH TO DATE    0
  SINCE DEC 1      0
  SINCE JAN 1      0
...............................................................


WIND (MPH)
  HIGHEST WIND SPEED    12   HIGHEST WIND DIRECTION    NW (320)
  HIGHEST GUST SPEED    15   HIGHEST GUST DIRECTION    NW (320)
  AVERAGE WIND SPEED     2.5




RELATIVE HUMIDITY (PERCENT)
 HIGHEST   100
 LOWEST     51
 AVERAGE    76

..........................................................


THE HANFORD CA CLIMATE NORMALS FOR TODAY
                         NORMAL    RECORD    YEAR
 MAXIMUM TEMPERATURE (F)   59        78      2015
 MINIMUM TEMPERATURE (F)   38        29      2002


SUNRISE AND SUNSET
FEBRUARY  5 2016......SUNRISE   657 AM PST   SUNSET   529 PM PST
FEBRUARY  6 2016......SUNRISE   656 AM PST   SUNSET   530 PM PST


-  INDICATES NEGATIVE NUMBERS.
R  INDICATES RECORD WAS SET OR TIED.
MM INDICATES DATA IS MISSING.
T  INDICATES TRACE AMOUNT.




$$
