000
CDUS46 KHNX 060823
CLIHJO


CLIMATE REPORT
NATIONAL WEATHER SERVICE SAN JOAQUIN VALLEY, CA
1223 AM PST TUE DEC 6 2016


...................................

...THE HANFORD CA CLIMATE SUMMARY FOR DECEMBER 5 2016...

CLIMATE NORMAL PERIOD 1981 TO 2010
CLIMATE RECORD PERIOD 1998 TO 2016


WEATHER ITEM   OBSERVED TIME   RECORD YEAR NORMAL DEPARTURE
                VALUE   (LST)  VALUE       VALUE  FROM
                                                  NORMAL
...............................................................
TEMPERATURE (F)
 YESTERDAY
  MAXIMUM         56    322 PM  66    2012  57     -1
  MINIMUM         31    453 AM  21    2013  35     -4
  AVERAGE         44                        46     -2

PRECIPITATION (IN)
  YESTERDAY        0.00          0.26 2010   0.03  -0.03
  MONTH TO DATE    0.00                      0.11  -0.11
  SINCE OCT 1      1.00                      1.61  -0.61
  SINCE JAN 1      6.66                      8.58  -1.92

SNOWFALL (IN)
  YESTERDAY        0.0
  MONTH TO DATE    0.0
  SINCE DEC 1      0.0
  SINCE JUL 1      0.0
  SNOW DEPTH       0

DEGREE DAYS
 HEATING
  YESTERDAY       21
  MONTH TO DATE  100
  SINCE DEC 1    100
  SINCE JUL 1    406

 COOLING
  YESTERDAY        0
  MONTH TO DATE    0
  SINCE DEC 1      0
  SINCE JAN 1   1966
...............................................................


WIND (MPH)
  HIGHEST WIND SPEED     9   HIGHEST WIND DIRECTION    NW (330)
  HIGHEST GUST SPEED    12   HIGHEST GUST DIRECTION    NW (330)
  AVERAGE WIND SPEED     2.8




RELATIVE HUMIDITY (PERCENT)
 HIGHEST   100
 LOWEST     72
 AVERAGE    86

..........................................................


THE HANFORD CA CLIMATE NORMALS FOR TODAY
                         NORMAL    RECORD    YEAR
 MAXIMUM TEMPERATURE (F)   56        70      2014
 MINIMUM TEMPERATURE (F)   35        21      2013


SUNRISE AND SUNSET
DECEMBER  6 2016......SUNRISE   656 AM PST   SUNSET   443 PM PST
DECEMBER  7 2016......SUNRISE   657 AM PST   SUNSET   443 PM PST


-  INDICATES NEGATIVE NUMBERS.
R  INDICATES RECORD WAS SET OR TIED.
MM INDICATES DATA IS MISSING.
T  INDICATES TRACE AMOUNT.




$$
