000
CDUS43 KGLD 230818
CLIHLC

CLIMATE REPORT
NATIONAL WEATHER SERVICE GOODLAND
150 AM MDT SUN APR 23 2017

...................................

...THE HILL CITY KS CLIMATE SUMMARY FOR APRIL 22 2017...

CLIMATE NORMAL PERIOD 1981 TO 2010
CLIMATE RECORD PERIOD 1896 TO 2017

WEATHER ITEM   OBSERVED TIME   RECORD YEAR NORMAL DEPARTURE LAST
                VALUE   (LST)  VALUE       VALUE  FROM      YEAR
                                                  NORMAL
..................................................................
TEMPERATURE (F)
 YESTERDAY
  MAXIMUM         64    451 PM 101    1989  68     -4       75
  MINIMUM         37   1135 PM  25    1982  40     -3       38
  AVERAGE         51                        54     -3       57

PRECIPITATION (IN)
  YESTERDAY        0.00                      0.08  -0.08     0.00
  MONTH TO DATE    1.11                      1.43  -0.32     5.56
  SINCE MAR 1      3.21                      3.06   0.15     5.76
  SINCE JAN 1      4.28                      4.03   0.25     6.65

..................................................................

THE HILL CITY KS CLIMATE NORMALS FOR TODAY
                         NORMAL    RECORD    YEAR
 MAXIMUM TEMPERATURE (F)   68        96      1939
 MINIMUM TEMPERATURE (F)   41        24      2013

-  INDICATES NEGATIVE NUMBERS.
R  INDICATES RECORD WAS SET OR TIED.
MM INDICATES DATA IS MISSING.
T  INDICATES TRACE AMOUNT.

$$
