000
CDUS43 KGLD 170741
CLIHLC

CLIMATE REPORT
NATIONAL WEATHER SERVICE GOODLAND
137 AM MDT WED SEP 17 2014

...................................

...THE HILL CITY KS CLIMATE SUMMARY FOR SEPTEMBER 16 2014...

CLIMATE NORMAL PERIOD 1981 TO 2010
CLIMATE RECORD PERIOD 1896 TO 2014

WEATHER ITEM   OBSERVED TIME   RECORD YEAR NORMAL DEPARTURE LAST
                VALUE   (LST)  VALUE       VALUE  FROM      YEAR
                                                  NORMAL
..................................................................
TEMPERATURE (F)
 YESTERDAY
  MAXIMUM         81    528 PM 100    1955  82     -1       61
  MINIMUM         43    402 AM  31    1912  53    -10       56
  AVERAGE         62                        67     -5       59

PRECIPITATION (IN)
  YESTERDAY        0.00                      0.05  -0.05     0.12
  MONTH TO DATE    0.30                      1.06  -0.76     1.18
  SINCE SEP 1      0.30                      1.06  -0.76     1.18
  SINCE JAN 1     20.12                     18.94   1.18    14.12

..................................................................

THE HILL CITY KS CLIMATE NORMALS FOR TODAY
                         NORMAL    RECORD    YEAR
 MAXIMUM TEMPERATURE (F)   81       106      1947
 MINIMUM TEMPERATURE (F)   53        33      1981

-  INDICATES NEGATIVE NUMBERS.
R  INDICATES RECORD WAS SET OR TIED.
MM INDICATES DATA IS MISSING.
T  INDICATES TRACE AMOUNT.

$$
