000
CDUS43 KGLD 010755
CLIHLC

CLIMATE REPORT
NATIONAL WEATHER SERVICE GOODLAND
1248 AM MST SUN FEB 1 2015

...................................

...THE HILL CITY KS CLIMATE SUMMARY FOR JANUARY 31 2015...

CLIMATE NORMAL PERIOD 1981 TO 2010
CLIMATE RECORD PERIOD 1896 TO 2015

WEATHER ITEM   OBSERVED TIME   RECORD YEAR NORMAL DEPARTURE LAST
                VALUE   (LST)  VALUE       VALUE  FROM      YEAR
                                                  NORMAL
..................................................................
TEMPERATURE (F)
 YESTERDAY
  MAXIMUM         40    543 PM  82    1989  43     -3       24
  MINIMUM         32   1159 PM -14    1918  18     14       19
  AVERAGE         36                        30      6       22

PRECIPITATION (IN)
  YESTERDAY        0.16                      0.02   0.14     0.06
  MONTH TO DATE    0.23                      0.45  -0.22     0.10
  SINCE DEC 1      0.75                      1.14  -0.39     0.16
  SINCE JAN 1      0.23                      0.45  -0.22     0.10

..................................................................

THE HILL CITY KS CLIMATE NORMALS FOR TODAY
                         NORMAL    RECORD    YEAR
 MAXIMUM TEMPERATURE (F)   43        82      1989
 MINIMUM TEMPERATURE (F)   18       -19      1951

-  INDICATES NEGATIVE NUMBERS.
R  INDICATES RECORD WAS SET OR TIED.
MM INDICATES DATA IS MISSING.
T  INDICATES TRACE AMOUNT.

$$
