000
CDUS43 KGLD 250748 RRA
CLIHLC

CLIMATE REPORT
NATIONAL WEATHER SERVICE GOODLAND
1246 AM MST THU DEC 25 2014


...................................

...THE HILL CITY KS CLIMATE SUMMARY FOR DECEMBER 24 2014...

CLIMATE NORMAL PERIOD 1981 TO 2010
CLIMATE RECORD PERIOD 1896 TO 2014


WEATHER ITEM   OBSERVED TIME   RECORD YEAR NORMAL DEPARTURE LAST
                VALUE   (LST)  VALUE       VALUE  FROM      YEAR
                                                  NORMAL
..................................................................
TEMPERATURE (F)
 YESTERDAY
  MAXIMUM         47    421 PM  64    1955  41      6       46
  MINIMUM         23    828 AM -17    1924  16      7       17
  AVERAGE         35                        29      6       32

PRECIPITATION (IN)
  YESTERDAY        0.00                      0.02  -0.02     0.00
  MONTH TO DATE    0.27                      0.58  -0.31     0.06
  SINCE DEC 1      0.27                      0.58  -0.31     0.06
  SINCE JAN 1     21.72                     22.81  -1.09    17.62

..................................................................


THE HILL CITY KS CLIMATE NORMALS FOR TODAY
                         NORMAL    RECORD    YEAR
 MAXIMUM TEMPERATURE (F)   41        76      1950
 MINIMUM TEMPERATURE (F)   16       -13      1983



-  INDICATES NEGATIVE NUMBERS.
R  INDICATES RECORD WAS SET OR TIED.
MM INDICATES DATA IS MISSING.
T  INDICATES TRACE AMOUNT.

$$
