000
CDUS45 KTFX 251101
CLIHLN


CLIMATE REPORT
NATIONAL WEATHER SERVICE GREAT FALLS MT
459 AM MDT SUN SEP 25 2016


...................................

...THE HELENA MT CLIMATE SUMMARY FOR SEPTEMBER 24 2016...

CLIMATE NORMAL PERIOD 1981 TO 2010
CLIMATE RECORD PERIOD 1866 TO 2016


WEATHER ITEM   OBSERVED TIME   RECORD YEAR NORMAL DEPARTURE LAST
                VALUE   (LST)  VALUE       VALUE  FROM      YEAR
                                                  NORMAL
..................................................................
TEMPERATURE (F)
 YESTERDAY
  MAXIMUM         65    331 PM  91    2014  69     -4       79
  MINIMUM         50   1256 AM   6    1926  40     10       46
  AVERAGE         58                        54      4       63

PRECIPITATION (IN)
  YESTERDAY        0.00          1.20 1920   0.03  -0.03     0.00
  MONTH TO DATE    0.97                      0.91   0.06     2.08
  SINCE OCT 1      8.87                     11.03  -2.16    10.48
  SINCE JAN 1      7.17                      9.46  -2.29     8.20

SNOWFALL (IN)
  YESTERDAY        0.0           1.0  1910   0.0    0.0      0.0
  MONTH TO DATE    0.0                       0.9   -0.9      0.0
  SINCE SEP 1      0.0                       0.9   -0.9      0.0
  SINCE JUL 1      0.0                       1.2   -1.2      0.0
  SNOW DEPTH       0

DEGREE DAYS
 HEATING
  YESTERDAY        7                        11     -4        2
  MONTH TO DATE  192                       166     26      130
  SINCE SEP 1    192                       166     26      130
  SINCE JUL 1    236                       235      1      167

 COOLING
  YESTERDAY        0                         0      0        0
  MONTH TO DATE   12                        22    -10       21
  SINCE SEP 1     12                        22    -10       21
  SINCE JAN 1    454                       405     49      559
..................................................................


WIND (MPH)
  HIGHEST WIND SPEED    28   HIGHEST WIND DIRECTION     W (280)
  HIGHEST GUST SPEED    33   HIGHEST GUST DIRECTION     W (280)
  AVERAGE WIND SPEED    16.0


SKY COVER
  AVERAGE SKY COVER 0.5


WEATHER CONDITIONS
 THE FOLLOWING WEATHER WAS RECORDED YESTERDAY.
  NO SIGNIFICANT WEATHER WAS OBSERVED.


RELATIVE HUMIDITY (PERCENT)
 HIGHEST    63           500 AM
 LOWEST     28           300 PM
 AVERAGE    46

..........................................................


THE HELENA MT CLIMATE NORMALS FOR TODAY
                         NORMAL    RECORD    YEAR
 MAXIMUM TEMPERATURE (F)   68        95      2001
 MINIMUM TEMPERATURE (F)   40        17      1926


SUNRISE AND SUNSET
SEPTEMBER 25 2016.....SUNRISE   719 AM MDT   SUNSET   718 PM MDT
SEPTEMBER 26 2016.....SUNRISE   721 AM MDT   SUNSET   717 PM MDT


-  INDICATES NEGATIVE NUMBERS.
R  INDICATES RECORD WAS SET OR TIED.
MM INDICATES DATA IS MISSING.
T  INDICATES TRACE AMOUNT.




$$
