000
CDUS45 KTFX 271016
CLIHLN


CLIMATE REPORT
NATIONAL WEATHER SERVICE GREAT FALLS MT
414 AM MDT SAT AUG 27 2016


...................................

...THE HELENA MT CLIMATE SUMMARY FOR AUGUST 26 2016...

CLIMATE NORMAL PERIOD 1981 TO 2010
CLIMATE RECORD PERIOD 1866 TO 2016


WEATHER ITEM   OBSERVED TIME   RECORD YEAR NORMAL DEPARTURE LAST
                VALUE   (LST)  VALUE       VALUE  FROM      YEAR
                                                  NORMAL
..................................................................
TEMPERATURE (F)
 YESTERDAY
  MAXIMUM         77    359 PM  97    2010  82     -5       94
  MINIMUM         50    512 AM  35    1992  50      0       58
  AVERAGE         64                        66     -2       76

PRECIPITATION (IN)
  YESTERDAY        0.00          0.34 1954   0.04  -0.04     0.00
  MONTH TO DATE    0.92                      1.00  -0.08     0.25
  SINCE OCT 1      7.90                      9.92  -2.02     8.37
  SINCE JAN 1      6.20                      8.35  -2.15     6.09

SNOWFALL (IN)
  YESTERDAY        0.0           T    1989   0.0    0.0      0.0
                                      1995
  MONTH TO DATE    0.0                       0.2   -0.2      0.0
  SINCE JUN 1      T                         0.2   -0.2      0.0
  SINCE JUL 1      0.0                       0.2   -0.2      0.0
  SNOW DEPTH       0

DEGREE DAYS
 HEATING
  YESTERDAY        1                         2     -1        0
  MONTH TO DATE   26                        26      0       22
  SINCE JUN 1     98                       189    -91       69
  SINCE JUL 1     44                        53     -9       37

 COOLING
  YESTERDAY        0                         3     -3       11
  MONTH TO DATE   94                       133    -39      147
  SINCE JUN 1    407                       363     44      505
  SINCE JAN 1    407                       371     36      505
..................................................................


WIND (MPH)
  HIGHEST WIND SPEED    10   HIGHEST WIND DIRECTION     N (20)
  HIGHEST GUST SPEED    13   HIGHEST GUST DIRECTION    NE (50)
  AVERAGE WIND SPEED     5.3


SKY COVER
  AVERAGE SKY COVER 0.1


WEATHER CONDITIONS
 THE FOLLOWING WEATHER WAS RECORDED YESTERDAY.
  NO SIGNIFICANT WEATHER WAS OBSERVED.


RELATIVE HUMIDITY (PERCENT)
 HIGHEST    68           500 AM
 LOWEST     23           300 PM
 AVERAGE    46

..........................................................


THE HELENA MT CLIMATE NORMALS FOR TODAY
                         NORMAL    RECORD    YEAR
 MAXIMUM TEMPERATURE (F)   81        98      2001
 MINIMUM TEMPERATURE (F)   50        37      1993


SUNRISE AND SUNSET
AUGUST 27 2016........SUNRISE   642 AM MDT   SUNSET   815 PM MDT
AUGUST 28 2016........SUNRISE   644 AM MDT   SUNSET   814 PM MDT


-  INDICATES NEGATIVE NUMBERS.
R  INDICATES RECORD WAS SET OR TIED.
MM INDICATES DATA IS MISSING.
T  INDICATES TRACE AMOUNT.




$$
