000
CDUS45 KTFX 121120
CLIHLN


CLIMATE REPORT
NATIONAL WEATHER SERVICE GREAT FALLS MT
420 AM MST FRI FEB 12 2016


...................................

...THE HELENA MT CLIMATE SUMMARY FOR FEBRUARY 11 2016...

CLIMATE NORMAL PERIOD 1981 TO 2010
CLIMATE RECORD PERIOD 1866 TO 2016


WEATHER ITEM   OBSERVED TIME   RECORD YEAR NORMAL DEPARTURE LAST
                VALUE   (LST)  VALUE       VALUE  FROM      YEAR
                                                  NORMAL
..................................................................
TEMPERATURE (F)
 YESTERDAY
  MAXIMUM         57    146 PM  65    1961  38     19       52
  MINIMUM         32    218 AM -29    1905  16     16       27
  AVERAGE         45                        27     18       40

PRECIPITATION (IN)
  YESTERDAY        T             0.42 1900   0.01  -0.01     0.00
  MONTH TO DATE    T                         0.11  -0.11     0.24
  SINCE OCT 1      2.01                      2.04  -0.03     3.16
  SINCE JAN 1      0.31                      0.47  -0.16     0.88

SNOWFALL (IN)
  YESTERDAY        0.0          14.6  1900   0.2   -0.2      0.0
  MONTH TO DATE    T                         2.1   -2.1      0.1
  SINCE DEC 1     11.3                      15.6   -4.3     11.9
  SINCE JUL 1     14.8                      24.4   -9.6     22.7
  SNOW DEPTH       0

DEGREE DAYS
 HEATING
  YESTERDAY       20                        38    -18       25
  MONTH TO DATE  347                       429    -82      281
  SINCE DEC 1   2879                      3065   -186     2727
  SINCE JUL 1   4508                      4947   -439     4439

 COOLING
  YESTERDAY        0                         0      0        0
  MONTH TO DATE    0                         0      0        0
  SINCE DEC 1      0                         0      0        0
  SINCE JAN 1      0                         0      0        0
..................................................................


WIND (MPH)
  HIGHEST WIND SPEED    20   HIGHEST WIND DIRECTION     W (250)
  HIGHEST GUST SPEED    24   HIGHEST GUST DIRECTION     W (250)
  AVERAGE WIND SPEED     4.3


SKY COVER
  AVERAGE SKY COVER 0.5


WEATHER CONDITIONS
 THE FOLLOWING WEATHER WAS RECORDED YESTERDAY.
  LIGHT RAIN


RELATIVE HUMIDITY (PERCENT)
 HIGHEST    78          1200 AM
 LOWEST     30           200 PM
 AVERAGE    54

..........................................................


THE HELENA MT CLIMATE NORMALS FOR TODAY
                         NORMAL    RECORD    YEAR
 MAXIMUM TEMPERATURE (F)   38        63      1921
 MINIMUM TEMPERATURE (F)   16       -30      1905


SUNRISE AND SUNSET
FEBRUARY 12 2016......SUNRISE   737 AM MST   SUNSET   548 PM MST
FEBRUARY 13 2016......SUNRISE   735 AM MST   SUNSET   550 PM MST


-  INDICATES NEGATIVE NUMBERS.
R  INDICATES RECORD WAS SET OR TIED.
MM INDICATES DATA IS MISSING.
T  INDICATES TRACE AMOUNT.




$$
