000
CDHW40 PHFO 200242
CLIHNL


CLIMATE REPORT
NATIONAL WEATHER SERVICE HONOLULU HI
433 PM HST THU JAN 19 2017


...................................

...THE HONOLULU HI CLIMATE SUMMARY FOR JANUARY 19 2017...
VALID TODAY AS OF 0400 PM LOCAL TIME.

CLIMATE NORMAL PERIOD 1981 TO 2010
CLIMATE RECORD PERIOD 1946 TO 2017


WEATHER ITEM   OBSERVED TIME   RECORD YEAR NORMAL DEPARTURE LAST
                VALUE   (LST)  VALUE       VALUE  FROM      YEAR
                                                  NORMAL
..................................................................
TEMPERATURE (F)
 TODAY
  MAXIMUM         84    116 PM  85    1996  80      4       80
                                      1986
  MINIMUM         66    607 AM  59    2009  66      0       63
                                      1980
  AVERAGE         75                        73      2       72

PRECIPITATION (IN)
  TODAY            0.00          4.15 1952   0.07  -0.07     0.00
  MONTH TO DATE    T                         1.56  -1.56      T
  SINCE DEC 1      0.87                      4.80  -3.93     0.27
  SINCE JAN 1      T                         1.56  -1.56      T

SNOWFALL (IN)
  TODAY            0.0
  MONTH TO DATE    0.0
  SINCE DEC 1      0.0
  SINCE JUL 1      0.0
  SNOW DEPTH       0

DEGREE DAYS
 HEATING
  TODAY            0                         0      0        0
  MONTH TO DATE    0                         0      0        0
  SINCE DEC 1      0                         0      0        0
  SINCE JUL 1      0                         0      0        0

 COOLING
  TODAY           10                         8      2        7
  MONTH TO DATE  162                       154      8      169
  SINCE DEC 1    467                       456     11      575
  SINCE JAN 1    162                       154      8      169
..................................................................


WIND (MPH)
  HIGHEST WIND SPEED    22   HIGHEST WIND DIRECTION     E (70)
  HIGHEST GUST SPEED    29   HIGHEST GUST DIRECTION     E (70)
  AVERAGE WIND SPEED     7.6


SKY COVER
  POSSIBLE SUNSHINE  MM
  AVERAGE SKY COVER 0.3


WEATHER CONDITIONS
 THE FOLLOWING WEATHER WAS RECORDED TODAY.
  NO SIGNIFICANT WEATHER WAS OBSERVED.


RELATIVE HUMIDITY (PERCENT)
 HIGHEST    87           600 AM
 LOWEST     43          1200 PM
 AVERAGE    65

..........................................................


THE HONOLULU HI CLIMATE NORMALS FOR TOMORROW
                         NORMAL    RECORD    YEAR
 MAXIMUM TEMPERATURE (F)   80        87      1986
 MINIMUM TEMPERATURE (F)   66        53      1969


SUNRISE AND SUNSET
JANUARY 19 2017.......SUNRISE   712 AM HST   SUNSET   614 PM HST
JANUARY 20 2017.......SUNRISE   712 AM HST   SUNSET   614 PM HST


-  INDICATES NEGATIVE NUMBERS.
R  INDICATES RECORD WAS SET OR TIED.
MM INDICATES DATA IS MISSING.
T  INDICATES TRACE AMOUNT.




$$
