000
CDHW40 PHFO 030237
CLIHNL


CLIMATE REPORT
NATIONAL WEATHER SERVICE HONOLULU HI
437 PM HST MON MAR 2 2015


...................................

...THE HONOLULU HI CLIMATE SUMMARY FOR MARCH 2 2015...
VALID TODAY AS OF 0400 PM LOCAL TIME.

CLIMATE NORMAL PERIOD 1981 TO 2010
CLIMATE RECORD PERIOD 1946 TO 2015


WEATHER ITEM   OBSERVED TIME   RECORD YEAR NORMAL DEPARTURE LAST
                VALUE   (LST)  VALUE       VALUE  FROM      YEAR
                                                  NORMAL
..................................................................
TEMPERATURE (F)
 TODAY
  MAXIMUM         86R   224 PM  85    1997  81      5       72
                                      1959
  MINIMUM         72    730 AM  58    1983  67      5       68
  AVERAGE         79                        74      5       70

PRECIPITATION (IN)
  TODAY            0.00          1.13 1989   0.06  -0.06     0.23
  MONTH TO DATE    0.01                      0.13  -0.12     0.77
  SINCE MAR 1      0.01                      0.13  -0.12     0.77
  SINCE JAN 1      1.81                      4.43  -2.62     4.45

SNOWFALL (IN)
  TODAY            0.0
  MONTH TO DATE    0.0
  SINCE MAR 1      0.0
  SINCE JUL 1      0.0
  SNOW DEPTH       0

DEGREE DAYS
 HEATING
  TODAY            0                         0      0        0
  MONTH TO DATE    0                         0      0        0
  SINCE MAR 1      0                         0      0        0
  SINCE JUL 1      0                         0      0        0

 COOLING
  TODAY           14                         9      5        5
  MONTH TO DATE   26                        17      9       14
  SINCE MAR 1     26                        17      9       14
  SINCE JAN 1    536                       499     37      533
..................................................................


WIND (MPH)
  HIGHEST WIND SPEED    18   HIGHEST WIND DIRECTION    NE (30)
  HIGHEST GUST SPEED    23   HIGHEST GUST DIRECTION    NE (40)
  AVERAGE WIND SPEED     8.6


SKY COVER
  POSSIBLE SUNSHINE  MM
  AVERAGE SKY COVER 0.5


WEATHER CONDITIONS
 THE FOLLOWING WEATHER WAS RECORDED TODAY.
  NO SIGNIFICANT WEATHER WAS OBSERVED.


RELATIVE HUMIDITY (PERCENT)
 HIGHEST    79           500 AM
 LOWEST     48           200 PM
 AVERAGE    64

..........................................................


THE HONOLULU HI CLIMATE NORMALS FOR TOMORROW
                         NORMAL    RECORD    YEAR
 MAXIMUM TEMPERATURE (F)   81        86      1977
 MINIMUM TEMPERATURE (F)   67        58      1991


SUNRISE AND SUNSET
MARCH  2 2015.........SUNRISE   651 AM HST   SUNSET   636 PM HST
MARCH  3 2015.........SUNRISE   651 AM HST   SUNSET   637 PM HST


-  INDICATES NEGATIVE NUMBERS.
R  INDICATES RECORD WAS SET OR TIED.
MM INDICATES DATA IS MISSING.
T  INDICATES TRACE AMOUNT.




$$
