000
CDHW40 PHFO 011245
CLIHNL


CLIMATE REPORT
NATIONAL WEATHER SERVICE HONOLULU HI
245 AM HST SUN FEB 1 2015


...................................

...THE HONOLULU HI CLIMATE SUMMARY FOR JANUARY 31 2015...

CLIMATE NORMAL PERIOD 1981 TO 2010
CLIMATE RECORD PERIOD 1946 TO 2015


WEATHER ITEM   OBSERVED TIME   RECORD YEAR NORMAL DEPARTURE LAST
                VALUE   (LST)  VALUE       VALUE  FROM      YEAR
                                                  NORMAL
..................................................................
TEMPERATURE (F)
 YESTERDAY
  MAXIMUM         80    301 PM  85    1970  80      0       80
  MINIMUM         64    505 AM  53    1998  66     -2       67
                                      1972
  AVERAGE         72                        73     -1       74

PRECIPITATION (IN)
  YESTERDAY        0.01          2.97 1946   0.07  -0.06     0.10
  MONTH TO DATE    0.94                      2.31  -1.37     2.45
  SINCE DEC 1      2.01                      5.55  -3.54     6.09
  SINCE JAN 1      0.94                      2.31  -1.37     2.45

SNOWFALL (IN)
  YESTERDAY        0.0
  MONTH TO DATE    0.0
  SINCE DEC 1      0.0
  SINCE JUL 1      0.0
  SNOW DEPTH       0

DEGREE DAYS
 HEATING
  YESTERDAY        0                         0      0        0
  MONTH TO DATE    0                         0      0        0
  SINCE DEC 1      0                         0      0        0
  SINCE JUL 1      0                         0      0        0

 COOLING
  YESTERDAY        7                         8     -1        9
  MONTH TO DATE  229                       254    -25      246
  SINCE DEC 1    513                       556    -43      581
  SINCE JAN 1    229                       254    -25      246
..................................................................


WIND (MPH)
  HIGHEST WIND SPEED    13   HIGHEST WIND DIRECTION    SW (230)
  HIGHEST GUST SPEED    16   HIGHEST GUST DIRECTION     W (250)
  AVERAGE WIND SPEED     5.9


SKY COVER
  POSSIBLE SUNSHINE  MM
  AVERAGE SKY COVER 0.5


WEATHER CONDITIONS
 THE FOLLOWING WEATHER WAS RECORDED YESTERDAY.
  NO SIGNIFICANT WEATHER WAS OBSERVED.


RELATIVE HUMIDITY (PERCENT)
 HIGHEST    93           500 AM
 LOWEST     54          1100 AM
 AVERAGE    74

..........................................................


THE HONOLULU HI CLIMATE NORMALS FOR TODAY
                         NORMAL    RECORD    YEAR
 MAXIMUM TEMPERATURE (F)   80        86      1970
 MINIMUM TEMPERATURE (F)   66        53      1976


SUNRISE AND SUNSET
FEBRUARY  1 2015......SUNRISE   709 AM HST   SUNSET   622 PM HST
FEBRUARY  2 2015......SUNRISE   709 AM HST   SUNSET   622 PM HST


-  INDICATES NEGATIVE NUMBERS.
R  INDICATES RECORD WAS SET OR TIED.
MM INDICATES DATA IS MISSING.
T  INDICATES TRACE AMOUNT.




$$
