000
CDHW40 PHFO 280234
CLIHNL


CLIMATE REPORT
NATIONAL WEATHER SERVICE HONOLULU HI
434 PM HST MON FEB 27 2017


...................................

...THE HONOLULU HI CLIMATE SUMMARY FOR FEBRUARY 27 2017...
VALID TODAY AS OF 0400 PM LOCAL TIME.

CLIMATE NORMAL PERIOD 1981 TO 2010
CLIMATE RECORD PERIOD 1946 TO 2017


WEATHER ITEM   OBSERVED TIME   RECORD YEAR NORMAL DEPARTURE LAST
                VALUE   (LST)  VALUE       VALUE  FROM      YEAR
                                                  NORMAL
..................................................................
TEMPERATURE (F)
 TODAY
  MAXIMUM         84    219 PM  85    1977  80      4       82
  MINIMUM         65    618 AM  58    1987  66     -1       67
                                      1972
  AVERAGE         75                        73      2       75

PRECIPITATION (IN)
  TODAY            T             5.43 2004   0.07  -0.07     0.00
  MONTH TO DATE    5.82                      1.91   3.91     0.32
  SINCE DEC 1      6.90                      7.46  -0.56     0.62
  SINCE JAN 1      6.03                      4.22   1.81     0.35

SNOWFALL (IN)
  TODAY            0.0
  MONTH TO DATE    0.0
  SINCE DEC 1      0.0
  SINCE JUL 1      0.0
  SNOW DEPTH       0

DEGREE DAYS
 HEATING
  TODAY            0                         0      0        0
  MONTH TO DATE    0                         0      0        0
  SINCE DEC 1      0                         0      0        0
  SINCE JUL 1      0                         0      0        0

 COOLING
  TODAY           10                         8      2       10
  MONTH TO DATE  246                       216     30      268
  SINCE DEC 1    824                       772     52      967
  SINCE JAN 1    519                       470     49      561
..................................................................


WIND (MPH)
  HIGHEST WIND SPEED    22   HIGHEST WIND DIRECTION     E (80)
  HIGHEST GUST SPEED    29   HIGHEST GUST DIRECTION    NE (50)
  AVERAGE WIND SPEED    11.1


SKY COVER
  POSSIBLE SUNSHINE  MM
  AVERAGE SKY COVER 0.5


WEATHER CONDITIONS
 THE FOLLOWING WEATHER WAS RECORDED TODAY.
  NO SIGNIFICANT WEATHER WAS OBSERVED.


RELATIVE HUMIDITY (PERCENT)
 HIGHEST    76           600 AM
 LOWEST     47           100 PM
 AVERAGE    62

..........................................................


THE HONOLULU HI CLIMATE NORMALS FOR TOMORROW
                         NORMAL    RECORD    YEAR
 MAXIMUM TEMPERATURE (F)   81        86      1977
 MINIMUM TEMPERATURE (F)   66        55      1987


SUNRISE AND SUNSET
FEBRUARY 27 2017......SUNRISE   653 AM HST   SUNSET   635 PM HST
FEBRUARY 28 2017......SUNRISE   653 AM HST   SUNSET   636 PM HST


-  INDICATES NEGATIVE NUMBERS.
R  INDICATES RECORD WAS SET OR TIED.
MM INDICATES DATA IS MISSING.
T  INDICATES TRACE AMOUNT.




$$
