000
CDHW40 PHFO 221245
CLIHNL


CLIMATE REPORT
NATIONAL WEATHER SERVICE HONOLULU HI
245 AM HST WED OCT 22 2014


...................................

...THE HONOLULU HI CLIMATE SUMMARY FOR OCTOBER 21 2014...

CLIMATE NORMAL PERIOD 1981 TO 2010
CLIMATE RECORD PERIOD 1946 TO 2014


WEATHER ITEM   OBSERVED TIME   RECORD YEAR NORMAL DEPARTURE LAST
                VALUE   (LST)  VALUE       VALUE  FROM      YEAR
                                                  NORMAL
..................................................................
TEMPERATURE (F)
 YESTERDAY
  MAXIMUM         88    223 PM  90    1996  86      2       83
                                      1995
                                      1988
  MINIMUM         74    415 AM  64    1955  73      1       67
  AVERAGE         81                        80      1       75

PRECIPITATION (IN)
  YESTERDAY        T             1.52 1936   0.07  -0.07     0.00
  MONTH TO DATE    5.03                      1.09   3.94     0.18
  SINCE SEP 1      5.61                      1.79   3.82     1.51
  SINCE JAN 1     17.84                     10.69   7.15    10.59

SNOWFALL (IN)
  YESTERDAY        0.0
  MONTH TO DATE    0.0
  SINCE SEP 1      0.0
  SINCE JUL 1      0.0
  SNOW DEPTH       0

DEGREE DAYS
 HEATING
  YESTERDAY        0                         0      0        0
  MONTH TO DATE    0                         0      0        0
  SINCE SEP 1      0                         0      0        0
  SINCE JUL 1      0                         0      0        0

 COOLING
  YESTERDAY       16                        15      1       10
  MONTH TO DATE  361                       324     37      290
  SINCE SEP 1    906                       819     87      767
  SINCE JAN 1   4064                      3803    261     3627
..................................................................


WIND (MPH)
  HIGHEST WIND SPEED    15   HIGHEST WIND DIRECTION     E (70)
  HIGHEST GUST SPEED    20   HIGHEST GUST DIRECTION    SE (120)
  AVERAGE WIND SPEED     6.2


SKY COVER
  POSSIBLE SUNSHINE  MM
  AVERAGE SKY COVER 0.6


WEATHER CONDITIONS
 THE FOLLOWING WEATHER WAS RECORDED YESTERDAY.
  NO SIGNIFICANT WEATHER WAS OBSERVED.


RELATIVE HUMIDITY (PERCENT)
 HIGHEST    85           900 PM
 LOWEST     61           200 PM
 AVERAGE    73

..........................................................


THE HONOLULU HI CLIMATE NORMALS FOR TODAY
                         NORMAL    RECORD    YEAR
 MAXIMUM TEMPERATURE (F)   86        91      1966
 MINIMUM TEMPERATURE (F)   73        67      1975
                                             1955
                                             1911


SUNRISE AND SUNSET
OCTOBER 22 2014.......SUNRISE   630 AM HST   SUNSET   602 PM HST
OCTOBER 23 2014.......SUNRISE   631 AM HST   SUNSET   601 PM HST


-  INDICATES NEGATIVE NUMBERS.
R  INDICATES RECORD WAS SET OR TIED.
MM INDICATES DATA IS MISSING.
T  INDICATES TRACE AMOUNT.




$$
