880
CDHW40 PHFO 271245
CLIHNL


CLIMATE REPORT
NATIONAL WEATHER SERVICE HONOLULU HI
245 AM HST TUE SEP 27 2016


...................................

...THE HONOLULU HI CLIMATE SUMMARY FOR SEPTEMBER 26 2016...

CLIMATE NORMAL PERIOD 1981 TO 2010
CLIMATE RECORD PERIOD 1946 TO 2016


WEATHER ITEM   OBSERVED TIME   RECORD YEAR NORMAL DEPARTURE LAST
                VALUE   (LST)  VALUE       VALUE  FROM      YEAR
                                                  NORMAL
..................................................................
TEMPERATURE (F)
 YESTERDAY
  MAXIMUM         85    205 PM  92    1995  88     -3       86
  MINIMUM         73    352 AM  70    1999  74     -1       79
                                      1970
                                      1961
  AVERAGE         79                        81     -2       83

PRECIPITATION (IN)
  YESTERDAY        0.01          0.40 1961   0.03  -0.02      T
  MONTH TO DATE    2.90                      0.58   2.32     4.47
  SINCE SEP 1      2.90                      0.58   2.32     4.47
  SINCE JAN 1     11.42                      9.48   1.94    10.10

SNOWFALL (IN)
  YESTERDAY        0.0
  MONTH TO DATE    0.0
  SINCE SEP 1      0.0
  SINCE JUL 1      0.0
  SNOW DEPTH       0

DEGREE DAYS
 HEATING
  YESTERDAY        0                         0      0        0
  MONTH TO DATE    0                         0      0        0
  SINCE SEP 1      0                         0      0        0
  SINCE JUL 1      0                         0      0        0

 COOLING
  YESTERDAY       14                        16     -2       18
  MONTH TO DATE  413                       432    -19      485
  SINCE SEP 1    413                       432    -19      485
  SINCE JAN 1   3528                      3416    112     3386
..................................................................


WIND (MPH)
  HIGHEST WIND SPEED    24   HIGHEST WIND DIRECTION    NE (50)
  HIGHEST GUST SPEED    31   HIGHEST GUST DIRECTION    NE (60)
  AVERAGE WIND SPEED    12.0


SKY COVER
  POSSIBLE SUNSHINE  MM
  AVERAGE SKY COVER 0.4


WEATHER CONDITIONS
 THE FOLLOWING WEATHER WAS RECORDED YESTERDAY.
  FOG


RELATIVE HUMIDITY (PERCENT)
 HIGHEST    87           300 AM
 LOWEST     55           500 PM
 AVERAGE    71

..........................................................


THE HONOLULU HI CLIMATE NORMALS FOR TODAY
                         NORMAL    RECORD    YEAR
 MAXIMUM TEMPERATURE (F)   88        93      1987
 MINIMUM TEMPERATURE (F)   74        68      1996


SUNRISE AND SUNSET
SEPTEMBER 27 2016.....SUNRISE   622 AM HST   SUNSET   623 PM HST
SEPTEMBER 28 2016.....SUNRISE   622 AM HST   SUNSET   622 PM HST


-  INDICATES NEGATIVE NUMBERS.
R  INDICATES RECORD WAS SET OR TIED.
MM INDICATES DATA IS MISSING.
T  INDICATES TRACE AMOUNT.




$$
