000
CDHW40 PHFO 191245
CLIHNL


CLIMATE REPORT
NATIONAL WEATHER SERVICE HONOLULU HI
245 AM HST FRI SEP 19 2014


...................................

...THE HONOLULU HI CLIMATE SUMMARY FOR SEPTEMBER 18 2014...

CLIMATE NORMAL PERIOD 1981 TO 2010
CLIMATE RECORD PERIOD 1946 TO 2014


WEATHER ITEM   OBSERVED TIME   RECORD YEAR NORMAL DEPARTURE LAST
                VALUE   (LST)  VALUE       VALUE  FROM      YEAR
                                                  NORMAL
..................................................................
TEMPERATURE (F)
 YESTERDAY
  MAXIMUM         87    230 PM  92    1995  89     -2       88
                                      1985
  MINIMUM         75    627 AM  67    1901  74      1       76
                                      1897
  AVERAGE         81                        82     -1       82

PRECIPITATION (IN)
  YESTERDAY        0.17          1.16 1930   0.02   0.15      T
  MONTH TO DATE    0.23                      0.36  -0.13     0.58
  SINCE SEP 1      0.23                      0.36  -0.13     0.58
  SINCE JAN 1     12.46                      9.26   3.20     9.66

SNOWFALL (IN)
  YESTERDAY        0.0
  MONTH TO DATE    0.0
  SINCE SEP 1      0.0
  SINCE JUL 1      0.0
  SNOW DEPTH       0

DEGREE DAYS
 HEATING
  YESTERDAY        0                         0      0        0
  MONTH TO DATE    0                         0      0        0
  SINCE SEP 1      0                         0      0        0
  SINCE JUL 1      0                         0      0        0

 COOLING
  YESTERDAY       16                        16      0       17
  MONTH TO DATE  324                       304     20      291
  SINCE SEP 1    324                       304     20      291
  SINCE JAN 1   3482                      3288    194     3151
..................................................................


WIND (MPH)
  HIGHEST WIND SPEED    16   HIGHEST WIND DIRECTION     N (340)
  HIGHEST GUST SPEED    23   HIGHEST GUST DIRECTION     N (340)
  AVERAGE WIND SPEED     5.1


SKY COVER
  POSSIBLE SUNSHINE  MM
  AVERAGE SKY COVER 0.6


WEATHER CONDITIONS
 THE FOLLOWING WEATHER WAS RECORDED YESTERDAY.
  HEAVY RAIN


RELATIVE HUMIDITY (PERCENT)
 HIGHEST    85           300 PM
 LOWEST     59          1000 AM
 AVERAGE    72

..........................................................


THE HONOLULU HI CLIMATE NORMALS FOR TODAY
                         NORMAL    RECORD    YEAR
 MAXIMUM TEMPERATURE (F)   89        95      1994
 MINIMUM TEMPERATURE (F)   74        66      1897


SUNRISE AND SUNSET
SEPTEMBER 19 2014.....SUNRISE   620 AM HST   SUNSET   631 PM HST
SEPTEMBER 20 2014.....SUNRISE   620 AM HST   SUNSET   630 PM HST


-  INDICATES NEGATIVE NUMBERS.
R  INDICATES RECORD WAS SET OR TIED.
MM INDICATES DATA IS MISSING.
T  INDICATES TRACE AMOUNT.




$$
