000
CDHW40 PHFO 060236
CLIHNL


CLIMATE REPORT
NATIONAL WEATHER SERVICE HONOLULU HI
435 PM HST SUN JUL 5 2015


...................................

...THE HONOLULU HI CLIMATE SUMMARY FOR JULY 5 2015...
VALID TODAY AS OF 0400 PM LOCAL TIME.

CLIMATE NORMAL PERIOD 1981 TO 2010
CLIMATE RECORD PERIOD 1946 TO 2015


WEATHER ITEM   OBSERVED TIME   RECORD YEAR NORMAL DEPARTURE LAST
                VALUE   (LST)  VALUE       VALUE  FROM      YEAR
                                                  NORMAL
..................................................................
TEMPERATURE (F)
 TODAY
  MAXIMUM         90    341 PM  91    1995  88      2       86
  MINIMUM         75    516 AM  69    1955  74      1       75
  AVERAGE         83                        81      2       81

PRECIPITATION (IN)
  TODAY            0.00          0.17 1996   0.01  -0.01      T
  MONTH TO DATE    0.00                      0.05  -0.05     0.04
  SINCE JUN 1      0.23                      0.31  -0.08     0.62
  SINCE JAN 1      3.22                      7.88  -4.66    10.59

SNOWFALL (IN)
  TODAY            0.0
  MONTH TO DATE    0.0
  SINCE JUN 1      0.0
  SINCE JUL 1      0.0
  SNOW DEPTH       0

DEGREE DAYS
 HEATING
  TODAY            0                         0      0        0
  MONTH TO DATE    0                         0      0        0
  SINCE JUN 1      0                         0      0        0
  SINCE JUL 1      0                         0      0        0

 COOLING
  TODAY           18                        16      2       16
  MONTH TO DATE   87                        80      7       85
  SINCE JUN 1    567                       536     31      548
  SINCE JAN 1   2042                      2038      4     2157
..................................................................


WIND (MPH)
  HIGHEST WIND SPEED    17   HIGHEST WIND DIRECTION    NE (60)
  HIGHEST GUST SPEED    24   HIGHEST GUST DIRECTION    NE (60)
  AVERAGE WIND SPEED     8.8


SKY COVER
  POSSIBLE SUNSHINE  MM
  AVERAGE SKY COVER 0.4


WEATHER CONDITIONS
 THE FOLLOWING WEATHER WAS RECORDED TODAY.
  NO SIGNIFICANT WEATHER WAS OBSERVED.


RELATIVE HUMIDITY (PERCENT)
 HIGHEST    79           600 AM
 LOWEST     46          1100 AM
 AVERAGE    63

..........................................................


THE HONOLULU HI CLIMATE NORMALS FOR TOMORROW
                         NORMAL    RECORD    YEAR
 MAXIMUM TEMPERATURE (F)   88        91      2005
                                             1995
                                             1985
 MINIMUM TEMPERATURE (F)   74        66      1990


SUNRISE AND SUNSET
JULY  5 2015..........SUNRISE   555 AM HST   SUNSET   718 PM HST
JULY  6 2015..........SUNRISE   555 AM HST   SUNSET   718 PM HST


-  INDICATES NEGATIVE NUMBERS.
R  INDICATES RECORD WAS SET OR TIED.
MM INDICATES DATA IS MISSING.
T  INDICATES TRACE AMOUNT.




$$
