000
CDHW40 PHFO 281245
CLIHNL


CLIMATE REPORT
NATIONAL WEATHER SERVICE HONOLULU HI
245 AM HST THU JUL 28 2016


...................................

...THE HONOLULU HI CLIMATE SUMMARY FOR JULY 27 2016...

CLIMATE NORMAL PERIOD 1981 TO 2010
CLIMATE RECORD PERIOD 1946 TO 2016


WEATHER ITEM   OBSERVED TIME   RECORD YEAR NORMAL DEPARTURE LAST
                VALUE   (LST)  VALUE       VALUE  FROM      YEAR
                                                  NORMAL
..................................................................
TEMPERATURE (F)
 YESTERDAY
  MAXIMUM         86    353 PM  91    2015  88     -2       91
                                      1995
                                      1987
  MINIMUM         74    545 AM  70    1955  75     -1       77
  AVERAGE         80                        82     -2       84

PRECIPITATION (IN)
  YESTERDAY        0.00          0.74 1963   0.02  -0.02      T
  MONTH TO DATE    2.36                      0.43   1.93     0.36
  SINCE JUN 1      2.55                      0.69   1.86     0.59
  SINCE JAN 1      6.59                      8.26  -1.67     3.58

SNOWFALL (IN)
  YESTERDAY        0.0
  MONTH TO DATE    0.0
  SINCE JUN 1      0.0
  SINCE JUL 1      0.0
  SNOW DEPTH       0

DEGREE DAYS
 HEATING
  YESTERDAY        0                         0      0        0
  MONTH TO DATE    0                         0      0        0
  SINCE JUN 1      0                         0      0        0
  SINCE JUL 1      0                         0      0        0

 COOLING
  YESTERDAY       15                        17     -2       19
  MONTH TO DATE  439                       433      6      460
  SINCE JUN 1    869                       889    -20      940
  SINCE JAN 1   2583                      2391    192     2410
..................................................................


WIND (MPH)
  HIGHEST WIND SPEED    25   HIGHEST WIND DIRECTION    NE (60)
  HIGHEST GUST SPEED    33   HIGHEST GUST DIRECTION    NE (60)
  AVERAGE WIND SPEED    14.9


SKY COVER
  POSSIBLE SUNSHINE  MM
  AVERAGE SKY COVER 0.5


WEATHER CONDITIONS
 THE FOLLOWING WEATHER WAS RECORDED YESTERDAY.
  NO SIGNIFICANT WEATHER WAS OBSERVED.


RELATIVE HUMIDITY (PERCENT)
 HIGHEST    84           300 AM
 LOWEST     48           400 PM
 AVERAGE    66

..........................................................


THE HONOLULU HI CLIMATE NORMALS FOR TODAY
                         NORMAL    RECORD    YEAR
 MAXIMUM TEMPERATURE (F)   88        92      1987
 MINIMUM TEMPERATURE (F)   75        69      2010


SUNRISE AND SUNSET
JULY 28 2016..........SUNRISE   604 AM HST   SUNSET   712 PM HST
JULY 29 2016..........SUNRISE   604 AM HST   SUNSET   712 PM HST


-  INDICATES NEGATIVE NUMBERS.
R  INDICATES RECORD WAS SET OR TIED.
MM INDICATES DATA IS MISSING.
T  INDICATES TRACE AMOUNT.




$$
