000
CDUS43 KFSD 092240
CLIHON


CLIMATE REPORT
NATIONAL WEATHER SERVICE SIOUX FALLS SD
439 PM CST TUE FEB 9 2016


...................................

...THE HURON SD CLIMATE SUMMARY FOR FEBRUARY 9 2016...
VALID TODAY AS OF 0400 PM LOCAL TIME.

CLIMATE NORMAL PERIOD 1981 TO 2010
CLIMATE RECORD PERIOD 1881 TO 2016


WEATHER ITEM   OBSERVED TIME   RECORD YEAR NORMAL DEPARTURE LAST
                VALUE   (LST)  VALUE       VALUE  FROM      YEAR
                                                  NORMAL
..................................................................
TEMPERATURE (F)
 TODAY
  MAXIMUM         32    359 PM  58    1977  30      2       32
  MINIMUM         12    444 AM -41    1994   9      3       24
  AVERAGE         22                        20      2       28

PRECIPITATION (IN)
  TODAY            0.00          0.66 1909   0.02  -0.02      T
  MONTH TO DATE    0.08                      0.17  -0.09     0.02
  SINCE DEC 1      1.65                      1.19   0.46     1.07
  SINCE JAN 1      0.37                      0.67  -0.30     0.37

SNOWFALL (IN)
  TODAY            0.0           6.8  1909   0.2   -0.2      0.0
  MONTH TO DATE    1.0                       2.2   -1.2      0.4
  SINCE DEC 1     20.6                      17.5    3.1     10.1
  SINCE JUL 1     26.2                      25.8    0.4     18.0
  SNOW DEPTH       0

DEGREE DAYS
 HEATING
  TODAY           43                        45     -2       37
  MONTH TO DATE  352                       416    -64      408
  SINCE DEC 1   3100                      3331   -231     3108
  SINCE JUL 1   4390                      5033   -643     4965

 COOLING
  TODAY            0                         0      0        0
  MONTH TO DATE    0                         0      0        0
  SINCE DEC 1      0                         0      0        0
  SINCE JAN 1      0                         0      0        0
..................................................................


WIND (MPH)
  HIGHEST WIND SPEED    20   HIGHEST WIND DIRECTION     N (360)
  HIGHEST GUST SPEED    25   HIGHEST GUST DIRECTION     N (360)
  AVERAGE WIND SPEED    11.2


SKY COVER
  POSSIBLE SUNSHINE  MM
  AVERAGE SKY COVER 0.4


WEATHER CONDITIONS
 THE FOLLOWING WEATHER WAS RECORDED TODAY.
  NO SIGNIFICANT WEATHER WAS OBSERVED.


RELATIVE HUMIDITY (PERCENT)
 HIGHEST    84           400 AM
 LOWEST     47           300 PM
 AVERAGE    66

..........................................................


THE HURON SD CLIMATE NORMALS FOR TOMORROW
                         NORMAL    RECORD    YEAR
 MAXIMUM TEMPERATURE (F)   30        61      1951
 MINIMUM TEMPERATURE (F)   10       -32      1884


SUNRISE AND SUNSET
FEBRUARY  9 2016......SUNRISE   742 AM CST   SUNSET   553 PM CST
FEBRUARY 10 2016......SUNRISE   740 AM CST   SUNSET   554 PM CST


-  INDICATES NEGATIVE NUMBERS.
R  INDICATES RECORD WAS SET OR TIED.
MM INDICATES DATA IS MISSING.
T  INDICATES TRACE AMOUNT.




$$
