000
CDUS44 KHGX 011317
CLIHOU

CLIMATE REPORT
NATIONAL WEATHER SERVICE HOUSTON/GALVESTON TX
815 AM CDT SAT OCT 1 2016


...MORNING CLIMATE DATA...

                            MORNING LOW    PRECIP SINCE MIDNIGHT
HOUSTON INTERCONTINENTAL         61                0.00
GALVESTON SCHOLES FIELD          70                0.00
BRYAN/COLLEGE STATION            61                0.00
HOUSTON HOBBY                    62                0.00
...................................

...THE HOUSTON INTERCONTINENTAL CLIMATE SUMMARY FOR SEPTEMBER 30 2016...

CLIMATE NORMAL PERIOD 1981 TO 2010
CLIMATE RECORD PERIOD 1892 TO 2016


WEATHER ITEM   OBSERVED TIME   RECORD YEAR NORMAL DEPARTURE LAST
                VALUE   (LST)  VALUE       VALUE  FROM      YEAR
                                                  NORMAL
..................................................................
TEMPERATURE (F)
 YESTERDAY
  MAXIMUM         81    414 PM  95    1998  86     -5       92
                                      1905
  MINIMUM         58    600 AM  47    1890  65     -7       70
  AVERAGE         70                        76     -6       81

PRECIPITATION (IN)
  YESTERDAY        0.00          2.55 1913   0.13  -0.13     0.00
  MONTH TO DATE    1.70                      4.12  -2.42     2.59
  SINCE SEP 1      1.70                      4.12  -2.42     2.59
  SINCE JAN 1     55.27                     35.99  19.28    47.97

DEGREE DAYS
 HEATING
  YESTERDAY        0                         0      0        0
  MONTH TO DATE    0                         0      0        0
  SINCE SEP 1      0                         1     -1        0
  SINCE JUL 1      0                         1     -1        0

 COOLING
  YESTERDAY        5                        11     -6       16
  MONTH TO DATE  536                       443     93      456
  SINCE SEP 1    536                       443     93      456
  SINCE JAN 1   2944                      2825    119     2961
..................................................................


WIND (MPH)
  HIGHEST WIND SPEED    12   HIGHEST WIND DIRECTION     E (100)
  HIGHEST GUST SPEED    15   HIGHEST GUST DIRECTION     E (70)




RELATIVE HUMIDITY (PERCENT)
 HIGHEST    86
 LOWEST     36
 AVERAGE    61

..........................................................


THE HOUSTON INTERCONTINENTAL CLIMATE NORMALS FOR TODAY
                         NORMAL    RECORD    YEAR
 MAXIMUM TEMPERATURE (F)   86        99      1900
 MINIMUM TEMPERATURE (F)   65        44      1984


SUNRISE AND SUNSET
OCTOBER  1 2016.......SUNRISE   715 AM CDT   SUNSET   706 PM CDT
OCTOBER  2 2016.......SUNRISE   716 AM CDT   SUNSET   705 PM CDT


-  INDICATES NEGATIVE NUMBERS.
R  INDICATES RECORD WAS SET OR TIED.
MM INDICATES DATA IS MISSING.
T  INDICATES TRACE AMOUNT.


&&

...................................

...THE HOUSTON/HOBBY AIRPORT CLIMATE SUMMARY FOR SEPTEMBER 30 2016...

CLIMATE NORMAL PERIOD 1981 TO 2010
CLIMATE RECORD PERIOD 1930 TO 2016


WEATHER ITEM   OBSERVED TIME   RECORD YEAR NORMAL DEPARTURE LAST
                VALUE   (LST)  VALUE       VALUE  FROM      YEAR
                                                  NORMAL
..................................................................
TEMPERATURE (F)
 YESTERDAY
  MAXIMUM         83    343 PM  94    1998  85     -2       91
                                      1977
                                      1953
  MINIMUM         61    627 AM  52    1942  68     -7       73
  AVERAGE         72                        76     -4       82

PRECIPITATION (IN)
  YESTERDAY        0.00          1.15 1934   0.14  -0.14     0.00
  MONTH TO DATE    2.31                      5.21  -2.90     4.47
  SINCE SEP 1      2.31                      5.21  -2.90     4.47
  SINCE JAN 1     49.62                     40.31   9.31    57.53

DEGREE DAYS
 HEATING
  YESTERDAY        0                         0      0        0
  MONTH TO DATE    0                         0      0        0
  SINCE SEP 1      0                         0      0        0
  SINCE JUL 1      0                         0      0        0

 COOLING
  YESTERDAY        7                        12     -5       17
  MONTH TO DATE  558                       452    106      468
  SINCE SEP 1    558                       452    106      468
  SINCE JAN 1   3189                      2793    396     3037
..................................................................


WIND (MPH)
  HIGHEST WIND SPEED    13   HIGHEST WIND DIRECTION    NE (40)
  HIGHEST GUST SPEED    16   HIGHEST GUST DIRECTION    NE (30)




RELATIVE HUMIDITY (PERCENT)
 HIGHEST    78
 LOWEST     33
 AVERAGE    56

..........................................................


THE HOUSTON/HOBBY AIRPORT CLIMATE NORMALS FOR TODAY
                         NORMAL    RECORD    YEAR
 MAXIMUM TEMPERATURE (F)   85        97      1938
 MINIMUM TEMPERATURE (F)   68        49      1984


SUNRISE AND SUNSET
OCTOBER  1 2016.......SUNRISE   715 AM CDT   SUNSET   706 PM CDT
OCTOBER  2 2016.......SUNRISE   715 AM CDT   SUNSET   705 PM CDT


-  INDICATES NEGATIVE NUMBERS.
R  INDICATES RECORD WAS SET OR TIED.
MM INDICATES DATA IS MISSING.
T  INDICATES TRACE AMOUNT.

...MISCELLANEOUS CLIMATE DATA FOR YESTERDAY...

LOCATION                        HIGH    LOW     PRECIP
PEARLAND                         83      62      0.00
SUGAR LAND                       82      56      0.00
TOMBALL                          82      55      0.00
CONROE                           82      51      0.00
HUNTSVILLE                       81      53      0.00
ANGLETON/LAKE JACKSON            84      57      0.00
PALACIOS                         83      57      0.00
LEAGUE CITY (NWS)                80      60      0.00


THIS PRODUCT...ALONG WITH OTHER WEATHER...HYDROLOGIC...AND CLIMATE
PRODUCTS...IS AVAILABLE ON THE WEB AT HTTP://WWW.SRH.NOAA.GOV/HGX
OR AT HTTP://WEATHER.GOV

$$
