000
CDUS44 KHGX 062154
CLIHOU

CLIMATE REPORT
NATIONAL WEATHER SERVICE HOUSTON/GALVESTON TX
434 PM CDT FRI MAY 6 2016


...................................

...THE HOUSTON INTERCONTINENTAL CLIMATE SUMMARY FOR MAY 6 2016...
VALID TODAY AS OF 400 PM LOCAL TIME.

CLIMATE NORMAL PERIOD 1981 TO 2010
CLIMATE RECORD PERIOD 1892 TO 2016


WEATHER ITEM   OBSERVED TIME   RECORD YEAR NORMAL DEPARTURE LAST
                VALUE   (LST)  VALUE       VALUE  FROM      YEAR
                                                  NORMAL
..................................................................
TEMPERATURE (F)
 TODAY
  MAXIMUM         83    244 PM  94    1906  84     -1       83
  MINIMUM         55    600 AM  49    2013  65    -10       73
  AVERAGE         69                        75     -6       78

PRECIPITATION (IN)
  TODAY            0.00          5.00 1938   0.17  -0.17     0.41
  MONTH TO DATE    0.05                      0.96  -0.91     0.54
  SINCE MAR 1     17.69                      7.68  10.01    12.98
  SINCE JAN 1     21.80                     14.26   7.54    16.81

DEGREE DAYS
 COOLING
  TODAY            4                        10     -6       13
  MONTH TO DATE   31                        54    -23       45
  SINCE MAR 1    273                       297    -24      349
  SINCE JAN 1    310                       335    -25      359
..................................................................


WIND (MPH)
  RESULTANT WIND SPEED   1   RESULTANT WIND DIRECTION   E (90)
  HIGHEST WIND SPEED    12   HIGHEST WIND DIRECTION     E (110)
  HIGHEST GUST SPEED    16   HIGHEST GUST DIRECTION    SE (150)
  AVERAGE WIND SPEED     1.8



WEATHER CONDITIONS
 THE FOLLOWING WEATHER WAS RECORDED TODAY.
  NO SIGNIFICANT WEATHER WAS OBSERVED.


RELATIVE HUMIDITY (PERCENT)
 HIGHEST    93           600 AM
 LOWEST     30          1200 PM
 AVERAGE    62

..........................................................


THE HOUSTON INTERCONTINENTAL CLIMATE NORMALS FOR TOMORROW
                         NORMAL    RECORD    YEAR
 MAXIMUM TEMPERATURE (F)   84        94      1998
 MINIMUM TEMPERATURE (F)   65        47      1891


SUNRISE AND SUNSET
MAY  6 2016...........SUNRISE   634 AM CDT   SUNSET   802 PM CDT
MAY  7 2016...........SUNRISE   633 AM CDT   SUNSET   803 PM CDT


-  INDICATES NEGATIVE NUMBERS.
R  INDICATES RECORD WAS SET OR TIED.
MM INDICATES DATA IS MISSING.
T  INDICATES TRACE AMOUNT.


&&

...................................

...THE HOUSTON/HOBBY AIRPORT CLIMATE SUMMARY FOR MAY 6 2016...
VALID TODAY AS OF 400 PM LOCAL TIME.

CLIMATE NORMAL PERIOD 1981 TO 2010
CLIMATE RECORD PERIOD 1930 TO 2016


WEATHER ITEM   OBSERVED TIME   RECORD YEAR NORMAL DEPARTURE LAST
                VALUE   (LST)  VALUE       VALUE  FROM      YEAR
                                                  NORMAL
..................................................................
TEMPERATURE (F)
 TODAY
  MAXIMUM         84    243 PM  94    1947  83      1       86
  MINIMUM         59    553 AM  51    2013  66     -7       73
  AVERAGE         72                        75     -3       80

PRECIPITATION (IN)
  TODAY            0.00          1.67 1982   0.14  -0.14     0.02
  MONTH TO DATE    0.07                      0.85  -0.78     0.04
  SINCE MAR 1     13.16                      7.30   5.86    14.62
  SINCE JAN 1     17.33                     14.38   2.95    20.50

DEGREE DAYS
 COOLING
  TODAY            7                        10     -3       15
  MONTH TO DATE   48                        56     -8       53
  SINCE MAR 1    399                       298    101      376
  SINCE JAN 1    437                       336    101      386
..................................................................


WIND (MPH)
  RESULTANT WIND SPEED   2   RESULTANT WIND DIRECTION   E (100)
  HIGHEST WIND SPEED    10   HIGHEST WIND DIRECTION     E (90)
  HIGHEST GUST SPEED    22   HIGHEST GUST DIRECTION     S (190)
  AVERAGE WIND SPEED     3.1



WEATHER CONDITIONS
 THE FOLLOWING WEATHER WAS RECORDED TODAY.
  NO SIGNIFICANT WEATHER WAS OBSERVED.


RELATIVE HUMIDITY (PERCENT)
 HIGHEST    80           600 AM
 LOWEST     28           300 PM
 AVERAGE    54

..........................................................


THE HOUSTON/HOBBY AIRPORT CLIMATE NORMALS FOR TOMORROW
                         NORMAL    RECORD    YEAR
 MAXIMUM TEMPERATURE (F)   83        96      1998
 MINIMUM TEMPERATURE (F)   67        52      1992
                                             1931


SUNRISE AND SUNSET
MAY  6 2016...........SUNRISE   634 AM CDT   SUNSET   802 PM CDT
MAY  7 2016...........SUNRISE   633 AM CDT   SUNSET   802 PM CDT


-  INDICATES NEGATIVE NUMBERS.
R  INDICATES RECORD WAS SET OR TIED.
MM INDICATES DATA IS MISSING.
T  INDICATES TRACE AMOUNT.

..........................................................

...MISCELLANEOUS CLIMATE DATA FOR TODAY...

LOCATION                        HIGH    LOW     PRECIP

PEARLAND                         85      58      0.00
SUGAR LAND                       84      54      0.00
TOMBALL                          85      54      0.00
CONROE                           84      50      0.00
HUNTSVILLE                       84      54      0.00
ANGLETON/LAKE JACKSON            83      55      0.00
PALACIOS                         83      57      0.00
LEAGUE CITY (NWS)                82      58      0.00


THIS PRODUCT...ALONG WITH OTHER WEATHER...HYDROLOGIC...AND CLIMATE
PRODUCTS...IS AVAILABLE ON THE WEB AT HTTP://WWW.SRH.NOAA.GOV/HGX
OR AT HTTP://WEATHER.GOV

$$
