644
CDUS44 KHGX 281314
CLIHOU

CLIMATE REPORT
NATIONAL WEATHER SERVICE HOUSTON/GALVESTON TX
812 AM CDT THU JUL 28 2016

...MORNING CLIMATE DATA...

                            MORNING LOW    PRECIP SINCE MIDNIGHT
HOUSTON INTERCONTINENTAL         79                0.00
GALVESTON SCHOLES FIELD          84                0.00
BRYAN/COLLEGE STATION            76                0.00
HOUSTON HOBBY                    81                0.00

...................................

...THE HOUSTON INTERCONTINENTAL CLIMATE SUMMARY FOR JULY 27 2016...

CLIMATE NORMAL PERIOD 1981 TO 2010
CLIMATE RECORD PERIOD 1892 TO 2016


WEATHER ITEM   OBSERVED TIME   RECORD YEAR NORMAL DEPARTURE LAST
                VALUE   (LST)  VALUE       VALUE  FROM      YEAR
                                                  NORMAL
..................................................................
TEMPERATURE (F)
 YESTERDAY
  MAXIMUM         85    630 PM 101    1995  95    -10       98
  MINIMUM         73   1107 AM  66    1902  75     -2       80
  AVERAGE         79                        85     -6       89

PRECIPITATION (IN)
  YESTERDAY        0.22          5.22 1943   0.10   0.12     0.00
  MONTH TO DATE    0.97                      3.41  -2.44     0.44
  SINCE JUN 1     14.09                      9.34   4.75    11.83
  SINCE JAN 1     43.04                     27.73  15.31    42.27

DEGREE DAYS
 COOLING
  YESTERDAY       14                        20     -6       24
  MONTH TO DATE  609                       522     87      565
  SINCE JUN 1   1129                      1042     87     1088
  SINCE JAN 1   1710                      1694     16     1780
..................................................................


WIND (MPH)
  HIGHEST WIND SPEED    12   HIGHEST WIND DIRECTION    SE (130)
  HIGHEST GUST SPEED    15   HIGHEST GUST DIRECTION    SE (130)


RELATIVE HUMIDITY (PERCENT)
 HIGHEST    94
 LOWEST     74
 AVERAGE    84

..........................................................


THE HOUSTON INTERCONTINENTAL CLIMATE NORMALS FOR TODAY
                         NORMAL    RECORD    YEAR
 MAXIMUM TEMPERATURE (F)   95       103      1995
 MINIMUM TEMPERATURE (F)   75        66      1891


SUNRISE AND SUNSET
JULY 28 2016..........SUNRISE   638 AM CDT   SUNSET   817 PM CDT
JULY 29 2016..........SUNRISE   639 AM CDT   SUNSET   816 PM CDT


-  INDICATES NEGATIVE NUMBERS.
R  INDICATES RECORD WAS SET OR TIED.
MM INDICATES DATA IS MISSING.
T  INDICATES TRACE AMOUNT.


&&

...................................

...THE HOUSTON/HOBBY AIRPORT CLIMATE SUMMARY FOR JULY 27 2016...

CLIMATE NORMAL PERIOD 1981 TO 2010
CLIMATE RECORD PERIOD 1930 TO 2016


WEATHER ITEM   OBSERVED TIME   RECORD YEAR NORMAL DEPARTURE LAST
                VALUE   (LST)  VALUE       VALUE  FROM      YEAR
                                                  NORMAL
..................................................................
TEMPERATURE (F)
 YESTERDAY
  MAXIMUM         89    539 PM  99    1965  93     -4       96
  MINIMUM         76    306 AM  68    1931  76      0       79
  AVERAGE         83                        84     -1       88

PRECIPITATION (IN)
  YESTERDAY        T             5.45 1943   0.13  -0.13     0.00
  MONTH TO DATE    5.32                      4.18   1.14     2.57
  SINCE JUN 1     14.15                     11.28   2.87     7.44
  SINCE JAN 1     39.00                     29.56   9.44    42.30

DEGREE DAYS
 COOLING
  YESTERDAY       18                        19     -1       23
  MONTH TO DATE  598                       507     91      559
  SINCE JUN 1   1148                      1017    131     1098
  SINCE JAN 1   1919                      1671    248     1837
..................................................................


WIND (MPH)
  HIGHEST WIND SPEED    21   HIGHEST WIND DIRECTION     W (250)
  HIGHEST GUST SPEED    25   HIGHEST GUST DIRECTION    SW (240)


RELATIVE HUMIDITY (PERCENT)
 HIGHEST    97
 LOWEST     63
 AVERAGE    80

..........................................................


THE HOUSTON/HOBBY AIRPORT CLIMATE NORMALS FOR TODAY
                         NORMAL    RECORD    YEAR
 MAXIMUM TEMPERATURE (F)   93       101      1999
 MINIMUM TEMPERATURE (F)   76        71      1994
                                             1980
                                             1942


SUNRISE AND SUNSET
JULY 28 2016..........SUNRISE   639 AM CDT   SUNSET   816 PM CDT
JULY 29 2016..........SUNRISE   639 AM CDT   SUNSET   815 PM CDT


-  INDICATES NEGATIVE NUMBERS.
R  INDICATES RECORD WAS SET OR TIED.
MM INDICATES DATA IS MISSING.
T  INDICATES TRACE AMOUNT.

..........................................................

...MISCELLANEOUS CLIMATE DATA FOR YESTERDAY...

LOCATION                        HIGH    LOW     PRECIP
PEARLAND                         91      79       T
SUGAR LAND                       90      74      0.02
TOMBALL                          86      76       T
CONROE                           88      73      1.01
HUNTSVILLE                       88      76      0.05
ANGLETON/LAKE JACKSON            95      79       T
PALACIOS                         90      73      0.31
LEAGUE CITY (NWS)                86      77      0.03


THIS PRODUCT...ALONG WITH OTHER WEATHER...HYDROLOGIC...AND CLIMATE
PRODUCTS...IS AVAILABLE ON THE WEB AT HTTP://WWW.SRH.NOAA.GOV/HGX
OR AT HTTP://WEATHER.GOV

$$
