000
CDUS44 KHGX 040820
CLIHOU

CLIMATE REPORT
NATIONAL WEATHER SERVICE HOUSTON/GALVESTON TX
218 AM CST WED MAR 4 2015


...................................

...THE HOUSTON INTERCONTINENTAL CLIMATE SUMMARY FOR MARCH 3 2015...

CLIMATE NORMAL PERIOD 1981 TO 2010
CLIMATE RECORD PERIOD 1892 TO 2015


WEATHER ITEM   OBSERVED TIME   RECORD YEAR NORMAL DEPARTURE LAST
                VALUE   (LST)  VALUE       VALUE  FROM      YEAR
                                                  NORMAL
..................................................................
TEMPERATURE (F)
 YESTERDAY
  MAXIMUM         80    302 PM  86    1893  70     10       42
  MINIMUM         56    429 AM  21    1943  50      6       27
  AVERAGE         68                        60      8       35

PRECIPITATION (IN)
  YESTERDAY        0.00          1.03 1957   0.11  -0.11     0.03
  MONTH TO DATE    0.23                      0.34  -0.11     0.06
  SINCE MAR 1      0.23                      0.34  -0.11     0.06
  SINCE JAN 1      4.06                      6.92  -2.86     3.41

SNOWFALL (IN)
  YESTERDAY        0.0          MM      MM
  MONTH TO DATE    0.0
  SINCE MAR 1      0.0
  SINCE JUL 1      0.0

DEGREE DAYS
 HEATING
  YESTERDAY        0                         7     -7       30
  MONTH TO DATE   22                        21      1       39
  SINCE MAR 1     22                        21      1       39
  SINCE JUL 1   1341                      1209    132     1519

 COOLING
  YESTERDAY        3                         2      1        0
  MONTH TO DATE    3                         4     -1        9
  SINCE MAR 1      3                         4     -1        9
  SINCE JAN 1     13                        42    -29       43
..................................................................


WIND (MPH)
  HIGHEST WIND SPEED    20   HIGHEST WIND DIRECTION     S (160)
  HIGHEST GUST SPEED    25   HIGHEST GUST DIRECTION     S (160)




RELATIVE HUMIDITY (PERCENT)
 HIGHEST   100
 LOWEST     58
 AVERAGE    79

..........................................................


THE HOUSTON INTERCONTINENTAL CLIMATE NORMALS FOR TODAY
                         NORMAL    RECORD    YEAR
 MAXIMUM TEMPERATURE (F)   70        86      1893
 MINIMUM TEMPERATURE (F)   50        22      2002


SUNRISE AND SUNSET
MARCH  4 2015.........SUNRISE   644 AM CST   SUNSET   622 PM CST
MARCH  5 2015.........SUNRISE   643 AM CST   SUNSET   623 PM CST


-  INDICATES NEGATIVE NUMBERS.
R  INDICATES RECORD WAS SET OR TIED.
MM INDICATES DATA IS MISSING.
T  INDICATES TRACE AMOUNT.


&&

...................................

...THE HOUSTON/HOBBY AIRPORT CLIMATE SUMMARY FOR MARCH 3 2015...

CLIMATE NORMAL PERIOD 1981 TO 2010
CLIMATE RECORD PERIOD 1930 TO 2015


WEATHER ITEM   OBSERVED TIME   RECORD YEAR NORMAL DEPARTURE LAST
                VALUE   (LST)  VALUE       VALUE  FROM      YEAR
                                                  NORMAL
..................................................................
TEMPERATURE (F)
 YESTERDAY
  MAXIMUM         80    315 PM  84    1967  69     11       46
                                      1956
  MINIMUM         58    654 AM  22    1943  52      6       28
  AVERAGE         69                        61      8       37

PRECIPITATION (IN)
  YESTERDAY        0.00          1.78 1957   0.11  -0.11      T
  MONTH TO DATE    0.27                      0.33  -0.06     0.06
  SINCE MAR 1      0.27                      0.33  -0.06     0.06
  SINCE JAN 1      6.15                      7.41  -1.26     2.68

SNOWFALL (IN)
  YESTERDAY        0.0          MM      MM
  MONTH TO DATE    0.0
  SINCE MAR 1      0.0
  SINCE JUL 1      0.0

DEGREE DAYS
 HEATING
  YESTERDAY        0                         6     -6       28
  MONTH TO DATE   13                        18     -5       36
  SINCE MAR 1     13                        18     -5       36
  SINCE JUL 1   1198                      1088    110     1363

 COOLING
  YESTERDAY        4                         1      3        0
  MONTH TO DATE    4                         3      1        8
  SINCE MAR 1      4                         3      1        8
  SINCE JAN 1     14                        41    -27       47
..................................................................


WIND (MPH)
  HIGHEST WIND SPEED    22   HIGHEST WIND DIRECTION     S (180)
  HIGHEST GUST SPEED    31   HIGHEST GUST DIRECTION     S (180)




RELATIVE HUMIDITY (PERCENT)
 HIGHEST   100
 LOWEST     62
 AVERAGE    81

..........................................................


THE HOUSTON/HOBBY AIRPORT CLIMATE NORMALS FOR TODAY
                         NORMAL    RECORD    YEAR
 MAXIMUM TEMPERATURE (F)   70        81      1982
                                             1972
 MINIMUM TEMPERATURE (F)   52        27      2002


SUNRISE AND SUNSET
MARCH  4 2015.........SUNRISE   644 AM CST   SUNSET   622 PM CST
MARCH  5 2015.........SUNRISE   643 AM CST   SUNSET   623 PM CST


-  INDICATES NEGATIVE NUMBERS.
R  INDICATES RECORD WAS SET OR TIED.
MM INDICATES DATA IS MISSING.
T  INDICATES TRACE AMOUNT.




$$
