000
CDUS46 KSEW 210830
CLIHQM


CLIMATE REPORT
NATIONAL WEATHER SERVICE SEATTLE WA
130 AM PDT SUN SEP 21 2014


...................................

...THE HOQUIAM WA AIRPORT CLIMATE SUMMARY FOR SEPTEMBER 20 2014...

CLIMATE NORMAL PERIOD 1981 TO 2010
CLIMATE RECORD PERIOD 1953 TO 2014


WEATHER ITEM   OBSERVED TIME   RECORD YEAR NORMAL DEPARTURE LAST
                VALUE   (LST)  VALUE       VALUE  FROM      YEAR
                                                  NORMAL
..................................................................
TEMPERATURE (F)
 YESTERDAY
  MAXIMUM         84    403 PM  90    1974  66     18       63
  MINIMUM         51    605 AM  40    1968  50      1       52
  AVERAGE         68                        58     10       58

PRECIPITATION (IN)
  YESTERDAY        0.00          2.01 1972   0.08  -0.08     0.62
  MONTH TO DATE    0.57                      1.36  -0.79     1.13
  SINCE OCT 1     56.33                     66.63 -10.30    49.08
  SINCE JAN 1     44.22                     38.97   5.25    35.47

DEGREE DAYS
 HEATING
  YESTERDAY        0                         7     -7        7
  MONTH TO DATE   47                       110    -63       52
  SINCE SEP 1     47                       110    -63       52

 COOLING
  YESTERDAY        3                         0      3        0
  MONTH TO DATE   18                         0     18        7
  SINCE SEP 1     18                         0     18        7
  SINCE JAN 1     48                        16     32       20
..................................................................


WIND (MPH)
  RESULTANT WIND SPEED   9   RESULTANT WIND DIRECTION  NE (60)
  HIGHEST WIND SPEED    18   HIGHEST WIND DIRECTION    NE (50)
  HIGHEST GUST SPEED    25   HIGHEST GUST DIRECTION     E (70)
  AVERAGE WIND SPEED     9.4


SKY COVER
  AVERAGE SKY COVER 0.3


WEATHER CONDITIONS
 THE FOLLOWING WEATHER WAS RECORDED YESTERDAY.
  FOG
  FOG W/VISIBILITY <= 1/4 MILE


RELATIVE HUMIDITY (PERCENT)
 HIGHEST   100          1200 AM
 LOWEST     43           200 PM
 AVERAGE    72

..........................................................


THE HOQUIAM WA AIRPORT CLIMATE NORMALS FOR TODAY
                         NORMAL    RECORD    YEAR
 MAXIMUM TEMPERATURE (F)   66        90      1974
 MINIMUM TEMPERATURE (F)   50        35      1955


SUNRISE AND SUNSET
SEPTEMBER 21 2014.....SUNRISE   701 AM PDT   SUNSET   715 PM PDT
SEPTEMBER 22 2014.....SUNRISE   703 AM PDT   SUNSET   713 PM PDT


-  INDICATES NEGATIVE NUMBERS.
R  INDICATES RECORD WAS SET OR TIED.
MM INDICATES DATA IS MISSING.
T  INDICATES TRACE AMOUNT.




$$
