873
CDUS46 KSEW 130842
CLIHQM


CLIMATE REPORT
NATIONAL WEATHER SERVICE SEATTLE WA
1241 AM PST SAT FEB 13 2016


...................................

...THE HOQUIAM WA AIRPORT CLIMATE SUMMARY FOR FEBRUARY 12 2016...

CLIMATE NORMAL PERIOD 1981 TO 2010
CLIMATE RECORD PERIOD 1953 TO 2016


WEATHER ITEM   OBSERVED TIME   RECORD YEAR NORMAL DEPARTURE LAST
                VALUE   (LST)  VALUE       VALUE  FROM      YEAR
                                                  NORMAL
..................................................................
TEMPERATURE (F)
 YESTERDAY
  MAXIMUM         54    243 PM  65    1996  50      4       59
  MINIMUM         44   1114 PM  28    2009  38      6       49
  AVERAGE         49                        44      5       54

PRECIPITATION (IN)
  YESTERDAY        0.42          1.67 1979   0.27   0.15     0.04
  MONTH TO DATE    2.67                      3.35  -0.68     4.63
  SINCE OCT 1     50.39                     41.34   9.05    47.05
  SINCE JAN 1     16.97                     13.68   3.29    15.63

DEGREE DAYS
 HEATING
  YESTERDAY       16                        21     -5       11
  MONTH TO DATE  203                       262    -59      161
  SINCE DEC 1   1512                      1683   -171     1330

 COOLING
  YESTERDAY        0                         0      0        0
  MONTH TO DATE    0                         0      0        0
  SINCE DEC 1      0                         0      0        0
  SINCE JAN 1      0                         0      0        0
..................................................................


WIND (MPH)
  RESULTANT WIND SPEED  11   RESULTANT WIND DIRECTION   S (190)
  HIGHEST WIND SPEED    39   HIGHEST WIND DIRECTION     S (200)
  HIGHEST GUST SPEED    46   HIGHEST GUST DIRECTION     S (200)
  AVERAGE WIND SPEED    12.0


SKY COVER
  AVERAGE SKY COVER 0.9


WEATHER CONDITIONS
 THE FOLLOWING WEATHER WAS RECORDED YESTERDAY.
  HEAVY RAIN
  RAIN
  LIGHT RAIN
  FOG


RELATIVE HUMIDITY (PERCENT)
 HIGHEST   100          1200 AM
 LOWEST     83           200 PM
 AVERAGE    92

..........................................................


THE HOQUIAM WA AIRPORT CLIMATE NORMALS FOR TODAY
                         NORMAL    RECORD    YEAR
 MAXIMUM TEMPERATURE (F)   50        65      1996
 MINIMUM TEMPERATURE (F)   38        25      1995
                                             1990


SUNRISE AND SUNSET
FEBRUARY 13 2016......SUNRISE   724 AM PST   SUNSET   537 PM PST
FEBRUARY 14 2016......SUNRISE   722 AM PST   SUNSET   538 PM PST


-  INDICATES NEGATIVE NUMBERS.
R  INDICATES RECORD WAS SET OR TIED.
MM INDICATES DATA IS MISSING.
T  INDICATES TRACE AMOUNT.




$$
