000
CDUS46 KSEW 140829
CLIHQM


CLIMATE REPORT
NATIONAL WEATHER SERVICE SEATTLE WA
1229 AM PST THU DEC 14 2017


...................................

...THE HOQUIAM WA AIRPORT CLIMATE SUMMARY FOR DECEMBER 13 2017...

CLIMATE NORMAL PERIOD 1981 TO 2010
CLIMATE RECORD PERIOD 1953 TO 2017


WEATHER ITEM   OBSERVED TIME   RECORD YEAR NORMAL DEPARTURE LAST
                VALUE   (LST)  VALUE       VALUE  FROM      YEAR
                                                  NORMAL
..................................................................
TEMPERATURE (F)
 YESTERDAY
  MAXIMUM         51    323 PM  59    1977  46      5       41
  MINIMUM         34    832 AM  21    2009  37     -3       33
                                      1972
  AVERAGE         43                        41      2       37

PRECIPITATION (IN)
  YESTERDAY        0.00          2.36 2001   0.32  -0.32     0.10
  MONTH TO DATE    1.58                      4.26  -2.68     4.43
  SINCE OCT 1     25.35                     21.96   3.39    36.20
  SINCE JAN 1     70.85                     61.85   9.00    81.11

DEGREE DAYS
 HEATING
  YESTERDAY       22                        24     -2       28
  MONTH TO DATE  300                       299      1      320
  SINCE DEC 1    300                       299      1      320

 COOLING
  YESTERDAY        0                         0      0        0
  MONTH TO DATE    0                         0      0        0
  SINCE DEC 1      0                         0      0        0
  SINCE JAN 1     77                        23     54       50
..................................................................


WIND (MPH)
  RESULTANT WIND SPEED   8   RESULTANT WIND DIRECTION  NE (60)
  HIGHEST WIND SPEED    17   HIGHEST WIND DIRECTION     E (80)
  HIGHEST GUST SPEED    23   HIGHEST GUST DIRECTION    NE (50)
  AVERAGE WIND SPEED     8.4


SKY COVER
  AVERAGE SKY COVER 0.0


WEATHER CONDITIONS
 THE FOLLOWING WEATHER WAS RECORDED YESTERDAY.
  FOG


RELATIVE HUMIDITY (PERCENT)
 HIGHEST   100           700 AM
 LOWEST     63           100 PM
 AVERAGE    82

..........................................................


THE HOQUIAM WA AIRPORT CLIMATE NORMALS FOR TODAY
                         NORMAL    RECORD    YEAR
 MAXIMUM TEMPERATURE (F)   46        57      2006
                                             2002
 MINIMUM TEMPERATURE (F)   37        24      1967


SUNRISE AND SUNSET
DECEMBER 14 2017......SUNRISE   754 AM PST   SUNSET   427 PM PST
DECEMBER 15 2017......SUNRISE   755 AM PST   SUNSET   427 PM PST


-  INDICATES NEGATIVE NUMBERS.
R  INDICATES RECORD WAS SET OR TIED.
MM INDICATES DATA IS MISSING.
T  INDICATES TRACE AMOUNT.




$$
