000
CDUS46 KSEW 190831
CLIHQM


CLIMATE REPORT
NATIONAL WEATHER SERVICE SEATTLE WA
131 AM PDT THU OCT 19 2017


...................................

...THE HOQUIAM WA AIRPORT CLIMATE SUMMARY FOR OCTOBER 18 2017...

CLIMATE NORMAL PERIOD 1981 TO 2010
CLIMATE RECORD PERIOD 1953 TO 2017


WEATHER ITEM   OBSERVED TIME   RECORD YEAR NORMAL DEPARTURE LAST
                VALUE   (LST)  VALUE       VALUE  FROM      YEAR
                                                  NORMAL
..................................................................
TEMPERATURE (F)
 YESTERDAY
  MAXIMUM         59    205 PM  73    1978  58      1       59
  MINIMUM         47    443 AM  35    1982  45      2       48
  AVERAGE         53                        52      1       54

PRECIPITATION (IN)
  YESTERDAY        2.12R         1.83 1979   0.22   1.90     0.08
  MONTH TO DATE    3.41                      3.03   0.38    10.75
  SINCE OCT 1      3.41                      3.03   0.38    10.75
  SINCE JAN 1     48.91                     42.92   5.99    55.66

DEGREE DAYS
 HEATING
  YESTERDAY       12                        13     -1       11
  MONTH TO DATE  235                       202     33      196
  SINCE SEP 1    377                       398    -21      398

 COOLING
  YESTERDAY        0                         0      0        0
  MONTH TO DATE    0                         0      0        0
  SINCE SEP 1     32                         7     25        1
  SINCE JAN 1     77                        23     54       50
..................................................................


WIND (MPH)
  RESULTANT WIND SPEED  13   RESULTANT WIND DIRECTION   S (160)
  HIGHEST WIND SPEED    43   HIGHEST WIND DIRECTION     S (170)
  HIGHEST GUST SPEED    56   HIGHEST GUST DIRECTION     S (160)
  AVERAGE WIND SPEED    19.0


SKY COVER
  AVERAGE SKY COVER 0.9


WEATHER CONDITIONS
 THE FOLLOWING WEATHER WAS RECORDED YESTERDAY.
  HEAVY RAIN
  RAIN
  LIGHT RAIN
  FOG


RELATIVE HUMIDITY (PERCENT)
 HIGHEST   100           200 AM
 LOWEST     86           100 AM
 AVERAGE    93

..........................................................


THE HOQUIAM WA AIRPORT CLIMATE NORMALS FOR TODAY
                         NORMAL    RECORD    YEAR
 MAXIMUM TEMPERATURE (F)   58        76      1964
 MINIMUM TEMPERATURE (F)   45        35      2008
                                             1963


SUNRISE AND SUNSET
OCTOBER 19 2017.......SUNRISE   740 AM PDT   SUNSET   620 PM PDT
OCTOBER 20 2017.......SUNRISE   741 AM PDT   SUNSET   619 PM PDT


-  INDICATES NEGATIVE NUMBERS.
R  INDICATES RECORD WAS SET OR TIED.
MM INDICATES DATA IS MISSING.
T  INDICATES TRACE AMOUNT.




$$
