000
CDUS46 KSEW 040122
CLIHQM


CLIMATE REPORT
NATIONAL WEATHER SERVICE SEATTLE WA
622 PM PDT MON AUG 3 2015


...................................

...THE HOQUIAM WA AIRPORT CLIMATE SUMMARY FOR AUGUST 3 2015...
VALID TODAY AS OF 0600 PM LOCAL TIME.

CLIMATE NORMAL PERIOD 1981 TO 2010
CLIMATE RECORD PERIOD 1953 TO 2015


WEATHER ITEM   OBSERVED TIME   RECORD YEAR NORMAL DEPARTURE LAST
                VALUE   (LST)  VALUE       VALUE  FROM      YEAR
                                                  NORMAL
..................................................................
TEMPERATURE (F)
 TODAY
  MAXIMUM         70    137 PM  93    1993  67      3       73
  MINIMUM         55    426 AM  42    1969  54      1       56
  AVERAGE         63                        61      2       65

PRECIPITATION (IN)
  TODAY            0.00          0.42 1957   0.03  -0.03     0.00
  MONTH TO DATE    0.00                      0.08  -0.08     0.00
  SINCE OCT 1     58.29                     64.04  -5.75    53.77
  SINCE JAN 1     26.87                     36.38  -9.51    41.66

DEGREE DAYS
 HEATING
  TODAY            2                         4     -2        0
  MONTH TO DATE    4                        12     -8        7
  SINCE JUN 1    207                       422   -215      326

 COOLING
  TODAY            0                         0      0        0
  MONTH TO DATE    1                         0      1        0
  SINCE JUN 1     20                         8     12        8
  SINCE JAN 1     20                         9     11       23
..................................................................


WIND (MPH)
  RESULTANT WIND SPEED  10   RESULTANT WIND DIRECTION   W (260)
  HIGHEST WIND SPEED    21   HIGHEST WIND DIRECTION    SW (240)
  HIGHEST GUST SPEED    26   HIGHEST GUST DIRECTION     W (270)
  AVERAGE WIND SPEED    10.0


SKY COVER
  AVERAGE SKY COVER 0.3


WEATHER CONDITIONS
 THE FOLLOWING WEATHER WAS RECORDED TODAY.
  FOG


RELATIVE HUMIDITY (PERCENT)
 HIGHEST    93           300 AM
 LOWEST     66           100 PM
 AVERAGE    80

..........................................................


THE HOQUIAM WA AIRPORT CLIMATE NORMALS FOR TOMORROW
                         NORMAL    RECORD    YEAR
 MAXIMUM TEMPERATURE (F)   67        91      2012
 MINIMUM TEMPERATURE (F)   54        46      1982
                                             1955


SUNRISE AND SUNSET
AUGUST  3 2015........SUNRISE   558 AM PDT   SUNSET   845 PM PDT
AUGUST  4 2015........SUNRISE   559 AM PDT   SUNSET   844 PM PDT


-  INDICATES NEGATIVE NUMBERS.
R  INDICATES RECORD WAS SET OR TIED.
MM INDICATES DATA IS MISSING.
T  INDICATES TRACE AMOUNT.




$$
