000
CDUS46 KSEW 300833
CLIHQM


CLIMATE REPORT
NATIONAL WEATHER SERVICE SEATTLE WA
133 AM PDT SUN APR 30 2017


...................................

...THE HOQUIAM WA AIRPORT CLIMATE SUMMARY FOR APRIL 29 2017...

CLIMATE NORMAL PERIOD 1981 TO 2010
CLIMATE RECORD PERIOD 1953 TO 2017


WEATHER ITEM   OBSERVED TIME   RECORD YEAR NORMAL DEPARTURE LAST
                VALUE   (LST)  VALUE       VALUE  FROM      YEAR
                                                  NORMAL
..................................................................
TEMPERATURE (F)
 YESTERDAY
  MAXIMUM         54   1214 PM  82    1998  57     -3       62
  MINIMUM         38    456 AM  33    2011  43     -5       46
                                      1986
                                      1975
  AVERAGE         46                        50     -4       54

PRECIPITATION (IN)
  YESTERDAY        0.40          3.00 1959   0.14   0.26     0.00
  MONTH TO DATE    7.89                      4.97   2.92     2.68
  SINCE OCT 1     78.16                     57.16  21.00    71.87
  SINCE JAN 1     36.62                     29.50   7.12    38.45

DEGREE DAYS
 HEATING
  YESTERDAY       19                        15      4       11
  MONTH TO DATE  454                       474    -20      317
  SINCE MAR 1   1057                      1063     -6      845

 COOLING
  YESTERDAY        0                         0      0        0
  MONTH TO DATE    0                         0      0        4
  SINCE MAR 1      0                         0      0        4
  SINCE JAN 1      0                         0      0        4
..................................................................


WIND (MPH)
  RESULTANT WIND SPEED   5   RESULTANT WIND DIRECTION  SE (140)
  HIGHEST WIND SPEED    21   HIGHEST WIND DIRECTION     W (260)
  HIGHEST GUST SPEED    25   HIGHEST GUST DIRECTION     W (270)
  AVERAGE WIND SPEED     9.6


SKY COVER
  AVERAGE SKY COVER 0.7


WEATHER CONDITIONS
 THE FOLLOWING WEATHER WAS RECORDED YESTERDAY.
  RAIN
  LIGHT RAIN
  FOG


RELATIVE HUMIDITY (PERCENT)
 HIGHEST   100           300 AM
 LOWEST     71          1200 PM
 AVERAGE    86

..........................................................


THE HOQUIAM WA AIRPORT CLIMATE NORMALS FOR TODAY
                         NORMAL    RECORD    YEAR
 MAXIMUM TEMPERATURE (F)   58        84      2014
 MINIMUM TEMPERATURE (F)   44        33      1954


SUNRISE AND SUNSET
APRIL 30 2017.........SUNRISE   601 AM PDT   SUNSET   825 PM PDT
MAY  1 2017...........SUNRISE   600 AM PDT   SUNSET   827 PM PDT


-  INDICATES NEGATIVE NUMBERS.
R  INDICATES RECORD WAS SET OR TIED.
MM INDICATES DATA IS MISSING.
T  INDICATES TRACE AMOUNT.




$$
