000
CDUS46 KSEW 160829
CLIHQM


CLIMATE REPORT
NATIONAL WEATHER SERVICE SEATTLE WA
129 AM PDT WED AUG 16 2017


...................................

...THE HOQUIAM WA AIRPORT CLIMATE SUMMARY FOR AUGUST 15 2017...

CLIMATE NORMAL PERIOD 1981 TO 2010
CLIMATE RECORD PERIOD 1953 TO 2017


WEATHER ITEM   OBSERVED TIME   RECORD YEAR NORMAL DEPARTURE LAST
                VALUE   (LST)  VALUE       VALUE  FROM      YEAR
                                                  NORMAL
..................................................................
TEMPERATURE (F)
 YESTERDAY
  MAXIMUM         71    239 PM  83    2012  68      3       65
  MINIMUM         49    301 AM  45    1960  54     -5       55
  AVERAGE         60                        61     -1       60

PRECIPITATION (IN)
  YESTERDAY        0.00          0.52 1999   0.04  -0.04     0.00
  MONTH TO DATE    0.26                      0.45  -0.19     0.19
  SINCE OCT 1     84.41                     64.41  20.00    74.68
  SINCE JAN 1     42.87                     36.75   6.12    41.26

DEGREE DAYS
 HEATING
  YESTERDAY        5                         4      1        5
  MONTH TO DATE   50                        60    -10       53
  SINCE JUN 1    396                       470    -74      384

 COOLING
  YESTERDAY        0                         0      0        0
  MONTH TO DATE   19                         0     19        5
  SINCE JUN 1     33                         8     25       18
  SINCE JAN 1     33                         9     24       23
..................................................................


WIND (MPH)
  RESULTANT WIND SPEED   5   RESULTANT WIND DIRECTION   W (270)
  HIGHEST WIND SPEED    18   HIGHEST WIND DIRECTION     W (270)
  HIGHEST GUST SPEED    22   HIGHEST GUST DIRECTION     W (260)
  AVERAGE WIND SPEED     6.5


SKY COVER
  AVERAGE SKY COVER 0.0


WEATHER CONDITIONS
 THE FOLLOWING WEATHER WAS RECORDED YESTERDAY.
  FOG


RELATIVE HUMIDITY (PERCENT)
 HIGHEST    96           100 AM
 LOWEST     53           200 PM
 AVERAGE    75

..........................................................


THE HOQUIAM WA AIRPORT CLIMATE NORMALS FOR TODAY
                         NORMAL    RECORD    YEAR
 MAXIMUM TEMPERATURE (F)   68        88      1985
 MINIMUM TEMPERATURE (F)   54        43      2011
                                             1999


SUNRISE AND SUNSET
AUGUST 16 2017........SUNRISE   615 AM PDT   SUNSET   824 PM PDT
AUGUST 17 2017........SUNRISE   616 AM PDT   SUNSET   822 PM PDT


-  INDICATES NEGATIVE NUMBERS.
R  INDICATES RECORD WAS SET OR TIED.
MM INDICATES DATA IS MISSING.
T  INDICATES TRACE AMOUNT.




$$
