000
CDUS46 KSEW 050124
CLIHQM


CLIMATE REPORT
NATIONAL WEATHER SERVICE SEATTLE WA
624 PM PDT FRI SEP 4 2015


...................................

...THE HOQUIAM WA AIRPORT CLIMATE SUMMARY FOR SEPTEMBER 4 2015...
VALID TODAY AS OF 0600 PM LOCAL TIME.

CLIMATE NORMAL PERIOD 1981 TO 2010
CLIMATE RECORD PERIOD 1953 TO 2015


WEATHER ITEM   OBSERVED TIME   RECORD YEAR NORMAL DEPARTURE LAST
                VALUE   (LST)  VALUE       VALUE  FROM      YEAR
                                                  NORMAL
..................................................................
TEMPERATURE (F)
 TODAY
  MAXIMUM         65    136 PM  89    1953  68     -3       75
  MINIMUM         45    606 AM  42    2002  53     -8       46
                                      1956
  AVERAGE         55                        60     -5       61

PRECIPITATION (IN)
  TODAY            0.00          1.53 1959   0.07  -0.07     0.00
  MONTH TO DATE    0.83                      0.25   0.58     0.24
  SINCE OCT 1     60.89                     65.52  -4.63    56.00
  SINCE JAN 1     29.47                     37.86  -8.39    43.89

DEGREE DAYS
 HEATING
  TODAY           10                         5      5        4
  MONTH TO DATE   27                        20      7       17
  SINCE SEP 1     27                        20      7       17

 COOLING
  TODAY            0                         0      0        0
  MONTH TO DATE    0                         0      0        0
  SINCE SEP 1      0                         0      0        0
  SINCE JAN 1     31                        16     15       30
..................................................................


WIND (MPH)
  RESULTANT WIND SPEED   1   RESULTANT WIND DIRECTION  SW (220)
  HIGHEST WIND SPEED    17   HIGHEST WIND DIRECTION     W (260)
  HIGHEST GUST SPEED    22   HIGHEST GUST DIRECTION     W (260)
  AVERAGE WIND SPEED     7.4


SKY COVER
  AVERAGE SKY COVER 0.2


WEATHER CONDITIONS
 THE FOLLOWING WEATHER WAS RECORDED TODAY.
  FOG


RELATIVE HUMIDITY (PERCENT)
 HIGHEST    93           200 AM
 LOWEST     60          1200 PM
 AVERAGE    77

..........................................................


THE HOQUIAM WA AIRPORT CLIMATE NORMALS FOR TOMORROW
                         NORMAL    RECORD    YEAR
 MAXIMUM TEMPERATURE (F)   68        89      1955
 MINIMUM TEMPERATURE (F)   52        40      1969


SUNRISE AND SUNSET
SEPTEMBER  4 2015.....SUNRISE   639 AM PDT   SUNSET   750 PM PDT
SEPTEMBER  5 2015.....SUNRISE   640 AM PDT   SUNSET   748 PM PDT


-  INDICATES NEGATIVE NUMBERS.
R  INDICATES RECORD WAS SET OR TIED.
MM INDICATES DATA IS MISSING.
T  INDICATES TRACE AMOUNT.




$$
