000
CDUS46 KSEW 010832
CLIHQM


CLIMATE REPORT
NATIONAL WEATHER SERVICE SEATTLE WA
132 AM PDT SUN MAY 1 2016


...................................

...THE HOQUIAM WA AIRPORT CLIMATE SUMMARY FOR APRIL 30 2016...

CLIMATE NORMAL PERIOD 1981 TO 2010
CLIMATE RECORD PERIOD 1953 TO 2016


WEATHER ITEM   OBSERVED TIME   RECORD YEAR NORMAL DEPARTURE LAST
                VALUE   (LST)  VALUE       VALUE  FROM      YEAR
                                                  NORMAL
..................................................................
TEMPERATURE (F)
 YESTERDAY
  MAXIMUM         62        MM  84    2014  58      4       60
  MINIMUM         44    215 AM  33    1954  44      0       42
  AVERAGE         53                        51      2       51

PRECIPITATION (IN)
  YESTERDAY        0.00          0.82 2001   0.13  -0.13     0.00
  MONTH TO DATE    2.68                      5.10  -2.42     3.22
  SINCE OCT 1     71.87                     57.29  14.58    57.25
  SINCE JAN 1     38.45                     29.63   8.82    25.83

DEGREE DAYS
 HEATING
  YESTERDAY       12                        14     -2       14
  MONTH TO DATE  329                       488   -159      472
  SINCE MAR 1    857                      1078   -221      935

 COOLING
  YESTERDAY        0                         0      0        0
  MONTH TO DATE    4                         0      4        0
  SINCE MAR 1      4                         0      4        0
  SINCE JAN 1      4                         0      4        0
..................................................................


WIND (MPH)
  RESULTANT WIND SPEED   8   RESULTANT WIND DIRECTION   W (250)
  HIGHEST WIND SPEED    18   HIGHEST WIND DIRECTION     W (260)
  HIGHEST GUST SPEED    21   HIGHEST GUST DIRECTION     W (250)
  AVERAGE WIND SPEED     8.9


SKY COVER
  AVERAGE SKY COVER 0.0


WEATHER CONDITIONS
 THE FOLLOWING WEATHER WAS RECORDED YESTERDAY.
  FOG


RELATIVE HUMIDITY (PERCENT)
 HIGHEST    93          1100 PM
 LOWEST     57           600 PM
 AVERAGE    75

..........................................................


THE HOQUIAM WA AIRPORT CLIMATE NORMALS FOR TODAY
                         NORMAL    RECORD    YEAR
 MAXIMUM TEMPERATURE (F)   58        80      2014
 MINIMUM TEMPERATURE (F)   44        29      1954


SUNRISE AND SUNSET
MAY  1 2016...........SUNRISE   559 AM PDT   SUNSET   827 PM PDT
MAY  2 2016...........SUNRISE   558 AM PDT   SUNSET   828 PM PDT


-  INDICATES NEGATIVE NUMBERS.
R  INDICATES RECORD WAS SET OR TIED.
MM INDICATES DATA IS MISSING.
T  INDICATES TRACE AMOUNT.




$$
