000
CDUS46 KSEW 240122
CLIHQM


CLIMATE REPORT
NATIONAL WEATHER SERVICE SEATTLE WA
522 PM PST FRI FEB 23 2018


...................................

...THE HOQUIAM WA AIRPORT CLIMATE SUMMARY FOR FEBRUARY 23 2018...
VALID TODAY AS OF 0500 PM LOCAL TIME.

CLIMATE NORMAL PERIOD 1981 TO 2010
CLIMATE RECORD PERIOD 1953 TO 2018


WEATHER ITEM   OBSERVED TIME   RECORD YEAR NORMAL DEPARTURE LAST
                VALUE   (LST)  VALUE       VALUE  FROM      YEAR
                                                  NORMAL
..................................................................
TEMPERATURE (F)
 TODAY
  MAXIMUM         44    459 PM  64    2005  50     -6       45
                                      1995
  MINIMUM         24R   500 AM  27    2017  38    -14       27
  AVERAGE         34                        44    -10       36

PRECIPITATION (IN)
  TODAY            0.13          2.76 1986   0.25  -0.12      T
  MONTH TO DATE    4.52                      6.00  -1.48     6.66
  SINCE OCT 1     49.04                     43.99   5.05    53.29
  SINCE JAN 1     17.45                     16.33   1.12    11.75

DEGREE DAYS
 HEATING
  TODAY           31                        21     10       29
  MONTH TO DATE  545                       493     52      516
  SINCE DEC 1   1873                      1914    -41     2122

 COOLING
  TODAY            0                         0      0        0
  MONTH TO DATE    0                         0      0        0
  SINCE DEC 1      0                         0      0        0
  SINCE JAN 1      0                         0      0        0
..................................................................


WIND (MPH)
  RESULTANT WIND SPEED   4   RESULTANT WIND DIRECTION   E (80)
  HIGHEST WIND SPEED    25   HIGHEST WIND DIRECTION     S (160)
  HIGHEST GUST SPEED    31   HIGHEST GUST DIRECTION     S (160)
  AVERAGE WIND SPEED     5.3


SKY COVER
  AVERAGE SKY COVER 0.6


WEATHER CONDITIONS
 THE FOLLOWING WEATHER WAS RECORDED TODAY.
  LIGHT RAIN
  LIGHT SNOW
  FOG


RELATIVE HUMIDITY (PERCENT)
 HIGHEST   100           300 AM
 LOWEST     59          1200 PM
 AVERAGE    80

..........................................................


THE HOQUIAM WA AIRPORT CLIMATE NORMALS FOR TOMORROW
                         NORMAL    RECORD    YEAR
 MAXIMUM TEMPERATURE (F)   51        63      1970
 MINIMUM TEMPERATURE (F)   38        26      2006


SUNRISE AND SUNSET
FEBRUARY 23 2018......SUNRISE   706 AM PST   SUNSET   553 PM PST
FEBRUARY 24 2018......SUNRISE   704 AM PST   SUNSET   554 PM PST


-  INDICATES NEGATIVE NUMBERS.
R  INDICATES RECORD WAS SET OR TIED.
MM INDICATES DATA IS MISSING.
T  INDICATES TRACE AMOUNT.




$$
