000
CDUS44 KBRO 250745
CLIHRL


CLIMATE REPORT
NATIONAL WEATHER SERVICE BROWNSVILLE TX
145 AM CST SAT NOV 25 2017


...................................

...THE HARLINGEN CLIMATE SUMMARY FOR NOVEMBER 24 2017...

CLIMATE NORMAL PERIOD 1981 TO 2010
CLIMATE RECORD PERIOD 1912 TO 2017


WEATHER ITEM   OBSERVED TIME   RECORD YEAR NORMAL DEPARTURE LAST
                VALUE   (LST)  VALUE       VALUE  FROM      YEAR
                                                  NORMAL
..................................................................
TEMPERATURE (F)
 YESTERDAY
  MAXIMUM         80    337 PM  90    1931  77      3       85
                                      1921
  MINIMUM         44    711 AM  35    1970  55    -11       64
                                      1957
  AVERAGE         62                        66     -4       75

PRECIPITATION (IN)
  YESTERDAY        0.00          1.30 1929   0.03  -0.03     0.00
  MONTH TO DATE    0.72                      1.27  -0.55     2.38
  SINCE SEP 1      6.16                      9.48  -3.32     5.34
  SINCE JAN 1     18.33                     23.69  -5.36    20.24

SNOWFALL (IN)
  YESTERDAY        0.0
  MONTH TO DATE    0.0
  SINCE SEP 1      0.0
  SINCE JUL 1      0.0

DEGREE DAYS
 HEATING
  YESTERDAY        3                         3      0        0
  MONTH TO DATE   29                        33     -4       15
  SINCE SEP 1     43                        36      7       15
  SINCE JUL 1     43                        36      7       15

 COOLING
  YESTERDAY        0                         4     -4       10
  MONTH TO DATE  201                       139     62      202
  SINCE SEP 1   1115                       991    124     1260
  SINCE JAN 1   4620                      3915    705     4579
..................................................................


WIND (MPH)
  HIGHEST WIND SPEED    15   HIGHEST WIND DIRECTION    SE (150)
  HIGHEST GUST SPEED    23   HIGHEST GUST DIRECTION     S (170)
  AVERAGE WIND SPEED     5.8



WEATHER CONDITIONS
 THE FOLLOWING WEATHER WAS RECORDED YESTERDAY.
  NO SIGNIFICANT WEATHER WAS OBSERVED.


RELATIVE HUMIDITY (PERCENT)
 HIGHEST    93
 LOWEST     32
 AVERAGE    63

..........................................................


THE HARLINGEN CLIMATE NORMALS FOR TODAY
                         NORMAL    RECORD    YEAR
 MAXIMUM TEMPERATURE (F)   76        91      1942
 MINIMUM TEMPERATURE (F)   55        33      1938


SUNRISE AND SUNSET
NOVEMBER 25 2017......SUNRISE   657 AM CST   SUNSET   538 PM CST
NOVEMBER 26 2017......SUNRISE   658 AM CST   SUNSET   538 PM CST


-  INDICATES NEGATIVE NUMBERS.
R  INDICATES RECORD WAS SET OR TIED.
MM INDICATES DATA IS MISSING.
T  INDICATES TRACE AMOUNT.




$$
