166
CDUS44 KBRO 190725
CLIHRL


CLIMATE REPORT
NATIONAL WEATHER SERVICE BROWNSVILLE TX
125 AM CST MON FEB 19 2018


...................................

...THE HARLINGEN CLIMATE SUMMARY FOR FEBRUARY 18 2018...

CLIMATE NORMAL PERIOD 1981 TO 2010
CLIMATE RECORD PERIOD 1912 TO 2018


WEATHER ITEM   OBSERVED TIME   RECORD YEAR NORMAL DEPARTURE LAST
                VALUE   (LST)  VALUE       VALUE  FROM      YEAR
                                                  NORMAL
..................................................................
TEMPERATURE (F)
 YESTERDAY
  MAXIMUM         86    128 PM  90    2017  75     11       90
  MINIMUM         68   1205 AM  27    1936  53     15       58
  AVERAGE         77                        64     13       74

PRECIPITATION (IN)
  YESTERDAY        0.00          1.55 1973   0.04  -0.04     0.00
  MONTH TO DATE    0.14                      1.04  -0.90     0.29
  SINCE DEC 1      3.59                      3.36   0.23     2.52
  SINCE JAN 1      2.58                      2.10   0.48     1.19

SNOWFALL (IN)
  YESTERDAY        0.0
  MONTH TO DATE    0.0
  SINCE DEC 1      1.0
  SINCE JUL 1      1.0

DEGREE DAYS
 HEATING
  YESTERDAY        0                         4     -4        0
  MONTH TO DATE   68                        85    -17        9
  SINCE DEC 1    590                       476    114      215
  SINCE JUL 1    633                       533    100      230

 COOLING
  YESTERDAY       12                         3      9        9
  MONTH TO DATE   82                        45     37      138
  SINCE DEC 1    190                       152     38      426
  SINCE JAN 1    105                        94     11      269
..................................................................


WIND (MPH)
  HIGHEST WIND SPEED    30   HIGHEST WIND DIRECTION    SE (150)
  HIGHEST GUST SPEED    37   HIGHEST GUST DIRECTION    SE (150)
  AVERAGE WIND SPEED    18.9



WEATHER CONDITIONS
 THE FOLLOWING WEATHER WAS RECORDED YESTERDAY.
  FOG


RELATIVE HUMIDITY (PERCENT)
 HIGHEST   100
 LOWEST     51
 AVERAGE    76

..........................................................


THE HARLINGEN CLIMATE NORMALS FOR TODAY
                         NORMAL    RECORD    YEAR
 MAXIMUM TEMPERATURE (F)   75        95      1986
 MINIMUM TEMPERATURE (F)   53        34      1978


SUNRISE AND SUNSET
FEBRUARY 19 2018......SUNRISE   703 AM CST   SUNSET   626 PM CST
FEBRUARY 20 2018......SUNRISE   702 AM CST   SUNSET   627 PM CST


-  INDICATES NEGATIVE NUMBERS.
R  INDICATES RECORD WAS SET OR TIED.
MM INDICATES DATA IS MISSING.
T  INDICATES TRACE AMOUNT.




$$
