000
CDUS44 KBRO 050645
CLIHRL


CLIMATE REPORT
NATIONAL WEATHER SERVICE BROWNSVILLE TX
145 AM CDT SUN JUL 5 2015


...................................

...THE HARLINGEN CLIMATE SUMMARY FOR JULY 4 2015...

CLIMATE NORMAL PERIOD 1981 TO 2010
CLIMATE RECORD PERIOD 1912 TO 2015


WEATHER ITEM   OBSERVED TIME   RECORD YEAR NORMAL DEPARTURE LAST
                VALUE   (LST)  VALUE       VALUE  FROM      YEAR
                                                  NORMAL
..................................................................
TEMPERATURE (F)
 YESTERDAY
  MAXIMUM         93   1220 PM 102    2009  94     -1       95
  MINIMUM         76    620 AM  62    1924  75      1       71
  AVERAGE         85                        85      0       83

PRECIPITATION (IN)
  YESTERDAY        0.02          1.75 1999   0.07  -0.05     0.00
  MONTH TO DATE    1.12                      0.25   0.87      T
  SINCE JUN 1      3.33                      2.75   0.58     0.29
  SINCE JAN 1     15.83                     10.67   5.16     5.13

SNOWFALL (IN)
  YESTERDAY        0.0
  MONTH TO DATE    0.0
  SINCE JUN 1      0.0
  SINCE JUL 1      0.0

DEGREE DAYS
 HEATING
  YESTERDAY        0                         0      0        0
  MONTH TO DATE    0                         0      0        0
  SINCE JUN 1      0                         0      0        0
  SINCE JUL 1      0                         0      0        0

 COOLING
  YESTERDAY       20                        20      0       18
  MONTH TO DATE   68                        80    -12       76
  SINCE JUN 1    635                       648    -13      698
  SINCE JAN 1   1719                      1749    -30     1634
..................................................................


WIND (MPH)
  HIGHEST WIND SPEED    36   HIGHEST WIND DIRECTION     S (160)
  HIGHEST GUST SPEED    40   HIGHEST GUST DIRECTION     S (160)
  AVERAGE WIND SPEED    13.4



WEATHER CONDITIONS
 THE FOLLOWING WEATHER WAS RECORDED YESTERDAY.
  THUNDERSTORM


RELATIVE HUMIDITY (PERCENT)
 HIGHEST    97
 LOWEST     49
 AVERAGE    73

..........................................................


THE HARLINGEN CLIMATE NORMALS FOR TODAY
                         NORMAL    RECORD    YEAR
 MAXIMUM TEMPERATURE (F)   95       101      2012
 MINIMUM TEMPERATURE (F)   75        65      1924


SUNRISE AND SUNSET
JULY  5 2015..........SUNRISE   643 AM CDT   SUNSET   827 PM CDT
JULY  6 2015..........SUNRISE   644 AM CDT   SUNSET   827 PM CDT


-  INDICATES NEGATIVE NUMBERS.
R  INDICATES RECORD WAS SET OR TIED.
MM INDICATES DATA IS MISSING.
T  INDICATES TRACE AMOUNT.




$$
