000
CDUS44 KBRO 060745
CLIHRL


CLIMATE REPORT
NATIONAL WEATHER SERVICE BROWNSVILLE TX
145 AM CST TUE DEC 6 2016


...................................

...THE HARLINGEN CLIMATE SUMMARY FOR DECEMBER 5 2016...

CLIMATE NORMAL PERIOD 1981 TO 2010
CLIMATE RECORD PERIOD 1912 TO 2016


WEATHER ITEM   OBSERVED TIME   RECORD YEAR NORMAL DEPARTURE LAST
                VALUE   (LST)  VALUE       VALUE  FROM      YEAR
                                                  NORMAL
..................................................................
TEMPERATURE (F)
 YESTERDAY
  MAXIMUM         65    414 PM  90    1942  73     -8       76
  MINIMUM         50   1149 PM  29    2009  52     -2       50
  AVERAGE         58                        62     -4       63

PRECIPITATION (IN)
  YESTERDAY        0.03          1.20 1944   0.05  -0.02     0.00
  MONTH TO DATE    0.74                      0.26   0.48     0.02
  SINCE DEC 1      0.74                      0.26   0.48     0.02
  SINCE JAN 1     21.00                     24.18  -3.18    32.92

SNOWFALL (IN)
  YESTERDAY        0.0
  MONTH TO DATE    0.0
  SINCE DEC 1      0.0
  SINCE JUL 1      0.0

DEGREE DAYS
 HEATING
  YESTERDAY        7                         5      2        2
  MONTH TO DATE    9                        24    -15       22
  SINCE DEC 1      9                        24    -15       22
  SINCE JUL 1     24                        81    -57       58

 COOLING
  YESTERDAY        0                         3     -3        0
  MONTH TO DATE   20                        15      5        0
  SINCE DEC 1     20                        15      5        0
  SINCE JAN 1   4658                      3949    709     4244
..................................................................


WIND (MPH)
  HIGHEST WIND SPEED    24   HIGHEST WIND DIRECTION     N (350)
  HIGHEST GUST SPEED    30   HIGHEST GUST DIRECTION    NW (320)
  AVERAGE WIND SPEED    11.2



WEATHER CONDITIONS
 THE FOLLOWING WEATHER WAS RECORDED YESTERDAY.
  LIGHT RAIN
  FOG


RELATIVE HUMIDITY (PERCENT)
 HIGHEST   100
 LOWEST     67
 AVERAGE    84

..........................................................


THE HARLINGEN CLIMATE NORMALS FOR TODAY
                         NORMAL    RECORD    YEAR
 MAXIMUM TEMPERATURE (F)   73        92      1977
 MINIMUM TEMPERATURE (F)   52        33      1950


SUNRISE AND SUNSET
DECEMBER  6 2016......SUNRISE   705 AM CST   SUNSET   539 PM CST
DECEMBER  7 2016......SUNRISE   706 AM CST   SUNSET   539 PM CST


-  INDICATES NEGATIVE NUMBERS.
R  INDICATES RECORD WAS SET OR TIED.
MM INDICATES DATA IS MISSING.
T  INDICATES TRACE AMOUNT.




$$
