000
CDUS44 KBRO 300727
CLIHRL


CLIMATE REPORT
NATIONAL WEATHER SERVICE BROWNSVILLE TX
127 AM CST FRI JAN 30 2015


...................................

...THE HARLINGEN CLIMATE SUMMARY FOR JANUARY 29 2015...

CLIMATE NORMAL PERIOD 1981 TO 2010
CLIMATE RECORD PERIOD 1912 TO 2015


WEATHER ITEM   OBSERVED TIME   RECORD YEAR NORMAL DEPARTURE LAST
                VALUE   (LST)  VALUE       VALUE  FROM      YEAR
                                                  NORMAL
..................................................................
TEMPERATURE (F)
 YESTERDAY
  MAXIMUM         80    235 PM  87    2013  72      8       44
                                      2006
  MINIMUM         52    730 AM  28    1948  51      1       33
  AVERAGE         66                        61      5       39

PRECIPITATION (IN)
  YESTERDAY        0.00          0.62 2014   0.04  -0.04     0.62
  MONTH TO DATE    1.91                      0.97   0.94     0.84
  SINCE DEC 1      4.22                      2.23   1.99     4.56
  SINCE JAN 1      1.91                      0.97   0.94     0.84

SNOWFALL (IN)
  YESTERDAY        0.0
  MONTH TO DATE    0.0
  SINCE DEC 1      0.0
  SINCE JUL 1      0.0

DEGREE DAYS
 HEATING
  YESTERDAY        0                         5     -5       26
  MONTH TO DATE  310                       189    121      251
  SINCE DEC 1    398                       380     18      493
  SINCE JUL 1    533                       437     96      625

 COOLING
  YESTERDAY        1                         2     -1        0
  MONTH TO DATE   11                        54    -43       16
  SINCE DEC 1    102                       112    -10       79
  SINCE JAN 1     11                        54    -43       16
..................................................................


WIND (MPH)
  HIGHEST WIND SPEED    21   HIGHEST WIND DIRECTION     S (160)
  HIGHEST GUST SPEED    25   HIGHEST GUST DIRECTION     S (160)
  AVERAGE WIND SPEED     8.6



WEATHER CONDITIONS
 THE FOLLOWING WEATHER WAS RECORDED YESTERDAY.
  FOG
  FOG W/VISIBILITY <= 1/4 MILE


RELATIVE HUMIDITY (PERCENT)
 HIGHEST   100
 LOWEST     52
 AVERAGE    76

..........................................................


THE HARLINGEN CLIMATE NORMALS FOR TODAY
                         NORMAL    RECORD    YEAR
 MAXIMUM TEMPERATURE (F)   72        88      2006
                                             1957
 MINIMUM TEMPERATURE (F)   51        25      1951


SUNRISE AND SUNSET
JANUARY 30 2015.......SUNRISE   716 AM CST   SUNSET   612 PM CST
JANUARY 31 2015.......SUNRISE   716 AM CST   SUNSET   613 PM CST


-  INDICATES NEGATIVE NUMBERS.
R  INDICATES RECORD WAS SET OR TIED.
MM INDICATES DATA IS MISSING.
T  INDICATES TRACE AMOUNT.




$$
