000
CDUS44 KBRO 010626
CLIHRL


CLIMATE REPORT
NATIONAL WEATHER SERVICE BROWNSVILLE TX
126 AM CDT WED OCT 1 2014


...................................

...THE HARLINGEN CLIMATE SUMMARY FOR SEPTEMBER 30 2014...

CLIMATE NORMAL PERIOD 1981 TO 2010
CLIMATE RECORD PERIOD 1912 TO 2014


WEATHER ITEM   OBSERVED TIME   RECORD YEAR NORMAL DEPARTURE LAST
                VALUE   (LST)  VALUE       VALUE  FROM      YEAR
                                                  NORMAL
..................................................................
TEMPERATURE (F)
 YESTERDAY
  MAXIMUM         89    324 PM  98    1915  89      0       90
                                      1953
                                      1966
  MINIMUM         73    644 AM  52    1924  69      4       74
  AVERAGE         81                        79      2       82

PRECIPITATION (IN)
  YESTERDAY        0.02          3.05 1946   0.15  -0.13      T
  MONTH TO DATE    9.41                      5.22   4.19     9.20
  SINCE SEP 1      9.41                      5.22   4.19     9.20
  SINCE JAN 1     16.06                     19.43  -3.37    21.04

SNOWFALL (IN)
  YESTERDAY        0.0
  MONTH TO DATE    0.0
  SINCE SEP 1      0.0
  SINCE JUL 1      0.0

DEGREE DAYS
 HEATING
  YESTERDAY        0                         0      0        0
  MONTH TO DATE    0                         0      0        0
  SINCE SEP 1      0                         0      0        0
  SINCE JUL 1      0                         0      0        0

 COOLING
  YESTERDAY       16                        14      2       17
  MONTH TO DATE  512                       505      7      498
  SINCE SEP 1    512                       505      7      498
  SINCE JAN 1   3409                      3429    -20     3515
..................................................................


WIND (MPH)
  HIGHEST WIND SPEED    13   HIGHEST WIND DIRECTION     E (90)
  HIGHEST GUST SPEED    15   HIGHEST GUST DIRECTION    SE (130)
  AVERAGE WIND SPEED     3.7



WEATHER CONDITIONS
 THE FOLLOWING WEATHER WAS RECORDED YESTERDAY.
  LIGHT RAIN
  FOG


RELATIVE HUMIDITY (PERCENT)
 HIGHEST   100
 LOWEST     68
 AVERAGE    84

..........................................................


THE HARLINGEN CLIMATE NORMALS FOR TODAY
                         NORMAL    RECORD    YEAR
 MAXIMUM TEMPERATURE (F)   89        98      1959
                                             1962
 MINIMUM TEMPERATURE (F)   69        50      1920
                                             1924


SUNRISE AND SUNSET
OCTOBER  1 2014.......SUNRISE   723 AM CDT   SUNSET   717 PM CDT
OCTOBER  2 2014.......SUNRISE   723 AM CDT   SUNSET   716 PM CDT


-  INDICATES NEGATIVE NUMBERS.
R  INDICATES RECORD WAS SET OR TIED.
MM INDICATES DATA IS MISSING.
T  INDICATES TRACE AMOUNT.




$$
