000
CDUS44 KBRO 110729
CLIHRL


CLIMATE REPORT
NATIONAL WEATHER SERVICE BROWNSVILLE TX
127 AM CST THU FEB 11 2016


...................................

...THE HARLINGEN CLIMATE SUMMARY FOR FEBRUARY 10 2016...

CLIMATE NORMAL PERIOD 1981 TO 2010
CLIMATE RECORD PERIOD 1912 TO 2016


WEATHER ITEM   OBSERVED TIME   RECORD YEAR NORMAL DEPARTURE LAST
                VALUE   (LST)  VALUE       VALUE  FROM      YEAR
                                                  NORMAL
..................................................................
TEMPERATURE (F)
 YESTERDAY
  MAXIMUM         82    237 PM  95    1962  73      9       82
  MINIMUM         45    407 AM  27    1973  52     -7       49
  AVERAGE         64                        63      1       66

PRECIPITATION (IN)
  YESTERDAY        0.00          1.13 2007   0.06  -0.06     0.00
  MONTH TO DATE    0.00                      0.58  -0.58     0.69
  SINCE DEC 1      2.21                      2.90  -0.69     4.93
  SINCE JAN 1      1.91                      1.64   0.27     2.62

SNOWFALL (IN)
  YESTERDAY        0.0
  MONTH TO DATE    0.0
  SINCE DEC 1      0.0
  SINCE JUL 1      0.0

DEGREE DAYS
 HEATING
  YESTERDAY        1                         5     -4        0
  MONTH TO DATE   51                        50      1       46
  SINCE DEC 1    324                       441   -117      445
  SINCE JUL 1    360                       498   -138      580

 COOLING
  YESTERDAY        0                         3     -3        1
  MONTH TO DATE   12                        21     -9       11
  SINCE DEC 1    173                       128     45      116
  SINCE JAN 1     40                        70    -30       25
..................................................................


WIND (MPH)
  HIGHEST WIND SPEED    18   HIGHEST WIND DIRECTION     S (170)
  HIGHEST GUST SPEED    23   HIGHEST GUST DIRECTION     S (200)
  AVERAGE WIND SPEED    11.2



WEATHER CONDITIONS
 THE FOLLOWING WEATHER WAS RECORDED YESTERDAY.
  NO SIGNIFICANT WEATHER WAS OBSERVED.


RELATIVE HUMIDITY (PERCENT)
 HIGHEST    71
 LOWEST     16
 AVERAGE    44

..........................................................


THE HARLINGEN CLIMATE NORMALS FOR TODAY
                         NORMAL    RECORD    YEAR
 MAXIMUM TEMPERATURE (F)   73        93      1963
 MINIMUM TEMPERATURE (F)   52        27      1973


SUNRISE AND SUNSET
FEBRUARY 11 2016......SUNRISE   709 AM CST   SUNSET   621 PM CST
FEBRUARY 12 2016......SUNRISE   709 AM CST   SUNSET   621 PM CST


-  INDICATES NEGATIVE NUMBERS.
R  INDICATES RECORD WAS SET OR TIED.
MM INDICATES DATA IS MISSING.
T  INDICATES TRACE AMOUNT.




$$
