000
CDUS44 KBRO 050627
CLIHRL


CLIMATE REPORT
NATIONAL WEATHER SERVICE BROWNSVILLE TX
125 AM CDT SAT SEP 5 2015


...................................

...THE HARLINGEN CLIMATE SUMMARY FOR SEPTEMBER 4 2015...

CLIMATE NORMAL PERIOD 1981 TO 2010
CLIMATE RECORD PERIOD 1912 TO 2015


WEATHER ITEM   OBSERVED TIME   RECORD YEAR NORMAL DEPARTURE LAST
                VALUE   (LST)  VALUE       VALUE  FROM      YEAR
                                                  NORMAL
..................................................................
TEMPERATURE (F)
 YESTERDAY
  MAXIMUM         94    355 PM 107    2011  94      0       96
  MINIMUM         77    623 AM  64    1919  74      3       75
  AVERAGE         86                        84      2       86

PRECIPITATION (IN)
  YESTERDAY        T             5.06 1923   0.15  -0.15     0.02
  MONTH TO DATE    T                         0.55  -0.55     1.04
  SINCE SEP 1      T                         0.55  -0.55     1.04
  SINCE JAN 1     19.56                     14.76   4.80     7.69

DEGREE DAYS
 HEATING
  YESTERDAY        0                         0      0        0
  MONTH TO DATE    0                         0      0        0
  SINCE SEP 1      0                         0      0        0
  SINCE JUL 1      0                         0      0        0

 COOLING
  YESTERDAY       21                        19      2       21
  MONTH TO DATE   78                        76      2       80
  SINCE SEP 1     78                        76      2       80
  SINCE JAN 1   3069                      3000     69     2977
..................................................................


WIND (MPH)
  HIGHEST WIND SPEED    25   HIGHEST WIND DIRECTION    SE (140)
  HIGHEST GUST SPEED    30   HIGHEST GUST DIRECTION    SE (150)
  AVERAGE WIND SPEED    11.1



WEATHER CONDITIONS
 THE FOLLOWING WEATHER WAS RECORDED YESTERDAY.
  LIGHT RAIN
  FOG


RELATIVE HUMIDITY (PERCENT)
 HIGHEST    97
 LOWEST     56
 AVERAGE    77

..........................................................


THE HARLINGEN CLIMATE NORMALS FOR TODAY
                         NORMAL    RECORD    YEAR
 MAXIMUM TEMPERATURE (F)   93       107      2000
 MINIMUM TEMPERATURE (F)   74        64      1924


SUNRISE AND SUNSET
SEPTEMBER  5 2015.....SUNRISE   712 AM CDT   SUNSET   746 PM CDT
SEPTEMBER  6 2015.....SUNRISE   713 AM CDT   SUNSET   745 PM CDT


-  INDICATES NEGATIVE NUMBERS.
R  INDICATES RECORD WAS SET OR TIED.
MM INDICATES DATA IS MISSING.
T  INDICATES TRACE AMOUNT.

$$
