000
CDUS44 KBRO 250626
CLIHRL


CLIMATE REPORT
NATIONAL WEATHER SERVICE BROWNSVILLE TX
125 AM CDT THU MAY 25 2017


...................................

...THE HARLINGEN CLIMATE SUMMARY FOR MAY 24 2017...

CLIMATE NORMAL PERIOD 1981 TO 2010
CLIMATE RECORD PERIOD 1912 TO 2017


WEATHER ITEM   OBSERVED TIME   RECORD YEAR NORMAL DEPARTURE LAST
                VALUE   (LST)  VALUE       VALUE  FROM      YEAR
                                                  NORMAL
..................................................................
TEMPERATURE (F)
 YESTERDAY
  MAXIMUM         89    314 PM 101    1925  92     -3       94
  MINIMUM         62   1115 PM  57    1928  72    -10       79
                                      1967
  AVERAGE         76                        82     -6       87

PRECIPITATION (IN)
  YESTERDAY        0.00          2.73 2007   0.08  -0.08     0.00
  MONTH TO DATE    0.18                      1.86  -1.68     1.49
  SINCE MAR 1      3.27                      4.82  -1.55     3.76
  SINCE JAN 1      4.58                      7.29  -2.71     5.67

SNOWFALL (IN)
  YESTERDAY        0.0
  MONTH TO DATE    0.0
  SINCE MAR 1      0.0
  SINCE JUL 1      0.0

DEGREE DAYS
 HEATING
  YESTERDAY        0                         0      0        0
  MONTH TO DATE    0                         0      0        0
  SINCE MAR 1      4                        54    -50       13
  SINCE JUL 1    234                       622   -388      389

 COOLING
  YESTERDAY       11                        17     -6       22
  MONTH TO DATE  369                       365      4      401
  SINCE MAR 1   1038                       854    184     1073
  SINCE JAN 1   1405                       979    426     1213
..................................................................


WIND (MPH)
  HIGHEST WIND SPEED    23   HIGHEST WIND DIRECTION     N (350)
  HIGHEST GUST SPEED    29   HIGHEST GUST DIRECTION     N (350)
  AVERAGE WIND SPEED    11.0



WEATHER CONDITIONS
 THE FOLLOWING WEATHER WAS RECORDED YESTERDAY.
  NO SIGNIFICANT WEATHER WAS OBSERVED.


RELATIVE HUMIDITY (PERCENT)
 HIGHEST   100
 LOWEST     21
 AVERAGE    61

..........................................................


THE HARLINGEN CLIMATE NORMALS FOR TODAY
                         NORMAL    RECORD    YEAR
 MAXIMUM TEMPERATURE (F)   92        98      1955
 MINIMUM TEMPERATURE (F)   72        57      1967


SUNRISE AND SUNSET
MAY 25 2017...........SUNRISE   640 AM CDT   SUNSET   816 PM CDT
MAY 26 2017...........SUNRISE   640 AM CDT   SUNSET   816 PM CDT


-  INDICATES NEGATIVE NUMBERS.
R  INDICATES RECORD WAS SET OR TIED.
MM INDICATES DATA IS MISSING.
T  INDICATES TRACE AMOUNT.




$$
