000
CDUS44 KBRO 240627
CLIHRL


CLIMATE REPORT
NATIONAL WEATHER SERVICE BROWNSVILLE TX
127 AM CDT SUN MAY 24 2015


...................................

...THE HARLINGEN CLIMATE SUMMARY FOR MAY 23 2015...

CLIMATE NORMAL PERIOD 1981 TO 2010
CLIMATE RECORD PERIOD 1912 TO 2015


WEATHER ITEM   OBSERVED TIME   RECORD YEAR NORMAL DEPARTURE LAST
                VALUE   (LST)  VALUE       VALUE  FROM      YEAR
                                                  NORMAL
..................................................................
TEMPERATURE (F)
 YESTERDAY
  MAXIMUM         91    409 PM 101    1916  92     -1       91
  MINIMUM         76    547 AM  56    1928  72      4       73
  AVERAGE         84                        82      2       82

PRECIPITATION (IN)
  YESTERDAY        0.00          1.73 1959   0.09  -0.09     0.00
  MONTH TO DATE    1.13                      1.78  -0.65     1.77
  SINCE MAR 1      7.92                      4.74   3.18     3.72
  SINCE JAN 1     10.84                      7.21   3.63     4.72

SNOWFALL (IN)
  YESTERDAY        0.0
  MONTH TO DATE    0.0
  SINCE MAR 1      0.0
  SINCE JUL 1      0.0

DEGREE DAYS
 HEATING
  YESTERDAY        0                         0      0        0
  MONTH TO DATE    0                         0      0        0
  SINCE MAR 1     74                        54     20      119
  SINCE JUL 1    767                       622    145      930

 COOLING
  YESTERDAY       19                        17      2       17
  MONTH TO DATE  386                       348     38      262
  SINCE MAR 1    886                       837     49      673
  SINCE JAN 1    945                       962    -17      784
..................................................................


WIND (MPH)
  HIGHEST WIND SPEED    29   HIGHEST WIND DIRECTION    SE (150)
  HIGHEST GUST SPEED    35   HIGHEST GUST DIRECTION    SE (140)
  AVERAGE WIND SPEED    15.5



WEATHER CONDITIONS
 THE FOLLOWING WEATHER WAS RECORDED YESTERDAY.
  FOG


RELATIVE HUMIDITY (PERCENT)
 HIGHEST    97
 LOWEST     52
 AVERAGE    75

..........................................................


THE HARLINGEN CLIMATE NORMALS FOR TODAY
                         NORMAL    RECORD    YEAR
 MAXIMUM TEMPERATURE (F)   92       101      1925
 MINIMUM TEMPERATURE (F)   72        57      1928
                                             1967


SUNRISE AND SUNSET
MAY 24 2015...........SUNRISE   640 AM CDT   SUNSET   815 PM CDT
MAY 25 2015...........SUNRISE   640 AM CDT   SUNSET   815 PM CDT


-  INDICATES NEGATIVE NUMBERS.
R  INDICATES RECORD WAS SET OR TIED.
MM INDICATES DATA IS MISSING.
T  INDICATES TRACE AMOUNT.




$$
