000
CDUS44 KBRO 230734
CLIHRL


CLIMATE REPORT
NATIONAL WEATHER SERVICE BROWNSVILLE TX
132 AM CST MON JAN 23 2017


...................................

...THE HARLINGEN CLIMATE SUMMARY FOR JANUARY 22 2017...

CLIMATE NORMAL PERIOD 1981 TO 2010
CLIMATE RECORD PERIOD 1912 TO 2017


WEATHER ITEM   OBSERVED TIME   RECORD YEAR NORMAL DEPARTURE LAST
                VALUE   (LST)  VALUE       VALUE  FROM      YEAR
                                                  NORMAL
..................................................................
TEMPERATURE (F)
 YESTERDAY
  MAXIMUM         82    337 PM  87    1943  71     11       71
                                      1969
  MINIMUM         54   1144 PM  23    1935  50      4       41
  AVERAGE         68                        60      8       56

PRECIPITATION (IN)
  YESTERDAY        0.00          1.03 1966   0.05  -0.05     0.00
  MONTH TO DATE    0.84                      0.66   0.18     1.81
  SINCE DEC 1      2.17                      1.92   0.25     2.11
  SINCE JAN 1      0.84                      0.66   0.18     1.81

SNOWFALL (IN)
  YESTERDAY        0.0
  MONTH TO DATE    0.0
  SINCE DEC 1      0.0
  SINCE JUL 1      0.0

DEGREE DAYS
 HEATING
  YESTERDAY        0                         6     -6        9
  MONTH TO DATE   64                       148    -84      145
  SINCE DEC 1    166                       339   -173      220
  SINCE JUL 1    181                       396   -215      256

 COOLING
  YESTERDAY        3                         1      2        0
  MONTH TO DATE  115                        40     75       12
  SINCE DEC 1    272                        98    174      145
  SINCE JAN 1    115                        40     75       12
..................................................................


WIND (MPH)
  HIGHEST WIND SPEED    36   HIGHEST WIND DIRECTION    NW (310)
  HIGHEST GUST SPEED    44   HIGHEST GUST DIRECTION    NW (310)
  AVERAGE WIND SPEED    18.4



WEATHER CONDITIONS
 THE FOLLOWING WEATHER WAS RECORDED YESTERDAY.
  HAZE


RELATIVE HUMIDITY (PERCENT)
 HIGHEST    78
 LOWEST     10
 AVERAGE    44

..........................................................


THE HARLINGEN CLIMATE NORMALS FOR TODAY
                         NORMAL    RECORD    YEAR
 MAXIMUM TEMPERATURE (F)   71        90      1943
                                             1957
 MINIMUM TEMPERATURE (F)   50        22      1930


SUNRISE AND SUNSET
JANUARY 23 2017.......SUNRISE   718 AM CST   SUNSET   607 PM CST
JANUARY 24 2017.......SUNRISE   718 AM CST   SUNSET   608 PM CST


-  INDICATES NEGATIVE NUMBERS.
R  INDICATES RECORD WAS SET OR TIED.
MM INDICATES DATA IS MISSING.
T  INDICATES TRACE AMOUNT.




$$
