000
CDUS44 KLZK 200910
CLIHRO


CLIMATE REPORT
NATIONAL WEATHER SERVICE LITTLE ROCK AR
410 AM CDT WED AUG 20 2014


...................................

...THE HARRISON CLIMATE SUMMARY FOR AUGUST 19 2014...

CLIMATE NORMAL PERIOD 1981 TO 2010
CLIMATE RECORD PERIOD 1891 TO 2014


WEATHER ITEM   OBSERVED TIME   RECORD YEAR NORMAL DEPARTURE LAST
                VALUE   (LST)  VALUE       VALUE  FROM      YEAR
                                                  NORMAL
..................................................................
TEMPERATURE (F)
 YESTERDAY
  MAXIMUM         92    306 PM 107    1936  89      3       83
  MINIMUM         70    144 AM  52    1953  66      4       60
                                      1943
  AVERAGE         81                        78      3       72

PRECIPITATION (IN)
  YESTERDAY        0.00          5.70 1915   0.11  -0.11     0.00
  MONTH TO DATE    1.01                      2.26  -1.25     7.45
  SINCE JUN 1     11.23                      9.64   1.59    14.70
  SINCE JAN 1     26.54                     27.64  -1.10    32.82

SNOWFALL (IN)
  YESTERDAY        0.0          MM      MM   0.0    0.0      0.0
  MONTH TO DATE    0.0                       0.0    0.0      0.0
  SINCE JUN 1      0.0                       0.0    0.0      0.0
  SINCE JUL 1      0.0                       0.0    0.0      0.0
  SNOW DEPTH       0

DEGREE DAYS
 HEATING
  YESTERDAY        0                         0      0        0
  MONTH TO DATE    0                         0      0        1
  SINCE JUN 1      0                         6     -6        6
  SINCE JUL 1      0                         0      0        1

 COOLING
  YESTERDAY       16                        13      3        7
  MONTH TO DATE  209                       259    -50      171
  SINCE JUN 1    757                       938   -181      835
  SINCE JAN 1    944                      1077   -133      981
..................................................................


WIND (MPH)
  HIGHEST WIND SPEED    16   HIGHEST WIND DIRECTION     W (270)
  HIGHEST GUST SPEED    24   HIGHEST GUST DIRECTION     W (280)
  AVERAGE WIND SPEED     5.5


SKY COVER
  POSSIBLE SUNSHINE  MM
  AVERAGE SKY COVER 0.0


WEATHER CONDITIONS
 THE FOLLOWING WEATHER WAS RECORDED YESTERDAY.
  NO SIGNIFICANT WEATHER WAS OBSERVED.


RELATIVE HUMIDITY (PERCENT)
 HIGHEST    90           100 AM
 LOWEST     44           200 PM
 AVERAGE    67

..........................................................


THE HARRISON CLIMATE NORMALS FOR TODAY
                         NORMAL    RECORD    YEAR
 MAXIMUM TEMPERATURE (F)   89       107      1936
 MINIMUM TEMPERATURE (F)   66        49      1953


SUNRISE AND SUNSET
AUGUST 20 2014........SUNRISE   635 AM CDT   SUNSET   757 PM CDT
AUGUST 21 2014........SUNRISE   635 AM CDT   SUNSET   755 PM CDT


-  INDICATES NEGATIVE NUMBERS.
R  INDICATES RECORD WAS SET OR TIED.
MM INDICATES DATA IS MISSING.
T  INDICATES TRACE AMOUNT.




$$
