000
CDUS44 KLZK 260724
CLIHRO


CLIMATE REPORT
NATIONAL WEATHER SERVICE LITTLE ROCK AR
223 AM CDT MON SEP 26 2016


...................................

...THE HARRISON CLIMATE SUMMARY FOR SEPTEMBER 25 2016...

CLIMATE NORMAL PERIOD 1981 TO 2010
CLIMATE RECORD PERIOD 1891 TO 2016


WEATHER ITEM   OBSERVED TIME   RECORD YEAR NORMAL DEPARTURE LAST
                VALUE   (LST)  VALUE       VALUE  FROM      YEAR
                                                  NORMAL
..................................................................
TEMPERATURE (F)
 YESTERDAY
  MAXIMUM         88    359 PM  95    1939  77     11       82
  MINIMUM         63   1159 PM  33    1950  54      9       57
  AVERAGE         76                        66     10       70

PRECIPITATION (IN)
  YESTERDAY        0.11          3.51 1945   0.14  -0.03     0.00
  MONTH TO DATE    1.19                      3.53  -2.34     5.05
  SINCE SEP 1      1.19                      3.53  -2.34     5.05
  SINCE JAN 1     29.47                     32.49  -3.02    45.27

SNOWFALL (IN)
  YESTERDAY        0.0          MM      MM   0.0    0.0      0.0
  MONTH TO DATE    0.0                       0.0    0.0      0.0
  SINCE SEP 1      0.0                       0.0    0.0      0.0
  SINCE JUL 1      0.0                       0.0    0.0      0.0
  SNOW DEPTH       0

DEGREE DAYS
 HEATING
  YESTERDAY        0                         3     -3        0
  MONTH TO DATE    0                        25    -25       11
  SINCE SEP 1      0                        25    -25       11
  SINCE JUL 1      0                        26    -26       12

 COOLING
  YESTERDAY       11                         3      8        5
  MONTH TO DATE  226                       154     72      196
  SINCE SEP 1    226                       154     72      196
  SINCE JAN 1   1537                      1365    172     1416
..................................................................


WIND (MPH)
  HIGHEST WIND SPEED    14   HIGHEST WIND DIRECTION     N (340)
  HIGHEST GUST SPEED    22   HIGHEST GUST DIRECTION    NW (320)
  AVERAGE WIND SPEED     4.1


SKY COVER
  POSSIBLE SUNSHINE  MM
  AVERAGE SKY COVER 0.3


WEATHER CONDITIONS
 THE FOLLOWING WEATHER WAS RECORDED YESTERDAY.
  THUNDERSTORM
  LIGHT RAIN
  FOG


RELATIVE HUMIDITY (PERCENT)
 HIGHEST   100           300 AM
 LOWEST     46           300 PM
 AVERAGE    73

..........................................................


THE HARRISON CLIMATE NORMALS FOR TODAY
                         NORMAL    RECORD    YEAR
 MAXIMUM TEMPERATURE (F)   77        94      1953
 MINIMUM TEMPERATURE (F)   54        32      1942


SUNRISE AND SUNSET
SEPTEMBER 26 2016.....SUNRISE   704 AM CDT   SUNSET   703 PM CDT
SEPTEMBER 27 2016.....SUNRISE   705 AM CDT   SUNSET   701 PM CDT


-  INDICATES NEGATIVE NUMBERS.
R  INDICATES RECORD WAS SET OR TIED.
MM INDICATES DATA IS MISSING.
T  INDICATES TRACE AMOUNT.




$$
