000
CDUS44 KLZK 010902
CLIHRO


CLIMATE REPORT
NATIONAL WEATHER SERVICE LITTLE ROCK AR
402 AM CDT MON SEP 1 2014


...................................

...THE HARRISON CLIMATE SUMMARY FOR AUGUST 31 2014...

CLIMATE NORMAL PERIOD 1981 TO 2010
CLIMATE RECORD PERIOD 1891 TO 2014


WEATHER ITEM   OBSERVED TIME   RECORD YEAR NORMAL DEPARTURE LAST
                VALUE   (LST)  VALUE       VALUE  FROM      YEAR
                                                  NORMAL
..................................................................
TEMPERATURE (F)
 YESTERDAY
  MAXIMUM         89    144 PM 106    1913  86      3       95
  MINIMUM         67    601 AM  41    1915  64      3       71
  AVERAGE         78                        75      3       83

PRECIPITATION (IN)
  YESTERDAY        0.00          3.58 1905   0.12  -0.12     0.00
  MONTH TO DATE    1.15                      3.58  -2.43     7.45
  SINCE JUN 1     11.37                     10.96   0.41    14.70
  SINCE JAN 1     26.68                     28.96  -2.28    32.82

SNOWFALL (IN)
  YESTERDAY        0.0          MM      MM   0.0    0.0      0.0
  MONTH TO DATE    0.0                       0.0    0.0      0.0
  SINCE JUN 1      0.0                       0.0    0.0      0.0
  SINCE JUL 1      0.0                       0.0    0.0      0.0
  SNOW DEPTH       0

DEGREE DAYS
 HEATING
  YESTERDAY        0                         0      0        0
  MONTH TO DATE    0                         0      0        1
  SINCE JUN 1      1                         7     -6        6
  SINCE JUL 1      1                         1      0        1

 COOLING
  YESTERDAY       13                        10      3       18
  MONTH TO DATE  399                       393      6      334
  SINCE JUN 1    943                      1072   -129      998
  SINCE JAN 1   1130                      1211    -81     1144
..................................................................


WIND (MPH)
  HIGHEST WIND SPEED    20   HIGHEST WIND DIRECTION     S (160)
  HIGHEST GUST SPEED    24   HIGHEST GUST DIRECTION     S (160)
  AVERAGE WIND SPEED     7.5


SKY COVER
  POSSIBLE SUNSHINE  MM
  AVERAGE SKY COVER 0.2


WEATHER CONDITIONS
 THE FOLLOWING WEATHER WAS RECORDED YESTERDAY.
  FOG


RELATIVE HUMIDITY (PERCENT)
 HIGHEST   100           100 AM
 LOWEST     52           100 PM
 AVERAGE    76

..........................................................


THE HARRISON CLIMATE NORMALS FOR TODAY
                         NORMAL    RECORD    YEAR
 MAXIMUM TEMPERATURE (F)   86       103      2000
 MINIMUM TEMPERATURE (F)   63        40      1967


SUNRISE AND SUNSET
SEPTEMBER  1 2014.....SUNRISE   644 AM CDT   SUNSET   740 PM CDT
SEPTEMBER  2 2014.....SUNRISE   645 AM CDT   SUNSET   739 PM CDT


-  INDICATES NEGATIVE NUMBERS.
R  INDICATES RECORD WAS SET OR TIED.
MM INDICATES DATA IS MISSING.
T  INDICATES TRACE AMOUNT.




$$
