000
CDUS44 KLZK 302125
CLIHRO


CLIMATE REPORT
NATIONAL WEATHER SERVICE LITTLE ROCK AR
418 PM CDT SAT MAY 30 2015


...................................

...THE HARRISON CLIMATE SUMMARY FOR MAY 30 2015...
VALID TODAY AS OF 0400 PM LOCAL TIME.

CLIMATE NORMAL PERIOD 1981 TO 2010
CLIMATE RECORD PERIOD 1891 TO 2015


WEATHER ITEM   OBSERVED TIME   RECORD YEAR NORMAL DEPARTURE LAST
                VALUE   (LST)  VALUE       VALUE  FROM      YEAR
                                                  NORMAL
..................................................................
TEMPERATURE (F)
 TODAY
  MAXIMUM         77    138 PM  98    1928  80     -3       77
  MINIMUM         64    614 AM  35    1947  59      5       66
  AVERAGE         71                        69      2       72

PRECIPITATION (IN)
  TODAY            0.17          1.02 1990   0.14   0.03     0.27
  MONTH TO DATE   10.70                      4.55   6.15     4.34
  SINCE MAR 1     19.40                     12.66   6.74    13.33
  SINCE JAN 1     22.94                     17.86   5.08    15.28

SNOWFALL (IN)
  TODAY            0.0          MM      MM   0.0    0.0      0.0
  MONTH TO DATE    0.0                       0.0    0.0      0.0
  SINCE MAR 1      4.3                       2.3    2.0     10.0
  SINCE JUL 1     13.6                      11.5    2.1     25.8
  SNOW DEPTH       0

DEGREE DAYS
 HEATING
  TODAY            0                         1     -1        0
  MONTH TO DATE   54                        76    -22       99
  SINCE MAR 1    757                       825    -68      930
  SINCE JUL 1   4152                      3997    155     4465

 COOLING
  TODAY            6                         5      1        7
  MONTH TO DATE  101                        98      3      160
  SINCE MAR 1    126                       135     -9      178
  SINCE JAN 1    126                       135     -9      178
..................................................................


WIND (MPH)
  HIGHEST WIND SPEED    14   HIGHEST WIND DIRECTION    NW (300)
  HIGHEST GUST SPEED    18   HIGHEST GUST DIRECTION     W (290)
  AVERAGE WIND SPEED     6.8


SKY COVER
  POSSIBLE SUNSHINE  MM
  AVERAGE SKY COVER 0.9


WEATHER CONDITIONS
 THE FOLLOWING WEATHER WAS RECORDED TODAY.
  RAIN
  LIGHT RAIN
  FOG


RELATIVE HUMIDITY (PERCENT)
 HIGHEST   100           100 AM
 LOWEST     64           200 PM
 AVERAGE    82

..........................................................


THE HARRISON CLIMATE NORMALS FOR TOMORROW
                         NORMAL    RECORD    YEAR
 MAXIMUM TEMPERATURE (F)   80        98      1934
 MINIMUM TEMPERATURE (F)   59        38      1930


SUNRISE AND SUNSET
MAY 30 2015...........SUNRISE   557 AM CDT   SUNSET   823 PM CDT
MAY 31 2015...........SUNRISE   557 AM CDT   SUNSET   824 PM CDT


-  INDICATES NEGATIVE NUMBERS.
R  INDICATES RECORD WAS SET OR TIED.
MM INDICATES DATA IS MISSING.
T  INDICATES TRACE AMOUNT.




$$
