000
CDUS44 KLZK 110646
CLIHRO


CLIMATE REPORT
NATIONAL WEATHER SERVICE LITTLE ROCK AR
1245 AM CST THU FEB 11 2016


...................................

...THE HARRISON CLIMATE SUMMARY FOR FEBRUARY 10 2016...

CLIMATE NORMAL PERIOD 1981 TO 2010
CLIMATE RECORD PERIOD 1891 TO 2016


WEATHER ITEM   OBSERVED TIME   RECORD YEAR NORMAL DEPARTURE LAST
                VALUE   (LST)  VALUE       VALUE  FROM      YEAR
                                                  NORMAL
..................................................................
TEMPERATURE (F)
 YESTERDAY
  MAXIMUM         55    442 PM  79    1922  50      5       53
  MINIMUM         20    725 AM -17    1929  29     -9       29
  AVERAGE         38                        39     -1       41

PRECIPITATION (IN)
  YESTERDAY        0.00          1.91 1966   0.09  -0.09     0.00
  MONTH TO DATE    0.24                      0.89  -0.65     0.22
  SINCE DEC 1      9.63                      6.65   2.98     4.29
  SINCE JAN 1      1.19                      3.45  -2.26     2.04

SNOWFALL (IN)
  YESTERDAY        0.0           3.5  1986   0.1   -0.1      0.0
  MONTH TO DATE    T                         1.4   -1.4      0.2
  SINCE DEC 1      0.7                       6.9   -6.2      0.2
  SINCE JUL 1      0.7                       7.4   -6.7      0.8
  SNOW DEPTH       0

DEGREE DAYS
 HEATING
  YESTERDAY       27                        26      1       24
  MONTH TO DATE  254                       265    -11      250
  SINCE DEC 1   1678                      1987   -309     1872
  SINCE JUL 1   2264                      2751   -487     2726

 COOLING
  YESTERDAY        0                         0      0        0
  MONTH TO DATE    0                         0      0        0
  SINCE DEC 1      2                         0      2        0
  SINCE JAN 1      0                         0      0        0
..................................................................


WIND (MPH)
  HIGHEST WIND SPEED    15   HIGHEST WIND DIRECTION    NW (320)
  HIGHEST GUST SPEED    22   HIGHEST GUST DIRECTION    SW (240)
  AVERAGE WIND SPEED     6.6


SKY COVER
  POSSIBLE SUNSHINE  MM
  AVERAGE SKY COVER 0.0


WEATHER CONDITIONS
 THE FOLLOWING WEATHER WAS RECORDED YESTERDAY.
  NO SIGNIFICANT WEATHER WAS OBSERVED.


RELATIVE HUMIDITY (PERCENT)
 HIGHEST    57           400 AM
 LOWEST     28           300 PM
 AVERAGE    43

..........................................................


THE HARRISON CLIMATE NORMALS FOR TODAY
                         NORMAL    RECORD    YEAR
 MAXIMUM TEMPERATURE (F)   50        76      1928
 MINIMUM TEMPERATURE (F)   29        -6      1981
                                             1899


SUNRISE AND SUNSET
FEBRUARY 11 2016......SUNRISE   705 AM CST   SUNSET   549 PM CST
FEBRUARY 12 2016......SUNRISE   704 AM CST   SUNSET   550 PM CST


-  INDICATES NEGATIVE NUMBERS.
R  INDICATES RECORD WAS SET OR TIED.
MM INDICATES DATA IS MISSING.
T  INDICATES TRACE AMOUNT.




$$
