000
CDUS44 KLZK 272056
CLIHRO


CLIMATE REPORT
NATIONAL WEATHER SERVICE LITTLE ROCK AR
355 PM CDT THU APR 27 2017


...................................

...THE HARRISON CLIMATE SUMMARY FOR APRIL 27 2017...
VALID TODAY AS OF 0400 PM LOCAL TIME.

CLIMATE NORMAL PERIOD 1981 TO 2010
CLIMATE RECORD PERIOD 1891 TO 2017


WEATHER ITEM   OBSERVED TIME   RECORD YEAR NORMAL DEPARTURE LAST
                VALUE   (LST)  VALUE       VALUE  FROM      YEAR
                                                  NORMAL
..................................................................
TEMPERATURE (F)
 TODAY
  MAXIMUM         66    252 PM  99    1927  72     -6       79
  MINIMUM         40    541 AM  32    1904  50    -10       56
  AVERAGE         53                        61     -8       68

PRECIPITATION (IN)
  TODAY            0.00          1.97 2014   0.16  -0.16     0.61
  MONTH TO DATE    7.54                      3.82   3.72     1.18
  SINCE MAR 1     13.18                      7.61   5.57     4.97
  SINCE JAN 1     16.76                     12.81   3.95     7.25

SNOWFALL (IN)
  TODAY            0.0          MM      MM   0.0    0.0      0.0
  MONTH TO DATE    0.0                       0.3   -0.3      0.0
  SINCE MAR 1      2.5                       2.3    0.2      0.0
  SINCE JUL 1      3.4                      11.5   -8.1      3.7
  SNOW DEPTH       0

DEGREE DAYS
 HEATING
  TODAY           12                         5      7        0
  MONTH TO DATE  136                       226    -90      145
  SINCE MAR 1    504                       734   -230      508
  SINCE JUL 1   2910                      3906   -996     3121

 COOLING
  TODAY            0                         1     -1        3
  MONTH TO DATE   34                        27      7       14
  SINCE MAR 1     40                        33      7       19
  SINCE JAN 1     47                        33     14       19
..................................................................


WIND (MPH)
  HIGHEST WIND SPEED    12   HIGHEST WIND DIRECTION     W (280)
  HIGHEST GUST SPEED    16   HIGHEST GUST DIRECTION     W (290)
  AVERAGE WIND SPEED     7.5


SKY COVER
  POSSIBLE SUNSHINE  MM
  AVERAGE SKY COVER 0.1


WEATHER CONDITIONS
 THE FOLLOWING WEATHER WAS RECORDED TODAY.
  NO SIGNIFICANT WEATHER WAS OBSERVED.


RELATIVE HUMIDITY (PERCENT)
 HIGHEST   100           500 AM
 LOWEST     48           100 PM
 AVERAGE    74

..........................................................


THE HARRISON CLIMATE NORMALS FOR TOMORROW
                         NORMAL    RECORD    YEAR
 MAXIMUM TEMPERATURE (F)   72        94      1927
 MINIMUM TEMPERATURE (F)   51        30      1928


SUNRISE AND SUNSET
APRIL 27 2017.........SUNRISE   624 AM CDT   SUNSET   757 PM CDT
APRIL 28 2017.........SUNRISE   623 AM CDT   SUNSET   758 PM CDT


-  INDICATES NEGATIVE NUMBERS.
R  INDICATES RECORD WAS SET OR TIED.
MM INDICATES DATA IS MISSING.
T  INDICATES TRACE AMOUNT.




$$
