000
CDUS44 KLZK 041012
CLIHRO


CLIMATE REPORT
NATIONAL WEATHER SERVICE LITTLE ROCK AR
412 AM CST WED MAR 4 2015


...................................

...THE HARRISON CLIMATE SUMMARY FOR MARCH 3 2015...

CLIMATE NORMAL PERIOD 1981 TO 2010
CLIMATE RECORD PERIOD 1891 TO 2015


WEATHER ITEM   OBSERVED TIME   RECORD YEAR NORMAL DEPARTURE LAST
                VALUE   (LST)  VALUE       VALUE  FROM      YEAR
                                                  NORMAL
..................................................................
TEMPERATURE (F)
 YESTERDAY
  MAXIMUM         57    441 PM  83    1974  55      2       26
  MINIMUM         35    246 AM  -1    1943  34      1        3
  AVERAGE         46                        45      1       15

PRECIPITATION (IN)
  YESTERDAY        0.11          3.23 2008   0.10   0.01     0.07
  MONTH TO DATE    0.29                      0.30  -0.01     1.07
  SINCE MAR 1      0.29                      0.30  -0.01     1.07
  SINCE JAN 1      3.83                      5.50  -1.67     3.02

SNOWFALL (IN)
  YESTERDAY        0.0           2.5  2014   0.1   -0.1      2.5
  MONTH TO DATE    0.0                       0.3   -0.3      5.0
  SINCE MAR 1      0.0                       0.3   -0.3      5.0
  SINCE JUL 1      9.3                       9.5   -0.2     20.8
  SNOW DEPTH       0

DEGREE DAYS
 HEATING
  YESTERDAY       19                        20     -1       50
  MONTH TO DATE   89                        62     27      108
  SINCE MAR 1     89                        62     27      108
  SINCE JUL 1   3484                      3234    250     3643

 COOLING
  YESTERDAY        0                         0      0        0
  MONTH TO DATE    0                         0      0        0
  SINCE MAR 1      0                         0      0        0
  SINCE JAN 1      0                         0      0        0
..................................................................


WIND (MPH)
  HIGHEST WIND SPEED    21   HIGHEST WIND DIRECTION    SW (230)
  HIGHEST GUST SPEED    30   HIGHEST GUST DIRECTION    SW (240)
  AVERAGE WIND SPEED     7.9


SKY COVER
  POSSIBLE SUNSHINE  MM
  AVERAGE SKY COVER 1.0


WEATHER CONDITIONS
 THE FOLLOWING WEATHER WAS RECORDED YESTERDAY.
  LIGHT RAIN
  FOG


RELATIVE HUMIDITY (PERCENT)
 HIGHEST   100           300 AM
 LOWEST     82          1200 AM
 AVERAGE    91

..........................................................


THE HARRISON CLIMATE NORMALS FOR TODAY
                         NORMAL    RECORD    YEAR
 MAXIMUM TEMPERATURE (F)   56        83      1955
 MINIMUM TEMPERATURE (F)   35         5      1978


SUNRISE AND SUNSET
MARCH  4 2015.........SUNRISE   639 AM CST   SUNSET   610 PM CST
MARCH  5 2015.........SUNRISE   638 AM CST   SUNSET   611 PM CST


-  INDICATES NEGATIVE NUMBERS.
R  INDICATES RECORD WAS SET OR TIED.
MM INDICATES DATA IS MISSING.
T  INDICATES TRACE AMOUNT.




$$
