000
CDUS44 KLZK 050901
CLIHRO


CLIMATE REPORT
NATIONAL WEATHER SERVICE LITTLE ROCK AR
401 AM CDT SUN JUL 5 2015


...................................

...THE HARRISON CLIMATE SUMMARY FOR JULY 4 2015...

CLIMATE NORMAL PERIOD 1981 TO 2010
CLIMATE RECORD PERIOD 1891 TO 2015


WEATHER ITEM   OBSERVED TIME   RECORD YEAR NORMAL DEPARTURE LAST
                VALUE   (LST)  VALUE       VALUE  FROM      YEAR
                                                  NORMAL
..................................................................
TEMPERATURE (F)
 YESTERDAY
  MAXIMUM         83    508 PM 105    1901  88     -5       81
  MINIMUM         67    457 AM  42    1924  67      0       57
  AVERAGE         75                        77     -2       69

PRECIPITATION (IN)
  YESTERDAY        0.00          1.92 1988   0.11  -0.11     0.00
  MONTH TO DATE    1.58                      0.41   1.17     0.00
  SINCE JUN 1      7.10                      4.65   2.45     4.88
  SINCE JAN 1     30.05                     22.65   7.40    20.19

SNOWFALL (IN)
  YESTERDAY        0.0          MM      MM   0.0    0.0      0.0
  MONTH TO DATE    0.0                       0.0    0.0      0.0
  SINCE JUN 1      0.0                       0.0    0.0      0.0
  SINCE JUL 1      0.0                       0.0    0.0      0.0
  SNOW DEPTH       0

DEGREE DAYS
 HEATING
  YESTERDAY        0                         0      0        0
  MONTH TO DATE    0                         0      0        0
  SINCE JUN 1      0                         6     -6        0
  SINCE JUL 1      0                         0      0        0

 COOLING
  YESTERDAY       10                        12     -2        4
  MONTH TO DATE   48                        48      0       27
  SINCE JUN 1    377                       313     64      302
  SINCE JAN 1    501                       452     49      489
..................................................................


WIND (MPH)
  HIGHEST WIND SPEED    10   HIGHEST WIND DIRECTION     E (110)
  HIGHEST GUST SPEED    13   HIGHEST GUST DIRECTION     E (80)
  AVERAGE WIND SPEED     4.8


SKY COVER
  POSSIBLE SUNSHINE  MM
  AVERAGE SKY COVER 0.6


WEATHER CONDITIONS
 THE FOLLOWING WEATHER WAS RECORDED YESTERDAY.
  FOG
  FOG W/VISIBILITY <= 1/4 MILE


RELATIVE HUMIDITY (PERCENT)
 HIGHEST   100          1200 AM
 LOWEST     62           400 PM
 AVERAGE    81

..........................................................


THE HARRISON CLIMATE NORMALS FOR TODAY
                         NORMAL    RECORD    YEAR
 MAXIMUM TEMPERATURE (F)   88       103      1928
 MINIMUM TEMPERATURE (F)   67        46      1915


SUNRISE AND SUNSET
JULY  5 2015..........SUNRISE   601 AM CDT   SUNSET   834 PM CDT
JULY  6 2015..........SUNRISE   601 AM CDT   SUNSET   833 PM CDT


-  INDICATES NEGATIVE NUMBERS.
R  INDICATES RECORD WAS SET OR TIED.
MM INDICATES DATA IS MISSING.
T  INDICATES TRACE AMOUNT.




$$
