000
CDUS44 KLZK 240636
CLIHRO


CLIMATE REPORT
NATIONAL WEATHER SERVICE LITTLE ROCK AR
1234 AM CST FRI NOV 24 2017


...................................

...THE HARRISON CLIMATE SUMMARY FOR NOVEMBER 23 2017...

CLIMATE NORMAL PERIOD 1981 TO 2010
CLIMATE RECORD PERIOD 1891 TO 2017


WEATHER ITEM   OBSERVED TIME   RECORD YEAR NORMAL DEPARTURE LAST
                VALUE   (LST)  VALUE       VALUE  FROM      YEAR
                                                  NORMAL
..................................................................
TEMPERATURE (F)
 YESTERDAY
  MAXIMUM         64    338 PM  76    1904  55      9       55
  MINIMUM         30    614 AM  12    1929  35     -5       43
  AVERAGE         47                        45      2       49

PRECIPITATION (IN)
  YESTERDAY        0.00          2.07 2001   0.13  -0.13     0.26
  MONTH TO DATE    0.69                      3.31  -2.62     0.66
  SINCE SEP 1      3.73                     11.06  -7.33     5.13
  SINCE JAN 1     38.91                     40.02  -1.11    33.41

SNOWFALL (IN)
  YESTERDAY        0.0           6.0  1971   0.0    0.0      0.0
  MONTH TO DATE    0.0                       0.0    0.0      0.0
  SINCE SEP 1      0.0                       0.1   -0.1      0.0
  SINCE JUL 1      0.0                       0.1   -0.1      0.0
  SNOW DEPTH       0

DEGREE DAYS
 HEATING
  YESTERDAY       18                        20     -2       16
  MONTH TO DATE  324                       350    -26      236
  SINCE SEP 1    523                       614    -91      323
  SINCE JUL 1    523                       615    -92      323

 COOLING
  YESTERDAY        0                         0      0        0
  MONTH TO DATE   14                         0     14       24
  SINCE SEP 1    301                       201    100      336
  SINCE JAN 1   1406                      1412     -6     1647
..................................................................


WIND (MPH)
  HIGHEST WIND SPEED    12   HIGHEST WIND DIRECTION     W (280)
  HIGHEST GUST SPEED    16   HIGHEST GUST DIRECTION     W (250)
  AVERAGE WIND SPEED     3.3


SKY COVER
  POSSIBLE SUNSHINE  MM
  AVERAGE SKY COVER 0.0


WEATHER CONDITIONS
 THE FOLLOWING WEATHER WAS RECORDED YESTERDAY.
  NO SIGNIFICANT WEATHER WAS OBSERVED.


RELATIVE HUMIDITY (PERCENT)
 HIGHEST    78           300 AM
 LOWEST     24           200 PM
 AVERAGE    51

..........................................................


THE HARRISON CLIMATE NORMALS FOR TODAY
                         NORMAL    RECORD    YEAR
 MAXIMUM TEMPERATURE (F)   55        78      1915
                                             1910
 MINIMUM TEMPERATURE (F)   35         7      1950


SUNRISE AND SUNSET
NOVEMBER 24 2017......SUNRISE   659 AM CST   SUNSET   500 PM CST
NOVEMBER 25 2017......SUNRISE   700 AM CST   SUNSET   459 PM CST


-  INDICATES NEGATIVE NUMBERS.
R  INDICATES RECORD WAS SET OR TIED.
MM INDICATES DATA IS MISSING.
T  INDICATES TRACE AMOUNT.




$$
