000
CDUS42 KMHX 270627
CLIHSE


CLIMATE REPORT
NATIONAL WEATHER SERVICE NEWPORT/MOREHEAD CITY NC
125 AM EST MON FEB 27 2017


...................................

...THE CAPE HATTERAS NC CLIMATE SUMMARY FOR FEBRUARY 26 2017...

CLIMATE NORMAL PERIOD 1981 TO 2010
CLIMATE RECORD PERIOD 1874 TO 2017


WEATHER ITEM   OBSERVED TIME   RECORD YEAR NORMAL DEPARTURE LAST
                VALUE   (LST)  VALUE       VALUE  FROM      YEAR
                                                  NORMAL
..................................................................
TEMPERATURE (F)
 YESTERDAY
  MAXIMUM         63   1207 AM  72    2000  55      8       52
  MINIMUM         40   1159 PM  21    1970  41     -1       43
                                      1967
  AVERAGE         52                        48      4       48

PRECIPITATION (IN)
  YESTERDAY        0.00          2.13 1944   0.14  -0.14     0.00
  MONTH TO DATE    1.33                      3.74  -2.41     8.24
  SINCE DEC 1     11.32                     13.25  -1.93    18.08
  SINCE JAN 1      6.31                      8.98  -2.67    13.11

SNOWFALL (IN)
  YESTERDAY        0.0
  MONTH TO DATE    0.0
  SINCE NOV 1      T
  SINCE JUL 1      T
  SNOW DEPTH       0

DEGREE DAYS
 HEATING
  YESTERDAY       13                        17     -4       17
  MONTH TO DATE  252                       477   -225      404
  SINCE DEC 1   1038                      1572   -534     1093
  SINCE JUL 1   1310                      1890   -580     1265

 COOLING
  YESTERDAY        0                         0      0        0
  MONTH TO DATE    6                         0      6        1
  SINCE DEC 1      9                         3      6       65
  SINCE JAN 1      6                         0      6        1
..................................................................


WIND (MPH)
  HIGHEST WIND SPEED    14   HIGHEST WIND DIRECTION    NW (320)
  HIGHEST GUST SPEED    23   HIGHEST GUST DIRECTION    NW (320)
  AVERAGE WIND SPEED     5.5


SKY COVER
  POSSIBLE SUNSHINE  MM
  AVERAGE SKY COVER 0.0


WEATHER CONDITIONS
 THE FOLLOWING WEATHER WAS RECORDED YESTERDAY.
  NO SIGNIFICANT WEATHER WAS OBSERVED.


RELATIVE HUMIDITY (PERCENT)
 HIGHEST    76          1100 PM
 LOWEST     38          1200 PM
 AVERAGE    57

..........................................................


THE CAPE HATTERAS NC CLIMATE NORMALS FOR TODAY
                         NORMAL    RECORD    YEAR
 MAXIMUM TEMPERATURE (F)   55        72      1977
 MINIMUM TEMPERATURE (F)   41        17      1970


SUNRISE AND SUNSET
FEBRUARY 27 2017......SUNRISE   634 AM EST   SUNSET   556 PM EST
FEBRUARY 28 2017......SUNRISE   633 AM EST   SUNSET   557 PM EST


-  INDICATES NEGATIVE NUMBERS.
R  INDICATES RECORD WAS SET OR TIED.
MM INDICATES DATA IS MISSING.
T  INDICATES TRACE AMOUNT.




$$
