000
CDUS42 KMHX 200531
CLIHSE


CLIMATE REPORT
NATIONAL WEATHER SERVICE NEWPORT/MOREHEAD CITY NC
131 AM EDT SAT SEP 20 2014


...................................

...THE CAPE HATTERAS NC CLIMATE SUMMARY FOR SEPTEMBER 19 2014...

CLIMATE NORMAL PERIOD 1981 TO 2010
CLIMATE RECORD PERIOD 1874 TO 2014


WEATHER ITEM   OBSERVED TIME   RECORD YEAR NORMAL DEPARTURE LAST
                VALUE   (LST)  VALUE       VALUE  FROM      YEAR
                                                  NORMAL
..................................................................
TEMPERATURE (F)
 YESTERDAY
  MAXIMUM         77   1041 AM  90    1978  79     -2       77
  MINIMUM         67    133 AM  50    1990  68     -1       66
  AVERAGE         72                        74     -2       72

PRECIPITATION (IN)
  YESTERDAY        0.00          5.46 1989   0.20  -0.20     0.00
  MONTH TO DATE    3.31                      4.17  -0.86     2.62
  SINCE SEP 1      3.31                      4.17  -0.86     2.62
  SINCE JAN 1     44.36                     41.36   3.00    33.82

SNOWFALL (IN)
  YESTERDAY        0.0
  MONTH TO DATE    0.0
  SINCE NOV 1      5.7
  SINCE JUL 1      0.0
  SNOW DEPTH       0

DEGREE DAYS
 HEATING
  YESTERDAY        0                         0      0        0
  MONTH TO DATE    0                         0      0        0
  SINCE SEP 1      0                         0      0        0
  SINCE JUL 1      0                         0      0        0

 COOLING
  YESTERDAY        7                         9     -2        7
  MONTH TO DATE  224                       204     20      227
  SINCE SEP 1    224                       204     20      227
  SINCE JAN 1   1600                      1510     90     1771
..................................................................


WIND (MPH)
  HIGHEST WIND SPEED    17   HIGHEST WIND DIRECTION    NE (50)
  HIGHEST GUST SPEED    26   HIGHEST GUST DIRECTION    NE (40)
  AVERAGE WIND SPEED     9.5


SKY COVER
  POSSIBLE SUNSHINE  MM
  AVERAGE SKY COVER 0.0


WEATHER CONDITIONS
 THE FOLLOWING WEATHER WAS RECORDED YESTERDAY.
  NO SIGNIFICANT WEATHER WAS OBSERVED.


RELATIVE HUMIDITY (PERCENT)
 HIGHEST    81          1200 AM
 LOWEST     60          1000 AM
 AVERAGE    71

..........................................................


THE CAPE HATTERAS NC CLIMATE NORMALS FOR TODAY
                         NORMAL    RECORD    YEAR
 MAXIMUM TEMPERATURE (F)   79        87      1942
 MINIMUM TEMPERATURE (F)   68        53      1984


SUNRISE AND SUNSET
SEPTEMBER 20 2014.....SUNRISE   649 AM EDT   SUNSET   702 PM EDT
SEPTEMBER 21 2014.....SUNRISE   650 AM EDT   SUNSET   701 PM EDT


-  INDICATES NEGATIVE NUMBERS.
R  INDICATES RECORD WAS SET OR TIED.
MM INDICATES DATA IS MISSING.
T  INDICATES TRACE AMOUNT.




$$
