285
CDUS42 KMHX 060631
CLIHSE


CLIMATE REPORT
NATIONAL WEATHER SERVICE NEWPORT/MOREHEAD CITY NC
131 AM EST TUE DEC 6 2016


...................................

...THE CAPE HATTERAS NC CLIMATE SUMMARY FOR DECEMBER 5 2016...

CLIMATE NORMAL PERIOD 1981 TO 2010
CLIMATE RECORD PERIOD 1874 TO 2016


WEATHER ITEM   OBSERVED TIME   RECORD YEAR NORMAL DEPARTURE LAST
                VALUE   (LST)  VALUE       VALUE  FROM      YEAR
                                                  NORMAL
..................................................................
TEMPERATURE (F)
 YESTERDAY
  MAXIMUM         65    735 AM  77    1982  59      6       60
  MINIMUM         51   1222 AM  30    1963  46      5       50
                                      1960
                                      1935
  AVERAGE         58                        52      6       55

PRECIPITATION (IN)
  YESTERDAY        1.17          3.47 1938   0.14   1.03     0.00
  MONTH TO DATE    1.29                      0.68   0.61     0.48
  SINCE DEC 1      1.29                      0.68   0.61     0.48
  SINCE JAN 1     69.53                     54.45  15.08    65.06

SNOWFALL (IN)
  YESTERDAY        0.0
  MONTH TO DATE    0.0
  SINCE NOV 1      0.0
  SINCE JUL 1      0.0
  SNOW DEPTH       0

DEGREE DAYS
 HEATING
  YESTERDAY        7                        13     -6       10
  MONTH TO DATE   49                        63    -14       32
  SINCE DEC 1     49                        63    -14       32
  SINCE JUL 1    321                       381    -60      204

 COOLING
  YESTERDAY        0                         0      0        0
  MONTH TO DATE    0                         0      0        0
  SINCE DEC 1      0                         0      0        0
  SINCE JAN 1   2221                      1711    510     2039
..................................................................


WIND (MPH)
  HIGHEST WIND SPEED    21   HIGHEST WIND DIRECTION     S (170)
  HIGHEST GUST SPEED    31   HIGHEST GUST DIRECTION     W (250)
  AVERAGE WIND SPEED     8.5


SKY COVER
  POSSIBLE SUNSHINE  MM
  AVERAGE SKY COVER 0.8


WEATHER CONDITIONS
 THE FOLLOWING WEATHER WAS RECORDED YESTERDAY.
  HEAVY RAIN
  RAIN
  LIGHT RAIN
  FOG


RELATIVE HUMIDITY (PERCENT)
 HIGHEST   100           700 AM
 LOWEST     77           400 PM
 AVERAGE    89

..........................................................


THE CAPE HATTERAS NC CLIMATE NORMALS FOR TODAY
                         NORMAL    RECORD    YEAR
 MAXIMUM TEMPERATURE (F)   58        77      1982
 MINIMUM TEMPERATURE (F)   45        27      1957


SUNRISE AND SUNSET
DECEMBER  6 2016......SUNRISE   657 AM EST   SUNSET   450 PM EST
DECEMBER  7 2016......SUNRISE   658 AM EST   SUNSET   450 PM EST


-  INDICATES NEGATIVE NUMBERS.
R  INDICATES RECORD WAS SET OR TIED.
MM INDICATES DATA IS MISSING.
T  INDICATES TRACE AMOUNT.




$$
