260
CDUS42 KMHX 292135
CLIHSE


CLIMATE REPORT
NATIONAL WEATHER SERVICE NEWPORT/MOREHEAD CITY NC
534 PM EDT WED MAR 29 2017


...................................

...THE CAPE HATTERAS NC CLIMATE SUMMARY FOR MARCH 29 2017...
VALID TODAY AS OF 0500 PM LOCAL TIME.

CLIMATE NORMAL PERIOD 1981 TO 2010
CLIMATE RECORD PERIOD 1874 TO 2017


WEATHER ITEM   OBSERVED TIME   RECORD YEAR NORMAL DEPARTURE LAST
                VALUE   (LST)  VALUE       VALUE  FROM      YEAR
                                                  NORMAL
..................................................................
TEMPERATURE (F)
 TODAY
  MAXIMUM         63    221 AM  81    1907  62      1       63
  MINIMUM         53    929 AM  30    1966  48      5       50
  AVERAGE         58                        55      3       57

PRECIPITATION (IN)
  TODAY            0.00          2.61 2010   0.15  -0.15     0.00
  MONTH TO DATE    4.24                      4.45  -0.21     5.91
  SINCE MAR 1      4.24                      4.45  -0.21     5.91
  SINCE JAN 1     10.55                     13.71  -3.16    19.02

SNOWFALL (IN)
  TODAY            0.0
  MONTH TO DATE    0.0
  SINCE NOV 1      T
  SINCE JUL 1      T
  SNOW DEPTH       0

DEGREE DAYS
 HEATING
  TODAY            7                        10     -3        8
  MONTH TO DATE  351                       398    -47      191
  SINCE MAR 1    351                       398    -47      191
  SINCE JUL 1   1673                      2322   -649     1504

 COOLING
  TODAY            0                         0      0        0
  MONTH TO DATE   22                         0     22       21
  SINCE MAR 1     22                         0     22       21
  SINCE JAN 1     30                         0     30       22
..................................................................


WIND (MPH)
  HIGHEST WIND SPEED    17   HIGHEST WIND DIRECTION    NE (30)
  HIGHEST GUST SPEED    27   HIGHEST GUST DIRECTION    NE (40)
  AVERAGE WIND SPEED     9.9


SKY COVER
  POSSIBLE SUNSHINE  MM
  AVERAGE SKY COVER 0.5


WEATHER CONDITIONS
 THE FOLLOWING WEATHER WAS RECORDED TODAY.
  FOG
  HAZE


RELATIVE HUMIDITY (PERCENT)
 HIGHEST    93          1200 AM
 LOWEST     67           300 PM
 AVERAGE    80

..........................................................


THE CAPE HATTERAS NC CLIMATE NORMALS FOR TOMORROW
                         NORMAL    RECORD    YEAR
 MAXIMUM TEMPERATURE (F)   62        81      1910
 MINIMUM TEMPERATURE (F)   48        33      1915


SUNRISE AND SUNSET
MARCH 29 2017.........SUNRISE   653 AM EDT   SUNSET   722 PM EDT
MARCH 30 2017.........SUNRISE   652 AM EDT   SUNSET   723 PM EDT


-  INDICATES NEGATIVE NUMBERS.
R  INDICATES RECORD WAS SET OR TIED.
MM INDICATES DATA IS MISSING.
T  INDICATES TRACE AMOUNT.




$$
