000
CDUS42 KMHX 300529
CLIHSE


CLIMATE REPORT
NATIONAL WEATHER SERVICE NEWPORT/MOREHEAD CITY NC
128 AM EDT TUE AUG 30 2016


...................................

...THE CAPE HATTERAS NC CLIMATE SUMMARY FOR AUGUST 29 2016...

CLIMATE NORMAL PERIOD 1981 TO 2010
CLIMATE RECORD PERIOD 1874 TO 2016


WEATHER ITEM   OBSERVED TIME   RECORD YEAR NORMAL DEPARTURE LAST
                VALUE   (LST)  VALUE       VALUE  FROM      YEAR
                                                  NORMAL
..................................................................
TEMPERATURE (F)
 YESTERDAY
  MAXIMUM         87    127 PM  92    1993  83      4       83
  MINIMUM         78    609 AM  61    1966  72      6       74
  AVERAGE         83                        78      5       79

PRECIPITATION (IN)
  YESTERDAY        T             1.97 1947   0.25  -0.25     0.02
  MONTH TO DATE    4.88                      6.44  -1.56     5.31
  SINCE JUN 1     17.44                     15.46   1.98    16.71
  SINCE JAN 1     51.50                     36.70  14.80    36.34

SNOWFALL (IN)
  YESTERDAY        0.0
  MONTH TO DATE    0.0
  SINCE NOV 1      T
  SINCE JUL 1      0.0
  SNOW DEPTH       0

DEGREE DAYS
 HEATING
  YESTERDAY        0                         0      0        0
  MONTH TO DATE    0                         0      0        0
  SINCE JUN 1      0                         3     -3        0
  SINCE JUL 1      0                         0      0        0

 COOLING
  YESTERDAY       18                        13      5       14
  MONTH TO DATE  487                       394     93      407
  SINCE JUN 1   1371                      1139    232     1323
  SINCE JAN 1   1580                      1282    298     1490
..................................................................


WIND (MPH)
  HIGHEST WIND SPEED    18   HIGHEST WIND DIRECTION    NE (40)
  HIGHEST GUST SPEED    25   HIGHEST GUST DIRECTION    NE (40)
  AVERAGE WIND SPEED     8.1


SKY COVER
  POSSIBLE SUNSHINE  MM
  AVERAGE SKY COVER 0.3


WEATHER CONDITIONS
 THE FOLLOWING WEATHER WAS RECORDED YESTERDAY.
  LIGHT RAIN


RELATIVE HUMIDITY (PERCENT)
 HIGHEST    91          1200 AM
 LOWEST     70           100 PM
 AVERAGE    81

..........................................................


THE CAPE HATTERAS NC CLIMATE NORMALS FOR TODAY
                         NORMAL    RECORD    YEAR
 MAXIMUM TEMPERATURE (F)   83        92      1932
 MINIMUM TEMPERATURE (F)   72        61      1965


SUNRISE AND SUNSET
AUGUST 30 2016........SUNRISE   634 AM EDT   SUNSET   731 PM EDT
AUGUST 31 2016........SUNRISE   635 AM EDT   SUNSET   730 PM EDT


-  INDICATES NEGATIVE NUMBERS.
R  INDICATES RECORD WAS SET OR TIED.
MM INDICATES DATA IS MISSING.
T  INDICATES TRACE AMOUNT.




$$
