000
CDUS42 KMHX 222134
CLIHSE


CLIMATE REPORT
NATIONAL WEATHER SERVICE NEWPORT/MOREHEAD CITY NC
532 PM EDT FRI AUG 22 2014


...................................

...THE CAPE HATTERAS NC CLIMATE SUMMARY FOR AUGUST 22 2014...
VALID TODAY AS OF 0500 PM LOCAL TIME.

CLIMATE NORMAL PERIOD 1981 TO 2010
CLIMATE RECORD PERIOD 1874 TO 2014


WEATHER ITEM   OBSERVED TIME   RECORD YEAR NORMAL DEPARTURE LAST
                VALUE   (LST)  VALUE       VALUE  FROM      YEAR
                                                  NORMAL
..................................................................
TEMPERATURE (F)
 TODAY
  MAXIMUM         87    355 PM  91    2005  84      3       88
  MINIMUM         78    437 AM  62    1998  73      5       80
  AVERAGE         83                        78      5       84

PRECIPITATION (IN)
  TODAY            0.00          3.70 1981   0.24  -0.24      T
  MONTH TO DATE    9.85                      4.71   5.14     3.42
  SINCE JUN 1     18.06                     13.73   4.33    11.65
  SINCE JAN 1     40.85                     34.97   5.88    30.84

SNOWFALL (IN)
  TODAY            0.0
  MONTH TO DATE    0.0
  SINCE NOV 1      5.7
  SINCE JUL 1      0.0
  SNOW DEPTH       0

DEGREE DAYS
 HEATING
  TODAY            0                         0      0        0
  MONTH TO DATE    0                         0      0        0
  SINCE JUN 1      0                         3     -3        0
  SINCE JUL 1      0                         0      0        0

 COOLING
  TODAY           18                        13      5       19
  MONTH TO DATE  310                       303      7      345
  SINCE JUN 1   1021                      1048    -27     1255
  SINCE JAN 1   1257                      1191     66     1417
..................................................................


WIND (MPH)
  HIGHEST WIND SPEED    13   HIGHEST WIND DIRECTION     W (290)
  HIGHEST GUST SPEED    17   HIGHEST GUST DIRECTION     W (290)
  AVERAGE WIND SPEED     6.1


SKY COVER
  POSSIBLE SUNSHINE  MM
  AVERAGE SKY COVER 0.1


WEATHER CONDITIONS
 THE FOLLOWING WEATHER WAS RECORDED TODAY.
  NO SIGNIFICANT WEATHER WAS OBSERVED.


RELATIVE HUMIDITY (PERCENT)
 HIGHEST   100          1200 AM
 LOWEST     61           400 PM
 AVERAGE    81

..........................................................


THE CAPE HATTERAS NC CLIMATE NORMALS FOR TOMORROW
                         NORMAL    RECORD    YEAR
 MAXIMUM TEMPERATURE (F)   84        94      1968
 MINIMUM TEMPERATURE (F)   73        62      1985


SUNRISE AND SUNSET
AUGUST 22 2014........SUNRISE   627 AM EDT   SUNSET   743 PM EDT
AUGUST 23 2014........SUNRISE   628 AM EDT   SUNSET   741 PM EDT


-  INDICATES NEGATIVE NUMBERS.
R  INDICATES RECORD WAS SET OR TIED.
MM INDICATES DATA IS MISSING.
T  INDICATES TRACE AMOUNT.




$$
