000
CDUS42 KMHX 250526
CLIHSE


CLIMATE REPORT
NATIONAL WEATHER SERVICE NEWPORT/MOREHEAD CITY NC
125 AM EDT SAT OCT 25 2014


...................................

...THE CAPE HATTERAS NC CLIMATE SUMMARY FOR OCTOBER 24 2014...

CLIMATE NORMAL PERIOD 1981 TO 2010
CLIMATE RECORD PERIOD 1874 TO 2014


WEATHER ITEM   OBSERVED TIME   RECORD YEAR NORMAL DEPARTURE LAST
                VALUE   (LST)  VALUE       VALUE  FROM      YEAR
                                                  NORMAL
..................................................................
TEMPERATURE (F)
 YESTERDAY
  MAXIMUM         66    206 PM  82    2007  70     -4       59
  MINIMUM         56    645 AM  36    1964  57     -1       51
  AVERAGE         61                        64     -3       55

PRECIPITATION (IN)
  YESTERDAY        0.00          4.80 2005   0.18  -0.18     0.00
  MONTH TO DATE    3.09                      4.21  -1.12     9.43
  SINCE SEP 1     13.93                     10.46   3.47    14.26
  SINCE JAN 1     54.98                     47.65   7.33    45.46

SNOWFALL (IN)
  YESTERDAY        0.0
  MONTH TO DATE    0.0
  SINCE NOV 1      5.7
  SINCE JUL 1      0.0
  SNOW DEPTH       0

DEGREE DAYS
 HEATING
  YESTERDAY        4                         3      1       10
  MONTH TO DATE   37                        43     -6       13
  SINCE SEP 1     37                        46     -9       17
  SINCE JUL 1     37                        46     -9       17

 COOLING
  YESTERDAY        0                         2     -2        0
  MONTH TO DATE   91                        87      4      131
  SINCE SEP 1    378                       373      5      423
  SINCE JAN 1   1754                      1679     75     1967
..................................................................


WIND (MPH)
  HIGHEST WIND SPEED    14   HIGHEST WIND DIRECTION    NW (320)
  HIGHEST GUST SPEED    23   HIGHEST GUST DIRECTION    NW (320)
  AVERAGE WIND SPEED     7.5


SKY COVER
  POSSIBLE SUNSHINE  MM
  AVERAGE SKY COVER 0.0


WEATHER CONDITIONS
 THE FOLLOWING WEATHER WAS RECORDED YESTERDAY.
  NO SIGNIFICANT WEATHER WAS OBSERVED.


RELATIVE HUMIDITY (PERCENT)
 HIGHEST    93           800 PM
 LOWEST     56           200 PM
 AVERAGE    75

..........................................................


THE CAPE HATTERAS NC CLIMATE NORMALS FOR TODAY
                         NORMAL    RECORD    YEAR
 MAXIMUM TEMPERATURE (F)   70        80      2007
 MINIMUM TEMPERATURE (F)   57        33      1964


SUNRISE AND SUNSET
OCTOBER 25 2014.......SUNRISE   717 AM EDT   SUNSET   615 PM EDT
OCTOBER 26 2014.......SUNRISE   718 AM EDT   SUNSET   614 PM EDT


-  INDICATES NEGATIVE NUMBERS.
R  INDICATES RECORD WAS SET OR TIED.
MM INDICATES DATA IS MISSING.
T  INDICATES TRACE AMOUNT.




$$
