000
CDUS42 KMHX 190526
CLIHSE


CLIMATE REPORT
NATIONAL WEATHER SERVICE NEWPORT/MOREHEAD CITY NC
126 AM EDT THU OCT 19 2017


...................................

...THE CAPE HATTERAS NC CLIMATE SUMMARY FOR OCTOBER 18 2017...

CLIMATE NORMAL PERIOD 1981 TO 2010
CLIMATE RECORD PERIOD 1874 TO 2017


WEATHER ITEM   OBSERVED TIME   RECORD YEAR NORMAL DEPARTURE LAST
                VALUE   (LST)  VALUE       VALUE  FROM      YEAR
                                                  NORMAL
..................................................................
TEMPERATURE (F)
 YESTERDAY
  MAXIMUM         71    309 PM  85    1990  71      0       79
  MINIMUM         61    616 AM  40    1977  59      2       67
  AVERAGE         66                        65      1       73

PRECIPITATION (IN)
  YESTERDAY        0.00          1.34 1951   0.17  -0.17     0.00
  MONTH TO DATE    0.68                      3.14  -2.46     5.02
  SINCE SEP 1      7.78                      9.39  -1.61    13.88
  SINCE JAN 1     50.14                     46.58   3.56    66.14

SNOWFALL (IN)
  YESTERDAY        0.0
  MONTH TO DATE    0.0
  SINCE NOV 1      T
  SINCE JUL 1      0.0
  SNOW DEPTH       0

DEGREE DAYS
 HEATING
  YESTERDAY        0                         2     -2        0
  MONTH TO DATE    1                        25    -24        4
  SINCE SEP 1      1                        28    -27        4
  SINCE JUL 1      1                        28    -27        4

 COOLING
  YESTERDAY        1                         3     -2        8
  MONTH TO DATE  173                        75     98      125
  SINCE SEP 1    520                       361    159      535
  SINCE JAN 1   2281                      1667    614     2170
..................................................................


WIND (MPH)
  HIGHEST WIND SPEED    16   HIGHEST WIND DIRECTION    NE (40)
  HIGHEST GUST SPEED    24   HIGHEST GUST DIRECTION     N (20)
  AVERAGE WIND SPEED     8.6


SKY COVER
  POSSIBLE SUNSHINE  MM
  AVERAGE SKY COVER 0.0


WEATHER CONDITIONS
 THE FOLLOWING WEATHER WAS RECORDED YESTERDAY.
  NO SIGNIFICANT WEATHER WAS OBSERVED.


RELATIVE HUMIDITY (PERCENT)
 HIGHEST    87          1100 PM
 LOWEST     61          1000 AM
 AVERAGE    74

..........................................................


THE CAPE HATTERAS NC CLIMATE NORMALS FOR TODAY
                         NORMAL    RECORD    YEAR
 MAXIMUM TEMPERATURE (F)   71        83      1968
 MINIMUM TEMPERATURE (F)   59        39      1978


SUNRISE AND SUNSET
OCTOBER 19 2017.......SUNRISE   712 AM EDT   SUNSET   622 PM EDT
OCTOBER 20 2017.......SUNRISE   713 AM EDT   SUNSET   621 PM EDT


-  INDICATES NEGATIVE NUMBERS.
R  INDICATES RECORD WAS SET OR TIED.
MM INDICATES DATA IS MISSING.
T  INDICATES TRACE AMOUNT.




$$
