000
CDUS43 KGID 030633
CLIHSI


CLIMATE REPORT
NATIONAL WEATHER SERVICE HASTINGS NE
132 AM CDT WED JUN 3 2015


...................................

...THE HASTINGS NE CLIMATE SUMMARY FOR JUNE 2 2015...

CLIMATE NORMAL PERIOD 1981 TO 2010
CLIMATE RECORD PERIOD 1894 TO 2015


WEATHER ITEM   OBSERVED TIME   RECORD YEAR NORMAL DEPARTURE LAST
                VALUE   (LST)  VALUE       VALUE  FROM      YEAR
                                                  NORMAL
..................................................................
TEMPERATURE (F)
 YESTERDAY
  MAXIMUM         84    517 PM  99    2002  78      6       82
                                      1911
  MINIMUM         60    826 AM  40    1964  57      3       59
                                      1951
  AVERAGE         72                        67      5       71

PRECIPITATION (IN)
  YESTERDAY        T             2.30 1932   0.15  -0.15     0.00
  MONTH TO DATE    T                         0.29  -0.29     1.13
  SINCE JUN 1      T                         0.29  -0.29     1.13
  SINCE JAN 1      8.72                     10.11  -1.39     8.07

SNOWFALL (IN)
  YESTERDAY        0.0          MM      MM   0.0    0.0      0.0
  MONTH TO DATE    0.0                       0.0    0.0      0.0
  SINCE JUN 1      0.0                       0.0    0.0      0.0
  SINCE JUL 1     17.0                      28.8  -11.8     21.7
  SNOW DEPTH       0

DEGREE DAYS
 HEATING
  YESTERDAY        0                         2     -2        0
  MONTH TO DATE    0                         4     -4        0
  SINCE JUN 1      0                         4     -4        0
  SINCE JUL 1   5798                      6012   -214     6317

 COOLING
  YESTERDAY        7                         4      3        6
  MONTH TO DATE    8                         8      0       14
  SINCE JUN 1      8                         8      0       14
  SINCE JAN 1     39                        67    -28      132
..................................................................


WIND (MPH)
  HIGHEST WIND SPEED    25   HIGHEST WIND DIRECTION    SE (140)
  HIGHEST GUST SPEED    32   HIGHEST GUST DIRECTION     S (160)
  AVERAGE WIND SPEED    12.4


SKY COVER
  AVERAGE SKY COVER 0.5


WEATHER CONDITIONS
 THE FOLLOWING WEATHER WAS RECORDED YESTERDAY.
  LIGHT RAIN


RELATIVE HUMIDITY (PERCENT)
 HIGHEST    90           500 AM
 LOWEST     55           400 PM
 AVERAGE    73

..........................................................


THE HASTINGS NE CLIMATE NORMALS FOR TODAY
                         NORMAL    RECORD    YEAR
 MAXIMUM TEMPERATURE (F)   78        96      1933
 MINIMUM TEMPERATURE (F)   57        38      1951


SUNRISE AND SUNSET
JUNE  3 2015..........SUNRISE   604 AM CDT   SUNSET   900 PM CDT
JUNE  4 2015..........SUNRISE   604 AM CDT   SUNSET   900 PM CDT


-  INDICATES NEGATIVE NUMBERS.
R  INDICATES RECORD WAS SET OR TIED.
MM INDICATES DATA IS MISSING.
T  INDICATES TRACE AMOUNT.




$$
