000
CDUS43 KGID 040728
CLIHSI


CLIMATE REPORT
NATIONAL WEATHER SERVICE HASTINGS NE
227 AM CDT FRI SEP 4 2015


...................................

...THE HASTINGS NE CLIMATE SUMMARY FOR SEPTEMBER 3 2015...

CLIMATE NORMAL PERIOD 1981 TO 2010
CLIMATE RECORD PERIOD 1894 TO 2015


WEATHER ITEM   OBSERVED TIME   RECORD YEAR NORMAL DEPARTURE LAST
                VALUE   (LST)  VALUE       VALUE  FROM      YEAR
                                                  NORMAL
..................................................................
TEMPERATURE (F)
 YESTERDAY
  MAXIMUM         97    345 PM 104    1947  82     15       90
  MINIMUM         70    636 AM  37    1974  59     11       66
  AVERAGE         84                        70     14       78

PRECIPITATION (IN)
  YESTERDAY        0.00          4.20 1973   0.10  -0.10     0.00
  MONTH TO DATE    0.00                      0.31  -0.31     0.01
  SINCE SEP 1      0.00                      0.31  -0.31     0.01
  SINCE JAN 1     23.05                     20.97   2.08    24.91

SNOWFALL (IN)
  YESTERDAY        0.0                       0.0    0.0      0.0
  MONTH TO DATE    0.0                       0.0    0.0      0.0
  SINCE SEP 1      0.0                       0.0    0.0      0.0
  SINCE JUL 1      0.0                       0.0    0.0      0.0
  SNOW DEPTH       0

DEGREE DAYS
 HEATING
  YESTERDAY        0                         1     -1        0
  MONTH TO DATE    0                         3     -3        0
  SINCE SEP 1      0                         3     -3        0
  SINCE JUL 1     15                         9      6        6

 COOLING
  YESTERDAY       19                         6     13       13
  MONTH TO DATE   49                        19     30       17
  SINCE SEP 1     49                        19     30       17
  SINCE JAN 1    892                       972    -80      937
..................................................................


WIND (MPH)
  HIGHEST WIND SPEED    20   HIGHEST WIND DIRECTION     S (160)
  HIGHEST GUST SPEED    28   HIGHEST GUST DIRECTION     S (170)
  AVERAGE WIND SPEED    11.4


SKY COVER
  AVERAGE SKY COVER 0.0


WEATHER CONDITIONS
 THE FOLLOWING WEATHER WAS RECORDED YESTERDAY.
  NO SIGNIFICANT WEATHER WAS OBSERVED.


RELATIVE HUMIDITY (PERCENT)
 HIGHEST    73           400 AM
 LOWEST     33           300 PM
 AVERAGE    53

..........................................................


THE HASTINGS NE CLIMATE NORMALS FOR TODAY
                         NORMAL    RECORD    YEAR
 MAXIMUM TEMPERATURE (F)   82       105      1945
 MINIMUM TEMPERATURE (F)   58        40      1974


SUNRISE AND SUNSET
SEPTEMBER  4 2015.....SUNRISE   704 AM CDT   SUNSET   801 PM CDT
SEPTEMBER  5 2015.....SUNRISE   704 AM CDT   SUNSET   800 PM CDT


-  INDICATES NEGATIVE NUMBERS.
R  INDICATES RECORD WAS SET OR TIED.
MM INDICATES DATA IS MISSING.
T  INDICATES TRACE AMOUNT.




$$
