000
CDUS43 KGID 040625
CLIHSI


CLIMATE REPORT
NATIONAL WEATHER SERVICE HASTINGS NE
1224 AM CST SUN DEC 4 2016


...................................

...THE HASTINGS NE CLIMATE SUMMARY FOR DECEMBER 3 2016...

CLIMATE NORMAL PERIOD 1981 TO 2010
CLIMATE RECORD PERIOD 1894 TO 2016


WEATHER ITEM   OBSERVED TIME   RECORD YEAR NORMAL DEPARTURE LAST
                VALUE   (LST)  VALUE       VALUE  FROM      YEAR
                                                  NORMAL
..................................................................
TEMPERATURE (F)
 YESTERDAY
  MAXIMUM         33    429 PM  72    1959  40     -7       52
  MINIMUM         26    514 AM -12    1919  21      5       22
  AVERAGE         30                        31     -1       37

PRECIPITATION (IN)
  YESTERDAY        0.08          1.22 1953   0.04   0.04     0.00
  MONTH TO DATE    0.08                      0.12  -0.04      T
  SINCE DEC 1      0.08                      0.12  -0.04      T
  SINCE JAN 1     20.13                     26.62  -6.49    27.73

SNOWFALL (IN)
  YESTERDAY        0.7           5.1  2011   0.2    0.5      0.0
  MONTH TO DATE    0.7                       0.5    0.2      0.2
  SINCE DEC 1      0.7                       0.5    0.2      0.2
  SINCE JUL 1      0.8                       4.3   -3.5      4.4
  SNOW DEPTH       0

DEGREE DAYS
 HEATING
  YESTERDAY       35                        34      1       28
  MONTH TO DATE  103                       101      2      100
  SINCE DEC 1    103                       101      2      100
  SINCE JUL 1    970                      1382   -412     1026

 COOLING
  YESTERDAY        0                         0      0        0
  MONTH TO DATE    0                         0      0        0
  SINCE DEC 1      0                         0      0        0
  SINCE JAN 1   1195                      1077    118     1097
..................................................................


WIND (MPH)
  HIGHEST WIND SPEED    10   HIGHEST WIND DIRECTION     W (250)
  HIGHEST GUST SPEED    14   HIGHEST GUST DIRECTION     W (250)
  AVERAGE WIND SPEED     6.0


SKY COVER
  AVERAGE SKY COVER 0.9


WEATHER CONDITIONS
 THE FOLLOWING WEATHER WAS RECORDED YESTERDAY.
  SNOW
  LIGHT SNOW
  FOG


RELATIVE HUMIDITY (PERCENT)
 HIGHEST   100           100 PM
 LOWEST     78           200 AM
 AVERAGE    89

..........................................................


THE HASTINGS NE CLIMATE NORMALS FOR TODAY
                         NORMAL    RECORD    YEAR
 MAXIMUM TEMPERATURE (F)   40        67      1979
 MINIMUM TEMPERATURE (F)   21        -9      1919


SUNRISE AND SUNSET
DECEMBER  4 2016......SUNRISE   742 AM CST   SUNSET   507 PM CST
DECEMBER  5 2016......SUNRISE   742 AM CST   SUNSET   507 PM CST


-  INDICATES NEGATIVE NUMBERS.
R  INDICATES RECORD WAS SET OR TIED.
MM INDICATES DATA IS MISSING.
T  INDICATES TRACE AMOUNT.




$$
