000
CDUS43 KGID 190624
CLIHSI


CLIMATE REPORT
NATIONAL WEATHER SERVICE HASTINGS NE
1223 AM CST SUN FEB 19 2017


...................................

...THE HASTINGS NE CLIMATE SUMMARY FOR FEBRUARY 18 2017...

CLIMATE NORMAL PERIOD 1981 TO 2010
CLIMATE RECORD PERIOD 1894 TO 2017


WEATHER ITEM   OBSERVED TIME   RECORD YEAR NORMAL DEPARTURE LAST
                VALUE   (LST)  VALUE       VALUE  FROM      YEAR
                                                  NORMAL
..................................................................
TEMPERATURE (F)
 YESTERDAY
  MAXIMUM         67    332 PM  74    1930  41     26       70
  MINIMUM         28    725 AM -10    1936  20      8       40
  AVERAGE         48                        31     17       55

PRECIPITATION (IN)
  YESTERDAY        0.00          0.86 1984   0.02  -0.02     0.00
  MONTH TO DATE    0.03                      0.29  -0.26     1.57
  SINCE DEC 1      1.47                      1.31   0.16     4.10
  SINCE JAN 1      0.86                      0.70   0.16     1.92

SNOWFALL (IN)
  YESTERDAY        0.0          11.0  1984   0.2   -0.2      0.0
  MONTH TO DATE    1.1                       4.5   -3.4     16.0
  SINCE DEC 1      5.8                      16.6  -10.8     26.1
  SINCE JUL 1      5.9                      20.4  -14.5     30.3
  SNOW DEPTH       0

DEGREE DAYS
 HEATING
  YESTERDAY       17                        34    -17       10
  MONTH TO DATE  500                       654   -154      614
  SINCE DEC 1   2832                      3022   -190     2739
  SINCE JUL 1   3699                      4303   -604     3665

 COOLING
  YESTERDAY        0                         0      0        0
  MONTH TO DATE    0                         0      0        0
  SINCE DEC 1      0                         0      0        0
  SINCE JAN 1      0                         0      0        0
..................................................................


WIND (MPH)
  HIGHEST WIND SPEED    17   HIGHEST WIND DIRECTION    SE (130)
  HIGHEST GUST SPEED    22   HIGHEST GUST DIRECTION    SE (140)
  AVERAGE WIND SPEED     5.9


SKY COVER
  AVERAGE SKY COVER 0.0


WEATHER CONDITIONS
 THE FOLLOWING WEATHER WAS RECORDED YESTERDAY.
  HAZE


RELATIVE HUMIDITY (PERCENT)
 HIGHEST    78           500 AM
 LOWEST     26           300 PM
 AVERAGE    52

..........................................................


THE HASTINGS NE CLIMATE NORMALS FOR TODAY
                         NORMAL    RECORD    YEAR
 MAXIMUM TEMPERATURE (F)   41        70      1996
                                             1948
 MINIMUM TEMPERATURE (F)   21        -8      1993


SUNRISE AND SUNSET
FEBRUARY 19 2017......SUNRISE   722 AM CST   SUNSET   614 PM CST
FEBRUARY 20 2017......SUNRISE   720 AM CST   SUNSET   615 PM CST


-  INDICATES NEGATIVE NUMBERS.
R  INDICATES RECORD WAS SET OR TIED.
MM INDICATES DATA IS MISSING.
T  INDICATES TRACE AMOUNT.




$$
