000
CDUS43 KGID 040746 CCA
CLIHSI

CLIMATE REPORT...CORRECTED
NATIONAL WEATHER SERVICE HASTINGS NE
1233 AM CST WED MAR 4 2015

CORRECTED SNOW DEPTH

...................................

...THE HASTINGS NE CLIMATE SUMMARY FOR MARCH 3 2015...

CLIMATE NORMAL PERIOD 1981 TO 2010
CLIMATE RECORD PERIOD 1894 TO 2015


WEATHER ITEM   OBSERVED TIME   RECORD YEAR NORMAL DEPARTURE LAST
                VALUE   (LST)  VALUE       VALUE  FROM      YEAR
                                                  NORMAL
..................................................................
TEMPERATURE (F)
 YESTERDAY
  MAXIMUM         34   1013 AM  77    1992  45    -11       27
  MINIMUM         17   1159 PM -10    1960  24     -7       -5
  AVERAGE         26                        35     -9       11

PRECIPITATION (IN)
  YESTERDAY        T             0.81 1985   0.03  -0.03     0.00
  MONTH TO DATE    T                         0.09  -0.09      T
  SINCE MAR 1      T                         0.09  -0.09      T
  SINCE JAN 1      1.11                      0.99   0.12     0.71

SNOWFALL (IN)
  YESTERDAY        0.1           6.0  1979   0.1    0.0      0.0
  MONTH TO DATE    0.1                       0.5   -0.4       T
  SINCE MAR 1      0.1                       0.5   -0.4       T
  SINCE JUL 1     16.3                      22.9   -6.6     18.3
  SNOW DEPTH       0

DEGREE DAYS
 HEATING
  YESTERDAY       39                        30      9       54
  MONTH TO DATE  108                        91     17      174
  SINCE MAR 1    108                        91     17      174
  SINCE JUL 1   4731                      4721     10     5054

 COOLING
  YESTERDAY        0                         0      0        0
  MONTH TO DATE    0                         0      0        0
  SINCE MAR 1      0                         0      0        0
  SINCE JAN 1      0                         0      0        0
..................................................................


WIND (MPH)
  HIGHEST WIND SPEED    37   HIGHEST WIND DIRECTION     N (340)
  HIGHEST GUST SPEED    44   HIGHEST GUST DIRECTION     N (340)
  AVERAGE WIND SPEED    15.8


SKY COVER
  AVERAGE SKY COVER 0.7


WEATHER CONDITIONS
 THE FOLLOWING WEATHER WAS RECORDED YESTERDAY.
  LIGHT SNOW
  FOG
  HAZE


RELATIVE HUMIDITY (PERCENT)
 HIGHEST    78           300 AM
 LOWEST     31           600 PM
 AVERAGE    55

..........................................................


THE HASTINGS NE CLIMATE NORMALS FOR TODAY
                         NORMAL    RECORD    YEAR
 MAXIMUM TEMPERATURE (F)   46        80      1921
 MINIMUM TEMPERATURE (F)   25       -12      1978
                                             1960


SUNRISE AND SUNSET
MARCH  4 2015.........SUNRISE   703 AM CST   SUNSET   628 PM CST
MARCH  5 2015.........SUNRISE   702 AM CST   SUNSET   629 PM CST


-  INDICATES NEGATIVE NUMBERS.
R  INDICATES RECORD WAS SET OR TIED.
MM INDICATES DATA IS MISSING.
T  INDICATES TRACE AMOUNT.




$$

BRYANT
