000
CDUS44 KHUN 280802
CLIHSV


CLIMATE REPORT
NATIONAL WEATHER SERVICE HUNTSVILLE AL
201 AM CST SUN DEC 28 2014


...................................

...THE HUNTSVILLE CLIMATE SUMMARY FOR DECEMBER 27 2014...

CLIMATE NORMAL PERIOD 1981 TO 2010
CLIMATE RECORD PERIOD 1894 TO 2014


WEATHER ITEM   OBSERVED TIME   RECORD YEAR NORMAL DEPARTURE LAST
                VALUE   (LST)  VALUE       VALUE  FROM      YEAR
                                                  NORMAL
..................................................................
TEMPERATURE (F)
 YESTERDAY
  MAXIMUM         57    708 PM  75    1982  51      6       58
  MINIMUM         44   1248 AM  12    1935  33     11       24
  AVERAGE         51                        42      9       41

PRECIPITATION (IN)
  YESTERDAY        0.22          2.10 1904   0.17   0.05     0.00
  MONTH TO DATE    5.01                      5.11  -0.10     5.59
  SINCE DEC 1      5.01                      5.11  -0.10     5.59
  SINCE JAN 1     52.75                     53.68  -0.93    57.31

SNOWFALL (IN)
  YESTERDAY        0.0
  MONTH TO DATE    0.0
  SINCE DEC 1      0.0
  SINCE JUL 1      T
  SNOW DEPTH       0

DEGREE DAYS
 HEATING
  YESTERDAY       14                        23     -9       24
  MONTH TO DATE  458                       562   -104      536
  SINCE DEC 1    458                       562   -104      536
  SINCE JUL 1   1074                      1089    -15     1171

 COOLING
  YESTERDAY        0                         0      0        0
  MONTH TO DATE    0                         0      0        5
  SINCE DEC 1      0                         0      0        5
  SINCE JAN 1   2032                      1949     83     1839
..................................................................


WIND (MPH)
  HIGHEST WIND SPEED    16   HIGHEST WIND DIRECTION     S (160)
  HIGHEST GUST SPEED    20   HIGHEST GUST DIRECTION     S (160)
  AVERAGE WIND SPEED     7.0


SKY COVER
  POSSIBLE SUNSHINE  MM
  AVERAGE SKY COVER 0.9


WEATHER CONDITIONS
 THE FOLLOWING WEATHER WAS RECORDED YESTERDAY.
  RAIN
  LIGHT RAIN
  FOG


RELATIVE HUMIDITY (PERCENT)
 HIGHEST    93          1000 PM
 LOWEST     61           200 PM
 AVERAGE    77

..........................................................


THE HUNTSVILLE CLIMATE NORMALS FOR TODAY
                         NORMAL    RECORD    YEAR
 MAXIMUM TEMPERATURE (F)   51        74      1907
 MINIMUM TEMPERATURE (F)   33         5      1925


SUNRISE AND SUNSET
DECEMBER 28 2014......SUNRISE   653 AM CST   SUNSET   444 PM CST
DECEMBER 29 2014......SUNRISE   653 AM CST   SUNSET   445 PM CST


-  INDICATES NEGATIVE NUMBERS.
R  INDICATES RECORD WAS SET OR TIED.
MM INDICATES DATA IS MISSING.
T  INDICATES TRACE AMOUNT.




$$
