000
CDUS44 KHUN 030707
CLIHSV


CLIMATE REPORT
NATIONAL WEATHER SERVICE HUNTSVILLE AL
207 AM CDT TUE MAY 3 2016


...................................

...THE HUNTSVILLE CLIMATE SUMMARY FOR MAY 2 2016...

CLIMATE NORMAL PERIOD 1981 TO 2010
CLIMATE RECORD PERIOD 1894 TO 2016


WEATHER ITEM   OBSERVED TIME   RECORD YEAR NORMAL DEPARTURE LAST
                VALUE   (LST)  VALUE       VALUE  FROM      YEAR
                                                  NORMAL
..................................................................
TEMPERATURE (F)
 YESTERDAY
  MAXIMUM         75   1242 PM  91    2012  78     -3       79
                                      1952
                                      1930
  MINIMUM         61    437 AM  32    1909  55      6       45
  AVERAGE         68                        66      2       62

PRECIPITATION (IN)
  YESTERDAY        0.35          2.59 2010   0.17   0.18     0.00
  MONTH TO DATE    0.43                      0.35   0.08     0.00
  SINCE MAR 1      7.16                      9.88  -2.72    12.56
  SINCE JAN 1     17.11                     19.61  -2.50    20.30

SNOWFALL (IN)
  YESTERDAY        0.0
  MONTH TO DATE    0.0
  SINCE MAR 1      T
  SINCE JUL 1      0.4
  SNOW DEPTH       0

DEGREE DAYS
 HEATING
  YESTERDAY        0                         2     -2        3
  MONTH TO DATE    0                         4     -4        8
  SINCE MAR 1    337                       526   -189      383
  SINCE JUL 1   2233                      2978   -745     3024

 COOLING
  YESTERDAY        3                         3      0        0
  MONTH TO DATE    9                         6      3        0
  SINCE MAR 1     99                        77     22       63
  SINCE JAN 1    100                        78     22       63
..................................................................


WIND (MPH)
  HIGHEST WIND SPEED    14   HIGHEST WIND DIRECTION     S (200)
  HIGHEST GUST SPEED    18   HIGHEST GUST DIRECTION     S (200)
  AVERAGE WIND SPEED     5.3


SKY COVER
  POSSIBLE SUNSHINE  MM
  AVERAGE SKY COVER 0.7


WEATHER CONDITIONS
 THE FOLLOWING WEATHER WAS RECORDED YESTERDAY.
  THUNDERSTORM
  HEAVY RAIN
  RAIN
  LIGHT RAIN
  FOG


RELATIVE HUMIDITY (PERCENT)
 HIGHEST    90           100 AM
 LOWEST     73           800 AM
 AVERAGE    82

..........................................................


THE HUNTSVILLE CLIMATE NORMALS FOR TODAY
                         NORMAL    RECORD    YEAR
 MAXIMUM TEMPERATURE (F)   78        91      1952
                                             1930
 MINIMUM TEMPERATURE (F)   56        36      1971


SUNRISE AND SUNSET
MAY  3 2016...........SUNRISE   554 AM CDT   SUNSET   734 PM CDT
MAY  4 2016...........SUNRISE   553 AM CDT   SUNSET   735 PM CDT


-  INDICATES NEGATIVE NUMBERS.
R  INDICATES RECORD WAS SET OR TIED.
MM INDICATES DATA IS MISSING.
T  INDICATES TRACE AMOUNT.




$$
