000
CDUS44 KHUN 180701
CLIHSV


CLIMATE REPORT
NATIONAL WEATHER SERVICE HUNTSVILLE AL
201 AM CDT FRI AUG 18 2017


...................................

...THE HUNTSVILLE CLIMATE SUMMARY FOR AUGUST 17 2017...

CLIMATE NORMAL PERIOD 1981 TO 2010
CLIMATE RECORD PERIOD 1894 TO 2017


WEATHER ITEM   OBSERVED TIME   RECORD YEAR NORMAL DEPARTURE LAST
                VALUE   (LST)  VALUE       VALUE  FROM      YEAR
                                                  NORMAL
..................................................................
TEMPERATURE (F)
 YESTERDAY
  MAXIMUM         90    419 PM 105    1954  91     -1       96
  MINIMUM         74    550 AM  59    2004  70      4       72
  AVERAGE         82                        80      2       84

PRECIPITATION (IN)
  YESTERDAY        0.01          2.92 1966   0.11  -0.10     0.00
  MONTH TO DATE    2.43                      2.04   0.39     1.70
  SINCE JUN 1     16.06                     10.38   5.68    11.03
  SINCE JAN 1     38.78                     34.75   4.03    29.33

SNOWFALL (IN)
  YESTERDAY        0.0
  MONTH TO DATE    0.0
  SINCE JUN 1      0.0
  SINCE JUL 1      0.0
  SNOW DEPTH       0

DEGREE DAYS
 HEATING
  YESTERDAY        0                         0      0        0
  MONTH TO DATE    0                         0      0        0
  SINCE JUN 1      0                         1     -1        0
  SINCE JUL 1      0                         0      0        0

 COOLING
  YESTERDAY       17                        15      2       19
  MONTH TO DATE  251                       269    -18      317
  SINCE JUN 1   1153                      1131     22     1372
  SINCE JAN 1   1542                      1394    148     1659
..................................................................


WIND (MPH)
  HIGHEST WIND SPEED    15   HIGHEST WIND DIRECTION    SW (230)
  HIGHEST GUST SPEED    19   HIGHEST GUST DIRECTION    SW (220)
  AVERAGE WIND SPEED     6.2


SKY COVER
  POSSIBLE SUNSHINE  MM
  AVERAGE SKY COVER 0.5


WEATHER CONDITIONS
 THE FOLLOWING WEATHER WAS RECORDED YESTERDAY.
  NO SIGNIFICANT WEATHER WAS OBSERVED.


RELATIVE HUMIDITY (PERCENT)
 HIGHEST   100          1200 AM
 LOWEST     59           300 PM
 AVERAGE    80

..........................................................


THE HUNTSVILLE CLIMATE NORMALS FOR TODAY
                         NORMAL    RECORD    YEAR
 MAXIMUM TEMPERATURE (F)   91       101      1999
                                             1990
                                             1936
 MINIMUM TEMPERATURE (F)   70        54      1943


SUNRISE AND SUNSET
AUGUST 18 2017........SUNRISE   610 AM CDT   SUNSET   731 PM CDT
AUGUST 19 2017........SUNRISE   611 AM CDT   SUNSET   730 PM CDT


-  INDICATES NEGATIVE NUMBERS.
R  INDICATES RECORD WAS SET OR TIED.
MM INDICATES DATA IS MISSING.
T  INDICATES TRACE AMOUNT.




$$
