000
CDUS44 KHUN 252125
CLIHSV


CLIMATE REPORT
NATIONAL WEATHER SERVICE HUNTSVILLE AL
425 PM CDT SAT MAR 25 2017


...................................

...THE HUNTSVILLE CLIMATE SUMMARY FOR MARCH 25 2017...
VALID TODAY AS OF 0400 PM LOCAL TIME.

CLIMATE NORMAL PERIOD 1981 TO 2010
CLIMATE RECORD PERIOD 1894 TO 2017


WEATHER ITEM   OBSERVED TIME   RECORD YEAR NORMAL DEPARTURE LAST
                VALUE   (LST)  VALUE       VALUE  FROM      YEAR
                                                  NORMAL
..................................................................
TEMPERATURE (F)
 TODAY
  MAXIMUM         77   1235 PM  88    1910  68      9       61
  MINIMUM         62    147 PM  25    1940  44     18       43
  AVERAGE         70                        56     14       52

PRECIPITATION (IN)
  TODAY            0.04          2.97 1964   0.17  -0.13     0.00
  MONTH TO DATE    2.69                      4.18  -1.49     2.64
  SINCE MAR 1      2.69                      4.18  -1.49     2.64
  SINCE JAN 1     11.56                     13.91  -2.35    12.59

SNOWFALL (IN)
  TODAY            0.0
  MONTH TO DATE    T
  SINCE MAR 1      T
  SINCE JUL 1      T
  SNOW DEPTH       0

DEGREE DAYS
 HEATING
  TODAY            0                        10    -10       13
  MONTH TO DATE  307                       316     -9      207
  SINCE MAR 1    307                       316     -9      207
  SINCE JUL 1   1874                      2768   -894     2103

 COOLING
  TODAY            5                         1      4        0
  MONTH TO DATE   16                         3     13       23
  SINCE MAR 1     16                         3     13       23
  SINCE JAN 1     21                         4     17       24
..................................................................


WIND (MPH)
  HIGHEST WIND SPEED    31   HIGHEST WIND DIRECTION    SW (240)
  HIGHEST GUST SPEED    39   HIGHEST GUST DIRECTION    SW (240)
  AVERAGE WIND SPEED    15.8


SKY COVER
  POSSIBLE SUNSHINE  MM
  AVERAGE SKY COVER 0.8


WEATHER CONDITIONS
 THE FOLLOWING WEATHER WAS RECORDED TODAY.
  THUNDERSTORM
  LIGHT RAIN
  FOG
  HAZE


RELATIVE HUMIDITY (PERCENT)
 HIGHEST    72           400 AM
 LOWEST     50           100 PM
 AVERAGE    61

..........................................................


THE HUNTSVILLE CLIMATE NORMALS FOR TOMORROW
                         NORMAL    RECORD    YEAR
 MAXIMUM TEMPERATURE (F)   68        88      2007
 MINIMUM TEMPERATURE (F)   44        20      1955


SUNRISE AND SUNSET
MARCH 25 2017.........SUNRISE   643 AM CDT   SUNSET   703 PM CDT
MARCH 26 2017.........SUNRISE   642 AM CDT   SUNSET   704 PM CDT


-  INDICATES NEGATIVE NUMBERS.
R  INDICATES RECORD WAS SET OR TIED.
MM INDICATES DATA IS MISSING.
T  INDICATES TRACE AMOUNT.




$$
