000
CDUS44 KHUN 050738
CLIHSV


CLIMATE REPORT
NATIONAL WEATHER SERVICE HUNTSVILLE AL
237 AM CDT SUN JUL 5 2015


...................................

...THE HUNTSVILLE CLIMATE SUMMARY FOR JULY 4 2015...

CLIMATE NORMAL PERIOD 1981 TO 2010
CLIMATE RECORD PERIOD 1894 TO 2015


WEATHER ITEM   OBSERVED TIME   RECORD YEAR NORMAL DEPARTURE LAST
                VALUE   (LST)  VALUE       VALUE  FROM      YEAR
                                                  NORMAL
..................................................................
TEMPERATURE (F)
 YESTERDAY
  MAXIMUM         84    230 PM 102    2012  90     -6       85
  MINIMUM         70   1034 PM  57    1961  70      0       63
                                      1924
  AVERAGE         77                        80     -3       74

PRECIPITATION (IN)
  YESTERDAY        0.79          4.64 2013   0.14   0.65     0.00
  MONTH TO DATE    3.38                      0.58   2.80      T
  SINCE JUN 1      5.76                      4.87   0.89     7.13
  SINCE JAN 1     31.14                     29.24   1.90    30.60

SNOWFALL (IN)
  YESTERDAY        0.0
  MONTH TO DATE    0.0
  SINCE JUN 1      0.0
  SINCE JUL 1      0.0
  SNOW DEPTH       0

DEGREE DAYS
 HEATING
  YESTERDAY        0                         0      0        0
  MONTH TO DATE    0                         0      0        0
  SINCE JUN 1      0                         1     -1        0
  SINCE JUL 1      0                         0      0        0

 COOLING
  YESTERDAY       12                        15     -3        9
  MONTH TO DATE   49                        60    -11       55
  SINCE JUN 1    546                       440    106      456
  SINCE JAN 1    871                       703    168      727
..................................................................


WIND (MPH)
  HIGHEST WIND SPEED    14   HIGHEST WIND DIRECTION    SW (210)
  HIGHEST GUST SPEED    19   HIGHEST GUST DIRECTION    SW (220)
  AVERAGE WIND SPEED     6.6


SKY COVER
  POSSIBLE SUNSHINE  MM
  AVERAGE SKY COVER 1.0


WEATHER CONDITIONS
 THE FOLLOWING WEATHER WAS RECORDED YESTERDAY.
  HEAVY RAIN
  RAIN
  LIGHT RAIN
  FOG


RELATIVE HUMIDITY (PERCENT)
 HIGHEST    90           700 AM
 LOWEST     65          1200 PM
 AVERAGE    78

..........................................................


THE HUNTSVILLE CLIMATE NORMALS FOR TODAY
                         NORMAL    RECORD    YEAR
 MAXIMUM TEMPERATURE (F)   91       100      2012
                                             1928
 MINIMUM TEMPERATURE (F)   70        57      2014
                                             1915


SUNRISE AND SUNSET
JULY  5 2015..........SUNRISE   539 AM CDT   SUNSET   804 PM CDT
JULY  6 2015..........SUNRISE   540 AM CDT   SUNSET   803 PM CDT


-  INDICATES NEGATIVE NUMBERS.
R  INDICATES RECORD WAS SET OR TIED.
MM INDICATES DATA IS MISSING.
T  INDICATES TRACE AMOUNT.




$$
