000
CDUS44 KHUN 310714
CLIHSV


CLIMATE REPORT
NATIONAL WEATHER SERVICE HUNTSVILLE AL
214 AM CDT FRI JUL 31 2015


...................................

...THE HUNTSVILLE CLIMATE SUMMARY FOR JULY 30 2015...

CLIMATE NORMAL PERIOD 1981 TO 2010
CLIMATE RECORD PERIOD 1894 TO 2015


WEATHER ITEM   OBSERVED TIME   RECORD YEAR NORMAL DEPARTURE LAST
                VALUE   (LST)  VALUE       VALUE  FROM      YEAR
                                                  NORMAL
..................................................................
TEMPERATURE (F)
 YESTERDAY
  MAXIMUM         93    230 PM 101    1930  91      2       86
  MINIMUM         72   1019 PM  56    2014  70      2       56
  AVERAGE         83                        81      2       71

PRECIPITATION (IN)
  YESTERDAY        0.00          1.42 1913   0.12  -0.12     0.00
  MONTH TO DATE    5.81                      3.93   1.88     4.47
  SINCE JUN 1      8.19                      8.22  -0.03    11.60
  SINCE JAN 1     33.57                     32.59   0.98    35.07

SNOWFALL (IN)
  YESTERDAY        0.0
  MONTH TO DATE    0.0
  SINCE JUN 1      0.0
  SINCE JUL 1      0.0
  SNOW DEPTH       0

DEGREE DAYS
 HEATING
  YESTERDAY        0                         0      0        0
  MONTH TO DATE    0                         0      0        0
  SINCE JUN 1      0                         1     -1        0
  SINCE JUL 1      0                         0      0        0

 COOLING
  YESTERDAY       18                        16      2        6
  MONTH TO DATE  560                       472     88      382
  SINCE JUN 1   1057                       852    205      783
  SINCE JAN 1   1382                      1115    267     1054
..................................................................


WIND (MPH)
  HIGHEST WIND SPEED    16   HIGHEST WIND DIRECTION     N (10)
  HIGHEST GUST SPEED    22   HIGHEST GUST DIRECTION     N (10)
  AVERAGE WIND SPEED     7.0


SKY COVER
  POSSIBLE SUNSHINE  MM
  AVERAGE SKY COVER 0.3


WEATHER CONDITIONS
 THE FOLLOWING WEATHER WAS RECORDED YESTERDAY.
  FOG
  HAZE


RELATIVE HUMIDITY (PERCENT)
 HIGHEST    91          1200 AM
 LOWEST     34           500 PM
 AVERAGE    63

..........................................................


THE HUNTSVILLE CLIMATE NORMALS FOR TODAY
                         NORMAL    RECORD    YEAR
 MAXIMUM TEMPERATURE (F)   91       102      1986
 MINIMUM TEMPERATURE (F)   70        58      1965


SUNRISE AND SUNSET
JULY 31 2015..........SUNRISE   556 AM CDT   SUNSET   750 PM CDT
AUGUST  1 2015........SUNRISE   557 AM CDT   SUNSET   749 PM CDT


-  INDICATES NEGATIVE NUMBERS.
R  INDICATES RECORD WAS SET OR TIED.
MM INDICATES DATA IS MISSING.
T  INDICATES TRACE AMOUNT.




$$
