000
CDUS44 KHUN 312121
CLIHSV


CLIMATE REPORT
NATIONAL WEATHER SERVICE HUNTSVILLE AL
420 PM CDT TUE MAY 31 2016


...................................

...THE HUNTSVILLE CLIMATE SUMMARY FOR MAY 31 2016...
VALID TODAY AS OF 0400 PM LOCAL TIME.

CLIMATE NORMAL PERIOD 1981 TO 2010
CLIMATE RECORD PERIOD 1894 TO 2016


WEATHER ITEM   OBSERVED TIME   RECORD YEAR NORMAL DEPARTURE LAST
                VALUE   (LST)  VALUE       VALUE  FROM      YEAR
                                                  NORMAL
..................................................................
TEMPERATURE (F)
 TODAY
  MAXIMUM         94    106 PM  98    1925  85      9       86
                                      1911
  MINIMUM         64    259 AM  43    1984  64      0       68
                                      1947
  AVERAGE         79                        74      5       77

PRECIPITATION (IN)
  TODAY            0.00          3.05 1903   0.16  -0.16     0.28
  MONTH TO DATE    1.62                      5.11  -3.49     5.08
  SINCE MAR 1      8.35                     14.64  -6.29    17.64
  SINCE JAN 1     18.30                     24.37  -6.07    25.38

SNOWFALL (IN)
  TODAY            0.0
  MONTH TO DATE    0.0
  SINCE MAR 1      T
  SINCE JUL 1      0.4
  SNOW DEPTH       0

DEGREE DAYS
 HEATING
  TODAY            0                         0      0        0
  MONTH TO DATE   20                        25     -5       14
  SINCE MAR 1    357                       549   -192      389
  SINCE JUL 1   2253                      3001   -748     3030

 COOLING
  TODAY           14                         9      5       12
  MONTH TO DATE  196                       191      5      262
  SINCE MAR 1    286                       262     24      325
  SINCE JAN 1    287                       263     24      325
..................................................................


WIND (MPH)
  HIGHEST WIND SPEED    16   HIGHEST WIND DIRECTION     W (290)
  HIGHEST GUST SPEED    21   HIGHEST GUST DIRECTION     W (290)
  AVERAGE WIND SPEED     2.4


SKY COVER
  POSSIBLE SUNSHINE  MM
  AVERAGE SKY COVER 0.4


WEATHER CONDITIONS
 THE FOLLOWING WEATHER WAS RECORDED TODAY.
  NO SIGNIFICANT WEATHER WAS OBSERVED.


RELATIVE HUMIDITY (PERCENT)
 HIGHEST    84           300 AM
 LOWEST     30          1200 PM
 AVERAGE    57

..........................................................


THE HUNTSVILLE CLIMATE NORMALS FOR TOMORROW
                         NORMAL    RECORD    YEAR
 MAXIMUM TEMPERATURE (F)   85        97      2011
                                             1951
                                             1934
 MINIMUM TEMPERATURE (F)   64        45      1972


SUNRISE AND SUNSET
MAY 31 2016...........SUNRISE   535 AM CDT   SUNSET   755 PM CDT
JUNE  1 2016..........SUNRISE   535 AM CDT   SUNSET   755 PM CDT


-  INDICATES NEGATIVE NUMBERS.
R  INDICATES RECORD WAS SET OR TIED.
MM INDICATES DATA IS MISSING.
T  INDICATES TRACE AMOUNT.




$$
