000
CDUS44 KHUN 280720
CLIHSV


CLIMATE REPORT
NATIONAL WEATHER SERVICE HUNTSVILLE AL
219 AM CDT THU MAY 28 2015


...................................

...THE HUNTSVILLE CLIMATE SUMMARY FOR MAY 27 2015...

CLIMATE NORMAL PERIOD 1981 TO 2010
CLIMATE RECORD PERIOD 1894 TO 2015


WEATHER ITEM   OBSERVED TIME   RECORD YEAR NORMAL DEPARTURE LAST
                VALUE   (LST)  VALUE       VALUE  FROM      YEAR
                                                  NORMAL
..................................................................
TEMPERATURE (F)
 YESTERDAY
  MAXIMUM         87    256 PM  99    1926  84      3       86
  MINIMUM         67   1204 AM  41    1961  62      5       68
  AVERAGE         77                        73      4       77

PRECIPITATION (IN)
  YESTERDAY        2.15          3.60 1924   0.15   2.00      T
  MONTH TO DATE    4.22                      4.50  -0.28     2.14
  SINCE MAR 1     16.78                     14.03   2.75    12.94
  SINCE JAN 1     24.52                     23.76   0.76    22.81

SNOWFALL (IN)
  YESTERDAY        0.0
  MONTH TO DATE    0.0
  SINCE MAR 1      1.0
  SINCE JUL 1      9.8
  SNOW DEPTH       0

DEGREE DAYS
 HEATING
  YESTERDAY        0                         0      0        0
  MONTH TO DATE   14                        25    -11       38
  SINCE MAR 1    389                       547   -158      628
  SINCE JUL 1   3030                      2999     31     3463

 COOLING
  YESTERDAY       12                         8      4       12
  MONTH TO DATE  216                       154     62      180
  SINCE MAR 1    279                       225     54      222
  SINCE JAN 1    279                       226     53      223
..................................................................


WIND (MPH)
  HIGHEST WIND SPEED    18   HIGHEST WIND DIRECTION     S (180)
  HIGHEST GUST SPEED    24   HIGHEST GUST DIRECTION    NW (300)
  AVERAGE WIND SPEED     6.6


SKY COVER
  POSSIBLE SUNSHINE  MM
  AVERAGE SKY COVER 0.9


WEATHER CONDITIONS
 THE FOLLOWING WEATHER WAS RECORDED YESTERDAY.
  THUNDERSTORM
  HEAVY RAIN
  RAIN
  LIGHT RAIN
  FOG


RELATIVE HUMIDITY (PERCENT)
 HIGHEST    97           700 PM
 LOWEST     55           200 PM
 AVERAGE    76

..........................................................


THE HUNTSVILLE CLIMATE NORMALS FOR TODAY
                         NORMAL    RECORD    YEAR
 MAXIMUM TEMPERATURE (F)   84        98      1911
 MINIMUM TEMPERATURE (F)   63        41      1907


SUNRISE AND SUNSET
MAY 28 2015...........SUNRISE   537 AM CDT   SUNSET   752 PM CDT
MAY 29 2015...........SUNRISE   536 AM CDT   SUNSET   753 PM CDT


-  INDICATES NEGATIVE NUMBERS.
R  INDICATES RECORD WAS SET OR TIED.
MM INDICATES DATA IS MISSING.
T  INDICATES TRACE AMOUNT.




$$
