000
CDUS43 KAPX 050539
CLIHTL


CLIMATE REPORT
NATIONAL WEATHER SERVICE GAYLORD MI
1239 AM EST FRI FEB 5 2016


...................................

...THE HOUGHTON LAKE MI CLIMATE SUMMARY FOR FEBRUARY 4 2016...

CLIMATE NORMAL PERIOD 1981 TO 2010
CLIMATE RECORD PERIOD 1913 TO 2016


WEATHER ITEM   OBSERVED TIME   RECORD YEAR NORMAL DEPARTURE LAST
                VALUE   (LST)  VALUE       VALUE  FROM      YEAR
                                                  NORMAL
..................................................................
TEMPERATURE (F)
 YESTERDAY
  MAXIMUM         27    325 PM  46    1991  27      0       19
  MINIMUM         15    944 PM -28    1996   9      6        2
  AVERAGE         21                        18      3       11

PRECIPITATION (IN)
  YESTERDAY        0.02          0.40 1924   0.04  -0.02     0.08
  MONTH TO DATE    0.76                      0.15   0.61     0.22
  SINCE DEC 1      6.09                      3.31   2.78     2.84
  SINCE JAN 1      2.52                      1.66   0.86     1.41

SNOWFALL (IN)
  YESTERDAY        T             5.2  1945   0.5   -0.5      1.1
  MONTH TO DATE    3.5                       2.0    1.5      2.6
  SINCE OCT 1     26.4                      44.1  -17.7     33.3
  SINCE JUL 1     26.4                      44.1  -17.7     33.3
  SNOW DEPTH      11

DEGREE DAYS
 HEATING
  YESTERDAY       44                        47     -3       54
  MONTH TO DATE  150                       188    -38      220
  SINCE DEC 1   2390                      2917   -527     2933
  SINCE JUL 1   3869                      4800   -931     4936
..................................................................


WIND (MPH)
  HIGHEST WIND SPEED    15   HIGHEST WIND DIRECTION     W (290)
  HIGHEST GUST SPEED    20   HIGHEST GUST DIRECTION     W (290)
  AVERAGE WIND SPEED     4.2




RELATIVE HUMIDITY (PERCENT)
 HIGHEST    92
 LOWEST     75
 AVERAGE    84

..........................................................


THE HOUGHTON LAKE MI CLIMATE NORMALS FOR TODAY
                         NORMAL    RECORD    YEAR
 MAXIMUM TEMPERATURE (F)   27        50      2005
 MINIMUM TEMPERATURE (F)    9       -25      1923


SUNRISE AND SUNSET
FEBRUARY  5 2016......SUNRISE   753 AM EST   SUNSET   553 PM EST
FEBRUARY  6 2016......SUNRISE   752 AM EST   SUNSET   555 PM EST


-  INDICATES NEGATIVE NUMBERS.
R  INDICATES RECORD WAS SET OR TIED.
MM INDICATES DATA IS MISSING.
T  INDICATES TRACE AMOUNT.




$$
