000
CDUS43 KAPX 012128
CLIHTL


CLIMATE REPORT
NATIONAL WEATHER SERVICE GAYLORD MI
528 PM EDT WED JUL 1 2015


...................................

...THE HOUGHTON LAKE MI CLIMATE SUMMARY FOR JULY 1 2015...
VALID TODAY AS OF 0500 PM LOCAL TIME.

CLIMATE NORMAL PERIOD 1981 TO 2010
CLIMATE RECORD PERIOD 1913 TO 2015


WEATHER ITEM   OBSERVED TIME   RECORD YEAR NORMAL DEPARTURE LAST
                VALUE   (LST)  VALUE       VALUE  FROM      YEAR
                                                  NORMAL
..................................................................
TEMPERATURE (F)
 TODAY
  MAXIMUM         61    246 PM 103    1931  79    -18       78
  MINIMUM         50    704 AM  33    1950  54     -4       66
  AVERAGE         56                        66    -10       72

PRECIPITATION (IN)
  TODAY            0.00          1.58 1953   0.09  -0.09     0.07
  MONTH TO DATE    0.00                      0.09  -0.09     0.07
  SINCE JUN 1      3.16                      3.19  -0.03     2.69
  SINCE JAN 1     11.78                     13.05  -1.27    15.17

DEGREE DAYS
 HEATING
  TODAY            9                         2      7        0
  MONTH TO DATE    9                         2      7        0
  SINCE JUN 1    125                       126     -1       74
  SINCE JUL 1      9                         2      7        0

 COOLING
  TODAY            0                         3     -3        7
  MONTH TO DATE    0                         3     -3        7
  SINCE JUN 1     20                        62    -42       80
  SINCE JAN 1     45                        78    -33       95
..................................................................


WIND (MPH)
  RESULTANT WIND SPEED   7   RESULTANT WIND DIRECTION  NW (320)
  HIGHEST WIND SPEED    14   HIGHEST WIND DIRECTION    NW (300)
  HIGHEST GUST SPEED    16   HIGHEST GUST DIRECTION    NW (300)
  AVERAGE WIND SPEED     8.0


SKY COVER
  POSSIBLE SUNSHINE  MM
  AVERAGE SKY COVER 1.0


WEATHER CONDITIONS
 THE FOLLOWING WEATHER WAS RECORDED TODAY.
  FOG


RELATIVE HUMIDITY (PERCENT)
 HIGHEST   100           100 AM
 LOWEST     72           300 PM
 AVERAGE    86

..........................................................


THE HOUGHTON LAKE MI CLIMATE NORMALS FOR TOMORROW
                         NORMAL    RECORD    YEAR
 MAXIMUM TEMPERATURE (F)   79        99      1921
 MINIMUM TEMPERATURE (F)   54        28      1918


SUNRISE AND SUNSET
JULY  1 2015..........SUNRISE   558 AM EDT   SUNSET   927 PM EDT
JULY  2 2015..........SUNRISE   559 AM EDT   SUNSET   926 PM EDT


-  INDICATES NEGATIVE NUMBERS.
R  INDICATES RECORD WAS SET OR TIED.
MM INDICATES DATA IS MISSING.
T  INDICATES TRACE AMOUNT.




$$
