000
CDUS43 KAPX 010602
CLIHTL


CLIMATE REPORT
NATIONAL WEATHER SERVICE GAYLORD MI
102 AM EST SUN MAR 1 2015


...................................

...THE HOUGHTON LAKE MI CLIMATE SUMMARY FOR FEBRUARY 28 2015...

CLIMATE NORMAL PERIOD 1981 TO 2010
CLIMATE RECORD PERIOD 1913 TO 2015


WEATHER ITEM   OBSERVED TIME   RECORD YEAR NORMAL DEPARTURE LAST
                VALUE   (LST)  VALUE       VALUE  FROM      YEAR
                                                  NORMAL
..................................................................
TEMPERATURE (F)
 YESTERDAY
  MAXIMUM         23    457 PM  52    1998  33    -10       12
                                      1983
  MINIMUM        -11    736 AM -29    2014  13    -24      -29
  AVERAGE          6                        23    -17       -8

PRECIPITATION (IN)
  YESTERDAY        0.00          0.90 1948   0.05  -0.05     0.05
  MONTH TO DATE    0.62                      1.21  -0.59     1.19
  SINCE DEC 1      3.24                      4.37  -1.13     5.00
  SINCE JAN 1      1.81                      2.72  -0.91     2.80

SNOWFALL (IN)
  YESTERDAY        0.0           7.8  1948   0.4   -0.4      0.3
  MONTH TO DATE   10.9                      12.4   -1.5     12.0
  SINCE OCT 1     41.6                      54.5  -12.9     52.3
  SINCE JUL 1     41.6                      54.5  -12.9     52.3
  SNOW DEPTH      14

DEGREE DAYS
 HEATING
  YESTERDAY       59                        42     17       73
  MONTH TO DATE 1651                      1261    390     1513
  SINCE DEC 1   4364                      3989    375     4583
  SINCE JUL 1   6367                      5872    495     6448
..................................................................


WIND (MPH)
  HIGHEST WIND SPEED    12   HIGHEST WIND DIRECTION     W (260)
  HIGHEST GUST SPEED    15   HIGHEST GUST DIRECTION     W (270)
  AVERAGE WIND SPEED     6.8




RELATIVE HUMIDITY (PERCENT)
 HIGHEST    87
 LOWEST     44
 AVERAGE    66

..........................................................


THE HOUGHTON LAKE MI CLIMATE NORMALS FOR TODAY
                         NORMAL    RECORD    YEAR
 MAXIMUM TEMPERATURE (F)   34        53      1992
 MINIMUM TEMPERATURE (F)   13       -23      1967


SUNRISE AND SUNSET
MARCH  1 2015.........SUNRISE   716 AM EST   SUNSET   626 PM EST
MARCH  2 2015.........SUNRISE   715 AM EST   SUNSET   628 PM EST


-  INDICATES NEGATIVE NUMBERS.
R  INDICATES RECORD WAS SET OR TIED.
MM INDICATES DATA IS MISSING.
T  INDICATES TRACE AMOUNT.




$$
