000
CDUS43 KAPX 270537
CLIHTL


CLIMATE REPORT
NATIONAL WEATHER SERVICE GAYLORD MI
1237 AM EST THU NOV 27 2014


...................................

...THE HOUGHTON LAKE MI CLIMATE SUMMARY FOR NOVEMBER 26 2014...

CLIMATE NORMAL PERIOD 1981 TO 2010
CLIMATE RECORD PERIOD 1913 TO 2014


WEATHER ITEM   OBSERVED TIME   RECORD YEAR NORMAL DEPARTURE LAST
                VALUE   (LST)  VALUE       VALUE  FROM      YEAR
                                                  NORMAL
..................................................................
TEMPERATURE (F)
 YESTERDAY
  MAXIMUM         27        MM  58    1984  37    -10       32
  MINIMUM         23        MM  -9    1949  24     -1       20
  AVERAGE         25                        31     -6       26

PRECIPITATION (IN)
  YESTERDAY        T             1.16 1965   0.07  -0.07     0.02
  MONTH TO DATE    3.00                      2.03   0.97     3.07
  SINCE SEP 1      9.43                      7.69   1.74     8.31
  SINCE JAN 1     29.31                     26.81   2.50    28.41

SNOWFALL (IN)
  YESTERDAY        T             3.1  1971   0.4   -0.4      0.3
  MONTH TO DATE   11.9                       6.8    5.1      2.8
  SINCE OCT 1     11.9                       7.4    4.5      2.8
  SINCE JUL 1     11.9                       7.4    4.5      2.8
  SNOW DEPTH       4

DEGREE DAYS
 HEATING
  YESTERDAY       40                        34      6       39
  MONTH TO DATE  878                       764    114      767
  SINCE SEP 1   1693                      1615     78     1559
  SINCE JUL 1   1849                      1742    107     1684
..................................................................


WIND (MPH)
  HIGHEST WIND SPEED     8   HIGHEST WIND DIRECTION     W (260)
  HIGHEST GUST SPEED    MM   HIGHEST GUST DIRECTION    MM
  AVERAGE WIND SPEED     3.7




RELATIVE HUMIDITY (PERCENT)
 HIGHEST    88
 LOWEST     68
 AVERAGE    78

..........................................................


THE HOUGHTON LAKE MI CLIMATE NORMALS FOR TODAY
                         NORMAL    RECORD    YEAR
 MAXIMUM TEMPERATURE (F)   37        62      1990
 MINIMUM TEMPERATURE (F)   24        -3      1932


SUNRISE AND SUNSET
NOVEMBER 27 2014......SUNRISE   750 AM EST   SUNSET   503 PM EST
NOVEMBER 28 2014......SUNRISE   751 AM EST   SUNSET   502 PM EST


-  INDICATES NEGATIVE NUMBERS.
R  INDICATES RECORD WAS SET OR TIED.
MM INDICATES DATA IS MISSING.
T  INDICATES TRACE AMOUNT.




$$
