030
CDUS43 KAPX 230535
CLIHTL


CLIMATE REPORT
NATIONAL WEATHER SERVICE GAYLORD MI
1232 AM EST TUE JAN 23 2018


...................................

...THE HOUGHTON LAKE MI CLIMATE SUMMARY FOR JANUARY 22 2018...

CLIMATE NORMAL PERIOD 1981 TO 2010
CLIMATE RECORD PERIOD 1913 TO 2018


WEATHER ITEM   OBSERVED TIME   RECORD YEAR NORMAL DEPARTURE LAST
                VALUE   (LST)  VALUE       VALUE  FROM      YEAR
                                                  NORMAL
..................................................................
TEMPERATURE (F)
 YESTERDAY
  MAXIMUM         35   1159 PM  48    1933  26      9       47
  MINIMUM         33    145 AM -17    1991   9     24       36
  AVERAGE         34                        18     16       42

PRECIPITATION (IN)
  YESTERDAY        0.50          0.75 1957   0.04   0.46     0.00
  MONTH TO DATE    1.34                      1.12   0.22     1.91
  SINCE DEC 1      2.82                      2.77   0.05     4.13
  SINCE JAN 1      1.34                      1.12   0.22     1.91

SNOWFALL (IN)
  YESTERDAY        0.0           5.6  1941   0.6   -0.6      0.0
  MONTH TO DATE    2.6                      12.1   -9.5     10.3
  SINCE OCT 1     22.6                      37.1  -14.5     52.5
  SINCE JUL 1     22.6                      37.1  -14.5     52.5
  SNOW DEPTH       T

DEGREE DAYS
 HEATING
  YESTERDAY       31                        48    -17       23
  MONTH TO DATE 1039                      1027     12      912
  SINCE DEC 1   2437                      2301    136     2154
  SINCE JUL 1   4038                      4184   -146     3474
..................................................................


WIND (MPH)
  HIGHEST WIND SPEED    25   HIGHEST WIND DIRECTION     E (80)
  HIGHEST GUST SPEED    36   HIGHEST GUST DIRECTION     E (70)
  AVERAGE WIND SPEED    10.0




RELATIVE HUMIDITY (PERCENT)
 HIGHEST   100
 LOWEST     92
 AVERAGE    96

..........................................................


THE HOUGHTON LAKE MI CLIMATE NORMALS FOR TODAY
                         NORMAL    RECORD    YEAR
 MAXIMUM TEMPERATURE (F)   26        47      1999
 MINIMUM TEMPERATURE (F)    9       -28      1948


SUNRISE AND SUNSET
JANUARY 23 2018.......SUNRISE   806 AM EST   SUNSET   536 PM EST
JANUARY 24 2018.......SUNRISE   805 AM EST   SUNSET   537 PM EST


-  INDICATES NEGATIVE NUMBERS.
R  INDICATES RECORD WAS SET OR TIED.
MM INDICATES DATA IS MISSING.
T  INDICATES TRACE AMOUNT.




$$
