000
CDUS43 KAPX 290529
CLIHTL


CLIMATE REPORT
NATIONAL WEATHER SERVICE GAYLORD MI
128 AM EDT SAT APR 29 2017


...................................

...THE HOUGHTON LAKE MI CLIMATE SUMMARY FOR APRIL 28 2017...

CLIMATE NORMAL PERIOD 1981 TO 2010
CLIMATE RECORD PERIOD 1913 TO 2017


WEATHER ITEM   OBSERVED TIME   RECORD YEAR NORMAL DEPARTURE LAST
                VALUE   (LST)  VALUE       VALUE  FROM      YEAR
                                                  NORMAL
..................................................................
TEMPERATURE (F)
 YESTERDAY
  MAXIMUM         61    407 PM  83    1986  60      1       47
  MINIMUM         40    814 AM  16    1947  36      4       35
                                      1946
                                      1917
  AVERAGE         51                        48      3       41

PRECIPITATION (IN)
  YESTERDAY        T             1.19 1981   0.08  -0.08     0.03
  MONTH TO DATE    4.56                      2.32   2.24     2.14
  SINCE MAR 1      7.24                      4.16   3.08     6.87
  SINCE JAN 1     12.72                      6.88   5.84     9.99

SNOWFALL (IN)
  YESTERDAY        0.0           1.5  1926   0.1   -0.1      0.0
  MONTH TO DATE    T                         3.7   -3.7     11.9
  SINCE OCT 1     76.1                      66.5    9.6     58.4
  SINCE JUL 1     76.1                      66.5    9.6     58.4
  SNOW DEPTH       0

DEGREE DAYS
 HEATING
  YESTERDAY       14                        17     -3       24
  MONTH TO DATE  476                       642   -166      717
  SINCE MAR 1   1573                      1755   -182     1645
  SINCE JUL 1   6423                      7627  -1204     6558

 COOLING
  YESTERDAY        0                         0      0        0
  MONTH TO DATE    1                         0      1        0
  SINCE MAR 1      1                         0      1        0
  SINCE JAN 1      1                         0      1        0
..................................................................


WIND (MPH)
  HIGHEST WIND SPEED    20   HIGHEST WIND DIRECTION    SW (240)
  HIGHEST GUST SPEED    27   HIGHEST GUST DIRECTION    SW (220)
  AVERAGE WIND SPEED    12.5




RELATIVE HUMIDITY (PERCENT)
 HIGHEST    82
 LOWEST     35
 AVERAGE    59

..........................................................


THE HOUGHTON LAKE MI CLIMATE NORMALS FOR TODAY
                         NORMAL    RECORD    YEAR
 MAXIMUM TEMPERATURE (F)   60        84      1970
 MINIMUM TEMPERATURE (F)   36        18      1945


SUNRISE AND SUNSET
APRIL 29 2017.........SUNRISE   632 AM EDT   SUNSET   841 PM EDT
APRIL 30 2017.........SUNRISE   631 AM EDT   SUNSET   842 PM EDT


-  INDICATES NEGATIVE NUMBERS.
R  INDICATES RECORD WAS SET OR TIED.
MM INDICATES DATA IS MISSING.
T  INDICATES TRACE AMOUNT.




$$
