000
CDUS43 KAPX 190529
CLIHTL


CLIMATE REPORT
NATIONAL WEATHER SERVICE GAYLORD MI
1227 AM EST SUN FEB 19 2017


...................................

...THE HOUGHTON LAKE MI CLIMATE SUMMARY FOR FEBRUARY 18 2017...

CLIMATE NORMAL PERIOD 1981 TO 2010
CLIMATE RECORD PERIOD 1913 TO 2017


WEATHER ITEM   OBSERVED TIME   RECORD YEAR NORMAL DEPARTURE LAST
                VALUE   (LST)  VALUE       VALUE  FROM      YEAR
                                                  NORMAL
..................................................................
TEMPERATURE (F)
 YESTERDAY
  MAXIMUM         53R   423 PM  52    1994  30     23       31
  MINIMUM         32   1156 PM -30    1920  11     21      -11
  AVERAGE         43                        20     23       10

PRECIPITATION (IN)
  YESTERDAY        0.00          0.45 1976   0.04  -0.04     0.00
  MONTH TO DATE    0.66                      0.71  -0.05     0.94
  SINCE DEC 1      5.85                      3.87   1.98     6.27
  SINCE JAN 1      3.63                      2.22   1.41     2.70

SNOWFALL (IN)
  YESTERDAY        0.0           4.0  2008   0.5   -0.5      0.0
  MONTH TO DATE    2.3                       8.3   -6.0      6.5
  SINCE OCT 1     64.7                      50.4   14.3     29.4
  SINCE JUL 1     64.7                      50.4   14.3     29.4
  SNOW DEPTH       8

DEGREE DAYS
 HEATING
  YESTERDAY       22                        45    -23       55
  MONTH TO DATE  740                       830    -90      820
  SINCE DEC 1   3242                      3559   -317     3060
  SINCE JUL 1   4562                      5442   -880     4539
..................................................................


WIND (MPH)
  HIGHEST WIND SPEED    14   HIGHEST WIND DIRECTION     W (280)
  HIGHEST GUST SPEED    18   HIGHEST GUST DIRECTION     W (280)
  AVERAGE WIND SPEED     7.0




RELATIVE HUMIDITY (PERCENT)
 HIGHEST    82
 LOWEST     50
 AVERAGE    66

..........................................................


THE HOUGHTON LAKE MI CLIMATE NORMALS FOR TODAY
                         NORMAL    RECORD    YEAR
 MAXIMUM TEMPERATURE (F)   30        61      1930
 MINIMUM TEMPERATURE (F)   11       -24      1920


SUNRISE AND SUNSET
FEBRUARY 19 2017......SUNRISE   732 AM EST   SUNSET   614 PM EST
FEBRUARY 20 2017......SUNRISE   730 AM EST   SUNSET   615 PM EST


-  INDICATES NEGATIVE NUMBERS.
R  INDICATES RECORD WAS SET OR TIED.
MM INDICATES DATA IS MISSING.
T  INDICATES TRACE AMOUNT.




$$
