000
CDUS43 KAPX 050528
CLIHTL


CLIMATE REPORT
NATIONAL WEATHER SERVICE GAYLORD MI
127 AM EDT THU MAY 5 2016


...................................

...THE HOUGHTON LAKE MI CLIMATE SUMMARY FOR MAY 4 2016...

CLIMATE NORMAL PERIOD 1981 TO 2010
CLIMATE RECORD PERIOD 1913 TO 2016


WEATHER ITEM   OBSERVED TIME   RECORD YEAR NORMAL DEPARTURE LAST
                VALUE   (LST)  VALUE       VALUE  FROM      YEAR
                                                  NORMAL
..................................................................
TEMPERATURE (F)
 YESTERDAY
  MAXIMUM         51    247 AM  89    1934  62    -11       72
  MINIMUM         42   1159 PM  12    1926  38      4       48
  AVERAGE         47                        50     -3       60

PRECIPITATION (IN)
  YESTERDAY        0.94R         0.70 1938   0.08   0.86      T
  MONTH TO DATE    1.00                      0.32   0.68      T
  SINCE MAR 1      7.87                      4.64   3.23     2.73
  SINCE JAN 1     10.99                      7.36   3.63     4.54

DEGREE DAYS
 HEATING
  YESTERDAY       18                        15      3        5
  MONTH TO DATE   71                        62      9       26
  SINCE MAR 1   1754                      1851    -97     1880
  SINCE JUL 1   6667                      7723  -1056     8247

 COOLING
  YESTERDAY        0                         0      0        0
  MONTH TO DATE    0                         0      0        0
  SINCE MAR 1      0                         2     -2        0
  SINCE JAN 1      0                         2     -2        0
..................................................................


WIND (MPH)
  HIGHEST WIND SPEED    20   HIGHEST WIND DIRECTION     N (360)
  HIGHEST GUST SPEED    26   HIGHEST GUST DIRECTION     N (10)
  AVERAGE WIND SPEED     9.9




RELATIVE HUMIDITY (PERCENT)
 HIGHEST    93
 LOWEST     71
 AVERAGE    82

..........................................................


THE HOUGHTON LAKE MI CLIMATE NORMALS FOR TODAY
                         NORMAL    RECORD    YEAR
 MAXIMUM TEMPERATURE (F)   63        90      1949
                                             1941
 MINIMUM TEMPERATURE (F)   38        21      1920


SUNRISE AND SUNSET
MAY  5 2016...........SUNRISE   623 AM EDT   SUNSET   848 PM EDT
MAY  6 2016...........SUNRISE   622 AM EDT   SUNSET   849 PM EDT


-  INDICATES NEGATIVE NUMBERS.
R  INDICATES RECORD WAS SET OR TIED.
MM INDICATES DATA IS MISSING.
T  INDICATES TRACE AMOUNT.




$$
