882
CDUS43 KAPX 200555
CLIHTL


CLIMATE REPORT
NATIONAL WEATHER SERVICE GAYLORD MI
1255 AM EST FRI JAN 20 2017


...................................

...THE HOUGHTON LAKE MI CLIMATE SUMMARY FOR JANUARY 19 2017...

CLIMATE NORMAL PERIOD 1981 TO 2010
CLIMATE RECORD PERIOD 1913 TO 2017


WEATHER ITEM   OBSERVED TIME   RECORD YEAR NORMAL DEPARTURE LAST
                VALUE   (LST)  VALUE       VALUE  FROM      YEAR
                                                  NORMAL
..................................................................
TEMPERATURE (F)
 YESTERDAY
  MAXIMUM         35    537 PM  47    1973  26      9       19
  MINIMUM         31    736 PM -22    1994   9     22        7
  AVERAGE         33                        18     15       13

PRECIPITATION (IN)
  YESTERDAY        0.00          0.90 1949   0.04  -0.04     0.01
  MONTH TO DATE    1.87                      0.99   0.88     1.17
  SINCE DEC 1      4.09                      2.64   1.45     4.74
  SINCE JAN 1      1.87                      0.99   0.88     1.17

SNOWFALL (IN)
  YESTERDAY        0.0           4.0  1952   0.6   -0.6       T
  MONTH TO DATE   10.3                      10.5   -0.2     11.9
  SINCE OCT 1     52.5                      35.5   17.0     19.8
  SINCE JUL 1     52.5                      35.5   17.0     19.8
  SNOW DEPTH       8

DEGREE DAYS
 HEATING
  YESTERDAY       32                        47    -15       52
  MONTH TO DATE  831                       884    -53      843
  SINCE DEC 1   2073                      2158    -85     1757
  SINCE JUL 1   3393                      4041   -648     3236
..................................................................


WIND (MPH)
  HIGHEST WIND SPEED    12   HIGHEST WIND DIRECTION    SW (230)
  HIGHEST GUST SPEED    16   HIGHEST GUST DIRECTION    SW (240)
  AVERAGE WIND SPEED     6.3




RELATIVE HUMIDITY (PERCENT)
 HIGHEST   100
 LOWEST     89
 AVERAGE    95

..........................................................


THE HOUGHTON LAKE MI CLIMATE NORMALS FOR TODAY
                         NORMAL    RECORD    YEAR
 MAXIMUM TEMPERATURE (F)   26        47      1921
 MINIMUM TEMPERATURE (F)    9       -17      1924


SUNRISE AND SUNSET
JANUARY 20 2017.......SUNRISE   808 AM EST   SUNSET   532 PM EST
JANUARY 21 2017.......SUNRISE   807 AM EST   SUNSET   533 PM EST


-  INDICATES NEGATIVE NUMBERS.
R  INDICATES RECORD WAS SET OR TIED.
MM INDICATES DATA IS MISSING.
T  INDICATES TRACE AMOUNT.




$$
