000
CDUS43 KAPX 190600
CLIHTL


CLIMATE REPORT
NATIONAL WEATHER SERVICE GAYLORD MI
1259 AM EST FRI DEC 19 2014


...................................

...THE HOUGHTON LAKE MI CLIMATE SUMMARY FOR DECEMBER 18 2014...

CLIMATE NORMAL PERIOD 1981 TO 2010
CLIMATE RECORD PERIOD 1913 TO 2014


WEATHER ITEM   OBSERVED TIME   RECORD YEAR NORMAL DEPARTURE LAST
                VALUE   (LST)  VALUE       VALUE  FROM      YEAR
                                                  NORMAL
..................................................................
TEMPERATURE (F)
 YESTERDAY
  MAXIMUM         26    443 PM  51    1931  30     -4       23
  MINIMUM         19   1159 PM -28    1926  17      2       18
  AVERAGE         23                        23      0       21

PRECIPITATION (IN)
  YESTERDAY        0.00          0.44 1977   0.05  -0.05     0.01
  MONTH TO DATE    0.44                      1.03  -0.59     1.40
  SINCE DEC 1      0.44                      1.03  -0.59     1.40
  SINCE JAN 1     29.80                     28.13   1.67    29.90

SNOWFALL (IN)
  YESTERDAY        0.0           5.9  1969   0.5   -0.5       T
  MONTH TO DATE    4.6                       9.2   -4.6     11.4
  SINCE OCT 1     17.5                      18.3   -0.8     15.2
  SINCE JUL 1     17.5                      18.3   -0.8     15.2
  SNOW DEPTH       4

DEGREE DAYS
 HEATING
  YESTERDAY       42                        42      0       44
  MONTH TO DATE  665                       705    -40      829
  SINCE DEC 1    665                       705    -40      829
  SINCE JUL 1   2668                      2588     80     2694
..................................................................


WIND (MPH)
  HIGHEST WIND SPEED    16   HIGHEST WIND DIRECTION    NW (320)
  HIGHEST GUST SPEED    20   HIGHEST GUST DIRECTION    NW (310)
  AVERAGE WIND SPEED     6.2




RELATIVE HUMIDITY (PERCENT)
 HIGHEST    96
 LOWEST     75
 AVERAGE    86

..........................................................


THE HOUGHTON LAKE MI CLIMATE NORMALS FOR TODAY
                         NORMAL    RECORD    YEAR
 MAXIMUM TEMPERATURE (F)   29        53      1931
 MINIMUM TEMPERATURE (F)   16       -17      1919


SUNRISE AND SUNSET
DECEMBER 19 2014......SUNRISE   810 AM EST   SUNSET   501 PM EST
DECEMBER 20 2014......SUNRISE   811 AM EST   SUNSET   502 PM EST


-  INDICATES NEGATIVE NUMBERS.
R  INDICATES RECORD WAS SET OR TIED.
MM INDICATES DATA IS MISSING.
T  INDICATES TRACE AMOUNT.




$$
