000
CDUS41 KRLX 300722
CLIHTS


CLIMATE REPORT
NATIONAL WEATHER SERVICE CHARLESTON WV
320 AM EDT SUN APR 30 2017


...................................

...THE HUNTINGTON WV CLIMATE SUMMARY FOR APRIL 29 2017...

CLIMATE NORMAL PERIOD 1981 TO 2010
CLIMATE RECORD PERIOD 1897 TO 2017


WEATHER ITEM   OBSERVED TIME   RECORD YEAR NORMAL DEPARTURE LAST
                VALUE   (LST)  VALUE       VALUE  FROM      YEAR
                                                  NORMAL
..................................................................
TEMPERATURE (F)
 YESTERDAY
  MAXIMUM         84    509 PM  91    1914  72     12       76
  MINIMUM         64    608 AM  31    1967  48     16       56
  AVERAGE         74                        60     14       66

PRECIPITATION (IN)
  YESTERDAY        0.11          2.41 2014   0.12  -0.01     0.00
  MONTH TO DATE    1.83                      3.32  -1.49     3.80
  SINCE JAN 1     12.71                     13.26  -0.55    13.93

SNOWFALL (IN)
  YESTERDAY        0.0
  MONTH TO DATE    0.0
  SINCE SEP 1      5.9
  SNOW DEPTH       0

DEGREE DAYS
 HEATING
  YESTERDAY        0                         6     -6        0
  MONTH TO DATE  139                       285   -146      244
  SINCE MAR 1    691                       881   -190      619
  SINCE JUL 1   3340                      4382  -1042     3654

 COOLING
  YESTERDAY        9                         1      8        1
  MONTH TO DATE   54                        28     26       38
  SINCE MAR 1     56                        33     23       47
  SINCE JAN 1     57                        33     24       47
..................................................................


WIND (MPH)
  HIGHEST WIND SPEED    17   HIGHEST WIND DIRECTION    NW (300)
  HIGHEST GUST SPEED    26   HIGHEST GUST DIRECTION    NW (310)
  AVERAGE WIND SPEED     5.5


SKY COVER
  POSSIBLE SUNSHINE  MM


WEATHER CONDITIONS
 THE FOLLOWING WEATHER WAS RECORDED YESTERDAY.
  RAIN
  LIGHT RAIN
  FOG


RELATIVE HUMIDITY (PERCENT)
 HIGHEST    84          1100 PM
 LOWEST     58           100 PM
 AVERAGE    71

..........................................................


THE HUNTINGTON WV CLIMATE NORMALS FOR TODAY
                         NORMAL    RECORD    YEAR
 MAXIMUM TEMPERATURE (F)   72        92      1942
                                             1899
 MINIMUM TEMPERATURE (F)   49        30      2008


SUNRISE AND SUNSET
APRIL 30 2017.........SUNRISE   634 AM EDT   SUNSET   821 PM EDT
MAY  1 2017...........SUNRISE   633 AM EDT   SUNSET   822 PM EDT


-  INDICATES NEGATIVE NUMBERS.
R  INDICATES RECORD WAS SET OR TIED.
MM INDICATES DATA IS MISSING.
T  INDICATES TRACE AMOUNT.




$$
