000
CDUS41 KRLX 220720
CLIHTS


CLIMATE REPORT
NATIONAL WEATHER SERVICE CHARLESTON WV
316 AM EDT FRI AUG 22 2014


...................................

...THE HUNTINGTON WV CLIMATE SUMMARY FOR AUGUST 21 2014...

CLIMATE NORMAL PERIOD 1981 TO 2010
CLIMATE RECORD PERIOD 1897 TO 2014


WEATHER ITEM   OBSERVED TIME   RECORD YEAR NORMAL DEPARTURE LAST
                VALUE   (LST)  VALUE       VALUE  FROM      YEAR
                                                  NORMAL
..................................................................
TEMPERATURE (F)
 YESTERDAY
  MAXIMUM         83    130 PM 105    1936  86     -3       85
  MINIMUM         65    600 AM  48    1950  64      1       65
  AVERAGE         74                        75     -1       75

PRECIPITATION (IN)
  YESTERDAY        0.22          1.60 2004   0.12   0.10     0.13
  MONTH TO DATE    3.05                      2.62   0.43     2.69
  SINCE JAN 1     31.11                     29.13   1.98    29.93

SNOWFALL (IN)
  YESTERDAY        0.0
  MONTH TO DATE    0.0
  SINCE SEP 1     36.8
  SNOW DEPTH       0

DEGREE DAYS
 HEATING
  YESTERDAY        0                         0      0        0
  MONTH TO DATE    0                         0      0        4
  SINCE JUN 1      3                        12     -9        4
  SINCE JUL 1      3                         0      3        4

 COOLING
  YESTERDAY        9                        10     -1       10
  MONTH TO DATE  140                       219    -79      159
  SINCE JUN 1    621                       776   -155      753
  SINCE JAN 1    735                       889   -154      923
..................................................................


WIND (MPH)
  HIGHEST WIND SPEED    15   HIGHEST WIND DIRECTION    NW (330)
  HIGHEST GUST SPEED    22   HIGHEST GUST DIRECTION    NW (320)
  AVERAGE WIND SPEED     3.5


SKY COVER
  POSSIBLE SUNSHINE  MM


WEATHER CONDITIONS
 THE FOLLOWING WEATHER WAS RECORDED YESTERDAY.
  THUNDERSTORM
  RAIN
  LIGHT RAIN
  FOG


RELATIVE HUMIDITY (PERCENT)
 HIGHEST   100           300 AM
 LOWEST     74          1200 PM
 AVERAGE    87

..........................................................


THE HUNTINGTON WV CLIMATE NORMALS FOR TODAY
                         NORMAL    RECORD    YEAR
 MAXIMUM TEMPERATURE (F)   85       104      1936
 MINIMUM TEMPERATURE (F)   64        49      1982


SUNRISE AND SUNSET
AUGUST 22 2014........SUNRISE   651 AM EDT   SUNSET   815 PM EDT
AUGUST 23 2014........SUNRISE   652 AM EDT   SUNSET   813 PM EDT


-  INDICATES NEGATIVE NUMBERS.
R  INDICATES RECORD WAS SET OR TIED.
MM INDICATES DATA IS MISSING.
T  INDICATES TRACE AMOUNT.




$$
