000
CDUS41 KRLX 302117
CLIHTS


CLIMATE REPORT
NATIONAL WEATHER SERVICE CHARLESTON WV
516 PM EDT SAT JUL 30 2016


...................................

...THE HUNTINGTON WV CLIMATE SUMMARY FOR JULY 30 2016...
VALID TODAY AS OF 0500 PM LOCAL TIME.

CLIMATE NORMAL PERIOD 1981 TO 2010
CLIMATE RECORD PERIOD 1897 TO 2016


WEATHER ITEM   OBSERVED TIME   RECORD YEAR NORMAL DEPARTURE LAST
                VALUE   (LST)  VALUE       VALUE  FROM      YEAR
                                                  NORMAL
..................................................................
TEMPERATURE (F)
 TODAY
  MAXIMUM         87    335 PM 101    1999  86      1       87
  MINIMUM         70    601 AM  53    2014  65      5       64
  AVERAGE         79                        76      3       76

PRECIPITATION (IN)
  TODAY            0.29          2.81 2011   0.14   0.15     0.00
  MONTH TO DATE    5.87                      4.40   1.47     7.97
  SINCE JUN 1     13.12                      8.28   4.84    13.17
  SINCE JAN 1     32.76                     26.36   6.40    33.60

DEGREE DAYS
 HEATING
  TODAY            0                         0      0        0
  MONTH TO DATE    0                         0      0        0
  SINCE JUN 1      1                        12    -11       14
  SINCE JUL 1      0                         0      0        0

 COOLING
  TODAY           14                        11      3       11
  MONTH TO DATE  379                       327     52      289
  SINCE JUN 1    659                       552    107      562
  SINCE JAN 1    799                       665    134      728
..................................................................


WIND (MPH)
  HIGHEST WIND SPEED    17   HIGHEST WIND DIRECTION    NW (300)
  HIGHEST GUST SPEED    24   HIGHEST GUST DIRECTION    NW (300)
  AVERAGE WIND SPEED     4.4


SKY COVER
  POSSIBLE SUNSHINE  MM
  AVERAGE SKY COVER 0.6


WEATHER CONDITIONS
 THE FOLLOWING WEATHER WAS RECORDED TODAY.
  HEAVY RAIN
  FOG
  HAZE


RELATIVE HUMIDITY (PERCENT)
 HIGHEST    93          1200 AM
 LOWEST     59           300 PM
 AVERAGE    76

..........................................................


THE HUNTINGTON WV CLIMATE NORMALS FOR TOMORROW
                         NORMAL    RECORD    YEAR
 MAXIMUM TEMPERATURE (F)   86       100      1999
 MINIMUM TEMPERATURE (F)   65        53      1936


SUNRISE AND SUNSET
JULY 30 2016..........SUNRISE   631 AM EDT   SUNSET   842 PM EDT
JULY 31 2016..........SUNRISE   632 AM EDT   SUNSET   841 PM EDT


-  INDICATES NEGATIVE NUMBERS.
R  INDICATES RECORD WAS SET OR TIED.
MM INDICATES DATA IS MISSING.
T  INDICATES TRACE AMOUNT.




$$
