000
CDUS41 KRLX 280731
CLIHTS


CLIMATE REPORT
NATIONAL WEATHER SERVICE CHARLESTON WV
322 AM EDT SAT MAR 28 2015


...................................

...THE HUNTINGTON WV CLIMATE SUMMARY FOR MARCH 27 2015...

CLIMATE NORMAL PERIOD 1981 TO 2010
CLIMATE RECORD PERIOD 1897 TO 2015


WEATHER ITEM   OBSERVED TIME   RECORD YEAR NORMAL DEPARTURE LAST
                VALUE   (LST)  VALUE       VALUE  FROM      YEAR
                                                  NORMAL
..................................................................
TEMPERATURE (F)
 YESTERDAY
  MAXIMUM         45    121 PM  87    1950  61    -16       64
                                      1910
  MINIMUM         28   1159 PM  16    1947  39    -11       24
  AVERAGE         37                        50    -13       44

PRECIPITATION (IN)
  YESTERDAY        T             1.90 1913   0.13  -0.13     0.00
  MONTH TO DATE    6.32                      3.41   2.91     1.82
  SINCE JAN 1     11.76                      9.45   2.31     9.18

SNOWFALL (IN)
  YESTERDAY        T
  MONTH TO DATE   12.8
  SINCE SEP 1     36.6
  SNOW DEPTH       0

DEGREE DAYS
 HEATING
  YESTERDAY       28                        15     13       21
  MONTH TO DATE  544                       538      6      670
  SINCE MAR 1    544                       538      6      670
  SINCE JUL 1   4560                      4039    521     4431

 COOLING
  YESTERDAY        0                         0      0        0
  MONTH TO DATE    0                         0      0        0
  SINCE MAR 1      0                         0      0        0
  SINCE JAN 1      0                         0      0        0
..................................................................


WIND (MPH)
  HIGHEST WIND SPEED    21   HIGHEST WIND DIRECTION     N (360)
  HIGHEST GUST SPEED    26   HIGHEST GUST DIRECTION     N (350)
  AVERAGE WIND SPEED    10.1


SKY COVER
  POSSIBLE SUNSHINE  MM


WEATHER CONDITIONS
 THE FOLLOWING WEATHER WAS RECORDED YESTERDAY.
  NO SIGNIFICANT WEATHER WAS OBSERVED.


RELATIVE HUMIDITY (PERCENT)
 HIGHEST    85          1200 AM
 LOWEST     41           100 PM
 AVERAGE    63

..........................................................


THE HUNTINGTON WV CLIMATE NORMALS FOR TODAY
                         NORMAL    RECORD    YEAR
 MAXIMUM TEMPERATURE (F)   61        86      1989
                                             1907
 MINIMUM TEMPERATURE (F)   39        10      1947


SUNRISE AND SUNSET
MARCH 28 2015.........SUNRISE   722 AM EDT   SUNSET   749 PM EDT
MARCH 29 2015.........SUNRISE   720 AM EDT   SUNSET   750 PM EDT


-  INDICATES NEGATIVE NUMBERS.
R  INDICATES RECORD WAS SET OR TIED.
MM INDICATES DATA IS MISSING.
T  INDICATES TRACE AMOUNT.




$$
