000
CDUS41 KRLX 302120
CLIHTS


CLIMATE REPORT
NATIONAL WEATHER SERVICE CHARLESTON WV
520 PM EDT SAT MAY 30 2015


...................................

...THE HUNTINGTON WV CLIMATE SUMMARY FOR MAY 30 2015...
VALID TODAY AS OF 0500 PM LOCAL TIME.

CLIMATE NORMAL PERIOD 1981 TO 2010
CLIMATE RECORD PERIOD 1897 TO 2015


WEATHER ITEM   OBSERVED TIME   RECORD YEAR NORMAL DEPARTURE LAST
                VALUE   (LST)  VALUE       VALUE  FROM      YEAR
                                                  NORMAL
..................................................................
TEMPERATURE (F)
 TODAY
  MAXIMUM         86    347 PM  97    1914  79      7       83
  MINIMUM         66    557 AM  39    1961  57      9       61
  AVERAGE         76                        68      8       72

PRECIPITATION (IN)
  TODAY            0.00          1.35 1974   0.16  -0.16     0.00
  MONTH TO DATE    0.98                      4.54  -3.56     2.56
  SINCE MAR 1     14.88                     11.88   3.00    12.18
  SINCE JAN 1     20.32                     17.92   2.40    19.54

DEGREE DAYS
 HEATING
  TODAY            0                         2     -2        0
  MONTH TO DATE   64                       112    -48      106
  SINCE MAR 1    966                       999    -33     1056
  SINCE JUL 1   4982                      4500    482     4817

 COOLING
  TODAY           11                         4      7        7
  MONTH TO DATE  147                        76     71       96
  SINCE MAR 1    156                       108     48      110
  SINCE JAN 1    156                       108     48      110
..................................................................


WIND (MPH)
  HIGHEST WIND SPEED    14   HIGHEST WIND DIRECTION    SW (230)
  HIGHEST GUST SPEED    20   HIGHEST GUST DIRECTION    SW (220)
  AVERAGE WIND SPEED     6.5


SKY COVER
  POSSIBLE SUNSHINE  MM
  AVERAGE SKY COVER 0.4


WEATHER CONDITIONS
 THE FOLLOWING WEATHER WAS RECORDED TODAY.
  NO SIGNIFICANT WEATHER WAS OBSERVED.


RELATIVE HUMIDITY (PERCENT)
 HIGHEST   100           100 AM
 LOWEST     44           300 PM
 AVERAGE    72

..........................................................


THE HUNTINGTON WV CLIMATE NORMALS FOR TOMORROW
                         NORMAL    RECORD    YEAR
 MAXIMUM TEMPERATURE (F)   79        96      1919
 MINIMUM TEMPERATURE (F)   57        35      1966


SUNRISE AND SUNSET
MAY 30 2015...........SUNRISE   609 AM EDT   SUNSET   847 PM EDT
MAY 31 2015...........SUNRISE   609 AM EDT   SUNSET   847 PM EDT


-  INDICATES NEGATIVE NUMBERS.
R  INDICATES RECORD WAS SET OR TIED.
MM INDICATES DATA IS MISSING.
T  INDICATES TRACE AMOUNT.




$$
