000
CDUS41 KRLX 302121
CLIHTS


CLIMATE REPORT
NATIONAL WEATHER SERVICE CHARLESTON WV
517 PM EDT THU OCT 30 2014


...................................

...THE HUNTINGTON WV CLIMATE SUMMARY FOR OCTOBER 30 2014...
VALID TODAY AS OF 0500 PM LOCAL TIME.

CLIMATE NORMAL PERIOD 1981 TO 2010
CLIMATE RECORD PERIOD 1897 TO 2014


WEATHER ITEM   OBSERVED TIME   RECORD YEAR NORMAL DEPARTURE LAST
                VALUE   (LST)  VALUE       VALUE  FROM      YEAR
                                                  NORMAL
..................................................................
TEMPERATURE (F)
 TODAY
  MAXIMUM         50    343 PM  83    1950  64    -14       68
  MINIMUM         36    603 AM  23    1965  41     -5       52
  AVERAGE         43                        52     -9       60

PRECIPITATION (IN)
  TODAY            0.00          1.82 1949   0.10  -0.10     0.26
  MONTH TO DATE    5.03                      2.71   2.32     2.08
  SINCE SEP 1      8.29                      5.49   2.80     3.80
  SINCE JAN 1     42.63                     35.74   6.89    36.22

DEGREE DAYS
 HEATING
  TODAY           22                        13      9        5
  MONTH TO DATE  280                       267     13      265
  SINCE SEP 1    334                       323     11      299
  SINCE JUL 1    337                       325     12      303

 COOLING
  TODAY            0                         0      0        0
  MONTH TO DATE   10                        16     -6       47
  SINCE SEP 1    130                       150    -20      180
  SINCE JAN 1    971                      1127   -156     1212
..................................................................


WIND (MPH)
  HIGHEST WIND SPEED     6   HIGHEST WIND DIRECTION     E (110)
  HIGHEST GUST SPEED     9   HIGHEST GUST DIRECTION     N (20)
  AVERAGE WIND SPEED     1.2


SKY COVER
  POSSIBLE SUNSHINE  MM
  AVERAGE SKY COVER 0.7


WEATHER CONDITIONS
 THE FOLLOWING WEATHER WAS RECORDED TODAY.
  FOG


RELATIVE HUMIDITY (PERCENT)
 HIGHEST    92           300 AM
 LOWEST     56           200 PM
 AVERAGE    74

..........................................................


THE HUNTINGTON WV CLIMATE NORMALS FOR TOMORROW
                         NORMAL    RECORD    YEAR
 MAXIMUM TEMPERATURE (F)   63        84      1950
 MINIMUM TEMPERATURE (F)   41        23      1906


SUNRISE AND SUNSET
OCTOBER 30 2014.......SUNRISE   754 AM EDT   SUNSET   633 PM EDT
OCTOBER 31 2014.......SUNRISE   755 AM EDT   SUNSET   632 PM EDT


-  INDICATES NEGATIVE NUMBERS.
R  INDICATES RECORD WAS SET OR TIED.
MM INDICATES DATA IS MISSING.
T  INDICATES TRACE AMOUNT.




$$
