000
CDUS41 KRLX 142218
CLIHTS


CLIMATE REPORT
NATIONAL WEATHER SERVICE CHARLESTON WV
518 PM EST THU DEC 14 2017


...................................

...THE HUNTINGTON WV CLIMATE SUMMARY FOR DECEMBER 14 2017...
VALID TODAY AS OF 0500 PM LOCAL TIME.

CLIMATE NORMAL PERIOD 1981 TO 2010
CLIMATE RECORD PERIOD 1897 TO 2017


WEATHER ITEM   OBSERVED TIME   RECORD YEAR NORMAL DEPARTURE LAST
                VALUE   (LST)  VALUE       VALUE  FROM      YEAR
                                                  NORMAL
..................................................................
TEMPERATURE (F)
 TODAY
  MAXIMUM         47    130 AM  69    2015  46      1       37
                                      1984
                                      1971
  MINIMUM         32   1134 AM   3    1901  29      3       28
                                      1898
  AVERAGE         40                        37      3       33

PRECIPITATION (IN)
  TODAY            0.00          1.81 1956   0.11  -0.11     0.00
  MONTH TO DATE    0.61                      1.56  -0.95     1.38
  SINCE DEC 1      0.61                      1.56  -0.95     1.38
  SINCE JAN 1     43.76                     40.84   2.92    43.67

DEGREE DAYS
 HEATING
  TODAY           25                        28     -3       32
  MONTH TO DATE  377                       365     12      380
  SINCE DEC 1    377                       365     12      380
  SINCE JUL 1   1149                      1252   -103      978

 COOLING
  TODAY            0                         0      0        0
  MONTH TO DATE    0                         0      0        0
  SINCE DEC 1      0                         0      0        0
  SINCE JAN 1   1191                      1134     57     1589
..................................................................


WIND (MPH)
  HIGHEST WIND SPEED    22   HIGHEST WIND DIRECTION     W (270)
  HIGHEST GUST SPEED    36   HIGHEST GUST DIRECTION     W (260)
  AVERAGE WIND SPEED    10.3


SKY COVER
  POSSIBLE SUNSHINE  MM
  AVERAGE SKY COVER 1.0


WEATHER CONDITIONS
 THE FOLLOWING WEATHER WAS RECORDED TODAY.
  NO SIGNIFICANT WEATHER WAS OBSERVED.


RELATIVE HUMIDITY (PERCENT)
 HIGHEST    59           400 AM
 LOWEST     37          1200 AM
 AVERAGE    48

..........................................................


THE HUNTINGTON WV CLIMATE NORMALS FOR TOMORROW
                         NORMAL    RECORD    YEAR
 MAXIMUM TEMPERATURE (F)   45        73      1971
                                             1933
 MINIMUM TEMPERATURE (F)   29        -4      1917


SUNRISE AND SUNSET
DECEMBER 14 2017......SUNRISE   739 AM EST   SUNSET   510 PM EST
DECEMBER 15 2017......SUNRISE   740 AM EST   SUNSET   511 PM EST


-  INDICATES NEGATIVE NUMBERS.
R  INDICATES RECORD WAS SET OR TIED.
MM INDICATES DATA IS MISSING.
T  INDICATES TRACE AMOUNT.




$$
