000
CDUS43 KIND 300536
CLIHUF


CLIMATE REPORT
NATIONAL WEATHER SERVICE INDIANAPOLIS IN
135 AM EDT TUE MAY 30 2017


...................................

...THE TERRE HAUTE IN CLIMATE SUMMARY FOR MAY 29 2017...

CLIMATE NORMAL PERIOD 1981 TO 2010
CLIMATE RECORD PERIOD 9999 TO 9999


WEATHER ITEM   OBSERVED TIME   NORMAL DEPARTURE LAST
                VALUE   (LST)  VALUE  FROM      YEAR
                                      NORMAL
......................................................
TEMPERATURE (F)
 YESTERDAY
  MAXIMUM         83    350 PM  78      5       86
  MINIMUM         58    347 AM  56      2       64
  AVERAGE         71            67      4       75

PRECIPITATION (IN)
  YESTERDAY        T             0.14  -0.14     0.00
  MONTH TO DATE    6.76          6.36   0.40     1.91
  SINCE MAR 1     18.58         13.88   4.70    11.33
  SINCE JAN 1     22.92         18.17   4.75    13.78

DEGREE DAYS
 HEATING
  YESTERDAY        0             2     -2        0
  MONTH TO DATE  126           131     -5      138
  SINCE MAR 1    908          1188   -280      955
  SINCE JUL 1   4243          5351  -1108     4417

 COOLING
  YESTERDAY        6             4      2       10
  MONTH TO DATE   83            64     19       61
  SINCE MAR 1    113            79     34       70
  SINCE JAN 1    113            79     34       70
......................................................


WIND (MPH)
  HIGHEST WIND SPEED    20   HIGHEST WIND DIRECTION     W (280)
  HIGHEST GUST SPEED    29   HIGHEST GUST DIRECTION     W (290)
  AVERAGE WIND SPEED     7.8


SKY COVER
  AVERAGE SKY COVER 0.2


WEATHER CONDITIONS
 THE FOLLOWING WEATHER WAS RECORDED YESTERDAY.
  LIGHT RAIN


RELATIVE HUMIDITY (PERCENT)
 HIGHEST    84          1200 AM
 LOWEST     28           400 PM
 AVERAGE    56

..........................................................


THE TERRE HAUTE IN CLIMATE NORMALS FOR TODAY
                         NORMAL
 MAXIMUM TEMPERATURE (F)   79
 MINIMUM TEMPERATURE (F)   57


SUNRISE AND SUNSET
MAY 30 2017...........SUNRISE   625 AM EDT   SUNSET   909 PM EDT
MAY 31 2017...........SUNRISE   624 AM EDT   SUNSET   910 PM EDT


-  INDICATES NEGATIVE NUMBERS.
R  INDICATES RECORD WAS SET OR TIED.
MM INDICATES DATA IS MISSING.
T  INDICATES TRACE AMOUNT.




$$
