000
CDUS43 KIND 250536
CLIHUF


CLIMATE REPORT
NATIONAL WEATHER SERVICE INDIANAPOLIS IN
136 AM EDT TUE APR 25 2017


...................................

...THE TERRE HAUTE IN CLIMATE SUMMARY FOR APRIL 24 2017...

CLIMATE NORMAL PERIOD 1981 TO 2010
CLIMATE RECORD PERIOD 9999 TO 9999


WEATHER ITEM   OBSERVED TIME   NORMAL DEPARTURE LAST
                VALUE   (LST)  VALUE  FROM      YEAR
                                      NORMAL
......................................................
TEMPERATURE (F)
 YESTERDAY
  MAXIMUM         76    455 PM  67      9       76
  MINIMUM         37    551 AM  45     -8       43
  AVERAGE         57            56      1       60

PRECIPITATION (IN)
  YESTERDAY        0.00          0.18  -0.18     0.00
  MONTH TO DATE    2.66          2.82  -0.16     2.75
  SINCE MAR 1      6.23          6.19   0.04     6.75
  SINCE JAN 1     10.57         10.48   0.09     9.20

DEGREE DAYS
 HEATING
  YESTERDAY        8            10     -2        5
  MONTH TO DATE  187           315   -128      306
  SINCE MAR 1    758          1006   -248      794
  SINCE JUL 1   4093          5169  -1076     4256

 COOLING
  YESTERDAY        0             1     -1        0
  MONTH TO DATE   19            10      9        2
  SINCE MAR 1     21            11     10        2
  SINCE JAN 1     21            11     10        2
......................................................


WIND (MPH)
  HIGHEST WIND SPEED    18   HIGHEST WIND DIRECTION     E (70)
  HIGHEST GUST SPEED    23   HIGHEST GUST DIRECTION     E (70)
  AVERAGE WIND SPEED     7.4


SKY COVER
  AVERAGE SKY COVER 0.0


WEATHER CONDITIONS
 THE FOLLOWING WEATHER WAS RECORDED YESTERDAY.
  NO SIGNIFICANT WEATHER WAS OBSERVED.


RELATIVE HUMIDITY (PERCENT)
 HIGHEST    82           600 AM
 LOWEST     20           200 PM
 AVERAGE    51

..........................................................


THE TERRE HAUTE IN CLIMATE NORMALS FOR TODAY
                         NORMAL
 MAXIMUM TEMPERATURE (F)   67
 MINIMUM TEMPERATURE (F)   45


SUNRISE AND SUNSET
APRIL 25 2017.........SUNRISE   658 AM EDT   SUNSET   837 PM EDT
APRIL 26 2017.........SUNRISE   656 AM EDT   SUNSET   838 PM EDT


-  INDICATES NEGATIVE NUMBERS.
R  INDICATES RECORD WAS SET OR TIED.
MM INDICATES DATA IS MISSING.
T  INDICATES TRACE AMOUNT.




$$
