000
CDUS43 KIND 260536
CLIHUF


CLIMATE REPORT
NATIONAL WEATHER SERVICE INDIANAPOLIS IN
135 AM EDT SUN MAR 26 2017


...................................

...THE TERRE HAUTE IN CLIMATE SUMMARY FOR MARCH 25 2017...

CLIMATE NORMAL PERIOD 1981 TO 2010
CLIMATE RECORD PERIOD 9999 TO 9999


WEATHER ITEM   OBSERVED TIME   NORMAL DEPARTURE LAST
                VALUE   (LST)  VALUE  FROM      YEAR
                                      NORMAL
......................................................
TEMPERATURE (F)
 YESTERDAY
  MAXIMUM         73    141 PM  57     16       49
  MINIMUM         60   1159 PM  35     25       33
  AVERAGE         67            46     21       41

PRECIPITATION (IN)
  YESTERDAY        0.02          0.12  -0.10     0.00
  MONTH TO DATE    2.02          2.64  -0.62     2.36
  SINCE MAR 1      2.02          2.64  -0.62     2.36
  SINCE JAN 1      6.36          6.93  -0.57     4.81

DEGREE DAYS
 HEATING
  YESTERDAY        0            19    -19       24
  MONTH TO DATE  511           584    -73      404
  SINCE MAR 1    511           584    -73      404
  SINCE JUL 1   3846          4747   -901     3866

 COOLING
  YESTERDAY        2             0      2        0
  MONTH TO DATE    2             0      2        0
  SINCE MAR 1      2             0      2        0
  SINCE JAN 1      2             0      2        0
......................................................


WIND (MPH)
  HIGHEST WIND SPEED    28   HIGHEST WIND DIRECTION     S (180)
  HIGHEST GUST SPEED    33   HIGHEST GUST DIRECTION     S (170)
  AVERAGE WIND SPEED    12.6


SKY COVER
  AVERAGE SKY COVER 0.5


WEATHER CONDITIONS
 THE FOLLOWING WEATHER WAS RECORDED YESTERDAY.
  LIGHT RAIN


RELATIVE HUMIDITY (PERCENT)
 HIGHEST    72           800 PM
 LOWEST     49           200 PM
 AVERAGE    61

..........................................................


THE TERRE HAUTE IN CLIMATE NORMALS FOR TODAY
                         NORMAL
 MAXIMUM TEMPERATURE (F)   57
 MINIMUM TEMPERATURE (F)   36


SUNRISE AND SUNSET
MARCH 26 2017.........SUNRISE   743 AM EDT   SUNSET   807 PM EDT
MARCH 27 2017.........SUNRISE   741 AM EDT   SUNSET   808 PM EDT


-  INDICATES NEGATIVE NUMBERS.
R  INDICATES RECORD WAS SET OR TIED.
MM INDICATES DATA IS MISSING.
T  INDICATES TRACE AMOUNT.




$$
