000
CDUS41 KCAR 230528
CLIHUL


CLIMATE REPORT
NATIONAL WEATHER SERVICE CARIBOU, ME
127 AM EDT WED AUG 23 2017


...................................

...THE HOULTON ME CLIMATE SUMMARY FOR AUGUST 22 2017...

CLIMATE NORMAL PERIOD 1981 TO 2010
CLIMATE RECORD PERIOD 1948 TO 2017


WEATHER ITEM   OBSERVED TIME   RECORD YEAR NORMAL DEPARTURE LAST
                VALUE   (LST)  VALUE       VALUE  FROM      YEAR
                                                  NORMAL
..................................................................
TEMPERATURE (F)
 YESTERDAY
  MAXIMUM         85    222 PM  95    1976  75     10       67
  MINIMUM         60    521 AM  35    1982  51      9       55
  AVERAGE         73                        63     10       61

PRECIPITATION (IN)
  YESTERDAY        0.00          1.35 2016   0.11  -0.11     1.35
  MONTH TO DATE    2.82                      2.75   0.07     6.18
  SINCE JUN 1      7.53                     10.06  -2.53    12.46
  SINCE JAN 1     22.28                     24.69  -2.41    26.84

SNOWFALL (IN)
  YESTERDAY       MM             0.0  2003   0.0   MM       MM
  MONTH TO DATE   MM                         0.0   MM       MM
  SINCE JUN 1     MM                         0.0   MM       MM
  SINCE JUL 1     MM                         0.0   MM       MM
  SNOW DEPTH      MM

DEGREE DAYS
 HEATING
  YESTERDAY        0                         4     -4        4
  MONTH TO DATE   38                        55    -17       40
  SINCE JUN 1    249                       296    -47      258
  SINCE JUL 1     89                       115    -26       83

 COOLING
  YESTERDAY        8                         2      6        0
  MONTH TO DATE   49                        46      3       43
  SINCE JUN 1    167                       162      5      175
  SINCE JAN 1    173                       166      7      182
..................................................................


WIND (MPH)
  HIGHEST WIND SPEED    16   HIGHEST WIND DIRECTION     S (190)
  HIGHEST GUST SPEED    25   HIGHEST GUST DIRECTION     S (190)
  AVERAGE WIND SPEED     6.5


SKY COVER
  POSSIBLE SUNSHINE  MM
  AVERAGE SKY COVER 0.2


WEATHER CONDITIONS
 THE FOLLOWING WEATHER WAS RECORDED YESTERDAY.
  FOG


RELATIVE HUMIDITY (PERCENT)
 HIGHEST    93           400 AM
 LOWEST     47           400 PM
 AVERAGE    70

..........................................................


THE HOULTON ME CLIMATE NORMALS FOR TODAY
                         NORMAL    RECORD    YEAR
 MAXIMUM TEMPERATURE (F)   75        89      1947
 MINIMUM TEMPERATURE (F)   51        34      1988


SUNRISE AND SUNSET
AUGUST 23 2017........SUNRISE   541 AM EDT   SUNSET   726 PM EDT
AUGUST 24 2017........SUNRISE   542 AM EDT   SUNSET   724 PM EDT


-  INDICATES NEGATIVE NUMBERS.
R  INDICATES RECORD WAS SET OR TIED.
MM INDICATES DATA IS MISSING.
T  INDICATES TRACE AMOUNT.




$$
