000
CDUS41 KCAR 300527
CLIHUL


CLIMATE REPORT
NATIONAL WEATHER SERVICE CARIBOU, ME
126 AM EDT THU JUL 30 2015


...................................

...THE HOULTON ME CLIMATE SUMMARY FOR JULY 29 2015...

CLIMATE NORMAL PERIOD 1981 TO 2010
CLIMATE RECORD PERIOD 1948 TO 2015


WEATHER ITEM   OBSERVED TIME   RECORD YEAR NORMAL DEPARTURE LAST
                VALUE   (LST)  VALUE       VALUE  FROM      YEAR
                                                  NORMAL
..................................................................
TEMPERATURE (F)
 YESTERDAY
  MAXIMUM         82    318 PM  92    1970  78      4       73
  MINIMUM         50    456 AM  42    1987  54     -4       49
  AVERAGE         66                        66      0       61

PRECIPITATION (IN)
  YESTERDAY        0.00          2.12 1958   0.12  -0.12     0.01
  MONTH TO DATE    1.50                      3.41  -1.91     6.42
  SINCE JUN 1      5.52                      7.06  -1.54    10.68
  SINCE JAN 1     14.87                     21.69  -6.82    25.38

SNOWFALL (IN)
  YESTERDAY       MM             0.0  2003   0.0   MM       MM
  MONTH TO DATE   MM                         0.0   MM       MM
  SINCE JUN 1     MM                         0.0   MM       MM
  SINCE JUL 1     MM                         0.0   MM       MM
  SNOW DEPTH      MM

DEGREE DAYS
 HEATING
  YESTERDAY        0                         2     -2        4
  MONTH TO DATE   63                        61      2       34
  SINCE JUN 1    300                       242     58      163
  SINCE JUL 1     63                        61      2       34

 COOLING
  YESTERDAY        1                         3     -2        0
  MONTH TO DATE   34                        85    -51      129
  SINCE JUN 1     46                       120    -74      154
  SINCE JAN 1     71                       124    -53      155
..................................................................


WIND (MPH)
  HIGHEST WIND SPEED    14   HIGHEST WIND DIRECTION     N (10)
  HIGHEST GUST SPEED    19   HIGHEST GUST DIRECTION    NW (300)
  AVERAGE WIND SPEED     4.1


SKY COVER
  POSSIBLE SUNSHINE  MM
  AVERAGE SKY COVER 0.1


WEATHER CONDITIONS
 THE FOLLOWING WEATHER WAS RECORDED YESTERDAY.
  FOG


RELATIVE HUMIDITY (PERCENT)
 HIGHEST    96           400 AM
 LOWEST     36           200 PM
 AVERAGE    66

..........................................................


THE HOULTON ME CLIMATE NORMALS FOR TODAY
                         NORMAL    RECORD    YEAR
 MAXIMUM TEMPERATURE (F)   78        92      1970
 MINIMUM TEMPERATURE (F)   54        38      1952


SUNRISE AND SUNSET
JULY 30 2015..........SUNRISE   511 AM EDT   SUNSET   804 PM EDT
JULY 31 2015..........SUNRISE   512 AM EDT   SUNSET   803 PM EDT


-  INDICATES NEGATIVE NUMBERS.
R  INDICATES RECORD WAS SET OR TIED.
MM INDICATES DATA IS MISSING.
T  INDICATES TRACE AMOUNT.




$$
