000
CDUS41 KCAR 290527
CLIHUL


CLIMATE REPORT
NATIONAL WEATHER SERVICE CARIBOU, ME
1227 AM EST SAT NOV 29 2014


...................................

...THE HOULTON ME CLIMATE SUMMARY FOR NOVEMBER 28 2014...

CLIMATE NORMAL PERIOD 1981 TO 2010
CLIMATE RECORD PERIOD 1948 TO 2014


WEATHER ITEM   OBSERVED TIME   RECORD YEAR NORMAL DEPARTURE LAST
                VALUE   (LST)  VALUE       VALUE  FROM      YEAR
                                                  NORMAL
..................................................................
TEMPERATURE (F)
 YESTERDAY
  MAXIMUM         20    157 PM  59    1990  35    -15       38
  MINIMUM          2    601 AM  -4    1969  19    -17       17
  AVERAGE         11                        27    -16       28

PRECIPITATION (IN)
  YESTERDAY        T             0.87 1959   0.13  -0.13     0.05
  MONTH TO DATE    2.05                      3.76  -1.71     3.79
  SINCE SEP 1      9.17                     10.82  -1.65    12.42
  SINCE JAN 1     36.83                     36.44   0.39    39.95

SNOWFALL (IN)
  YESTERDAY       MM             5.5  1994   0.5   MM       MM
  MONTH TO DATE   MM                         6.6   MM       MM
  SINCE SEP 1     MM                         7.3   MM       MM
  SINCE JUL 1     MM                         7.3   MM       MM
  SNOW DEPTH      MM

DEGREE DAYS
 HEATING
  YESTERDAY       54                        38     16       37
  MONTH TO DATE  914                       895     19      889
  SINCE SEP 1   1723                      1875   -152     1767
  SINCE JUL 1   1808                      2031   -223     1900

 COOLING
  YESTERDAY        0                         0      0        0
  MONTH TO DATE    0                         0      0        0
  SINCE SEP 1     30                        13     17       19
  SINCE JAN 1    233                       191     42      198
..................................................................


WIND (MPH)
  HIGHEST WIND SPEED    13   HIGHEST WIND DIRECTION    NE (30)
  HIGHEST GUST SPEED    15   HIGHEST GUST DIRECTION     N (20)
  AVERAGE WIND SPEED     2.8


SKY COVER
  POSSIBLE SUNSHINE  MM
  AVERAGE SKY COVER 0.4


WEATHER CONDITIONS
 THE FOLLOWING WEATHER WAS RECORDED YESTERDAY.
  LIGHT SNOW
  FOG


RELATIVE HUMIDITY (PERCENT)
 HIGHEST    95           600 AM
 LOWEST     62          1200 PM
 AVERAGE    79

..........................................................


THE HOULTON ME CLIMATE NORMALS FOR TODAY
                         NORMAL    RECORD    YEAR
 MAXIMUM TEMPERATURE (F)   35        60      2003
 MINIMUM TEMPERATURE (F)   19        -4      2002


SUNRISE AND SUNSET
NOVEMBER 29 2014......SUNRISE   651 AM EST   SUNSET   348 PM EST
NOVEMBER 30 2014......SUNRISE   652 AM EST   SUNSET   348 PM EST


-  INDICATES NEGATIVE NUMBERS.
R  INDICATES RECORD WAS SET OR TIED.
MM INDICATES DATA IS MISSING.
T  INDICATES TRACE AMOUNT.




$$
