000
CDUS41 KCAR 162127
CLIHUL


CLIMATE REPORT
NATIONAL WEATHER SERVICE CARIBOU, ME
426 PM EST TUE JAN 16 2018


...................................

...THE HOULTON ME CLIMATE SUMMARY FOR JANUARY 16 2018...
VALID TODAY AS OF 0400 PM LOCAL TIME.

CLIMATE NORMAL PERIOD 1981 TO 2010
CLIMATE RECORD PERIOD 1948 TO 2018


WEATHER ITEM   OBSERVED TIME   RECORD YEAR NORMAL DEPARTURE LAST
                VALUE   (LST)  VALUE       VALUE  FROM      YEAR
                                                  NORMAL
..................................................................
TEMPERATURE (F)
 TODAY
  MAXIMUM         15    321 PM  51    1995  22     -7       28
  MINIMUM          6    827 AM -36    2009   0      6       -9
  AVERAGE         11                        11      0       10

PRECIPITATION (IN)
  TODAY            T             0.84 1960   0.10  -0.10     0.00
  MONTH TO DATE    2.04                      1.47   0.57     1.41
  SINCE DEC 1      5.28                      4.76   0.52     4.33
  SINCE JAN 1      2.04                      1.47   0.57     1.41

SNOWFALL (IN)
  TODAY           MM            13.0  1960   0.7   MM       MM
  MONTH TO DATE   MM                        12.0   MM       MM
  SINCE DEC 1     MM                        28.4   MM       MM
  SINCE JUL 1     MM                        36.5   MM       MM
  SNOW DEPTH      MM

DEGREE DAYS
 HEATING
  TODAY           54                        54      0       55
  MONTH TO DATE  844                       846     -2      797
  SINCE DEC 1   2402                      2258    144     2241
  SINCE JUL 1   4108                      4366   -258     3984

 COOLING
  TODAY            0                         0      0        0
  MONTH TO DATE    0                         0      0        0
  SINCE DEC 1      0                         0      0        0
  SINCE JAN 1      0                         0      0        0
..................................................................


WIND (MPH)
  HIGHEST WIND SPEED    10   HIGHEST WIND DIRECTION     N (10)
  HIGHEST GUST SPEED    12   HIGHEST GUST DIRECTION     N (360)
  AVERAGE WIND SPEED     4.9


SKY COVER
  POSSIBLE SUNSHINE  MM
  AVERAGE SKY COVER 0.9


WEATHER CONDITIONS
 THE FOLLOWING WEATHER WAS RECORDED TODAY.
  LIGHT SNOW
  FOG
  HAZE


RELATIVE HUMIDITY (PERCENT)
 HIGHEST    88           100 AM
 LOWEST     76          1100 AM
 AVERAGE    82

..........................................................


THE HOULTON ME CLIMATE NORMALS FOR TOMORROW
                         NORMAL    RECORD    YEAR
 MAXIMUM TEMPERATURE (F)   22        49      1959
 MINIMUM TEMPERATURE (F)    0       -33      2009


SUNRISE AND SUNSET
JANUARY 16 2018.......SUNRISE   709 AM EST   SUNSET   413 PM EST
JANUARY 17 2018.......SUNRISE   708 AM EST   SUNSET   415 PM EST


-  INDICATES NEGATIVE NUMBERS.
R  INDICATES RECORD WAS SET OR TIED.
MM INDICATES DATA IS MISSING.
T  INDICATES TRACE AMOUNT.




$$
