000
CDUS41 KCAR 020530
CLIHUL


CLIMATE REPORT
NATIONAL WEATHER SERVICE CARIBOU, ME
127 AM EDT THU JUL 2 2015


...................................

...THE HOULTON ME CLIMATE SUMMARY FOR JULY 1 2015...

CLIMATE NORMAL PERIOD 1981 TO 2010
CLIMATE RECORD PERIOD 1948 TO 2015


WEATHER ITEM   OBSERVED TIME   RECORD YEAR NORMAL DEPARTURE LAST
                VALUE   (LST)  VALUE       VALUE  FROM      YEAR
                                                  NORMAL
..................................................................
TEMPERATURE (F)
 YESTERDAY
  MAXIMUM         71    116 PM  90    1997  76     -5       88
  MINIMUM         57    359 AM  37    1989  52      5       64
  AVERAGE         64                        64      0       76

PRECIPITATION (IN)
  YESTERDAY        0.04          1.03 1976   0.13  -0.09     0.00
  MONTH TO DATE    0.04                      0.13  -0.09     0.00
  SINCE JUN 1      4.06                      3.78   0.28     4.26
  SINCE JAN 1     13.41                     18.41  -5.00    18.96

SNOWFALL (IN)
  YESTERDAY       MM             0.0  2003   0.0   MM       MM
  MONTH TO DATE   MM                         0.0   MM       MM
  SINCE JUN 1      0.0                       0.0    0.0     MM
  SINCE JUL 1     MM                         0.0   MM       MM
  SNOW DEPTH      MM

DEGREE DAYS
 HEATING
  YESTERDAY        1                         3     -2        0
  MONTH TO DATE    1                         3     -2        0
  SINCE JUN 1    238                       184     54      129
  SINCE JUL 1      1                         3     -2        0

 COOLING
  YESTERDAY        0                         2     -2       11
  MONTH TO DATE    0                         2     -2       11
  SINCE JUN 1     12                        37    -25       36
  SINCE JAN 1     37                        41     -4       37
..................................................................


WIND (MPH)
  HIGHEST WIND SPEED    13   HIGHEST WIND DIRECTION    SE (150)
  HIGHEST GUST SPEED    19   HIGHEST GUST DIRECTION    SE (140)
  AVERAGE WIND SPEED     5.8


SKY COVER
  POSSIBLE SUNSHINE  MM
  AVERAGE SKY COVER 0.6


WEATHER CONDITIONS
 THE FOLLOWING WEATHER WAS RECORDED YESTERDAY.
  LIGHT RAIN
  FOG


RELATIVE HUMIDITY (PERCENT)
 HIGHEST    90           200 AM
 LOWEST     61          1000 AM
 AVERAGE    76

..........................................................


THE HOULTON ME CLIMATE NORMALS FOR TODAY
                         NORMAL    RECORD    YEAR
 MAXIMUM TEMPERATURE (F)   76        93      2014
 MINIMUM TEMPERATURE (F)   53        38      2007


SUNRISE AND SUNSET
JULY  2 2015..........SUNRISE   444 AM EDT   SUNSET   826 PM EDT
JULY  3 2015..........SUNRISE   445 AM EDT   SUNSET   826 PM EDT


-  INDICATES NEGATIVE NUMBERS.
R  INDICATES RECORD WAS SET OR TIED.
MM INDICATES DATA IS MISSING.
T  INDICATES TRACE AMOUNT.




$$
