000
CDUS41 KCAR 240528
CLIHUL


CLIMATE REPORT
NATIONAL WEATHER SERVICE CARIBOU, ME
128 AM EDT TUE OCT 24 2017


...................................

...THE HOULTON ME CLIMATE SUMMARY FOR OCTOBER 23 2017...

CLIMATE NORMAL PERIOD 1981 TO 2010
CLIMATE RECORD PERIOD 1948 TO 2017


WEATHER ITEM   OBSERVED TIME   RECORD YEAR NORMAL DEPARTURE LAST
                VALUE   (LST)  VALUE       VALUE  FROM      YEAR
                                                  NORMAL
..................................................................
TEMPERATURE (F)
 YESTERDAY
  MAXIMUM         65    255 PM  74    1979  51     14       54
  MINIMUM         41    115 AM  16    1982  31     10       37
  AVERAGE         53                        41     12       46

PRECIPITATION (IN)
  YESTERDAY        0.00          1.08 2005   0.12  -0.12     0.11
  MONTH TO DATE    1.51                      2.69  -1.18     2.26
  SINCE SEP 1      4.10                      6.09  -1.99     3.25
  SINCE JAN 1     26.44                     31.71  -5.27    30.11

SNOWFALL (IN)
  YESTERDAY       MM             2.8  1950   0.0   MM       MM
  MONTH TO DATE   MM                         0.4   MM       MM
  SINCE SEP 1     MM                         0.5   MM       MM
  SINCE JUL 1     MM                         0.5   MM       MM
  SNOW DEPTH      MM

DEGREE DAYS
 HEATING
  YESTERDAY       12                        24    -12       19
  MONTH TO DATE  334                       466   -132      362
  SINCE SEP 1    494                       778   -284      604
  SINCE JUL 1    642                       934   -292      698

 COOLING
  YESTERDAY        0                         0      0        0
  MONTH TO DATE    0                         0      0        0
  SINCE SEP 1     35                        13     22       23
  SINCE JAN 1    211                       191     20      229
..................................................................


WIND (MPH)
  HIGHEST WIND SPEED    14   HIGHEST WIND DIRECTION    SW (220)
  HIGHEST GUST SPEED    23   HIGHEST GUST DIRECTION     S (190)
  AVERAGE WIND SPEED     6.4


SKY COVER
  POSSIBLE SUNSHINE  MM
  AVERAGE SKY COVER 0.5


WEATHER CONDITIONS
 THE FOLLOWING WEATHER WAS RECORDED YESTERDAY.
  FOG


RELATIVE HUMIDITY (PERCENT)
 HIGHEST   100           300 AM
 LOWEST     56           200 PM
 AVERAGE    78

..........................................................


THE HOULTON ME CLIMATE NORMALS FOR TODAY
                         NORMAL    RECORD    YEAR
 MAXIMUM TEMPERATURE (F)   51        74      1963
 MINIMUM TEMPERATURE (F)   31        18      1947


SUNRISE AND SUNSET
OCTOBER 24 2017.......SUNRISE   701 AM EDT   SUNSET   529 PM EDT
OCTOBER 25 2017.......SUNRISE   702 AM EDT   SUNSET   527 PM EDT


-  INDICATES NEGATIVE NUMBERS.
R  INDICATES RECORD WAS SET OR TIED.
MM INDICATES DATA IS MISSING.
T  INDICATES TRACE AMOUNT.




$$
