040
CDUS41 KCAR 270539
CLIHUL


CLIMATE REPORT
NATIONAL WEATHER SERVICE CARIBOU, ME
133 AM EDT SAT AUG 27 2016


...................................

...THE HOULTON ME CLIMATE SUMMARY FOR AUGUST 26 2016...

CLIMATE NORMAL PERIOD 1981 TO 2010
CLIMATE RECORD PERIOD 1948 TO 2016


WEATHER ITEM   OBSERVED TIME   RECORD YEAR NORMAL DEPARTURE LAST
                VALUE   (LST)  VALUE       VALUE  FROM      YEAR
                                                  NORMAL
..................................................................
TEMPERATURE (F)
 YESTERDAY
  MAXIMUM         84   1243 PM  91    1993  74     10       69
  MINIMUM         60   1156 PM  34    2006  50     10       64
                                      1942
  AVERAGE         72                        62     10       67

PRECIPITATION (IN)
  YESTERDAY        0.00          1.24 2015   0.10  -0.10     1.24
  MONTH TO DATE    6.18                      3.18   3.00     3.79
  SINCE JUN 1     12.46                     10.49   1.97     9.41
  SINCE JAN 1     26.84                     25.12   1.72    18.76

SNOWFALL (IN)
  YESTERDAY       MM             0.0  2003   0.0   MM       MM
  MONTH TO DATE   MM                         0.0   MM       MM
  SINCE JUN 1     MM                         0.0   MM       MM
  SINCE JUL 1     MM                         0.0   MM       MM
  SNOW DEPTH      MM

DEGREE DAYS
 HEATING
  YESTERDAY        0                         4     -4        0
  MONTH TO DATE   41                        71    -30       16
  SINCE JUN 1    259                       312    -53      316
  SINCE JUL 1     84                       131    -47       79

 COOLING
  YESTERDAY        7                         1      6        2
  MONTH TO DATE   65                        50     15      106
  SINCE JUN 1    197                       166     31      159
  SINCE JAN 1    204                       170     34      184
..................................................................


WIND (MPH)
  HIGHEST WIND SPEED    15   HIGHEST WIND DIRECTION    SW (240)
  HIGHEST GUST SPEED    19   HIGHEST GUST DIRECTION     W (270)
  AVERAGE WIND SPEED     6.9


SKY COVER
  POSSIBLE SUNSHINE  MM
  AVERAGE SKY COVER 0.3


WEATHER CONDITIONS
 THE FOLLOWING WEATHER WAS RECORDED YESTERDAY.
  FOG


RELATIVE HUMIDITY (PERCENT)
 HIGHEST    97           100 AM
 LOWEST     56           700 PM
 AVERAGE    77

..........................................................


THE HOULTON ME CLIMATE NORMALS FOR TODAY
                         NORMAL    RECORD    YEAR
 MAXIMUM TEMPERATURE (F)   74        93      1952
 MINIMUM TEMPERATURE (F)   50        32      1987


SUNRISE AND SUNSET
AUGUST 27 2016........SUNRISE   546 AM EDT   SUNSET   718 PM EDT
AUGUST 28 2016........SUNRISE   547 AM EDT   SUNSET   716 PM EDT


-  INDICATES NEGATIVE NUMBERS.
R  INDICATES RECORD WAS SET OR TIED.
MM INDICATES DATA IS MISSING.
T  INDICATES TRACE AMOUNT.




$$
