000
CDUS41 KCAR 252139
CLIHUL


CLIMATE REPORT
NATIONAL WEATHER SERVICE CARIBOU, ME
439 PM EST THU DEC 25 2014


...................................

...THE HOULTON ME CLIMATE SUMMARY FOR DECEMBER 25 2014...
VALID TODAY AS OF 0400 PM LOCAL TIME.

CLIMATE NORMAL PERIOD 1981 TO 2010
CLIMATE RECORD PERIOD 1948 TO 2014


WEATHER ITEM   OBSERVED TIME   RECORD YEAR NORMAL DEPARTURE LAST
                VALUE   (LST)  VALUE       VALUE  FROM      YEAR
                                                  NORMAL
..................................................................
TEMPERATURE (F)
 TODAY
  MAXIMUM         53R  1119 AM  53    2003  26     27       13
  MINIMUM         40   1200 AM -32    1975   6     34      -19
  AVERAGE         47                        16     31       -3

PRECIPITATION (IN)
  TODAY            0.53          1.13 1979   0.10   0.43      T
  MONTH TO DATE    5.37                      2.75   2.62     1.93
  SINCE DEC 1      5.37                      2.75   2.62     1.93
  SINCE JAN 1     42.21                     39.44   2.77    41.88

SNOWFALL (IN)
  TODAY           MM             8.4  1997   0.6   MM       MM
  MONTH TO DATE   MM                        12.5   MM       MM
  SINCE DEC 1     MM                        12.5   MM       MM
  SINCE JUL 1     MM                        20.6   MM       MM
  SNOW DEPTH      MM

DEGREE DAYS
 HEATING
  TODAY           18                        49    -31       68
  MONTH TO DATE  984                      1110   -126     1219
  SINCE DEC 1    984                      1110   -126     1219
  SINCE JUL 1   2881                      3218   -337     3220

 COOLING
  TODAY            0                         0      0        0
  MONTH TO DATE    0                         0      0        0
  SINCE DEC 1      0                         0      0        0
  SINCE JAN 1    233                       191     42      198
..................................................................


WIND (MPH)
  HIGHEST WIND SPEED    23   HIGHEST WIND DIRECTION    SW (240)
  HIGHEST GUST SPEED    31   HIGHEST GUST DIRECTION    SW (240)
  AVERAGE WIND SPEED     8.8


SKY COVER
  POSSIBLE SUNSHINE  MM
  AVERAGE SKY COVER 0.9


WEATHER CONDITIONS
 THE FOLLOWING WEATHER WAS RECORDED TODAY.
  RAIN
  LIGHT RAIN
  FOG
  FOG W/VISIBILITY <= 1/4 MILE


RELATIVE HUMIDITY (PERCENT)
 HIGHEST   100           500 AM
 LOWEST     70           400 PM
 AVERAGE    85

..........................................................


THE HOULTON ME CLIMATE NORMALS FOR TOMORROW
                         NORMAL    RECORD    YEAR
 MAXIMUM TEMPERATURE (F)   25        54      1964
 MINIMUM TEMPERATURE (F)    6       -28      1980


SUNRISE AND SUNSET
DECEMBER 25 2014......SUNRISE   712 AM EST   SUNSET   350 PM EST
DECEMBER 26 2014......SUNRISE   713 AM EST   SUNSET   351 PM EST


-  INDICATES NEGATIVE NUMBERS.
R  INDICATES RECORD WAS SET OR TIED.
MM INDICATES DATA IS MISSING.
T  INDICATES TRACE AMOUNT.




$$
