000
CDUS41 KCAR 310527
CLIHUL


CLIMATE REPORT
NATIONAL WEATHER SERVICE CARIBOU, ME
126 AM EDT THU JUL 31 2014


...................................

...THE HOULTON ME CLIMATE SUMMARY FOR JULY 30 2014...

CLIMATE NORMAL PERIOD 1981 TO 2010
CLIMATE RECORD PERIOD 1948 TO 2014


WEATHER ITEM   OBSERVED TIME   RECORD YEAR NORMAL DEPARTURE LAST
                VALUE   (LST)  VALUE       VALUE  FROM      YEAR
                                                  NORMAL
..................................................................
TEMPERATURE (F)
 YESTERDAY
  MAXIMUM         78    149 PM  92    1970  78      0       77
  MINIMUM         45    451 AM  38    1952  54     -9       52
  AVERAGE         62                        66     -4       65

PRECIPITATION (IN)
  YESTERDAY        0.01          1.04 2011   0.13  -0.12     0.01
  MONTH TO DATE    6.14                      3.54   2.60     6.55
  SINCE JUN 1     10.40                      7.19   3.21    11.63
  SINCE JAN 1     25.10                     21.82   3.28    22.86

SNOWFALL (IN)
  YESTERDAY       MM             0.0  2003   0.0   MM       MM
  MONTH TO DATE   MM                         0.0   MM       MM
  SINCE JUN 1     MM                         0.0   MM       MM
  SINCE JUL 1     MM                         0.0   MM       MM
  SNOW DEPTH      MM

DEGREE DAYS
 HEATING
  YESTERDAY        3                         2      1        0
  MONTH TO DATE   37                        63    -26       37
  SINCE JUN 1    166                       244    -78      234
  SINCE JUL 1     37                        63    -26       37

 COOLING
  YESTERDAY        0                         3     -3        0
  MONTH TO DATE  129                        88     41      106
  SINCE JUN 1    154                       123     31      142
  SINCE JAN 1    155                       127     28      146
..................................................................


WIND (MPH)
  HIGHEST WIND SPEED     9   HIGHEST WIND DIRECTION    SE (120)
  HIGHEST GUST SPEED    14   HIGHEST GUST DIRECTION     S (160)
  AVERAGE WIND SPEED     2.1


SKY COVER
  POSSIBLE SUNSHINE  MM
  AVERAGE SKY COVER 0.3


WEATHER CONDITIONS
 THE FOLLOWING WEATHER WAS RECORDED YESTERDAY.
  NO SIGNIFICANT WEATHER WAS OBSERVED.


RELATIVE HUMIDITY (PERCENT)
 HIGHEST   100           400 AM
 LOWEST     46          1100 AM
 AVERAGE    73

..........................................................


THE HOULTON ME CLIMATE NORMALS FOR TODAY
                         NORMAL    RECORD    YEAR
 MAXIMUM TEMPERATURE (F)   78        91      1995
 MINIMUM TEMPERATURE (F)   54        34      1978


SUNRISE AND SUNSET
JULY 31 2014..........SUNRISE   512 AM EDT   SUNSET   802 PM EDT
AUGUST  1 2014........SUNRISE   513 AM EDT   SUNSET   801 PM EDT


-  INDICATES NEGATIVE NUMBERS.
R  INDICATES RECORD WAS SET OR TIED.
MM INDICATES DATA IS MISSING.
T  INDICATES TRACE AMOUNT.




$$
