000
CDUS41 KCAR 020542
CLIHUL


CLIMATE REPORT
NATIONAL WEATHER SERVICE CARIBOU, ME
140 AM EDT MON MAY 2 2016


...................................

...THE HOULTON ME CLIMATE SUMMARY FOR MAY 1 2016...

CLIMATE NORMAL PERIOD 1981 TO 2010
CLIMATE RECORD PERIOD 1948 TO 2016


WEATHER ITEM   OBSERVED TIME   RECORD YEAR NORMAL DEPARTURE LAST
                VALUE   (LST)  VALUE       VALUE  FROM      YEAR
                                                  NORMAL
..................................................................
TEMPERATURE (F)
 YESTERDAY
  MAXIMUM         66    237 PM  83    2004  58      8       57
  MINIMUM         23    447 AM  18    1977  34    -11       27
  AVERAGE         45                        46     -1       42

PRECIPITATION (IN)
  YESTERDAY        0.00          0.63 1974   0.10  -0.10     0.00
  MONTH TO DATE    0.00                      0.10  -0.10     0.00
  SINCE MAR 1      6.76                      6.57   0.19     3.34
  SINCE JAN 1     11.72                     11.43   0.29     5.44

SNOWFALL (IN)
  YESTERDAY       MM             T    1982   0.0   MM       MM
  MONTH TO DATE   MM                         0.0   MM       MM
  SINCE MAR 1     MM                        23.8   MM       MM
  SINCE JUL 1     MM                        89.4   MM       MM
  SNOW DEPTH      MM

DEGREE DAYS
 HEATING
  YESTERDAY       20                        19      1       23
  MONTH TO DATE   20                        19      1       23
  SINCE MAR 1   2048                      2019     29     2258
  SINCE JUL 1   7666                      8592   -926     8826

 COOLING
  YESTERDAY        0                         0      0        0
  MONTH TO DATE    0                         0      0        0
  SINCE MAR 1      0                         0      0        0
  SINCE JAN 1      0                         0      0        0
..................................................................


WIND (MPH)
  HIGHEST WIND SPEED    16   HIGHEST WIND DIRECTION    SW (230)
  HIGHEST GUST SPEED    19   HIGHEST GUST DIRECTION    SW (220)
  AVERAGE WIND SPEED     4.5


SKY COVER
  POSSIBLE SUNSHINE  MM
  AVERAGE SKY COVER 0.2


WEATHER CONDITIONS
 THE FOLLOWING WEATHER WAS RECORDED YESTERDAY.
  NO SIGNIFICANT WEATHER WAS OBSERVED.


RELATIVE HUMIDITY (PERCENT)
 HIGHEST    88           300 AM
 LOWEST     23          1000 AM
 AVERAGE    56

..........................................................


THE HOULTON ME CLIMATE NORMALS FOR TODAY
                         NORMAL    RECORD    YEAR
 MAXIMUM TEMPERATURE (F)   59        86      1970
 MINIMUM TEMPERATURE (F)   34        18      1972


SUNRISE AND SUNSET
MAY  2 2016...........SUNRISE   516 AM EDT   SUNSET   741 PM EDT
MAY  3 2016...........SUNRISE   514 AM EDT   SUNSET   743 PM EDT


-  INDICATES NEGATIVE NUMBERS.
R  INDICATES RECORD WAS SET OR TIED.
MM INDICATES DATA IS MISSING.
T  INDICATES TRACE AMOUNT.




$$
