000
CDUS45 KTFX 291011
CLIHVR


CLIMATE REPORT
NATIONAL WEATHER SERVICE GREAT FALLS MT
408 AM MDT FRI JUL 29 2016


...................................

...THE HAVRE MT CLIMATE SUMMARY FOR JULY 28 2016...

CLIMATE NORMAL PERIOD 1981 TO 2010
CLIMATE RECORD PERIOD 1880 TO 2016


WEATHER ITEM   OBSERVED TIME   RECORD YEAR NORMAL DEPARTURE LAST
                VALUE   (LST)  VALUE       VALUE  FROM      YEAR
                                                  NORMAL
..................................................................
TEMPERATURE (F)
 YESTERDAY
  MAXIMUM         84    410 PM 103    2007  87     -3       77
                                      1939
  MINIMUM         55    455 AM  31    1892  55      0       53
  AVERAGE         70                        71     -1       65

PRECIPITATION (IN)
  YESTERDAY        0.00          1.07 1942   0.03  -0.03     0.69
  MONTH TO DATE    2.43                      1.53   0.90     3.27
  SINCE OCT 1     14.18                      8.86   5.32     9.40
  SINCE JAN 1     12.25                      7.45   4.80     7.83

SNOWFALL (IN)
  YESTERDAY        0.0           0.0  1999   0.0    0.0      0.0
                                      2001
                                      1998
  MONTH TO DATE    0.0                       0.0    0.0       T
  SINCE JUN 1      0.0                       0.0    0.0       T
  SINCE JUL 1      0.0                       0.0    0.0       T
  SNOW DEPTH       0

DEGREE DAYS
 HEATING
  YESTERDAY        0                         0      0        0
  MONTH TO DATE   19                        29    -10       25
  SINCE JUN 1    104                       162    -58       82
  SINCE JUL 1     19                        29    -10       25

 COOLING
  YESTERDAY        5                         7     -2        0
  MONTH TO DATE  124                       142    -18      137
  SINCE JUN 1    178                       190    -12      247
  SINCE JAN 1    179                       201    -22      247
..................................................................


WIND (MPH)
  HIGHEST WIND SPEED    16   HIGHEST WIND DIRECTION     E (70)
  HIGHEST GUST SPEED    19   HIGHEST GUST DIRECTION     E (80)
  AVERAGE WIND SPEED     6.8


SKY COVER
  AVERAGE SKY COVER 0.0


WEATHER CONDITIONS
 THE FOLLOWING WEATHER WAS RECORDED YESTERDAY.
  NO SIGNIFICANT WEATHER WAS OBSERVED.


RELATIVE HUMIDITY (PERCENT)
 HIGHEST    93           100 AM
 LOWEST     34           300 PM
 AVERAGE    64

..........................................................


THE HAVRE MT CLIMATE NORMALS FOR TODAY
                         NORMAL    RECORD    YEAR
 MAXIMUM TEMPERATURE (F)   88       102      1999
                                             1936
 MINIMUM TEMPERATURE (F)   55        39      1892


SUNRISE AND SUNSET
JULY 29 2016..........SUNRISE   550 AM MDT   SUNSET   900 PM MDT
JULY 30 2016..........SUNRISE   552 AM MDT   SUNSET   858 PM MDT


-  INDICATES NEGATIVE NUMBERS.
R  INDICATES RECORD WAS SET OR TIED.
MM INDICATES DATA IS MISSING.
T  INDICATES TRACE AMOUNT.




$$
