000
CDUS45 KTFX 262230
CLIHVR


CLIMATE REPORT
NATIONAL WEATHER SERVICE GREAT FALLS MT
430 PM MDT THU MAY 26 2016


...................................

...THE HAVRE MT CLIMATE SUMMARY FOR MAY 26 2016...
VALID TODAY AS OF 0400 PM LOCAL TIME.

CLIMATE NORMAL PERIOD 1981 TO 2010
CLIMATE RECORD PERIOD 1880 TO 2016


WEATHER ITEM   OBSERVED TIME   RECORD YEAR NORMAL DEPARTURE LAST
                VALUE   (LST)  VALUE       VALUE  FROM      YEAR
                                                  NORMAL
..................................................................
TEMPERATURE (F)
 TODAY
  MAXIMUM         MM        MM  96    1936  70     MM       73
  MINIMUM         MM        MM  25    1918  44     MM       47
  AVERAGE         MM                        57     MM       60

PRECIPITATION (IN)
  TODAY            0.00          1.08 1912   0.06  -0.06      T
  MONTH TO DATE    3.12                      1.39   1.73     1.04
  SINCE OCT 1      9.46                      4.79   4.67     5.10
  SINCE JAN 1      7.53                      3.38   4.15     3.53

SNOWFALL (IN)
  TODAY            0.0           T    1916   0.1   -0.1      0.0
                                      1998
  MONTH TO DATE    0.0                       1.6   -1.6      0.0
  SINCE MAR 1      3.0                      10.9   -7.9      0.2
  SINCE JUL 1     17.3                      38.8  -21.5     20.8

DEGREE DAYS
 HEATING
  TODAY           MM                         8     MM        5
  MONTH TO DATE  301                       313    -12      362
  SINCE MAR 1   1595                      1930   -335     1702
  SINCE JUL 1   7020                      8050  -1030     7370

 COOLING
  TODAY           MM                         1     MM        0
  MONTH TO DATE    1                         1      0        0
  SINCE MAR 1      1                         2     -1        0
  SINCE JAN 1      1                         2     -1        0
..................................................................


WIND (MPH)
  HIGHEST WIND SPEED    MM   HIGHEST WIND DIRECTION    MM
  HIGHEST GUST SPEED    MM   HIGHEST GUST DIRECTION    MM
  AVERAGE WIND SPEED    MM


SKY COVER
  AVERAGE SKY COVER 0.0


WEATHER CONDITIONS
 THE FOLLOWING WEATHER WAS RECORDED TODAY.
  NO SIGNIFICANT WEATHER WAS OBSERVED.


RELATIVE HUMIDITY (PERCENT)
 HIGHEST    MM
 LOWEST     MM
 AVERAGE    MM

..........................................................


THE HAVRE MT CLIMATE NORMALS FOR TOMORROW
                         NORMAL    RECORD    YEAR
 MAXIMUM TEMPERATURE (F)   70        98      1936
 MINIMUM TEMPERATURE (F)   45        28      2005


SUNRISE AND SUNSET
MAY 26 2016...........SUNRISE   526 AM MDT   SUNSET   907 PM MDT
MAY 27 2016...........SUNRISE   525 AM MDT   SUNSET   908 PM MDT


-  INDICATES NEGATIVE NUMBERS.
R  INDICATES RECORD WAS SET OR TIED.
MM INDICATES DATA IS MISSING.
T  INDICATES TRACE AMOUNT.




$$
