000
CDUS45 KTFX 270739
CLIHVR


CLIMATE REPORT
NATIONAL WEATHER SERVICE GREAT FALLS MT
1238 AM MST MON FEB 27 2017


...................................

...THE HAVRE MT CLIMATE SUMMARY FOR FEBRUARY 26 2017...

CLIMATE NORMAL PERIOD 1981 TO 2010
CLIMATE RECORD PERIOD 1880 TO 2017


WEATHER ITEM   OBSERVED TIME   RECORD YEAR NORMAL DEPARTURE LAST
                VALUE   (LST)  VALUE       VALUE  FROM      YEAR
                                                  NORMAL
..................................................................
TEMPERATURE (F)
 YESTERDAY
  MAXIMUM         30   1206 AM  69    1932  37     -7       67
  MINIMUM         16   1159 PM -40    1890  14      2       21
  AVERAGE         23                        25     -2       44

PRECIPITATION (IN)
  YESTERDAY        0.08          0.24 1958   0.01   0.07     0.00
  MONTH TO DATE    0.65                      0.26   0.39     0.03
  SINCE OCT 1      5.33                      2.00   3.33     2.32
  SINCE JAN 1      1.34                      0.59   0.75     0.39

SNOWFALL (IN)
  YESTERDAY       MM             4.5  1995   0.2   MM        0.0
  MONTH TO DATE    8.1                       5.4    2.7       T
  SINCE DEC 1     24.3                      19.9    4.4     10.8
  SINCE JUL 1     29.8                      27.5    2.3     13.8
  SNOW DEPTH       1

DEGREE DAYS
 HEATING
  YESTERDAY       42                        40      2       21
  MONTH TO DATE 1029                      1117    -88      783
  SINCE DEC 1   4159                      3997    162     3490
  SINCE JUL 1   5906                      6040   -134     5343

 COOLING
  YESTERDAY        0                         0      0        0
  MONTH TO DATE    0                         0      0        0
  SINCE DEC 1      0                         0      0        0
  SINCE JAN 1      0                         0      0        0
..................................................................


WIND (MPH)
  HIGHEST WIND SPEED    28   HIGHEST WIND DIRECTION     W (270)
  HIGHEST GUST SPEED    35   HIGHEST GUST DIRECTION     W (270)
  AVERAGE WIND SPEED    10.1


SKY COVER
  AVERAGE SKY COVER 1.0


WEATHER CONDITIONS
 THE FOLLOWING WEATHER WAS RECORDED YESTERDAY.
  LIGHT SNOW
  FOG
  HAZE


RELATIVE HUMIDITY (PERCENT)
 HIGHEST    88           600 AM
 LOWEST     59           500 PM
 AVERAGE    74

..........................................................


THE HAVRE MT CLIMATE NORMALS FOR TODAY
                         NORMAL    RECORD    YEAR
 MAXIMUM TEMPERATURE (F)   37        74      1992
 MINIMUM TEMPERATURE (F)   14       -34      1891


SUNRISE AND SUNSET
FEBRUARY 27 2017......SUNRISE   704 AM MST   SUNSET   600 PM MST
FEBRUARY 28 2017......SUNRISE   702 AM MST   SUNSET   602 PM MST


-  INDICATES NEGATIVE NUMBERS.
R  INDICATES RECORD WAS SET OR TIED.
MM INDICATES DATA IS MISSING.
T  INDICATES TRACE AMOUNT.




$$
