118
CDUS45 KTFX 100857
CLIHVR


CLIMATE REPORT
NATIONAL WEATHER SERVICE GREAT FALLS MT
157 AM MST WED FEB 10 2016


...................................

...THE HAVRE MT CLIMATE SUMMARY FOR FEBRUARY 9 2016...

CLIMATE NORMAL PERIOD 1981 TO 2010
CLIMATE RECORD PERIOD 1880 TO 2016


WEATHER ITEM   OBSERVED TIME   RECORD YEAR NORMAL DEPARTURE LAST
                VALUE   (LST)  VALUE       VALUE  FROM      YEAR
                                                  NORMAL
..................................................................
TEMPERATURE (F)
 YESTERDAY
  MAXIMUM         58R   341 PM  58    1926  32     26       32
  MINIMUM         30    812 AM -37    1939  10     20       24
  AVERAGE         44                        21     23       28

PRECIPITATION (IN)
  YESTERDAY        0.00          0.15 1965   0.01  -0.01     0.07
  MONTH TO DATE    T                         0.08  -0.08     0.29
  SINCE OCT 1      2.29                      1.82   0.47     3.16
  SINCE JAN 1      0.36                      0.41  -0.05     1.59

SNOWFALL (IN)
  YESTERDAY        0.0           4.6  1988   0.2   -0.2      0.0
  MONTH TO DATE    T                         1.7   -1.7      5.0
  SINCE DEC 1     10.8                      16.2   -5.4     15.8
  SINCE JUL 1     13.8                      23.8   RRRR     20.4
  SNOW DEPTH       0

DEGREE DAYS
 HEATING
  YESTERDAY       21                        44    -23       37
  MONTH TO DATE  282                       402   -120      397
  SINCE DEC 1   2989                      3282   -293     3009
  SINCE JUL 1   4842                      5325   -483     4946

 COOLING
  YESTERDAY        0                         0      0        0
  MONTH TO DATE    0                         0      0        0
  SINCE DEC 1      0                         0      0        0
  SINCE JAN 1      0                         0      0        0
..................................................................


WIND (MPH)
  HIGHEST WIND SPEED    22   HIGHEST WIND DIRECTION    SW (230)
  HIGHEST GUST SPEED    26   HIGHEST GUST DIRECTION    SW (230)
  AVERAGE WIND SPEED    12.6


SKY COVER
  AVERAGE SKY COVER 0.0


WEATHER CONDITIONS
 THE FOLLOWING WEATHER WAS RECORDED YESTERDAY.
  NO SIGNIFICANT WEATHER WAS OBSERVED.


RELATIVE HUMIDITY (PERCENT)
 HIGHEST    85           600 AM
 LOWEST     33           300 PM
 AVERAGE    59

..........................................................


THE HAVRE MT CLIMATE NORMALS FOR TODAY
                         NORMAL    RECORD    YEAR
 MAXIMUM TEMPERATURE (F)   32        61      1987
 MINIMUM TEMPERATURE (F)   10       -40      1939


SUNRISE AND SUNSET
FEBRUARY 10 2016......SUNRISE   735 AM MST   SUNSET   532 PM MST
FEBRUARY 11 2016......SUNRISE   734 AM MST   SUNSET   533 PM MST


-  INDICATES NEGATIVE NUMBERS.
R  INDICATES RECORD WAS SET OR TIED.
MM INDICATES DATA IS MISSING.
T  INDICATES TRACE AMOUNT.




$$
