000
CDUS45 KTFX 202230
CLIHVR


CLIMATE REPORT
NATIONAL WEATHER SERVICE GREAT FALLS MT
429 PM MDT SUN APR 20 2014


...................................

...THE HAVRE MT CLIMATE SUMMARY FOR APRIL 20 2014...
VALID TODAY AS OF 0400 PM LOCAL TIME.

CLIMATE NORMAL PERIOD 1981 TO 2010
CLIMATE RECORD PERIOD 1880 TO 2014


WEATHER ITEM   OBSERVED TIME   RECORD YEAR NORMAL DEPARTURE LAST
                VALUE   (LST)  VALUE       VALUE  FROM      YEAR
                                                  NORMAL
..................................................................
TEMPERATURE (F)
 TODAY
  MAXIMUM         65    232 PM  91    1980  60      5       60
  MINIMUM         34    124 AM  12    2008  32      2       31
  AVERAGE         50                        46      4       46

PRECIPITATION (IN)
  TODAY            0.00          1.49 1973   0.03  -0.03     0.04
  MONTH TO DATE    0.11                      0.49  -0.38     0.67
  SINCE OCT 1      3.92                      3.05   0.87     5.07
  SINCE JAN 1      1.91                      1.64   0.27     2.59

SNOWFALL (IN)
  TODAY            0.0          15.6  1967   0.1   -0.1       T
  MONTH TO DATE    T                         2.4   -2.4      3.5
  SINCE MAR 1      7.0                       8.7   -1.7      6.3
  SINCE JUL 1     44.4                      36.6    7.8     50.5
  SNOW DEPTH       0

DEGREE DAYS
 HEATING
  TODAY           15                        19     -4       19
  MONTH TO DATE  442                       443     -1      534
  SINCE MAR 1   1604                      1441    163     1581
  SINCE JUL 1   7845                      7561    284     7397

 COOLING
  TODAY            0                         0      0        0
  MONTH TO DATE    0                         0      0        0
  SINCE MAR 1      0                         0      0        0
  SINCE JAN 1      0                         0      0        0
..................................................................


WIND (MPH)
  HIGHEST WIND SPEED    35   HIGHEST WIND DIRECTION     W (260)
  HIGHEST GUST SPEED    43   HIGHEST GUST DIRECTION     W (260)
  AVERAGE WIND SPEED    17.5


SKY COVER
  AVERAGE SKY COVER 0.4


WEATHER CONDITIONS
 THE FOLLOWING WEATHER WAS RECORDED TODAY.
  NO SIGNIFICANT WEATHER WAS OBSERVED.


RELATIVE HUMIDITY (PERCENT)
 HIGHEST    70           200 AM
 LOWEST     19           300 PM
 AVERAGE    45

..........................................................


THE HAVRE MT CLIMATE NORMALS FOR TOMORROW
                         NORMAL    RECORD    YEAR
 MAXIMUM TEMPERATURE (F)   60        85      1942
 MINIMUM TEMPERATURE (F)   32        -3      1967


SUNRISE AND SUNSET
APRIL 20 2014.........SUNRISE   619 AM MDT   SUNSET   818 PM MDT
APRIL 21 2014.........SUNRISE   617 AM MDT   SUNSET   819 PM MDT


-  INDICATES NEGATIVE NUMBERS.
R  INDICATES RECORD WAS SET OR TIED.
MM INDICATES DATA IS MISSING.
T  INDICATES TRACE AMOUNT.




$$
