000
CDUS45 KTFX 241054
CLIHVR


CLIMATE REPORT
NATIONAL WEATHER SERVICE GREAT FALLS MT
452 AM MDT SAT SEP 24 2016


...................................

...THE HAVRE MT CLIMATE SUMMARY FOR SEPTEMBER 23 2016...

CLIMATE NORMAL PERIOD 1981 TO 2010
CLIMATE RECORD PERIOD 1880 TO 2016


WEATHER ITEM   OBSERVED TIME   RECORD YEAR NORMAL DEPARTURE LAST
                VALUE   (LST)  VALUE       VALUE  FROM      YEAR
                                                  NORMAL
..................................................................
TEMPERATURE (F)
 YESTERDAY
  MAXIMUM         59    419 PM  93    2011  68     -9       76
                                      1992
                                      1885
  MINIMUM         47   1027 PM  20    1926  39      8       43
  AVERAGE         53                        54     -1       60

PRECIPITATION (IN)
  YESTERDAY        0.13          0.89 2007   0.04   0.09     0.00
  MONTH TO DATE    1.80                      0.88   0.92     1.67
  SINCE OCT 1     17.22                     10.96   6.26    11.81
  SINCE JAN 1     15.29                      9.55   5.74    10.24

SNOWFALL (IN)
  YESTERDAY        0.0           2.2  1912   0.0    0.0      0.0
  MONTH TO DATE    0.0                       0.1   -0.1      0.0
  SINCE SEP 1      0.0                       0.1   -0.1      0.0
  SINCE JUL 1      0.0                       0.1   -0.1       T
  SNOW DEPTH       0

DEGREE DAYS
 HEATING
  YESTERDAY       12                        12      0        5
  MONTH TO DATE  205                       184     21      184
  SINCE SEP 1    205                       184     21      184
  SINCE JUL 1    266                       267     -1      259

 COOLING
  YESTERDAY        0                         0      0        0
  MONTH TO DATE   17                        17      0        4
  SINCE SEP 1     17                        17      0        4
  SINCE JAN 1    341                       384    -43      414
..................................................................


WIND (MPH)
  HIGHEST WIND SPEED    21   HIGHEST WIND DIRECTION    SW (230)
  HIGHEST GUST SPEED    24   HIGHEST GUST DIRECTION    SW (230)
  AVERAGE WIND SPEED     7.3


SKY COVER
  AVERAGE SKY COVER 0.8


WEATHER CONDITIONS
 THE FOLLOWING WEATHER WAS RECORDED YESTERDAY.
  LIGHT RAIN
  FOG


RELATIVE HUMIDITY (PERCENT)
 HIGHEST   100           400 AM
 LOWEST     72           400 PM
 AVERAGE    86

..........................................................


THE HAVRE MT CLIMATE NORMALS FOR TODAY
                         NORMAL    RECORD    YEAR
 MAXIMUM TEMPERATURE (F)   68        94      2009
 MINIMUM TEMPERATURE (F)   39        18      1926


SUNRISE AND SUNSET
SEPTEMBER 24 2016.....SUNRISE   709 AM MDT   SUNSET   711 PM MDT
SEPTEMBER 25 2016.....SUNRISE   711 AM MDT   SUNSET   709 PM MDT


-  INDICATES NEGATIVE NUMBERS.
R  INDICATES RECORD WAS SET OR TIED.
MM INDICATES DATA IS MISSING.
T  INDICATES TRACE AMOUNT.




$$
