667
CDUS45 KTFX 250911
CLIHVR


CLIMATE REPORT
NATIONAL WEATHER SERVICE GREAT FALLS MT
310 AM MDT TUE APR 25 2017


...................................

...THE HAVRE MT CLIMATE SUMMARY FOR APRIL 24 2017...

CLIMATE NORMAL PERIOD 1981 TO 2010
CLIMATE RECORD PERIOD 1880 TO 2017


WEATHER ITEM   OBSERVED TIME   RECORD YEAR NORMAL DEPARTURE LAST
                VALUE   (LST)  VALUE       VALUE  FROM      YEAR
                                                  NORMAL
..................................................................
TEMPERATURE (F)
 YESTERDAY
  MAXIMUM         57    350 PM  88    1910  61     -4       47
  MINIMUM         34   1159 PM   4    1967  33      1       32
  AVERAGE         46                        47     -1       40

PRECIPITATION (IN)
  YESTERDAY        0.00          0.90 1894   0.03  -0.03     0.15
  MONTH TO DATE    0.61                      0.61   0.00     2.78
  SINCE OCT 1      6.13                      3.17   2.96     5.57
  SINCE JAN 1      2.14                      1.76   0.38     3.64

SNOWFALL (IN)
  YESTERDAY        0.0           7.0  1960   0.1   -0.1      1.0
  MONTH TO DATE    T                         2.7   -2.7      1.0
  SINCE MAR 1      1.0                       9.0   -8.0      1.0
  SINCE JUL 1     31.9                      36.9   -5.0     15.3
  SNOW DEPTH       0

DEGREE DAYS
 HEATING
  YESTERDAY       19                        18      1       25
  MONTH TO DATE  456                       517    -61      379
  SINCE MAR 1   1368                      1515   -147     1158
  SINCE JUL 1   7367                      7635   -268     6583

 COOLING
  YESTERDAY        0                         0      0        0
  MONTH TO DATE    0                         0      0        0
  SINCE MAR 1      0                         0      0        0
  SINCE JAN 1      0                         0      0        0
..................................................................


WIND (MPH)
  HIGHEST WIND SPEED    29   HIGHEST WIND DIRECTION     E (90)
  HIGHEST GUST SPEED    34   HIGHEST GUST DIRECTION     E (80)
  AVERAGE WIND SPEED     9.3


SKY COVER
  AVERAGE SKY COVER 0.7


WEATHER CONDITIONS
 THE FOLLOWING WEATHER WAS RECORDED YESTERDAY.
  FOG
  FOG W/VISIBILITY <= 1/4 MILE


RELATIVE HUMIDITY (PERCENT)
 HIGHEST   100           100 AM
 LOWEST     47           400 PM
 AVERAGE    74

..........................................................


THE HAVRE MT CLIMATE NORMALS FOR TODAY
                         NORMAL    RECORD    YEAR
 MAXIMUM TEMPERATURE (F)   62        89      1910
 MINIMUM TEMPERATURE (F)   33        18      1959


SUNRISE AND SUNSET
APRIL 25 2017.........SUNRISE   609 AM MDT   SUNSET   826 PM MDT
APRIL 26 2017.........SUNRISE   608 AM MDT   SUNSET   827 PM MDT


-  INDICATES NEGATIVE NUMBERS.
R  INDICATES RECORD WAS SET OR TIED.
MM INDICATES DATA IS MISSING.
T  INDICATES TRACE AMOUNT.




$$
