000
CDUS45 KTFX 242232
CLIHVR


CLIMATE REPORT
NATIONAL WEATHER SERVICE GREAT FALLS MT
430 PM MDT WED AUG 24 2016


...................................

...THE HAVRE MT CLIMATE SUMMARY FOR AUGUST 24 2016...
VALID TODAY AS OF 0400 PM LOCAL TIME.

CLIMATE NORMAL PERIOD 1981 TO 2010
CLIMATE RECORD PERIOD 1880 TO 2016


WEATHER ITEM   OBSERVED TIME   RECORD YEAR NORMAL DEPARTURE LAST
                VALUE   (LST)  VALUE       VALUE  FROM      YEAR
                                                  NORMAL
..................................................................
TEMPERATURE (F)
 TODAY
  MAXIMUM         65    256 PM 110    1969  82    -17       87
  MINIMUM         53    612 AM  35    1910  50      3       40
  AVERAGE         59                        66     -7       64

PRECIPITATION (IN)
  TODAY            0.02          1.16 1989   0.04  -0.02     0.00
  MONTH TO DATE    1.02                      0.86   0.16     0.67
  SINCE OCT 1     15.20                      9.83   5.37    10.07
  SINCE JAN 1     13.27                      8.42   4.85     8.50

SNOWFALL (IN)
  TODAY            0.0           0.0  1999   0.0    0.0      0.0
                                      2001
                                      1998
  MONTH TO DATE    0.0                       0.0    0.0      0.0
  SINCE JUN 1      0.0                       0.0    0.0       T
  SINCE JUL 1      0.0                       0.0    0.0       T

DEGREE DAYS
 HEATING
  TODAY            6                         3      3        1
  MONTH TO DATE   25                        30     -5       50
  SINCE JUN 1    129                       193    -64      132
  SINCE JUL 1     44                        60    -16       75

 COOLING
  TODAY            0                         3     -3        0
  MONTH TO DATE   90                       130    -40      104
  SINCE JUN 1    295                       340    -45      367
  SINCE JAN 1    296                       351    -55      367
..................................................................


WIND (MPH)
  HIGHEST WIND SPEED    23   HIGHEST WIND DIRECTION     N (340)
  HIGHEST GUST SPEED    28   HIGHEST GUST DIRECTION     N (340)
  AVERAGE WIND SPEED    12.9


SKY COVER
  AVERAGE SKY COVER 1.0


WEATHER CONDITIONS
 THE FOLLOWING WEATHER WAS RECORDED TODAY.
  LIGHT RAIN


RELATIVE HUMIDITY (PERCENT)
 HIGHEST    83           500 AM
 LOWEST     48          1200 PM
 AVERAGE    66

..........................................................


THE HAVRE MT CLIMATE NORMALS FOR TOMORROW
                         NORMAL    RECORD    YEAR
 MAXIMUM TEMPERATURE (F)   81       103      1970
 MINIMUM TEMPERATURE (F)   50        27      1910


SUNRISE AND SUNSET
AUGUST 24 2016........SUNRISE   626 AM MDT   SUNSET   816 PM MDT
AUGUST 25 2016........SUNRISE   627 AM MDT   SUNSET   814 PM MDT


-  INDICATES NEGATIVE NUMBERS.
R  INDICATES RECORD WAS SET OR TIED.
MM INDICATES DATA IS MISSING.
T  INDICATES TRACE AMOUNT.




$$
