000
CDUS45 KTFX 231133
CLIHVR


CLIMATE REPORT
NATIONAL WEATHER SERVICE GREAT FALLS MT
431 AM MST MON JAN 23 2017


...................................

...THE HAVRE MT CLIMATE SUMMARY FOR JANUARY 22 2017...

CLIMATE NORMAL PERIOD 1981 TO 2010
CLIMATE RECORD PERIOD 1880 TO 2017


WEATHER ITEM   OBSERVED TIME   RECORD YEAR NORMAL DEPARTURE LAST
                VALUE   (LST)  VALUE       VALUE  FROM      YEAR
                                                  NORMAL
..................................................................
TEMPERATURE (F)
 YESTERDAY
  MAXIMUM         30    313 PM  57    1981  29      1       40
  MINIMUM         18   1234 AM -49    1886   8     10       12
  AVERAGE         24                        18      6       26

PRECIPITATION (IN)
  YESTERDAY        0.00          0.40 1924   0.00   0.00     0.00
  MONTH TO DATE    0.54                      0.25   0.29     0.33
  SINCE OCT 1      4.53                      1.66   2.87     2.26
  SINCE JAN 1      0.54                      0.25   0.29     0.33

SNOWFALL (IN)
  YESTERDAY        0.0           3.0  1924   0.2   -0.2      0.0
  MONTH TO DATE    6.0                       5.5    0.5      5.4
  SINCE DEC 1     13.2                      12.9    0.3     10.8
  SINCE JUL 1     18.7                      20.5   -1.8     13.8
  SNOW DEPTH       T

DEGREE DAYS
 HEATING
  YESTERDAY       41                        46     -5       39
  MONTH TO DATE 1212                      1044    168     1137
  SINCE DEC 1   2778                      2467    311     2446
  SINCE JUL 1   4525                      4510     15     4299

 COOLING
  YESTERDAY        0                         0      0        0
  MONTH TO DATE    0                         0      0        0
  SINCE DEC 1      0                         0      0        0
  SINCE JAN 1      0                         0      0        0
..................................................................


WIND (MPH)
  HIGHEST WIND SPEED    13   HIGHEST WIND DIRECTION    SW (220)
  HIGHEST GUST SPEED    16   HIGHEST GUST DIRECTION    SW (230)
  AVERAGE WIND SPEED     6.9


SKY COVER
  AVERAGE SKY COVER 1.0


WEATHER CONDITIONS
 THE FOLLOWING WEATHER WAS RECORDED YESTERDAY.
  FOG


RELATIVE HUMIDITY (PERCENT)
 HIGHEST   100           500 AM
 LOWEST     91          1200 AM
 AVERAGE    96

..........................................................


THE HAVRE MT CLIMATE NORMALS FOR TODAY
                         NORMAL    RECORD    YEAR
 MAXIMUM TEMPERATURE (F)   29        64      2005
 MINIMUM TEMPERATURE (F)    8       -49      1969


SUNRISE AND SUNSET
JANUARY 23 2017.......SUNRISE   759 AM MST   SUNSET   504 PM MST
JANUARY 24 2017.......SUNRISE   758 AM MST   SUNSET   505 PM MST


-  INDICATES NEGATIVE NUMBERS.
R  INDICATES RECORD WAS SET OR TIED.
MM INDICATES DATA IS MISSING.
T  INDICATES TRACE AMOUNT.




$$
