000
CDUS45 KTFX 262230
CLIHVR


CLIMATE REPORT
NATIONAL WEATHER SERVICE GREAT FALLS MT
430 PM MDT SUN MAR 26 2017


...................................

...THE HAVRE MT CLIMATE SUMMARY FOR MARCH 26 2017...
VALID TODAY AS OF 0400 PM LOCAL TIME.

CLIMATE NORMAL PERIOD 1981 TO 2010
CLIMATE RECORD PERIOD 1880 TO 2017


WEATHER ITEM   OBSERVED TIME   RECORD YEAR NORMAL DEPARTURE LAST
                VALUE   (LST)  VALUE       VALUE  FROM      YEAR
                                                  NORMAL
..................................................................
TEMPERATURE (F)
 TODAY
  MAXIMUM         55    216 PM  76    1946  49      6       53
  MINIMUM         27    540 AM -22    1913  25      2       16
  AVERAGE         41                        37      4       35

PRECIPITATION (IN)
  TODAY            0.00          0.34 1968   0.02  -0.02     0.00
  MONTH TO DATE    0.15                      0.43  -0.28     0.22
  SINCE OCT 1      5.52                      2.45   3.07     2.61
  SINCE JAN 1      1.53                      1.04   0.49     0.68

SNOWFALL (IN)
  TODAY            0.0           4.1  1972   0.2   -0.2      0.0
  MONTH TO DATE    1.0                       5.3   -4.3       T
  SINCE MAR 1      1.0                       5.3   -4.3       T
  SINCE JUL 1     31.9                      33.2   -1.3     14.3

DEGREE DAYS
 HEATING
  TODAY           24                        28     -4       30
  MONTH TO DATE  825                       866    -41      650
  SINCE MAR 1    825                       866    -41      650
  SINCE JUL 1   6824                      6986   -162     6075

 COOLING
  TODAY            0                         0      0        0
  MONTH TO DATE    0                         0      0        0
  SINCE MAR 1      0                         0      0        0
  SINCE JAN 1      0                         0      0        0
..................................................................


WIND (MPH)
  HIGHEST WIND SPEED    18   HIGHEST WIND DIRECTION    SW (220)
  HIGHEST GUST SPEED    24   HIGHEST GUST DIRECTION    SW (240)
  AVERAGE WIND SPEED     9.6


SKY COVER
  AVERAGE SKY COVER 0.5


WEATHER CONDITIONS
 THE FOLLOWING WEATHER WAS RECORDED TODAY.
  NO SIGNIFICANT WEATHER WAS OBSERVED.


RELATIVE HUMIDITY (PERCENT)
 HIGHEST    85           500 AM
 LOWEST     26           100 PM
 AVERAGE    56

..........................................................


THE HAVRE MT CLIMATE NORMALS FOR TOMORROW
                         NORMAL    RECORD    YEAR
 MAXIMUM TEMPERATURE (F)   50        75      2015
                                             1946
 MINIMUM TEMPERATURE (F)   26       -14      1898


SUNRISE AND SUNSET
MARCH 26 2017.........SUNRISE   709 AM MDT   SUNSET   741 PM MDT
MARCH 27 2017.........SUNRISE   707 AM MDT   SUNSET   743 PM MDT


-  INDICATES NEGATIVE NUMBERS.
R  INDICATES RECORD WAS SET OR TIED.
MM INDICATES DATA IS MISSING.
T  INDICATES TRACE AMOUNT.




$$
