000
CDUS45 KTFX 210741
CLIHVR


CLIMATE REPORT
NATIONAL WEATHER SERVICE GREAT FALLS MT
140 AM MDT MON AUG 21 2017


...................................

...THE HAVRE MT CLIMATE SUMMARY FOR AUGUST 20 2017...

CLIMATE NORMAL PERIOD 1981 TO 2010
CLIMATE RECORD PERIOD 1880 TO 2017


WEATHER ITEM   OBSERVED TIME   RECORD YEAR NORMAL DEPARTURE LAST
                VALUE   (LST)  VALUE       VALUE  FROM      YEAR
                                                  NORMAL
..................................................................
TEMPERATURE (F)
 YESTERDAY
  MAXIMUM         80    358 PM 102    1971  83     -3       84
  MINIMUM         48    438 AM  38    1907  51     -3       44
  AVERAGE         64                        67     -3       64

PRECIPITATION (IN)
  YESTERDAY        0.00          0.68 1923   0.04  -0.04     0.00
  MONTH TO DATE    0.15                      0.71  -0.56     0.99
  SINCE OCT 1      7.58                      9.68  -2.10    15.17
  SINCE JAN 1      3.59                      8.27  -4.68    13.24

SNOWFALL (IN)
  YESTERDAY        0.0           T    1952   0.0    0.0      0.0
                                      1998
  MONTH TO DATE    0.0                       0.0    0.0      0.0
  SINCE JUN 1      0.0                       0.0    0.0      0.0
  SINCE JUL 1      0.0                       0.0    0.0      0.0
  SNOW DEPTH       0

DEGREE DAYS
 HEATING
  YESTERDAY        1                         2     -1        1
  MONTH TO DATE   11                        21    -10       12
  SINCE JUN 1     95                       184    -89      116
  SINCE JUL 1     12                        51    -39       31

 COOLING
  YESTERDAY        0                         4     -4        0
  MONTH TO DATE   43                       116    -73       81
  SINCE JUN 1    413                       326     87      286
  SINCE JAN 1    424                       337     87      287
..................................................................


WIND (MPH)
  HIGHEST WIND SPEED    23   HIGHEST WIND DIRECTION     W (280)
  HIGHEST GUST SPEED    28   HIGHEST GUST DIRECTION     W (270)
  AVERAGE WIND SPEED     8.5


SKY COVER
  AVERAGE SKY COVER 0.2


WEATHER CONDITIONS
 THE FOLLOWING WEATHER WAS RECORDED YESTERDAY.
  NO SIGNIFICANT WEATHER WAS OBSERVED.


RELATIVE HUMIDITY (PERCENT)
 HIGHEST    52           500 AM
 LOWEST     13           400 PM
 AVERAGE    33

..........................................................


THE HAVRE MT CLIMATE NORMALS FOR TODAY
                         NORMAL    RECORD    YEAR
 MAXIMUM TEMPERATURE (F)   83       102      1969
 MINIMUM TEMPERATURE (F)   51        40      2000
                                             1913
                                             1904


SUNRISE AND SUNSET
AUGUST 21 2017........SUNRISE   621 AM MDT   SUNSET   822 PM MDT
AUGUST 22 2017........SUNRISE   623 AM MDT   SUNSET   820 PM MDT


-  INDICATES NEGATIVE NUMBERS.
R  INDICATES RECORD WAS SET OR TIED.
MM INDICATES DATA IS MISSING.
T  INDICATES TRACE AMOUNT.




$$
