000
CDUS43 KUNR 150853
CLIICR


CLIMATE REPORT
NATIONAL WEATHER SERVICE RAPID CITY SD
153 AM MST FRI DEC 15 2017


...................................

...THE WINNER REGIONAL AIRPORT SD CLIMATE SUMMARY FOR DECEMBER 14 2017...

CLIMATE NORMAL PERIOD 1981 TO 2010
CLIMATE RECORD PERIOD 9999 TO 9999


WEATHER ITEM   OBSERVED TIME   NORMAL DEPARTURE LAST
                VALUE   (LST)  VALUE  FROM      YEAR
                                      NORMAL
......................................................
TEMPERATURE (F)
 YESTERDAY
  MAXIMUM         39    552 AM  34      5       21
  MINIMUM         27    104 AM  15     12       -1
  AVERAGE         33            25      8       10

PRECIPITATION (IN)
  YESTERDAY        0.05          0.01   0.04     0.00
  MONTH TO DATE    0.12          0.20  -0.08      T
  SINCE DEC 1      0.12          0.20  -0.08      T
  SINCE JAN 1     19.34         21.45  -2.11    18.47

DEGREE DAYS
 HEATING
  YESTERDAY       32            40     -8       55
  MONTH TO DATE  385           544   -159      649
  SINCE DEC 1    385           544   -159      649
  SINCE JUL 1   1609          2015   -406     1519

 COOLING
  YESTERDAY        0             0      0        0
  MONTH TO DATE    0             0      0        0
  SINCE DEC 1      0             0      0        0
  SINCE JAN 1   1113           916    197     1193
......................................................


WIND (MPH)
  HIGHEST WIND SPEED    24   HIGHEST WIND DIRECTION    NW (330)
  HIGHEST GUST SPEED    29   HIGHEST GUST DIRECTION    NW (320)
  AVERAGE WIND SPEED    13.0


SKY COVER
  AVERAGE SKY COVER 0.9


WEATHER CONDITIONS
 THE FOLLOWING WEATHER WAS RECORDED YESTERDAY.
  LIGHT RAIN
  LIGHT SNOW
  FOG


RELATIVE HUMIDITY (PERCENT)
 HIGHEST   100           900 AM
 LOWEST     75           400 AM
 AVERAGE    88

..........................................................




SUNRISE AND SUNSET
DECEMBER 15 2017......SUNRISE   805 AM CST   SUNSET   504 PM CST
DECEMBER 16 2017......SUNRISE   806 AM CST   SUNSET   504 PM CST


-  INDICATES NEGATIVE NUMBERS.
R  INDICATES RECORD WAS SET OR TIED.
MM INDICATES DATA IS MISSING.
T  INDICATES TRACE AMOUNT.




$$
