000
CDUS43 KUNR 010836
CLIICR


CLIMATE REPORT
NATIONAL WEATHER SERVICE RAPID CITY SD
136 AM MST SUN FEB 1 2015


...................................

...THE WINNER REGIONAL AIRPORT SD CLIMATE SUMMARY FOR JANUARY 31 2015...

CLIMATE NORMAL PERIOD 1981 TO 2010
CLIMATE RECORD PERIOD 9999 TO 9999


WEATHER ITEM   OBSERVED TIME   NORMAL DEPARTURE LAST
                VALUE   (LST)  VALUE  FROM      YEAR
                                      NORMAL
......................................................
TEMPERATURE (F)
 YESTERDAY
  MAXIMUM         36   1212 AM  36      0       33
  MINIMUM         12   1159 PM  14     -2        7
  AVERAGE         24            25     -1       20

PRECIPITATION (IN)
  YESTERDAY        0.03          0.01   0.02     0.00
  MONTH TO DATE    0.08          0.25  -0.17     0.02
  SINCE DEC 1      0.28          0.59  -0.31     0.10
  SINCE JAN 1      0.08          0.25  -0.17     0.02

DEGREE DAYS
 HEATING
  YESTERDAY       41            40      1       45
  MONTH TO DATE 1156          1245    -89     1231
  SINCE DEC 1   2189          2484   -295     2635
  SINCE JUL 1   3645          3955   -310     4072

 COOLING
  YESTERDAY        0             0      0        0
  MONTH TO DATE    0             0      0        0
  SINCE DEC 1      0             0      0        0
  SINCE JAN 1      0             0      0        0
......................................................


WIND (MPH)
  HIGHEST WIND SPEED    24   HIGHEST WIND DIRECTION     N (360)
  HIGHEST GUST SPEED    29   HIGHEST GUST DIRECTION     N (360)
  AVERAGE WIND SPEED    12.5


SKY COVER
  AVERAGE SKY COVER 0.7


WEATHER CONDITIONS
 THE FOLLOWING WEATHER WAS RECORDED YESTERDAY.
  LT FREEZING RAIN
  LIGHT SNOW
  FOG
  FOG W/VISIBILITY <= 1/4 MILE


RELATIVE HUMIDITY (PERCENT)
 HIGHEST    92           700 AM
 LOWEST     69           100 AM
 AVERAGE    81

..........................................................




SUNRISE AND SUNSET
FEBRUARY  1 2015......SUNRISE   755 AM CST   SUNSET   551 PM CST
FEBRUARY  2 2015......SUNRISE   754 AM CST   SUNSET   552 PM CST


-  INDICATES NEGATIVE NUMBERS.
R  INDICATES RECORD WAS SET OR TIED.
MM INDICATES DATA IS MISSING.
T  INDICATES TRACE AMOUNT.




$$
