000
CDUS43 KUNR 250858
CLIICR


CLIMATE REPORT
NATIONAL WEATHER SERVICE RAPID CITY SD
251 AM MDT MON MAY 25 2015


...................................

...THE WINNER REGIONAL AIRPORT SD CLIMATE SUMMARY FOR MAY 24 2015...

CLIMATE NORMAL PERIOD 1981 TO 2010
CLIMATE RECORD PERIOD 9999 TO 9999


WEATHER ITEM   OBSERVED TIME   NORMAL DEPARTURE LAST
                VALUE   (LST)  VALUE  FROM      YEAR
                                      NORMAL
......................................................
TEMPERATURE (F)
 YESTERDAY
  MAXIMUM         62    618 PM  73    -11       82
  MINIMUM         56    732 AM  49      7       61
  AVERAGE         59            61     -2       72

PRECIPITATION (IN)
  YESTERDAY        0.05          0.10  -0.05     0.00
  MONTH TO DATE    2.59          2.52   0.07     1.81
  SINCE MAR 1      3.44          6.39  -2.95     4.16
  SINCE JAN 1      3.53          7.15  -3.62     4.24

DEGREE DAYS
 HEATING
  YESTERDAY        6             5      1        0
  MONTH TO DATE  223           209     14      246
  SINCE MAR 1   1236          1604   -368     1675
  SINCE JUL 1   5996          6613   -617     7008

 COOLING
  YESTERDAY        0             1     -1        7
  MONTH TO DATE   12            19     -7       19
  SINCE MAR 1     24            21      3       22
  SINCE JAN 1     24            21      3       22
......................................................


WIND (MPH)
  HIGHEST WIND SPEED    15   HIGHEST WIND DIRECTION     E (80)
  HIGHEST GUST SPEED    17   HIGHEST GUST DIRECTION     E (90)
  AVERAGE WIND SPEED     7.8


SKY COVER
  AVERAGE SKY COVER 0.9


WEATHER CONDITIONS
 THE FOLLOWING WEATHER WAS RECORDED YESTERDAY.
  LIGHT RAIN
  FOG
  FOG W/VISIBILITY <= 1/4 MILE


RELATIVE HUMIDITY (PERCENT)
 HIGHEST    93           300 AM
 LOWEST     84           500 PM
 AVERAGE    89

..........................................................




SUNRISE AND SUNSET
MAY 25 2015...........SUNRISE   606 AM CDT   SUNSET   907 PM CDT
MAY 26 2015...........SUNRISE   605 AM CDT   SUNSET   908 PM CDT


-  INDICATES NEGATIVE NUMBERS.
R  INDICATES RECORD WAS SET OR TIED.
MM INDICATES DATA IS MISSING.
T  INDICATES TRACE AMOUNT.




$$
