000
CDUS43 KUNR 240834
CLIICR


CLIMATE REPORT
NATIONAL WEATHER SERVICE RAPID CITY SD
234 AM MDT THU AUG 24 2017


...................................

...THE WINNER REGIONAL AIRPORT SD CLIMATE SUMMARY FOR AUGUST 23 2017...

CLIMATE NORMAL PERIOD 1981 TO 2010
CLIMATE RECORD PERIOD 9999 TO 9999


WEATHER ITEM   OBSERVED TIME   NORMAL DEPARTURE LAST
                VALUE   (LST)  VALUE  FROM      YEAR
                                      NORMAL
......................................................
TEMPERATURE (F)
 YESTERDAY
  MAXIMUM         89    444 PM  86      3       89
  MINIMUM         57    535 AM  61     -4       61
  AVERAGE         73            73      0       75

PRECIPITATION (IN)
  YESTERDAY        0.00          0.06  -0.06     0.00
  MONTH TO DATE    7.58          1.88   5.70     1.97
  SINCE JUN 1      8.08          8.49  -0.41     5.49
  SINCE JAN 1     15.17         16.56  -1.39    14.84

DEGREE DAYS
 HEATING
  YESTERDAY        0             0      0        0
  MONTH TO DATE    2             0      2        1
  SINCE JUN 1     10            59    -49        5
  SINCE JUL 1      2             5     -3        2

 COOLING
  YESTERDAY        8             9     -1       10
  MONTH TO DATE  130           239   -109      260
  SINCE JUN 1    886           715    171      932
  SINCE JAN 1    914           745    169      979
......................................................


WIND (MPH)
  HIGHEST WIND SPEED    21   HIGHEST WIND DIRECTION     S (190)
  HIGHEST GUST SPEED    27   HIGHEST GUST DIRECTION    SW (210)
  AVERAGE WIND SPEED    11.9


SKY COVER
  AVERAGE SKY COVER 0.0


WEATHER CONDITIONS
 THE FOLLOWING WEATHER WAS RECORDED YESTERDAY.
  NO SIGNIFICANT WEATHER WAS OBSERVED.


RELATIVE HUMIDITY (PERCENT)
 HIGHEST    86           400 AM
 LOWEST     43           200 PM
 AVERAGE    65

..........................................................




SUNRISE AND SUNSET
AUGUST 24 2017........SUNRISE   655 AM CDT   SUNSET   828 PM CDT
AUGUST 25 2017........SUNRISE   656 AM CDT   SUNSET   826 PM CDT


-  INDICATES NEGATIVE NUMBERS.
R  INDICATES RECORD WAS SET OR TIED.
MM INDICATES DATA IS MISSING.
T  INDICATES TRACE AMOUNT.




$$
