000
CDUS43 KUNR 270831
CLIICR


CLIMATE REPORT
NATIONAL WEATHER SERVICE RAPID CITY SD
231 AM MDT TUE JUN 27 2017


...................................

...THE WINNER REGIONAL AIRPORT SD CLIMATE SUMMARY FOR JUNE 26 2017...

CLIMATE NORMAL PERIOD 1981 TO 2010
CLIMATE RECORD PERIOD 9999 TO 9999


WEATHER ITEM   OBSERVED TIME   NORMAL DEPARTURE LAST
                VALUE   (LST)  VALUE  FROM      YEAR
                                      NORMAL
......................................................
TEMPERATURE (F)
 YESTERDAY
  MAXIMUM         80    334 PM  84     -4       93
  MINIMUM         46    502 AM  59    -13       55
  AVERAGE         63            72     -9       74

PRECIPITATION (IN)
  YESTERDAY        0.00          0.08  -0.08     0.05
  MONTH TO DATE    0.22          3.34  -3.12     0.76
  SINCE JUN 1      0.22          3.34  -3.12     0.76
  SINCE JAN 1      7.31         11.41  -4.10    10.11

DEGREE DAYS
 HEATING
  YESTERDAY        2             1      1        0
  MONTH TO DATE    8            53    -45        3
  SINCE JUN 1      8            53    -45        3
  SINCE JUL 1   5553          6698  -1145     5573

 COOLING
  YESTERDAY        0             7     -7        9
  MONTH TO DATE  195           113     82      253
  SINCE JUN 1    195           113     82      253
  SINCE JAN 1    223           143     80      300
......................................................


WIND (MPH)
  HIGHEST WIND SPEED    17   HIGHEST WIND DIRECTION    NE (50)
  HIGHEST GUST SPEED    27   HIGHEST GUST DIRECTION    NE (50)
  AVERAGE WIND SPEED     7.5


SKY COVER
  AVERAGE SKY COVER 0.0


WEATHER CONDITIONS
 THE FOLLOWING WEATHER WAS RECORDED YESTERDAY.
  NO SIGNIFICANT WEATHER WAS OBSERVED.


RELATIVE HUMIDITY (PERCENT)
 HIGHEST    86           400 AM
 LOWEST     23           400 PM
 AVERAGE    55

..........................................................




SUNRISE AND SUNSET
JUNE 27 2017..........SUNRISE   601 AM CDT   SUNSET   924 PM CDT
JUNE 28 2017..........SUNRISE   601 AM CDT   SUNSET   924 PM CDT


-  INDICATES NEGATIVE NUMBERS.
R  INDICATES RECORD WAS SET OR TIED.
MM INDICATES DATA IS MISSING.
T  INDICATES TRACE AMOUNT.




$$
