000
CDUS43 KUNR 250834
CLIICR


CLIMATE REPORT
NATIONAL WEATHER SERVICE RAPID CITY SD
233 AM MDT MON JUL 25 2016


...................................

...THE WINNER REGIONAL AIRPORT SD CLIMATE SUMMARY FOR JULY 24 2016...

CLIMATE NORMAL PERIOD 1981 TO 2010
CLIMATE RECORD PERIOD 9999 TO 9999


WEATHER ITEM   OBSERVED TIME   NORMAL DEPARTURE LAST
                VALUE   (LST)  VALUE  FROM      YEAR
                                      NORMAL
......................................................
TEMPERATURE (F)
 YESTERDAY
  MAXIMUM         89    503 PM  89      0       96
  MINIMUM         62    331 AM  64     -2       68
  AVERAGE         76            76      0       82

PRECIPITATION (IN)
  YESTERDAY        T             0.08  -0.08     0.00
  MONTH TO DATE    1.22          2.25  -1.03     1.15
  SINCE JUN 1      2.27          5.90  -3.63     5.17
  SINCE JAN 1     11.62         13.97  -2.35     8.84

DEGREE DAYS
 HEATING
  YESTERDAY        0             0      0        0
  MONTH TO DATE    1             0      1        0
  SINCE JUN 1      4            54    -50        3
  SINCE JUL 1      1             0      1        0

 COOLING
  YESTERDAY       11            12     -1       17
  MONTH TO DATE  306           248     58      284
  SINCE JUN 1    592           393    199      502
  SINCE JAN 1    639           423    216      537
......................................................


WIND (MPH)
  HIGHEST WIND SPEED    14   HIGHEST WIND DIRECTION     S (180)
  HIGHEST GUST SPEED    16   HIGHEST GUST DIRECTION     S (180)
  AVERAGE WIND SPEED     5.7


SKY COVER
  AVERAGE SKY COVER 0.2


WEATHER CONDITIONS
 THE FOLLOWING WEATHER WAS RECORDED YESTERDAY.
  THUNDERSTORM
  LIGHT RAIN


RELATIVE HUMIDITY (PERCENT)
 HIGHEST    68           200 AM
 LOWEST     24           600 PM
 AVERAGE    46

..........................................................




SUNRISE AND SUNSET
JULY 25 2016..........SUNRISE   622 AM CDT   SUNSET   909 PM CDT
JULY 26 2016..........SUNRISE   623 AM CDT   SUNSET   908 PM CDT


-  INDICATES NEGATIVE NUMBERS.
R  INDICATES RECORD WAS SET OR TIED.
MM INDICATES DATA IS MISSING.
T  INDICATES TRACE AMOUNT.




$$
