000
CDUS43 KUNR 010836
CLIICR


CLIMATE REPORT
NATIONAL WEATHER SERVICE RAPID CITY SD
235 AM MDT SUN MAY 1 2016


...................................

...THE WINNER REGIONAL AIRPORT SD CLIMATE SUMMARY FOR APRIL 30 2016...

CLIMATE NORMAL PERIOD 1981 TO 2010
CLIMATE RECORD PERIOD 9999 TO 9999


WEATHER ITEM   OBSERVED TIME   NORMAL DEPARTURE LAST
                VALUE   (LST)  VALUE  FROM      YEAR
                                      NORMAL
......................................................
TEMPERATURE (F)
 YESTERDAY
  MAXIMUM         46   1116 AM  65    -19       84
  MINIMUM         43   1159 PM  41      2       52
  AVERAGE         45            53     -8       68

PRECIPITATION (IN)
  YESTERDAY        0.85          0.11   0.74     0.10
  MONTH TO DATE    5.37          2.49   2.88     0.74
  SINCE MAR 1      6.14          3.87   2.27     0.85
  SINCE JAN 1      6.53          4.63   1.90     0.94

DEGREE DAYS
 HEATING
  YESTERDAY       20            12      8        0
  MONTH TO DATE  458           519    -61      388
  SINCE MAR 1   1099          1395   -296     1013
  SINCE JUL 1   5392          6404  -1012     5773

 COOLING
  YESTERDAY        0             0      0        3
  MONTH TO DATE    8             2      6        6
  SINCE MAR 1      9             2      7       12
  SINCE JAN 1      9             2      7       12
......................................................


WIND (MPH)
  HIGHEST WIND SPEED    32   HIGHEST WIND DIRECTION    NE (40)
  HIGHEST GUST SPEED    40   HIGHEST GUST DIRECTION    NE (50)
  AVERAGE WIND SPEED    17.3


SKY COVER
  AVERAGE SKY COVER 1.0


WEATHER CONDITIONS
 THE FOLLOWING WEATHER WAS RECORDED YESTERDAY.
  RAIN
  LIGHT RAIN
  FOG


RELATIVE HUMIDITY (PERCENT)
 HIGHEST    89          1200 AM
 LOWEST     76           900 AM
 AVERAGE    83

..........................................................




SUNRISE AND SUNSET
MAY  1 2016...........SUNRISE   632 AM CDT   SUNSET   842 PM CDT
MAY  2 2016...........SUNRISE   630 AM CDT   SUNSET   843 PM CDT


-  INDICATES NEGATIVE NUMBERS.
R  INDICATES RECORD WAS SET OR TIED.
MM INDICATES DATA IS MISSING.
T  INDICATES TRACE AMOUNT.




$$
