000
CDUS43 KUNR 010831
CLIICR


CLIMATE REPORT
NATIONAL WEATHER SERVICE RAPID CITY SD
231 AM MDT WED OCT 1 2014


...................................

...THE WINNER REGIONAL AIRPORT SD CLIMATE SUMMARY FOR SEPTEMBER 30 2014...

CLIMATE NORMAL PERIOD 1981 TO 2010
CLIMATE RECORD PERIOD 9999 TO 9999


WEATHER ITEM   OBSERVED TIME   NORMAL DEPARTURE LAST
                VALUE   (LST)  VALUE  FROM      YEAR
                                      NORMAL
......................................................
TEMPERATURE (F)
 YESTERDAY
  MAXIMUM         76    356 PM  70      6       91
  MINIMUM         57   1157 PM  45     12       57
  AVERAGE         67            57     10       74

PRECIPITATION (IN)
  YESTERDAY        0.03          0.06  -0.03     0.00
  MONTH TO DATE    1.04          1.99  -0.95     0.74
  SINCE SEP 1      1.04          1.99  -0.95     0.74
  SINCE JAN 1     14.11         18.99  -4.88    16.73

DEGREE DAYS
 HEATING
  YESTERDAY        0             9     -9        0
  MONTH TO DATE  107           129    -22       48
  SINCE SEP 1    107           128    -21       48
  SINCE JUL 1    120           142    -22       55

 COOLING
  YESTERDAY        2             1      1        9
  MONTH TO DATE  124           100     24      221
  SINCE SEP 1    124           100     24      221
  SINCE JAN 1    854           906    -52     1012
......................................................


WIND (MPH)
  HIGHEST WIND SPEED    37   HIGHEST WIND DIRECTION    SW (220)
  HIGHEST GUST SPEED    48   HIGHEST GUST DIRECTION    SW (230)
  AVERAGE WIND SPEED    19.2


SKY COVER
  AVERAGE SKY COVER 0.4


WEATHER CONDITIONS
 THE FOLLOWING WEATHER WAS RECORDED YESTERDAY.
  THUNDERSTORM
  LIGHT RAIN
  FOG


RELATIVE HUMIDITY (PERCENT)
 HIGHEST    87           100 AM
 LOWEST     33           400 PM
 AVERAGE    60

..........................................................




SUNRISE AND SUNSET
OCTOBER  1 2014.......SUNRISE   737 AM CDT   SUNSET   720 PM CDT
OCTOBER  2 2014.......SUNRISE   738 AM CDT   SUNSET   719 PM CDT


-  INDICATES NEGATIVE NUMBERS.
R  INDICATES RECORD WAS SET OR TIED.
MM INDICATES DATA IS MISSING.
T  INDICATES TRACE AMOUNT.




$$
