000
CDUS43 KUNR 310843
CLIICR


CLIMATE REPORT
NATIONAL WEATHER SERVICE RAPID CITY SD
243 AM MDT TUE MAY 31 2016


...................................

...THE WINNER REGIONAL AIRPORT SD CLIMATE SUMMARY FOR MAY 30 2016...

CLIMATE NORMAL PERIOD 1981 TO 2010
CLIMATE RECORD PERIOD 9999 TO 9999


WEATHER ITEM   OBSERVED TIME   NORMAL DEPARTURE LAST
                VALUE   (LST)  VALUE  FROM      YEAR
                                      NORMAL
......................................................
TEMPERATURE (F)
 YESTERDAY
  MAXIMUM         84    252 PM  74     10       64
  MINIMUM         59   1159 PM  51      8       36
  AVERAGE         72            63      9       50

PRECIPITATION (IN)
  YESTERDAY        0.02          0.14  -0.12     0.00
  MONTH TO DATE    2.82          3.30  -0.48     2.73
  SINCE MAR 1      8.96          7.17   1.79     3.58
  SINCE JAN 1      9.35          7.93   1.42     3.67

DEGREE DAYS
 HEATING
  YESTERDAY        0             4     -4       15
  MONTH TO DATE  176           237    -61      257
  SINCE MAR 1   1275          1632   -357     1270
  SINCE JUL 1   5568          6641  -1073     6030

 COOLING
  YESTERDAY        7             2      5        0
  MONTH TO DATE   38            28     10       23
  SINCE MAR 1     47            30     17       35
  SINCE JAN 1     47            30     17       35
......................................................


WIND (MPH)
  HIGHEST WIND SPEED    35   HIGHEST WIND DIRECTION    SW (220)
  HIGHEST GUST SPEED    50   HIGHEST GUST DIRECTION     S (200)
  AVERAGE WIND SPEED    14.2


SKY COVER
  AVERAGE SKY COVER 0.3


WEATHER CONDITIONS
 THE FOLLOWING WEATHER WAS RECORDED YESTERDAY.
  THUNDERSTORM
  LIGHT RAIN


RELATIVE HUMIDITY (PERCENT)
 HIGHEST    90           400 AM
 LOWEST     30           600 PM
 AVERAGE    60

..........................................................




SUNRISE AND SUNSET
MAY 31 2016...........SUNRISE   602 AM CDT   SUNSET   913 PM CDT
JUNE  1 2016..........SUNRISE   601 AM CDT   SUNSET   914 PM CDT


-  INDICATES NEGATIVE NUMBERS.
R  INDICATES RECORD WAS SET OR TIED.
MM INDICATES DATA IS MISSING.
T  INDICATES TRACE AMOUNT.




$$
