000
CDUS43 KUNR 240840
CLIICR


CLIMATE REPORT
NATIONAL WEATHER SERVICE RAPID CITY SD
238 AM MDT WED MAY 24 2017


...................................

...THE WINNER REGIONAL AIRPORT SD CLIMATE SUMMARY FOR MAY 23 2017...

CLIMATE NORMAL PERIOD 1981 TO 2010
CLIMATE RECORD PERIOD 9999 TO 9999


WEATHER ITEM   OBSERVED TIME   NORMAL DEPARTURE LAST
                VALUE   (LST)  VALUE  FROM      YEAR
                                      NORMAL
......................................................
TEMPERATURE (F)
 YESTERDAY
  MAXIMUM         59    247 PM  72    -13       78
  MINIMUM         42   1158 PM  49     -7       55
  AVERAGE         51            60     -9       67

PRECIPITATION (IN)
  YESTERDAY        T             0.10  -0.10     0.03
  MONTH TO DATE    2.97          2.42   0.55     1.55
  SINCE MAR 1      5.39          6.29  -0.90     7.69
  SINCE JAN 1      7.03          7.05  -0.02     8.08

DEGREE DAYS
 HEATING
  YESTERDAY       14             6      8        0
  MONTH TO DATE  170           204    -34      175
  SINCE MAR 1   1361          1599   -238     1274
  SINCE JUL 1   5513          6608  -1095     5567

 COOLING
  YESTERDAY        0             1     -1        2
  MONTH TO DATE   26            18      8       26
  SINCE MAR 1     28            20      8       35
  SINCE JAN 1     28            20      8       35
......................................................


WIND (MPH)
  HIGHEST WIND SPEED    25   HIGHEST WIND DIRECTION     N (350)
  HIGHEST GUST SPEED    34   HIGHEST GUST DIRECTION     N (10)
  AVERAGE WIND SPEED    14.2


SKY COVER
  AVERAGE SKY COVER 0.9


WEATHER CONDITIONS
 THE FOLLOWING WEATHER WAS RECORDED YESTERDAY.
  LIGHT RAIN


RELATIVE HUMIDITY (PERCENT)
 HIGHEST    80           100 AM
 LOWEST     57           300 PM
 AVERAGE    69

..........................................................




SUNRISE AND SUNSET
MAY 24 2017...........SUNRISE   607 AM CDT   SUNSET   906 PM CDT
MAY 25 2017...........SUNRISE   606 AM CDT   SUNSET   907 PM CDT


-  INDICATES NEGATIVE NUMBERS.
R  INDICATES RECORD WAS SET OR TIED.
MM INDICATES DATA IS MISSING.
T  INDICATES TRACE AMOUNT.




$$
