000
CDUS43 KUNR 220839
CLIICR


CLIMATE REPORT
NATIONAL WEATHER SERVICE RAPID CITY SD
238 AM MDT SAT APR 22 2017


...................................

...THE WINNER REGIONAL AIRPORT SD CLIMATE SUMMARY FOR APRIL 21 2017...

CLIMATE NORMAL PERIOD 1981 TO 2010
CLIMATE RECORD PERIOD 9999 TO 9999


WEATHER ITEM   OBSERVED TIME   NORMAL DEPARTURE LAST
                VALUE   (LST)  VALUE  FROM      YEAR
                                      NORMAL
......................................................
TEMPERATURE (F)
 YESTERDAY
  MAXIMUM         61    520 PM  62     -1       67
  MINIMUM         37    522 AM  38     -1       43
  AVERAGE         49            50     -1       55

PRECIPITATION (IN)
  YESTERDAY        0.00          0.10  -0.10     0.00
  MONTH TO DATE    2.09          1.56   0.53     2.12
  SINCE MAR 1      2.41          2.94  -0.53     2.89
  SINCE JAN 1      4.05          3.70   0.35     3.28

DEGREE DAYS
 HEATING
  YESTERDAY       16            15      1       10
  MONTH TO DATE  279           396   -117      321
  SINCE MAR 1   1013          1272   -259      962
  SINCE JUL 1   5165          6281  -1116     5255

 COOLING
  YESTERDAY        0             0      0        0
  MONTH TO DATE    2             0      2        4
  SINCE MAR 1      2             0      2        5
  SINCE JAN 1      2             0      2        5
......................................................


WIND (MPH)
  HIGHEST WIND SPEED    21   HIGHEST WIND DIRECTION    SE (140)
  HIGHEST GUST SPEED    24   HIGHEST GUST DIRECTION    SE (130)
  AVERAGE WIND SPEED     8.7


SKY COVER
  AVERAGE SKY COVER 0.1


WEATHER CONDITIONS
 THE FOLLOWING WEATHER WAS RECORDED YESTERDAY.
  NO SIGNIFICANT WEATHER WAS OBSERVED.


RELATIVE HUMIDITY (PERCENT)
 HIGHEST    92           100 AM
 LOWEST     39           300 PM
 AVERAGE    66

..........................................................




SUNRISE AND SUNSET
APRIL 22 2017.........SUNRISE   645 AM CDT   SUNSET   831 PM CDT
APRIL 23 2017.........SUNRISE   644 AM CDT   SUNSET   832 PM CDT


-  INDICATES NEGATIVE NUMBERS.
R  INDICATES RECORD WAS SET OR TIED.
MM INDICATES DATA IS MISSING.
T  INDICATES TRACE AMOUNT.




$$
