000
CDUS43 KUNR 290835
CLIICR


CLIMATE REPORT
NATIONAL WEATHER SERVICE RAPID CITY SD
134 AM MST MON DEC 29 2014


...................................

...THE WINNER REGIONAL AIRPORT SD CLIMATE SUMMARY FOR DECEMBER 28 2014...

CLIMATE NORMAL PERIOD 1981 TO 2010
CLIMATE RECORD PERIOD 9999 TO 9999


WEATHER ITEM   OBSERVED TIME   NORMAL DEPARTURE LAST
                VALUE   (LST)  VALUE  FROM      YEAR
                                      NORMAL
......................................................
TEMPERATURE (F)
 YESTERDAY
  MAXIMUM         20    353 PM  34    -14       47
  MINIMUM          5    913 AM  14     -9        5
  AVERAGE         13            24    -11       26

PRECIPITATION (IN)
  YESTERDAY        0.01          0.00   0.01      T
  MONTH TO DATE    0.20          0.31  -0.11     0.04
  SINCE DEC 1      0.20          0.31  -0.11     0.04
  SINCE JAN 1     14.78         21.56  -6.78    20.89

DEGREE DAYS
 HEATING
  YESTERDAY       52            41     11       39
  MONTH TO DATE  846          1116   -270     1259
  SINCE DEC 1    846          1116   -270     1259
  SINCE JUL 1   2302          2587   -285     2696

 COOLING
  YESTERDAY        0             0      0        0
  MONTH TO DATE    0             0      0        0
  SINCE DEC 1      0             0      0        0
  SINCE JAN 1    863           916    -53     1014
......................................................


WIND (MPH)
  HIGHEST WIND SPEED    15   HIGHEST WIND DIRECTION     E (90)
  HIGHEST GUST SPEED    17   HIGHEST GUST DIRECTION     E (90)
  AVERAGE WIND SPEED     8.6


SKY COVER
  AVERAGE SKY COVER 0.3


WEATHER CONDITIONS
 THE FOLLOWING WEATHER WAS RECORDED YESTERDAY.
  LIGHT SNOW


RELATIVE HUMIDITY (PERCENT)
 HIGHEST    84           600 PM
 LOWEST     61          1200 PM
 AVERAGE    73

..........................................................




SUNRISE AND SUNSET
DECEMBER 29 2014......SUNRISE   812 AM CST   SUNSET   511 PM CST
DECEMBER 30 2014......SUNRISE   812 AM CST   SUNSET   512 PM CST


-  INDICATES NEGATIVE NUMBERS.
R  INDICATES RECORD WAS SET OR TIED.
MM INDICATES DATA IS MISSING.
T  INDICATES TRACE AMOUNT.




$$
