000
CDUS43 KICT 312205
CLIICT


CLIMATE REPORT
NATIONAL WEATHER SERVICE WICHITA KS
504 PM CDT THU JUL 31 2014


...................................

...THE WICHITA MID CONTINENT CLIMATE SUMMARY FOR JULY 31 2014...
VALID TODAY AS OF 500 PM LOCAL TIME.

CLIMATE NORMAL PERIOD 1981 TO 2010
CLIMATE RECORD PERIOD 1888 TO 2014


WEATHER ITEM   OBSERVED TIME   RECORD YEAR NORMAL DEPARTURE LAST
                VALUE   (LST)  VALUE       VALUE  FROM      YEAR
                                                  NORMAL
..................................................................
TEMPERATURE (F)
 TODAY
  MAXIMUM         85    345 PM 109    1934  92     -7       87
  MINIMUM         59    431 AM  53    1971  70    -11       68
  AVERAGE         72                        81     -9       78

PRECIPITATION (IN)
  TODAY            0.00          3.52 1950   0.10  -0.10     0.00
  MONTH TO DATE    3.07                      3.32  -0.25     7.69
  SINCE JUN 1     13.53                      8.52   5.01     9.52
  SINCE JAN 1     19.60                     20.38  -0.78    23.54

SNOWFALL (IN)
  TODAY            0.0           0.0  2007   0.0    0.0      0.0
  MONTH TO DATE    0.0                       0.0    0.0      0.0
  SINCE JUN 1      0.0                       0.0    0.0      0.0
  SINCE JUL 1      0.0                       0.0    0.0      0.0
  SNOW DEPTH       0

DEGREE DAYS
 HEATING
  TODAY            0                         0      0        0
  MONTH TO DATE    1                         0      1        1
  SINCE JUN 1      1                         6     -5        4
  SINCE JUL 1      1                         0      1        1

 COOLING
  TODAY            7                        16     -9       13
  MONTH TO DATE  383                       497   -114      459
  SINCE JUN 1    725                       826   -101      861
  SINCE JAN 1    992                       962     30      999
..................................................................


WIND (MPH)
  HIGHEST WIND SPEED    10   HIGHEST WIND DIRECTION     N (360)
  HIGHEST GUST SPEED    14   HIGHEST GUST DIRECTION     N (360)
  AVERAGE WIND SPEED     5.5


SKY COVER
  POSSIBLE SUNSHINE  MM
  AVERAGE SKY COVER 0.5


WEATHER CONDITIONS
 THE FOLLOWING WEATHER WAS RECORDED TODAY.
  FOG
  HAZE


RELATIVE HUMIDITY (PERCENT)
 HIGHEST    97           200 AM
 LOWEST     39           200 PM
 AVERAGE    68

..........................................................


THE WICHITA MID CONTINENT CLIMATE NORMALS FOR TOMORROW
                         NORMAL    RECORD    YEAR
 MAXIMUM TEMPERATURE (F)   92       110      1980
 MINIMUM TEMPERATURE (F)   70        56      1893


SUNRISE AND SUNSET
JULY 31 2014..........SUNRISE   633 AM CDT   SUNSET   839 PM CDT
AUGUST  1 2014........SUNRISE   633 AM CDT   SUNSET   838 PM CDT


-  INDICATES NEGATIVE NUMBERS.
R  INDICATES RECORD WAS SET OR TIED.
MM INDICATES DATA IS MISSING.
T  INDICATES TRACE AMOUNT.




$$
