000
CDUS43 KICT 312307
CLIICT


CLIMATE REPORT
NATIONAL WEATHER SERVICE WICHITA KS
507 PM CST SAT JAN 31 2015


...................................

...THE WICHITA MID CONTINENT CLIMATE SUMMARY FOR JANUARY 31 2015...
VALID TODAY AS OF 0500 PM LOCAL TIME.

CLIMATE NORMAL PERIOD 1981 TO 2010
CLIMATE RECORD PERIOD 1888 TO 2015


WEATHER ITEM   OBSERVED TIME   RECORD YEAR NORMAL DEPARTURE LAST
                VALUE   (LST)  VALUE       VALUE  FROM      YEAR
                                                  NORMAL
..................................................................
TEMPERATURE (F)
 TODAY
  MAXIMUM         40    459 PM  71    2009  44     -4       34
  MINIMUM         35    909 AM  -9    1979  23     12       23
  AVERAGE         38                        34      4       29

PRECIPITATION (IN)
  TODAY            0.35          0.68 1983   0.03   0.32     0.02
  MONTH TO DATE    0.79                      0.83  -0.04     0.13
  SINCE DEC 1      2.08                      2.03   0.05     0.73
  SINCE JAN 1      0.79                      0.83  -0.04     0.13

SNOWFALL (IN)
  TODAY           MM             7.2  1959   0.1   MM        0.1
  MONTH TO DATE    4.0                       3.6    0.4      3.0
  SINCE DEC 1      8.2                       7.8    0.4      6.4
  SINCE JUL 1     10.0                       9.2    0.8      6.4
  SNOW DEPTH       0

DEGREE DAYS
 HEATING
  TODAY           27                        31     -4       36
  MONTH TO DATE  949                      1013    -64     1019
  SINCE DEC 1   1774                      1984   -210     2089
  SINCE JUL 1   2654                      2860   -206     2974

 COOLING
  TODAY            0                         0      0        0
  MONTH TO DATE    0                         0      0        0
  SINCE DEC 1      0                         0      0        0
  SINCE JAN 1      0                         0      0        0
..................................................................


WIND (MPH)
  HIGHEST WIND SPEED    18   HIGHEST WIND DIRECTION     S (170)
  HIGHEST GUST SPEED    24   HIGHEST GUST DIRECTION     S (180)
  AVERAGE WIND SPEED     9.2


SKY COVER
  POSSIBLE SUNSHINE  MM
  AVERAGE SKY COVER 0.9


WEATHER CONDITIONS
 THE FOLLOWING WEATHER WAS RECORDED TODAY.
  LIGHT RAIN
  SNOW
  SLEET
  FOG


RELATIVE HUMIDITY (PERCENT)
 HIGHEST    92          1100 AM
 LOWEST     54           100 AM
 AVERAGE    73

..........................................................


THE WICHITA MID CONTINENT CLIMATE NORMALS FOR TOMORROW
                         NORMAL    RECORD    YEAR
 MAXIMUM TEMPERATURE (F)   45        75      1911
 MINIMUM TEMPERATURE (F)   23        -8      1917


SUNRISE AND SUNSET
JANUARY 31 2015.......SUNRISE   734 AM CST   SUNSET   552 PM CST
FEBRUARY  1 2015......SUNRISE   734 AM CST   SUNSET   553 PM CST


-  INDICATES NEGATIVE NUMBERS.
R  INDICATES RECORD WAS SET OR TIED.
MM INDICATES DATA IS MISSING.
T  INDICATES TRACE AMOUNT.




$$
