287
CDUS45 KPIH 300735
CLIIDA


CLIMATE REPORT
NATIONAL WEATHER SERVICE POCATELLO ID
134 AM MDT TUE AUG 30 2016


...................................

...THE IDAHO FALLS ID CLIMATE SUMMARY FOR AUGUST 29 2016...

CLIMATE NORMAL PERIOD 1981 TO 2010
CLIMATE RECORD PERIOD 1948 TO 2016


WEATHER ITEM   OBSERVED TIME   RECORD YEAR NORMAL DEPARTURE LAST
                VALUE   (LST)  VALUE       VALUE  FROM      YEAR
                                                  NORMAL
..................................................................
TEMPERATURE (F)
 YESTERDAY
  MAXIMUM         89    405 PM  95    1948  82      7       93
  MINIMUM         43    409 AM  32    1960  46     -3       57
  AVERAGE         66                        64      2       75

PRECIPITATION (IN)
  YESTERDAY        0.00          1.19 1971   0.03  -0.03     0.08
  MONTH TO DATE    0.09                      0.50  -0.41     1.21
  SINCE OCT 1      7.76                      9.51  -1.75     9.02
  SINCE JAN 1      5.44                      6.94  -1.50     7.56

SNOWFALL (IN)
  YESTERDAY       MM
  MONTH TO DATE   MM
  SINCE JUN 1     MM
  SINCE JUL 1     MM
  SNOW DEPTH      MM

DEGREE DAYS
 HEATING
  YESTERDAY        0                         3     -3        0
  MONTH TO DATE   44                        31     13       26
  SINCE JUN 1    151                       211    -60      114
  SINCE JUL 1     77                        58     19       68

 COOLING
  YESTERDAY        1                         2     -1       10
  MONTH TO DATE   57                        92    -35      104
  SINCE JUN 1    233                       245    -12      299
  SINCE JAN 1    233                       247    -14      300
..................................................................


WIND (MPH)
  HIGHEST WIND SPEED    14   HIGHEST WIND DIRECTION    SW (230)
  HIGHEST GUST SPEED    18   HIGHEST GUST DIRECTION    SW (220)
  AVERAGE WIND SPEED     4.3


SKY COVER
  POSSIBLE SUNSHINE  MM
  AVERAGE SKY COVER 0.1


WEATHER CONDITIONS
 THE FOLLOWING WEATHER WAS RECORDED YESTERDAY.
  NO SIGNIFICANT WEATHER WAS OBSERVED.


RELATIVE HUMIDITY (PERCENT)
 HIGHEST    83           500 AM
 LOWEST     10           400 PM
 AVERAGE    47

..........................................................


THE IDAHO FALLS ID CLIMATE NORMALS FOR TODAY
                         NORMAL    RECORD    YEAR
 MAXIMUM TEMPERATURE (F)   82        99      1954
 MINIMUM TEMPERATURE (F)   46        31      1964


SUNRISE AND SUNSET
AUGUST 30 2016........SUNRISE   650 AM MDT   SUNSET   806 PM MDT
AUGUST 31 2016........SUNRISE   652 AM MDT   SUNSET   804 PM MDT


-  INDICATES NEGATIVE NUMBERS.
R  INDICATES RECORD WAS SET OR TIED.
MM INDICATES DATA IS MISSING.
T  INDICATES TRACE AMOUNT.




$$
