000
CDUS45 KPIH 280736
CLIIDA


CLIMATE REPORT
NATIONAL WEATHER SERVICE POCATELLO ID
132 AM MDT SAT MAR 28 2015


...................................

...THE IDAHO FALLS ID CLIMATE SUMMARY FOR MARCH 27 2015...

CLIMATE NORMAL PERIOD 1981 TO 2010
CLIMATE RECORD PERIOD 1948 TO 2015


WEATHER ITEM   OBSERVED TIME   RECORD YEAR NORMAL DEPARTURE LAST
                VALUE   (LST)  VALUE       VALUE  FROM      YEAR
                                                  NORMAL
..................................................................
TEMPERATURE (F)
 YESTERDAY
  MAXIMUM         70R   517 PM  70    1986  51     19       48
  MINIMUM         29    600 AM   9    1964  29      0       32
  AVERAGE         50                        40     10       40

PRECIPITATION (IN)
  YESTERDAY        0.00          0.27 1985   0.03  -0.03     0.02
  MONTH TO DATE    0.07                      0.75  -0.68     0.55
  SINCE OCT 1      1.98                      4.67  -2.69     2.74
  SINCE JAN 1      0.52                      2.10  -1.58     1.44

SNOWFALL (IN)
  YESTERDAY       MM
  MONTH TO DATE   MM
  SINCE MAR 1     MM
  SINCE JUL 1     MM
  SNOW DEPTH      MM

DEGREE DAYS
 HEATING
  YESTERDAY       15                        25    -10       25
  MONTH TO DATE  625                       804   -179      692
  SINCE MAR 1    625                       804   -179      692
  SINCE JUL 1   5443                      6606  -1163     6209

 COOLING
  YESTERDAY        0                         0      0        0
  MONTH TO DATE    0                         0      0        0
  SINCE MAR 1      0                         0      0        0
  SINCE JAN 1      0                         0      0        0
..................................................................


WIND (MPH)
  HIGHEST WIND SPEED    17   HIGHEST WIND DIRECTION    SW (210)
  HIGHEST GUST SPEED    27   HIGHEST GUST DIRECTION    SW (210)
  AVERAGE WIND SPEED     7.8


SKY COVER
  POSSIBLE SUNSHINE  MM
  AVERAGE SKY COVER 0.0


WEATHER CONDITIONS
 THE FOLLOWING WEATHER WAS RECORDED YESTERDAY.
  HAZE


RELATIVE HUMIDITY (PERCENT)
 HIGHEST    92           600 AM
 LOWEST     23           400 PM
 AVERAGE    58

..........................................................


THE IDAHO FALLS ID CLIMATE NORMALS FOR TODAY
                         NORMAL    RECORD    YEAR
 MAXIMUM TEMPERATURE (F)   52        73      1986
 MINIMUM TEMPERATURE (F)   29         6      1964


SUNRISE AND SUNSET
MARCH 28 2015.........SUNRISE   717 AM MDT   SUNSET   750 PM MDT
MARCH 29 2015.........SUNRISE   716 AM MDT   SUNSET   751 PM MDT


-  INDICATES NEGATIVE NUMBERS.
R  INDICATES RECORD WAS SET OR TIED.
MM INDICATES DATA IS MISSING.
T  INDICATES TRACE AMOUNT.




$$
