000
CDUS45 KPIH 242322
CLIIDA


CLIMATE REPORT
NATIONAL WEATHER SERVICE POCATELLO ID
521 PM MDT TUE MAY 24 2016


...................................

...THE IDAHO FALLS ID CLIMATE SUMMARY FOR MAY 24 2016...
VALID TODAY AS OF 0500 PM LOCAL TIME.

CLIMATE NORMAL PERIOD 1981 TO 2010
CLIMATE RECORD PERIOD 1948 TO 2016


WEATHER ITEM   OBSERVED TIME   RECORD YEAR NORMAL DEPARTURE LAST
                VALUE   (LST)  VALUE       VALUE  FROM      YEAR
                                                  NORMAL
..................................................................
TEMPERATURE (F)
 TODAY
  MAXIMUM         66    311 PM  87    2003  69     -3       68
                                      2001
  MINIMUM         35    527 AM  26    1960  41     -6       40
  AVERAGE         51                        55     -4       54

PRECIPITATION (IN)
  TODAY            0.00          0.66 2011   0.05  -0.05      T
  MONTH TO DATE    1.34                      1.15   0.19     2.88
  SINCE OCT 1      6.93                      7.07  -0.14     5.27
  SINCE JAN 1      4.61                      4.50   0.11     3.81

SNOWFALL (IN)
  TODAY           MM
  MONTH TO DATE   MM
  SINCE MAR 1     MM
  SINCE JUL 1     MM
  SNOW DEPTH      MM

DEGREE DAYS
 HEATING
  TODAY           14                        10      4       11
  MONTH TO DATE  284                       314    -30      254
  SINCE MAR 1   1576                      1825   -249     1521
  SINCE JUL 1   7158                      7627   -469     6339

 COOLING
  TODAY            0                         0      0        0
  MONTH TO DATE    0                         0      0        0
  SINCE MAR 1      0                         0      0        0
  SINCE JAN 1      0                         0      0        0
..................................................................


WIND (MPH)
  HIGHEST WIND SPEED    17   HIGHEST WIND DIRECTION    NW (310)
  HIGHEST GUST SPEED    23   HIGHEST GUST DIRECTION    NW (310)
  AVERAGE WIND SPEED     4.7


SKY COVER
  POSSIBLE SUNSHINE  MM
  AVERAGE SKY COVER 0.3


WEATHER CONDITIONS
 THE FOLLOWING WEATHER WAS RECORDED TODAY.
  THUNDERSTORM


RELATIVE HUMIDITY (PERCENT)
 HIGHEST    89           400 AM
 LOWEST     36          1200 PM
 AVERAGE    63

..........................................................


THE IDAHO FALLS ID CLIMATE NORMALS FOR TOMORROW
                         NORMAL    RECORD    YEAR
 MAXIMUM TEMPERATURE (F)   69        88      2003
 MINIMUM TEMPERATURE (F)   41        25      1989


SUNRISE AND SUNSET
MAY 24 2016...........SUNRISE   555 AM MDT   SUNSET   856 PM MDT
MAY 25 2016...........SUNRISE   554 AM MDT   SUNSET   857 PM MDT


-  INDICATES NEGATIVE NUMBERS.
R  INDICATES RECORD WAS SET OR TIED.
MM INDICATES DATA IS MISSING.
T  INDICATES TRACE AMOUNT.




$$
