000
CDUS45 KPIH 300752
CLIIDA


CLIMATE REPORT
NATIONAL WEATHER SERVICE POCATELLO ID
150 AM MDT FRI SEP 30 2016


...................................

...THE IDAHO FALLS ID CLIMATE SUMMARY FOR SEPTEMBER 29 2016...

CLIMATE NORMAL PERIOD 1981 TO 2010
CLIMATE RECORD PERIOD 1948 TO 2016


WEATHER ITEM   OBSERVED TIME   RECORD YEAR NORMAL DEPARTURE LAST
                VALUE   (LST)  VALUE       VALUE  FROM      YEAR
                                                  NORMAL
..................................................................
TEMPERATURE (F)
 YESTERDAY
  MAXIMUM         76    334 PM  89    1957  68      8       80
  MINIMUM         52   1159 PM  18    1985  36     16       40
  AVERAGE         64                        52     12       60

PRECIPITATION (IN)
  YESTERDAY        T             0.51 1983   0.03  -0.03     0.00
  MONTH TO DATE    1.78                      0.81   0.97     0.52
  SINCE OCT 1      9.54                     10.36  -0.82     9.54
  SINCE JAN 1      7.22                      7.79  -0.57     8.08

SNOWFALL (IN)
  YESTERDAY       MM
  MONTH TO DATE   MM
  SINCE SEP 1     MM
  SINCE JUL 1     MM
  SNOW DEPTH      MM

DEGREE DAYS
 HEATING
  YESTERDAY        1                        13    -12        5
  MONTH TO DATE  235                       228      7      143
  SINCE SEP 1    235                       228      7      143
  SINCE JUL 1    312                       293     19      213

 COOLING
  YESTERDAY        0                         0      0        0
  MONTH TO DATE   16                        10      6       22
  SINCE SEP 1     16                        10      6       22
  SINCE JAN 1    260                       262     -2      324
..................................................................


WIND (MPH)
  HIGHEST WIND SPEED    18   HIGHEST WIND DIRECTION    SW (220)
  HIGHEST GUST SPEED    23   HIGHEST GUST DIRECTION     S (200)
  AVERAGE WIND SPEED     5.9


SKY COVER
  POSSIBLE SUNSHINE  MM
  AVERAGE SKY COVER 0.5


WEATHER CONDITIONS
 THE FOLLOWING WEATHER WAS RECORDED YESTERDAY.
  THUNDERSTORM
  LIGHT RAIN


RELATIVE HUMIDITY (PERCENT)
 HIGHEST    86           800 AM
 LOWEST     35          1200 PM
 AVERAGE    61

..........................................................


THE IDAHO FALLS ID CLIMATE NORMALS FOR TODAY
                         NORMAL    RECORD    YEAR
 MAXIMUM TEMPERATURE (F)   67        90      1957
 MINIMUM TEMPERATURE (F)   35        18      1985


SUNRISE AND SUNSET
SEPTEMBER 30 2016.....SUNRISE   725 AM MDT   SUNSET   710 PM MDT
OCTOBER  1 2016.......SUNRISE   726 AM MDT   SUNSET   708 PM MDT


-  INDICATES NEGATIVE NUMBERS.
R  INDICATES RECORD WAS SET OR TIED.
MM INDICATES DATA IS MISSING.
T  INDICATES TRACE AMOUNT.




$$
