684
CDUS45 KPIH 252348
CLIIDA


CLIMATE REPORT
NATIONAL WEATHER SERVICE POCATELLO ID
547 PM MDT SUN JUN 25 2017


...................................

...THE IDAHO FALLS ID CLIMATE SUMMARY FOR JUNE 25 2017...
VALID TODAY AS OF 0500 PM LOCAL TIME.

CLIMATE NORMAL PERIOD 1981 TO 2010
CLIMATE RECORD PERIOD 1948 TO 2017


WEATHER ITEM   OBSERVED TIME   RECORD YEAR NORMAL DEPARTURE LAST
                VALUE   (LST)  VALUE       VALUE  FROM      YEAR
                                                  NORMAL
..................................................................
TEMPERATURE (F)
 TODAY
  MAXIMUM         85    359 PM 102    1988  80      5       74
  MINIMUM         47    516 AM  32    1966  47      0       34
  AVERAGE         66                        64      2       54

PRECIPITATION (IN)
  TODAY            0.00          1.10 1965   0.02  -0.02     0.00
  MONTH TO DATE    0.67                      1.00  -0.33     0.05
  SINCE OCT 1      8.96                      8.42   0.54     7.48
  SINCE JAN 1      4.68                      5.85  -1.17     5.16

SNOWFALL (IN)
  TODAY           MM
  MONTH TO DATE   MM
  SINCE JUN 1     MM
  SINCE JUL 1     MM
  SNOW DEPTH      MM

DEGREE DAYS
 HEATING
  TODAY            0                         3     -3       11
  MONTH TO DATE   92                       140    -48       70
  SINCE JUN 1     92                       140    -48       70
  SINCE JUL 1   7621                      7831   -210     7308

 COOLING
  TODAY            1                         2     -1        0
  MONTH TO DATE   31                        18     13       42
  SINCE JUN 1     31                        18     13       42
  SINCE JAN 1     33                        20     13       42
..................................................................


WIND (MPH)
  HIGHEST WIND SPEED     9   HIGHEST WIND DIRECTION     W (290)
  HIGHEST GUST SPEED    11   HIGHEST GUST DIRECTION     N (20)
  AVERAGE WIND SPEED     5.8


SKY COVER
  POSSIBLE SUNSHINE  MM
  AVERAGE SKY COVER 0.0


WEATHER CONDITIONS
 THE FOLLOWING WEATHER WAS RECORDED TODAY.
  NO SIGNIFICANT WEATHER WAS OBSERVED.


RELATIVE HUMIDITY (PERCENT)
 HIGHEST    93           500 AM
 LOWEST     24           200 PM
 AVERAGE    59

..........................................................


THE IDAHO FALLS ID CLIMATE NORMALS FOR TOMORROW
                         NORMAL    RECORD    YEAR
 MAXIMUM TEMPERATURE (F)   80        98      1970
 MINIMUM TEMPERATURE (F)   47        31      1976


SUNRISE AND SUNSET
JUNE 25 2017..........SUNRISE   549 AM MDT   SUNSET   913 PM MDT
JUNE 26 2017..........SUNRISE   549 AM MDT   SUNSET   913 PM MDT


-  INDICATES NEGATIVE NUMBERS.
R  INDICATES RECORD WAS SET OR TIED.
MM INDICATES DATA IS MISSING.
T  INDICATES TRACE AMOUNT.




$$
