000
CDUS45 KPIH 300738
CLIIDA


CLIMATE REPORT
NATIONAL WEATHER SERVICE POCATELLO ID
137 AM MDT THU JUL 30 2015


...................................

...THE IDAHO FALLS ID CLIMATE SUMMARY FOR JULY 29 2015...

CLIMATE NORMAL PERIOD 1981 TO 2010
CLIMATE RECORD PERIOD 1948 TO 2015


WEATHER ITEM   OBSERVED TIME   RECORD YEAR NORMAL DEPARTURE LAST
                VALUE   (LST)  VALUE       VALUE  FROM      YEAR
                                                  NORMAL
..................................................................
TEMPERATURE (F)
 YESTERDAY
  MAXIMUM         81    628 PM  96    2007  88     -7       77
                                      2000
  MINIMUM         38R   420 AM  43    2011  51    -13       60
  AVERAGE         60                        69     -9       69

PRECIPITATION (IN)
  YESTERDAY        0.00          0.24 1975   0.02  -0.02     0.03
  MONTH TO DATE    0.94                      0.47   0.47     0.11
  SINCE OCT 1      7.81                      8.98  -1.17     5.25
  SINCE JAN 1      6.35                      6.41  -0.06     3.95

SNOWFALL (IN)
  YESTERDAY       MM
  MONTH TO DATE   MM
  SINCE JUN 1     MM
  SINCE JUL 1     MM
  SNOW DEPTH      MM

DEGREE DAYS
 HEATING
  YESTERDAY        5                         0      5        0
  MONTH TO DATE   42                        25     17        2
  SINCE JUN 1     88                       178    -90      130
  SINCE JUL 1     42                        25     17        2

 COOLING
  YESTERDAY        0                         5     -5        4
  MONTH TO DATE   96                       118    -22      186
  SINCE JUN 1    192                       148     44      195
  SINCE JAN 1    193                       150     43      196
..................................................................


WIND (MPH)
  HIGHEST WIND SPEED     8   HIGHEST WIND DIRECTION    NW (320)
  HIGHEST GUST SPEED    12   HIGHEST GUST DIRECTION     W (270)
  AVERAGE WIND SPEED     4.4


SKY COVER
  POSSIBLE SUNSHINE  MM
  AVERAGE SKY COVER 0.0


WEATHER CONDITIONS
 THE FOLLOWING WEATHER WAS RECORDED YESTERDAY.
  NO SIGNIFICANT WEATHER WAS OBSERVED.


RELATIVE HUMIDITY (PERCENT)
 HIGHEST    92           400 AM
 LOWEST     17           400 PM
 AVERAGE    55

..........................................................


THE IDAHO FALLS ID CLIMATE NORMALS FOR TODAY
                         NORMAL    RECORD    YEAR
 MAXIMUM TEMPERATURE (F)   88       100      1966
 MINIMUM TEMPERATURE (F)   50        41      1950


SUNRISE AND SUNSET
JULY 30 2015..........SUNRISE   615 AM MDT   SUNSET   853 PM MDT
JULY 31 2015..........SUNRISE   616 AM MDT   SUNSET   852 PM MDT


-  INDICATES NEGATIVE NUMBERS.
R  INDICATES RECORD WAS SET OR TIED.
MM INDICATES DATA IS MISSING.
T  INDICATES TRACE AMOUNT.




$$
