000
CDUS45 KPIH 282322
CLIIDA


CLIMATE REPORT
NATIONAL WEATHER SERVICE POCATELLO ID
420 PM MST FRI NOV 28 2014


...................................

...THE IDAHO FALLS ID CLIMATE SUMMARY FOR NOVEMBER 28 2014...
VALID TODAY AS OF 0400 PM LOCAL TIME.

CLIMATE NORMAL PERIOD 1981 TO 2010
CLIMATE RECORD PERIOD 1948 TO 2014


WEATHER ITEM   OBSERVED TIME   RECORD YEAR NORMAL DEPARTURE LAST
                VALUE   (LST)  VALUE       VALUE  FROM      YEAR
                                                  NORMAL
..................................................................
TEMPERATURE (F)
 TODAY
  MAXIMUM         56R   311 PM  53    1999  35     21       47
  MINIMUM         36    757 AM  -9    1952  17     19       22
  AVERAGE         46                        26     20       35

PRECIPITATION (IN)
  TODAY            0.00          0.31 1988   0.03  -0.03     0.00
  MONTH TO DATE    0.49                      0.81  -0.32     0.29
  SINCE OCT 1      0.54                      1.64  -1.10     1.15
  SINCE JAN 1      9.37                      9.46  -0.09     6.17

SNOWFALL (IN)
  TODAY           MM
  MONTH TO DATE   MM
  SINCE SEP 1     MM
  SINCE JUL 1     MM
  SNOW DEPTH      MM

DEGREE DAYS
 HEATING
  TODAY           19                        39    -20       30
  MONTH TO DATE  955                       902     53      831
  SINCE SEP 1   1576                      1759   -183     1658
  SINCE JUL 1   1631                      1824   -193     1658

 COOLING
  TODAY            0                         0      0        0
  MONTH TO DATE    0                         0      0        0
  SINCE SEP 1     21                        12      9       50
  SINCE JAN 1    303                       264     39      510
..................................................................


WIND (MPH)
  HIGHEST WIND SPEED    22   HIGHEST WIND DIRECTION    SW (220)
  HIGHEST GUST SPEED    26   HIGHEST GUST DIRECTION    SW (210)
  AVERAGE WIND SPEED    10.8


SKY COVER
  POSSIBLE SUNSHINE  MM
  AVERAGE SKY COVER 0.4


WEATHER CONDITIONS
 THE FOLLOWING WEATHER WAS RECORDED TODAY.
  NO SIGNIFICANT WEATHER WAS OBSERVED.


RELATIVE HUMIDITY (PERCENT)
 HIGHEST    70          1200 AM
 LOWEST     35           300 PM
 AVERAGE    53

..........................................................


THE IDAHO FALLS ID CLIMATE NORMALS FOR TOMORROW
                         NORMAL    RECORD    YEAR
 MAXIMUM TEMPERATURE (F)   34        54      1980
 MINIMUM TEMPERATURE (F)   17       -19      1975


SUNRISE AND SUNSET
NOVEMBER 28 2014......SUNRISE   738 AM MST   SUNSET   454 PM MST
NOVEMBER 29 2014......SUNRISE   739 AM MST   SUNSET   454 PM MST


-  INDICATES NEGATIVE NUMBERS.
R  INDICATES RECORD WAS SET OR TIED.
MM INDICATES DATA IS MISSING.
T  INDICATES TRACE AMOUNT.




$$
