000
CDUS43 KUNR 301138
CLIIEN


CLIMATE REPORT
NATIONAL WEATHER SERVICE RAPID CITY SD
537 AM MDT THU OCT 30 2014


...................................

...THE PINE RIDGE SD CLIMATE SUMMARY FOR OCTOBER 29 2014...

CLIMATE NORMAL PERIOD 1981 TO 2010
CLIMATE RECORD PERIOD 9999 TO 9999


WEATHER ITEM   OBSERVED TIME   NORMAL DEPARTURE LAST
                VALUE   (LST)  VALUE  FROM      YEAR
                                      NORMAL
......................................................
TEMPERATURE (F)
 YESTERDAY
  MAXIMUM         67    222 PM  58      9       31
  MINIMUM         18    629 AM  28    -10       28
  AVERAGE         43            43      0       30

PRECIPITATION (IN)
  YESTERDAY        0.00          0.03  -0.03     0.00
  MONTH TO DATE    0.56          1.15  -0.59     3.27
  SINCE SEP 1      3.17          2.76   0.41     4.83
  SINCE JAN 1     21.40         16.55   4.85    19.10

DEGREE DAYS
 HEATING
  YESTERDAY       22            22      0       35
  MONTH TO DATE  416           486    -70      619
  SINCE SEP 1    594           671    -77      724
  SINCE JUL 1    638           708    -70      726

 COOLING
  YESTERDAY        0             0      0        0
  MONTH TO DATE    3             0      3        0
  SINCE SEP 1     64            66     -2      152
  SINCE JAN 1    482           714   -232      804
......................................................


WIND (MPH)
  HIGHEST WIND SPEED    17   HIGHEST WIND DIRECTION     N (10)
  HIGHEST GUST SPEED    23   HIGHEST GUST DIRECTION     N (360)
  AVERAGE WIND SPEED     5.7


SKY COVER
  AVERAGE SKY COVER 0.1


WEATHER CONDITIONS
 THE FOLLOWING WEATHER WAS RECORDED YESTERDAY.
  HAZE


RELATIVE HUMIDITY (PERCENT)
 HIGHEST    84          1200 AM
 LOWEST     20          1200 PM
 AVERAGE    52

..........................................................




SUNRISE AND SUNSET
OCTOBER 30 2014.......SUNRISE   722 AM MDT   SUNSET   545 PM MDT
OCTOBER 31 2014.......SUNRISE   723 AM MDT   SUNSET   543 PM MDT


-  INDICATES NEGATIVE NUMBERS.
R  INDICATES RECORD WAS SET OR TIED.
MM INDICATES DATA IS MISSING.
T  INDICATES TRACE AMOUNT.




$$
