000
CDUS43 KUNR 240831
CLIIEN


CLIMATE REPORT
NATIONAL WEATHER SERVICE RAPID CITY SD
231 AM MDT WED AUG 24 2016


...................................

...THE PINE RIDGE SD CLIMATE SUMMARY FOR AUGUST 23 2016...

CLIMATE NORMAL PERIOD 1981 TO 2010
CLIMATE RECORD PERIOD 9999 TO 9999


WEATHER ITEM   OBSERVED TIME   NORMAL DEPARTURE LAST
                VALUE   (LST)  VALUE  FROM      YEAR
                                      NORMAL
......................................................
TEMPERATURE (F)
 YESTERDAY
  MAXIMUM         84    243 PM  87     -3       75
  MINIMUM         45   1159 PM  54     -9       34
  AVERAGE         65            70     -5       55

PRECIPITATION (IN)
  YESTERDAY        0.00          0.05  -0.05     0.00
  MONTH TO DATE    2.18          1.47   0.71     0.22
  SINCE JUN 1      6.25          7.17  -0.92     6.63
  SINCE JAN 1     12.33         13.41  -1.08    16.31

DEGREE DAYS
 HEATING
  YESTERDAY        0             1     -1       10
  MONTH TO DATE   14            11      3       37
  SINCE JUN 1     42           110    -68       55
  SINCE JUL 1     16            23     -7       45

 COOLING
  YESTERDAY        0             6     -6        0
  MONTH TO DATE  164           197    -33      136
  SINCE JUN 1    673           588     85      453
  SINCE JAN 1    681           605     76      453
......................................................


WIND (MPH)
  HIGHEST WIND SPEED    24   HIGHEST WIND DIRECTION     S (180)
  HIGHEST GUST SPEED    33   HIGHEST GUST DIRECTION     S (180)
  AVERAGE WIND SPEED    12.0


SKY COVER
  AVERAGE SKY COVER 0.0


WEATHER CONDITIONS
 THE FOLLOWING WEATHER WAS RECORDED YESTERDAY.
  NO SIGNIFICANT WEATHER WAS OBSERVED.


RELATIVE HUMIDITY (PERCENT)
 HIGHEST    84           400 AM
 LOWEST     16           400 PM
 AVERAGE    50

..........................................................




SUNRISE AND SUNSET
AUGUST 24 2016........SUNRISE   606 AM MDT   SUNSET   737 PM MDT
AUGUST 25 2016........SUNRISE   607 AM MDT   SUNSET   736 PM MDT


-  INDICATES NEGATIVE NUMBERS.
R  INDICATES RECORD WAS SET OR TIED.
MM INDICATES DATA IS MISSING.
T  INDICATES TRACE AMOUNT.




$$
