000
CDUS43 KUNR 300834
CLIIEN


CLIMATE REPORT
NATIONAL WEATHER SERVICE RAPID CITY SD
232 AM MDT FRI SEP 30 2016


...................................

...THE PINE RIDGE SD CLIMATE SUMMARY FOR SEPTEMBER 29 2016...

CLIMATE NORMAL PERIOD 1981 TO 2010
CLIMATE RECORD PERIOD 9999 TO 9999


WEATHER ITEM   OBSERVED TIME   NORMAL DEPARTURE LAST
                VALUE   (LST)  VALUE  FROM      YEAR
                                      NORMAL
......................................................
TEMPERATURE (F)
 YESTERDAY
  MAXIMUM         82    234 PM  71     11       65
  MINIMUM         47    326 AM  39      8       53
  AVERAGE         65            55     10       59

PRECIPITATION (IN)
  YESTERDAY        0.00          0.04  -0.04     0.01
  MONTH TO DATE    0.68          1.56  -0.88     0.62
  SINCE SEP 1      0.68          1.56  -0.88     0.62
  SINCE JAN 1     13.60         15.35  -1.75    16.93

DEGREE DAYS
 HEATING
  YESTERDAY        0            11    -11        6
  MONTH TO DATE  131           174    -43       87
  SINCE SEP 1    131           174    -43       87
  SINCE JUL 1    164           211    -47      137

 COOLING
  YESTERDAY        0             0      0        0
  MONTH TO DATE   52            67    -15      109
  SINCE SEP 1     52            67    -15      109
  SINCE JAN 1    764           715     49      614
......................................................


WIND (MPH)
  HIGHEST WIND SPEED    25   HIGHEST WIND DIRECTION     S (180)
  HIGHEST GUST SPEED    37   HIGHEST GUST DIRECTION     S (180)
  AVERAGE WIND SPEED    12.7


SKY COVER
  AVERAGE SKY COVER 0.0


WEATHER CONDITIONS
 THE FOLLOWING WEATHER WAS RECORDED YESTERDAY.
  NO SIGNIFICANT WEATHER WAS OBSERVED.


RELATIVE HUMIDITY (PERCENT)
 HIGHEST    63           500 AM
 LOWEST     26           100 PM
 AVERAGE    45

..........................................................




SUNRISE AND SUNSET
SEPTEMBER 30 2016.....SUNRISE   647 AM MDT   SUNSET   632 PM MDT
OCTOBER  1 2016.......SUNRISE   648 AM MDT   SUNSET   630 PM MDT


-  INDICATES NEGATIVE NUMBERS.
R  INDICATES RECORD WAS SET OR TIED.
MM INDICATES DATA IS MISSING.
T  INDICATES TRACE AMOUNT.




$$
