000
CDUS43 KUNR 280846
CLIIEN


CLIMATE REPORT
NATIONAL WEATHER SERVICE RAPID CITY SD
243 AM MDT TUE JUL 28 2015


...................................

...THE PINE RIDGE SD CLIMATE SUMMARY FOR JULY 27 2015...

CLIMATE NORMAL PERIOD 1981 TO 2010
CLIMATE RECORD PERIOD 9999 TO 9999


WEATHER ITEM   OBSERVED TIME   NORMAL DEPARTURE LAST
                VALUE   (LST)  VALUE  FROM      YEAR
                                      NORMAL
......................................................
TEMPERATURE (F)
 YESTERDAY
  MAXIMUM         95    244 PM  91      4       81
  MINIMUM         61   1029 PM  59      2       46
  AVERAGE         78            75      3       64

PRECIPITATION (IN)
  YESTERDAY        T             0.08  -0.08     0.00
  MONTH TO DATE    2.64          1.91   0.73     2.56
  SINCE JUN 1      6.41          5.34   1.07     7.10
  SINCE JAN 1     16.09         11.58   4.51    14.70

DEGREE DAYS
 HEATING
  YESTERDAY        0             0      0        1
  MONTH TO DATE    3             4     -1       25
  SINCE JUN 1     13            91    -78      133
  SINCE JUL 1      3             4     -1       25

 COOLING
  YESTERDAY       13            10      3        0
  MONTH TO DATE  185           239    -54      172
  SINCE JUN 1    306           349    -43      229
  SINCE JAN 1    306           366    -60      254
......................................................


WIND (MPH)
  HIGHEST WIND SPEED    30   HIGHEST WIND DIRECTION     S (180)
  HIGHEST GUST SPEED    38   HIGHEST GUST DIRECTION     S (180)
  AVERAGE WIND SPEED    11.3


SKY COVER
  AVERAGE SKY COVER 0.0


WEATHER CONDITIONS
 THE FOLLOWING WEATHER WAS RECORDED YESTERDAY.
  THUNDERSTORM
  LIGHT RAIN


RELATIVE HUMIDITY (PERCENT)
 HIGHEST    90          1100 PM
 LOWEST     31           200 PM
 AVERAGE    61

..........................................................




SUNRISE AND SUNSET
JULY 28 2015..........SUNRISE   537 AM MDT   SUNSET   816 PM MDT
JULY 29 2015..........SUNRISE   538 AM MDT   SUNSET   815 PM MDT


-  INDICATES NEGATIVE NUMBERS.
R  INDICATES RECORD WAS SET OR TIED.
MM INDICATES DATA IS MISSING.
T  INDICATES TRACE AMOUNT.




$$
