000
CDUS43 KUNR 190834
CLIIEN


CLIMATE REPORT
NATIONAL WEATHER SERVICE RAPID CITY SD
133 AM MST FRI DEC 19 2014


...................................

...THE PINE RIDGE SD CLIMATE SUMMARY FOR DECEMBER 18 2014...

CLIMATE NORMAL PERIOD 1981 TO 2010
CLIMATE RECORD PERIOD 9999 TO 9999


WEATHER ITEM   OBSERVED TIME   NORMAL DEPARTURE LAST
                VALUE   (LST)  VALUE  FROM      YEAR
                                      NORMAL
......................................................
TEMPERATURE (F)
 YESTERDAY
  MAXIMUM         37    304 PM  35      2       52
  MINIMUM          6    757 AM   9     -3       23
  AVERAGE         22            22      0       38

PRECIPITATION (IN)
  YESTERDAY        0.00          0.01  -0.01     0.00
  MONTH TO DATE    0.10          0.20  -0.10     0.16
  SINCE DEC 1      0.10          0.20  -0.10     0.16
  SINCE JAN 1     22.20         17.37   4.83    20.12

DEGREE DAYS
 HEATING
  YESTERDAY       43            43      0       27
  MONTH TO DATE  583           744   -161      725
  SINCE DEC 1    583           744   -161      725
  SINCE JUL 1   2382          2434    -52     2440

 COOLING
  YESTERDAY        0             0      0        0
  MONTH TO DATE    0             0      0        0
  SINCE DEC 1      0             0      0        0
  SINCE JAN 1    482           717   -235      804
......................................................


WIND (MPH)
  HIGHEST WIND SPEED    13   HIGHEST WIND DIRECTION    SW (240)
  HIGHEST GUST SPEED    16   HIGHEST GUST DIRECTION    SW (240)
  AVERAGE WIND SPEED     5.3


SKY COVER
  AVERAGE SKY COVER 0.3


WEATHER CONDITIONS
 THE FOLLOWING WEATHER WAS RECORDED YESTERDAY.
  FOG
  HAZE


RELATIVE HUMIDITY (PERCENT)
 HIGHEST    92          1200 AM
 LOWEST     54           100 PM
 AVERAGE    73

..........................................................




SUNRISE AND SUNSET
DECEMBER 19 2014......SUNRISE   717 AM MST   SUNSET   417 PM MST
DECEMBER 20 2014......SUNRISE   718 AM MST   SUNSET   418 PM MST


-  INDICATES NEGATIVE NUMBERS.
R  INDICATES RECORD WAS SET OR TIED.
MM INDICATES DATA IS MISSING.
T  INDICATES TRACE AMOUNT.




$$
