955
CDUS43 KUNR 220833
CLIIEN


CLIMATE REPORT
NATIONAL WEATHER SERVICE RAPID CITY SD
233 AM MDT TUE AUG 22 2017


...................................

...THE PINE RIDGE SD CLIMATE SUMMARY FOR AUGUST 21 2017...

CLIMATE NORMAL PERIOD 1981 TO 2010
CLIMATE RECORD PERIOD 9999 TO 9999


WEATHER ITEM   OBSERVED TIME   NORMAL DEPARTURE LAST
                VALUE   (LST)  VALUE  FROM      YEAR
                                      NORMAL
......................................................
TEMPERATURE (F)
 YESTERDAY
  MAXIMUM         83        MM  87     -4       88
  MINIMUM         66   1200 AM  55     11       43
  AVERAGE         75            71      4       66

PRECIPITATION (IN)
  YESTERDAY        0.00          0.05  -0.05     0.00
  MONTH TO DATE    1.05          1.36  -0.31     2.18
  SINCE JUN 1      3.65          7.06  -3.41     6.25
  SINCE JAN 1     13.11         13.30  -0.19    12.33

DEGREE DAYS
 HEATING
  YESTERDAY        0             1     -1        0
  MONTH TO DATE   11             9      2       14
  SINCE JUN 1     46           108    -62       42
  SINCE JUL 1     11            21    -10       16

 COOLING
  YESTERDAY       10             7      3        1
  MONTH TO DATE   89           184    -95      150
  SINCE JUN 1    575           575      0      659
  SINCE JAN 1    591           592     -1      667
......................................................


WIND (MPH)
  HIGHEST WIND SPEED    16   HIGHEST WIND DIRECTION     N (360)
  HIGHEST GUST SPEED    29   HIGHEST GUST DIRECTION     N (360)
  AVERAGE WIND SPEED     8.9


SKY COVER
  AVERAGE SKY COVER 0.4


WEATHER CONDITIONS
 THE FOLLOWING WEATHER WAS RECORDED YESTERDAY.
  NO SIGNIFICANT WEATHER WAS OBSERVED.


RELATIVE HUMIDITY (PERCENT)
 HIGHEST   100           100 AM
 LOWEST     30           400 PM
 AVERAGE    65

..........................................................




SUNRISE AND SUNSET
AUGUST 22 2017........SUNRISE   604 AM MDT   SUNSET   741 PM MDT
AUGUST 23 2017........SUNRISE   605 AM MDT   SUNSET   739 PM MDT


-  INDICATES NEGATIVE NUMBERS.
R  INDICATES RECORD WAS SET OR TIED.
MM INDICATES DATA IS MISSING.
T  INDICATES TRACE AMOUNT.




$$
