000
CDUS43 KUNR 290833
CLIIEN


CLIMATE REPORT
NATIONAL WEATHER SERVICE RAPID CITY SD
231 AM MDT TUE JUL 29 2014


...................................

...THE PINE RIDGE SD CLIMATE SUMMARY FOR JULY 28 2014...

CLIMATE NORMAL PERIOD 1981 TO 2010
CLIMATE RECORD PERIOD 9999 TO 9999


WEATHER ITEM   OBSERVED TIME   NORMAL DEPARTURE LAST
                VALUE   (LST)  VALUE  FROM      YEAR
                                      NORMAL
......................................................
TEMPERATURE (F)
 YESTERDAY
  MAXIMUM         83    400 PM  91     -8       76
  MINIMUM         50    412 AM  59     -9       57
  AVERAGE         67            75     -8       67

PRECIPITATION (IN)
  YESTERDAY        0.00          0.08  -0.08      T
  MONTH TO DATE    2.56          1.99   0.57     1.62
  SINCE JUN 1      7.10          5.42   1.68     3.73
  SINCE JAN 1     14.70         11.66   3.04    11.49

DEGREE DAYS
 HEATING
  YESTERDAY        0             0      0        0
  MONTH TO DATE   25             4     21        2
  SINCE JUN 1    133            91     42       80
  SINCE JUL 1     25             4     21        2

 COOLING
  YESTERDAY        2            10     -8        2
  MONTH TO DATE  174           249    -75      258
  SINCE JUN 1    231           359   -128      341
  SINCE JAN 1    256           376   -120      358
......................................................


WIND (MPH)
  HIGHEST WIND SPEED    14   HIGHEST WIND DIRECTION     E (70)
  HIGHEST GUST SPEED    17   HIGHEST GUST DIRECTION     E (80)
  AVERAGE WIND SPEED     6.0


SKY COVER
  AVERAGE SKY COVER 0.1


WEATHER CONDITIONS
 THE FOLLOWING WEATHER WAS RECORDED YESTERDAY.
  NO SIGNIFICANT WEATHER WAS OBSERVED.


RELATIVE HUMIDITY (PERCENT)
 HIGHEST    96           300 AM
 LOWEST     39          1200 PM
 AVERAGE    68

..........................................................




SUNRISE AND SUNSET
JULY 29 2014..........SUNRISE   538 AM MDT   SUNSET   815 PM MDT
JULY 30 2014..........SUNRISE   539 AM MDT   SUNSET   814 PM MDT


-  INDICATES NEGATIVE NUMBERS.
R  INDICATES RECORD WAS SET OR TIED.
MM INDICATES DATA IS MISSING.
T  INDICATES TRACE AMOUNT.




$$
