000
CDUS43 KUNR 260835
CLIIEN


CLIMATE REPORT
NATIONAL WEATHER SERVICE RAPID CITY SD
234 AM MDT WED APR 26 2017


...................................

...THE PINE RIDGE SD CLIMATE SUMMARY FOR APRIL 25 2017...

CLIMATE NORMAL PERIOD 1981 TO 2010
CLIMATE RECORD PERIOD 9999 TO 9999


WEATHER ITEM   OBSERVED TIME   NORMAL DEPARTURE LAST
                VALUE   (LST)  VALUE  FROM      YEAR
                                      NORMAL
......................................................
TEMPERATURE (F)
 YESTERDAY
  MAXIMUM         45   1209 AM  63    -18       62
  MINIMUM         28   1058 PM  34     -6       34
  AVERAGE         37            48    -11       48

PRECIPITATION (IN)
  YESTERDAY        0.42          0.08   0.34     0.00
  MONTH TO DATE    1.94          1.54   0.40     2.47
  SINCE MAR 1      3.79          2.41   1.38     3.85
  SINCE JAN 1      4.93          3.20   1.73     4.35

DEGREE DAYS
 HEATING
  YESTERDAY       28            17     11       17
  MONTH TO DATE  379           505   -126      392
  SINCE MAR 1   1070          1393   -323     1129
  SINCE JUL 1   6236          6743   -507     5998

 COOLING
  YESTERDAY        0             0      0        0
  MONTH TO DATE    1             0      1        1
  SINCE MAR 1      1             0      1        1
  SINCE JAN 1      1             0      1        1
......................................................


WIND (MPH)
  HIGHEST WIND SPEED    24   HIGHEST WIND DIRECTION     E (80)
  HIGHEST GUST SPEED    31   HIGHEST GUST DIRECTION     E (70)
  AVERAGE WIND SPEED    13.6


SKY COVER
  AVERAGE SKY COVER 1.0


WEATHER CONDITIONS
 THE FOLLOWING WEATHER WAS RECORDED YESTERDAY.
  RAIN
  LIGHT RAIN
  LIGHT SNOW
  FOG
  HAZE


RELATIVE HUMIDITY (PERCENT)
 HIGHEST   100           200 AM
 LOWEST     82           100 PM
 AVERAGE    91

..........................................................




SUNRISE AND SUNSET
APRIL 26 2017.........SUNRISE   551 AM MDT   SUNSET   746 PM MDT
APRIL 27 2017.........SUNRISE   549 AM MDT   SUNSET   747 PM MDT


-  INDICATES NEGATIVE NUMBERS.
R  INDICATES RECORD WAS SET OR TIED.
MM INDICATES DATA IS MISSING.
T  INDICATES TRACE AMOUNT.




$$
