000
CDUS43 KUNR 120833
CLIIEN


CLIMATE REPORT
NATIONAL WEATHER SERVICE RAPID CITY SD
231 AM MDT SAT JUL 12 2014


...................................

...THE PINE RIDGE SD CLIMATE SUMMARY FOR JULY 11 2014...

CLIMATE NORMAL PERIOD 1981 TO 2010
CLIMATE RECORD PERIOD 9999 TO 9999


WEATHER ITEM   OBSERVED TIME   NORMAL DEPARTURE LAST
                VALUE   (LST)  VALUE  FROM      YEAR
                                      NORMAL
......................................................
TEMPERATURE (F)
 YESTERDAY
  MAXIMUM         88    138 PM  89     -1       98
  MINIMUM         62    901 PM  58      4       67
  AVERAGE         75            73      2       83

PRECIPITATION (IN)
  YESTERDAY        1.51          0.07   1.44     0.00
  MONTH TO DATE    1.60          0.89   0.71     0.57
  SINCE JUN 1      6.14          4.32   1.82     2.68
  SINCE JAN 1     13.74         10.56   3.18    10.44

DEGREE DAYS
 HEATING
  YESTERDAY        0             0      0        0
  MONTH TO DATE   13             4      9        0
  SINCE JUN 1    121            91     30       78
  SINCE JUL 1     13             4      9        0

 COOLING
  YESTERDAY       10             9      1       18
  MONTH TO DATE   66            84    -18      109
  SINCE JUN 1    123           194    -71      192
  SINCE JAN 1    148           211    -63      209
......................................................


WIND (MPH)
  HIGHEST WIND SPEED    17   HIGHEST WIND DIRECTION     N (20)
  HIGHEST GUST SPEED    22   HIGHEST GUST DIRECTION     E (110)
  AVERAGE WIND SPEED     6.3


SKY COVER
  AVERAGE SKY COVER 0.5


WEATHER CONDITIONS
 THE FOLLOWING WEATHER WAS RECORDED YESTERDAY.
  THUNDERSTORM
  HEAVY RAIN
  RAIN
  LIGHT RAIN
  FOG


RELATIVE HUMIDITY (PERCENT)
 HIGHEST    93          1200 AM
 LOWEST     42           100 PM
 AVERAGE    68

..........................................................




SUNRISE AND SUNSET
JULY 12 2014..........SUNRISE   522 AM MDT   SUNSET   829 PM MDT
JULY 13 2014..........SUNRISE   523 AM MDT   SUNSET   828 PM MDT


-  INDICATES NEGATIVE NUMBERS.
R  INDICATES RECORD WAS SET OR TIED.
MM INDICATES DATA IS MISSING.
T  INDICATES TRACE AMOUNT.




$$
