000
CDUS43 KUNR 070831
CLIIEN


CLIMATE REPORT
NATIONAL WEATHER SERVICE RAPID CITY SD
231 AM MDT TUE JUL 7 2015


...................................

...THE PINE RIDGE SD CLIMATE SUMMARY FOR JULY 6 2015...

CLIMATE NORMAL PERIOD 1981 TO 2010
CLIMATE RECORD PERIOD 9999 TO 9999


WEATHER ITEM   OBSERVED TIME   NORMAL DEPARTURE LAST
                VALUE   (LST)  VALUE  FROM      YEAR
                                      NORMAL
......................................................
TEMPERATURE (F)
 YESTERDAY
  MAXIMUM         72    406 PM  87    -15       87
  MINIMUM         59    841 PM  57      2       58
  AVERAGE         66            72     -6       73

PRECIPITATION (IN)
  YESTERDAY        0.15          0.08   0.07     0.00
  MONTH TO DATE    2.35          0.51   1.84      T
  SINCE JUN 1      6.12          3.94   2.18     4.54
  SINCE JAN 1     15.80         10.18   5.62    12.14

DEGREE DAYS
 HEATING
  YESTERDAY        0             0      0        0
  MONTH TO DATE    0             4     -4       11
  SINCE JUN 1     10            91    -81      119
  SINCE JUL 1      0             4     -4       11

 COOLING
  YESTERDAY        1             8     -7        8
  MONTH TO DATE   43            43      0       35
  SINCE JUN 1    164           153     11       92
  SINCE JAN 1    164           170     -6      117
......................................................


WIND (MPH)
  HIGHEST WIND SPEED    17   HIGHEST WIND DIRECTION     N (360)
  HIGHEST GUST SPEED    21   HIGHEST GUST DIRECTION     N (360)
  AVERAGE WIND SPEED     7.0


SKY COVER
  AVERAGE SKY COVER 0.8


WEATHER CONDITIONS
 THE FOLLOWING WEATHER WAS RECORDED YESTERDAY.
  RAIN
  LIGHT RAIN
  FOG
  HAZE


RELATIVE HUMIDITY (PERCENT)
 HIGHEST    90           100 AM
 LOWEST     53           100 PM
 AVERAGE    72

..........................................................




SUNRISE AND SUNSET
JULY  7 2015..........SUNRISE   518 AM MDT   SUNSET   831 PM MDT
JULY  8 2015..........SUNRISE   519 AM MDT   SUNSET   831 PM MDT


-  INDICATES NEGATIVE NUMBERS.
R  INDICATES RECORD WAS SET OR TIED.
MM INDICATES DATA IS MISSING.
T  INDICATES TRACE AMOUNT.




$$
