161
CDUS43 KUNR 060904
CLIIEN


CLIMATE REPORT
NATIONAL WEATHER SERVICE RAPID CITY SD
203 AM MST SAT FEB 6 2016


...................................

...THE PINE RIDGE SD CLIMATE SUMMARY FOR FEBRUARY 5 2016...

CLIMATE NORMAL PERIOD 1981 TO 2010
CLIMATE RECORD PERIOD 9999 TO 9999


WEATHER ITEM   OBSERVED TIME   NORMAL DEPARTURE LAST
                VALUE   (LST)  VALUE  FROM      YEAR
                                      NORMAL
......................................................
TEMPERATURE (F)
 YESTERDAY
  MAXIMUM         39    338 PM  38      1       50
  MINIMUM         22   1035 PM  11     11       13
  AVERAGE         31            25      6       32

PRECIPITATION (IN)
  YESTERDAY        T             0.01  -0.01     0.00
  MONTH TO DATE    0.06          0.09  -0.03     0.04
  SINCE DEC 1      1.29          0.76   0.53     0.78
  SINCE JAN 1      0.27          0.41  -0.14     0.23

DEGREE DAYS
 HEATING
  YESTERDAY       34            40     -6       33
  MONTH TO DATE  201           203     -2      201
  SINCE DEC 1   2744          2790    -46     2598
  SINCE JUL 1   4232          4480   -248     4397

 COOLING
  YESTERDAY        0             0      0        0
  MONTH TO DATE    0             0      0        0
  SINCE DEC 1      0             0      0        0
  SINCE JAN 1      0             0      0        0
......................................................


WIND (MPH)
  HIGHEST WIND SPEED    15   HIGHEST WIND DIRECTION    NW (300)
  HIGHEST GUST SPEED    20   HIGHEST GUST DIRECTION     W (280)
  AVERAGE WIND SPEED     6.6


SKY COVER
  AVERAGE SKY COVER 0.4


WEATHER CONDITIONS
 THE FOLLOWING WEATHER WAS RECORDED YESTERDAY.
  LIGHT SNOW


RELATIVE HUMIDITY (PERCENT)
 HIGHEST    75           700 AM
 LOWEST     54           300 PM
 AVERAGE    65

..........................................................




SUNRISE AND SUNSET
FEBRUARY  6 2016......SUNRISE   700 AM MST   SUNSET   509 PM MST
FEBRUARY  7 2016......SUNRISE   659 AM MST   SUNSET   510 PM MST


-  INDICATES NEGATIVE NUMBERS.
R  INDICATES RECORD WAS SET OR TIED.
MM INDICATES DATA IS MISSING.
T  INDICATES TRACE AMOUNT.




$$
