000
CDUS45 KVEF 290028
CLIIGM


CLIMATE REPORT
NATIONAL WEATHER SERVICE LAS VEGAS, NV
527 PM PDT SUN AUG 28 2016


...................................

...THE KINGMAN AZ CLIMATE SUMMARY FOR AUGUST 28 2016...
VALID TODAY AS OF 0500 PM LOCAL TIME.

CLIMATE NORMAL PERIOD 1981 TO 2010
CLIMATE RECORD PERIOD 1901 TO 2016


WEATHER ITEM   OBSERVED TIME   RECORD YEAR NORMAL DEPARTURE LAST
                VALUE   (LST)  VALUE       VALUE  FROM      YEAR
                                                  NORMAL
..................................................................
TEMPERATURE (F)
 TODAY
  MAXIMUM         91    431 PM 107    2009  95     -4      101
  MINIMUM         58    504 AM  50    1920  68    -10       68
  AVERAGE         75                        81     -6       85

PRECIPITATION (IN)
  TODAY            0.00          0.62 1971   0.06  -0.06     0.00
  MONTH TO DATE    3.06                      0.81   2.25     1.08
  SINCE OCT 1      8.66                      7.21   1.45     8.61
  SINCE JAN 1      7.14                      5.11   2.03     6.48

DEGREE DAYS
 HEATING
  TODAY            0                         0      0        0
  MONTH TO DATE    0                         0      0        0
  SINCE JUN 1      0                         3     -3        0
  SINCE JUL 1      0                         0      0        0

 COOLING
  TODAY           10                        16     -6       20
  MONTH TO DATE  462                       496    -34      529
  SINCE JUN 1   1689                      1457    232     1519
  SINCE JAN 1   1829                      1655    174     1625
..................................................................


WIND (MPH)
  RESULTANT WIND SPEED   1   RESULTANT WIND DIRECTION   E (80)
  HIGHEST WIND SPEED    16   HIGHEST WIND DIRECTION     N (10)
  HIGHEST GUST SPEED    20   HIGHEST GUST DIRECTION     N (20)
  AVERAGE WIND SPEED     3.4


SKY COVER
  POSSIBLE SUNSHINE  MM
  AVERAGE SKY COVER 0.0


WEATHER CONDITIONS
 THE FOLLOWING WEATHER WAS RECORDED TODAY.
  NO SIGNIFICANT WEATHER WAS OBSERVED.


RELATIVE HUMIDITY (PERCENT)
 HIGHEST    87           300 AM
 LOWEST     21           300 PM
 AVERAGE    54

..........................................................


THE KINGMAN AZ CLIMATE NORMALS FOR TOMORROW
                         NORMAL    RECORD    YEAR
 MAXIMUM TEMPERATURE (F)   94       105      1915
 MINIMUM TEMPERATURE (F)   67        49      1920


SUNRISE AND SUNSET
AUGUST 28 2016........SUNRISE   606 AM MST   SUNSET   707 PM MST
AUGUST 29 2016........SUNRISE   606 AM MST   SUNSET   706 PM MST


-  INDICATES NEGATIVE NUMBERS.
R  INDICATES RECORD WAS SET OR TIED.
MM INDICATES DATA IS MISSING.
T  INDICATES TRACE AMOUNT.




$$
