000
CDUS45 KVEF 240035
CLIIGM


CLIMATE REPORT
NATIONAL WEATHER SERVICE LAS VEGAS, NV
535 PM PDT TUE MAY 23 2017


...................................

...THE KINGMAN AZ CLIMATE SUMMARY FOR MAY 23 2017...
VALID TODAY AS OF 0500 PM LOCAL TIME.

CLIMATE NORMAL PERIOD 1981 TO 2010
CLIMATE RECORD PERIOD 1901 TO 2017


WEATHER ITEM   OBSERVED TIME   RECORD YEAR NORMAL DEPARTURE LAST
                VALUE   (LST)  VALUE       VALUE  FROM      YEAR
                                                  NORMAL
..................................................................
TEMPERATURE (F)
 TODAY
  MAXIMUM         97    346 PM 100    2005  87     10       80
  MINIMUM         55    517 AM  38    1932  55      0       47
  AVERAGE         76                        71      5       64

PRECIPITATION (IN)
  TODAY            0.00          0.16 1941   0.01  -0.01     0.00
  MONTH TO DATE    0.19                      0.11   0.08     0.38
  SINCE OCT 1      6.45                      5.54   0.91     4.61
  SINCE JAN 1      2.89                      3.44  -0.55     3.09

DEGREE DAYS
 HEATING
  TODAY            0                         1     -1        1
  MONTH TO DATE   85                        48     37       40
  SINCE MAR 1    494                       681   -187      469
  SINCE JUL 1   2491                      3094   -603     2821

 COOLING
  TODAY           11                         7      4        0
  MONTH TO DATE   68                       105    -37       83
  SINCE MAR 1     83                       136    -53      103
  SINCE JAN 1     83                       136    -53      103
..................................................................


WIND (MPH)
  RESULTANT WIND SPEED   2   RESULTANT WIND DIRECTION  NE (40)
  HIGHEST WIND SPEED    20   HIGHEST WIND DIRECTION     N (340)
  HIGHEST GUST SPEED    24   HIGHEST GUST DIRECTION    NW (320)
  AVERAGE WIND SPEED     4.3


SKY COVER
  POSSIBLE SUNSHINE  MM
  AVERAGE SKY COVER 0.0


WEATHER CONDITIONS
 THE FOLLOWING WEATHER WAS RECORDED TODAY.
  NO SIGNIFICANT WEATHER WAS OBSERVED.


RELATIVE HUMIDITY (PERCENT)
 HIGHEST    30           300 AM
 LOWEST      9          1100 AM
 AVERAGE    20

..........................................................


THE KINGMAN AZ CLIMATE NORMALS FOR TOMORROW
                         NORMAL    RECORD    YEAR
 MAXIMUM TEMPERATURE (F)   88       101      2001
 MINIMUM TEMPERATURE (F)   55        34      1909


SUNRISE AND SUNSET
MAY 23 2017...........SUNRISE   526 AM MST   SUNSET   739 PM MST
MAY 24 2017...........SUNRISE   526 AM MST   SUNSET   740 PM MST


-  INDICATES NEGATIVE NUMBERS.
R  INDICATES RECORD WAS SET OR TIED.
MM INDICATES DATA IS MISSING.
T  INDICATES TRACE AMOUNT.




$$
