000
CDUS45 KVEF 260027
CLIIGM


CLIMATE REPORT
NATIONAL WEATHER SERVICE LAS VEGAS, NV
525 PM PDT SAT OCT 25 2014


...................................

...THE KINGMAN AZ CLIMATE SUMMARY FOR OCTOBER 25 2014...
VALID TODAY AS OF 0500 PM LOCAL TIME.

CLIMATE NORMAL PERIOD 1981 TO 2010
CLIMATE RECORD PERIOD 1901 TO 2014


WEATHER ITEM   OBSERVED TIME   RECORD YEAR NORMAL DEPARTURE LAST
                VALUE   (LST)  VALUE       VALUE  FROM      YEAR
                                                  NORMAL
..................................................................
TEMPERATURE (F)
 TODAY
  MAXIMUM         83    103 PM  90    1959  73     10       80
  MINIMUM         57    525 AM  32    1954  45     12       41
  AVERAGE         70                        59     11       61

PRECIPITATION (IN)
  TODAY            0.00          0.51 1951   0.03  -0.03     0.00
  MONTH TO DATE    0.76                      0.54   0.22     0.12
  SINCE OCT 1      0.76                      0.54   0.22     0.12
  SINCE JAN 1      7.25                      6.83   0.42     5.96

DEGREE DAYS
 HEATING
  TODAY            0                         7     -7        4
  MONTH TO DATE    7                        85    -78      155
  SINCE SEP 1     11                        91    -80      181
  SINCE JUL 1     11                        91    -80      181

 COOLING
  TODAY            5                         1      4        0
  MONTH TO DATE   47                        63    -16        6
  SINCE SEP 1    385                       388     -3      231
  SINCE JAN 1   2067                      2089    -22     2105
..................................................................


WIND (MPH)
  RESULTANT WIND SPEED   9   RESULTANT WIND DIRECTION   S (180)
  HIGHEST WIND SPEED    23   HIGHEST WIND DIRECTION    SW (230)
  HIGHEST GUST SPEED    27   HIGHEST GUST DIRECTION    SW (230)
  AVERAGE WIND SPEED    11.5


SKY COVER
  POSSIBLE SUNSHINE  MM
  AVERAGE SKY COVER 0.1


WEATHER CONDITIONS
 THE FOLLOWING WEATHER WAS RECORDED TODAY.
  NO SIGNIFICANT WEATHER WAS OBSERVED.


RELATIVE HUMIDITY (PERCENT)
 HIGHEST    51           400 AM
 LOWEST     23          1200 PM
 AVERAGE    37

..........................................................


THE KINGMAN AZ CLIMATE NORMALS FOR TOMORROW
                         NORMAL    RECORD    YEAR
 MAXIMUM TEMPERATURE (F)   73        89      1965
 MINIMUM TEMPERATURE (F)   44        28      1939


SUNRISE AND SUNSET
OCTOBER 25 2014.......SUNRISE   651 AM MST   SUNSET   548 PM MST
OCTOBER 26 2014.......SUNRISE   652 AM MST   SUNSET   547 PM MST


-  INDICATES NEGATIVE NUMBERS.
R  INDICATES RECORD WAS SET OR TIED.
MM INDICATES DATA IS MISSING.
T  INDICATES TRACE AMOUNT.




$$
