000
CDUS45 KVEF 200845
CLIIGM


CLIMATE REPORT
NATIONAL WEATHER SERVICE LAS VEGAS, NV
1245 AM PST FRI JAN 20 2017


...................................

...THE KINGMAN AZ CLIMATE SUMMARY FOR JANUARY 19 2017...

CLIMATE NORMAL PERIOD 1981 TO 2010
CLIMATE RECORD PERIOD 1901 TO 2017


WEATHER ITEM   OBSERVED TIME   RECORD YEAR NORMAL DEPARTURE LAST
                VALUE   (LST)  VALUE       VALUE  FROM      YEAR
                                                  NORMAL
..................................................................
TEMPERATURE (F)
 YESTERDAY
  MAXIMUM         48    212 AM  77    1971  57     -9       59
  MINIMUM         37    942 PM  12    1937  31      6       32
  AVERAGE         43                        44     -1       46

PRECIPITATION (IN)
  YESTERDAY        0.64          1.16 2010   0.04   0.60     0.06
  MONTH TO DATE    1.06                      0.60   0.46     0.67
  SINCE OCT 1      4.62                      2.70   1.92     2.19
  SINCE JAN 1      1.06                      0.60   0.46     0.67

DEGREE DAYS
 HEATING
  YESTERDAY       22                        21      1       19
  MONTH TO DATE  363                       412    -49      433
  SINCE DEC 1   1004                      1095    -91     1163
  SINCE JUL 1   1326                      1661   -335     1739

 COOLING
  YESTERDAY        0                         0      0        0
  MONTH TO DATE    0                         0      0        0
  SINCE DEC 1      0                         0      0        0
  SINCE JAN 1      0                         0      0        0
..................................................................


WIND (MPH)
  RESULTANT WIND SPEED   9   RESULTANT WIND DIRECTION   S (190)
  HIGHEST WIND SPEED    29   HIGHEST WIND DIRECTION    SW (210)
  HIGHEST GUST SPEED    33   HIGHEST GUST DIRECTION    SW (210)
  AVERAGE WIND SPEED    11.1


SKY COVER
  POSSIBLE SUNSHINE  MM
  AVERAGE SKY COVER 0.8


WEATHER CONDITIONS
 THE FOLLOWING WEATHER WAS RECORDED YESTERDAY.
  THUNDERSTORM
  HEAVY RAIN
  RAIN
  LIGHT RAIN
  FOG


RELATIVE HUMIDITY (PERCENT)
 HIGHEST    85           900 PM
 LOWEST     36           200 AM
 AVERAGE    61

..........................................................


THE KINGMAN AZ CLIMATE NORMALS FOR TODAY
                         NORMAL    RECORD    YEAR
 MAXIMUM TEMPERATURE (F)   57        75      1971
 MINIMUM TEMPERATURE (F)   31        12      1937


SUNRISE AND SUNSET
JANUARY 20 2017.......SUNRISE   742 AM MST   SUNSET   552 PM MST
JANUARY 21 2017.......SUNRISE   742 AM MST   SUNSET   553 PM MST


-  INDICATES NEGATIVE NUMBERS.
R  INDICATES RECORD WAS SET OR TIED.
MM INDICATES DATA IS MISSING.
T  INDICATES TRACE AMOUNT.




$$
