000
CDUS45 KVEF 230828
CLIIGM


CLIMATE REPORT
NATIONAL WEATHER SERVICE LAS VEGAS, NV
1228 AM PST THU FEB 23 2017


...................................

...THE KINGMAN AZ CLIMATE SUMMARY FOR FEBRUARY 22 2017...

CLIMATE NORMAL PERIOD 1981 TO 2010
CLIMATE RECORD PERIOD 1901 TO 2017


WEATHER ITEM   OBSERVED TIME   RECORD YEAR NORMAL DEPARTURE LAST
                VALUE   (LST)  VALUE       VALUE  FROM      YEAR
                                                  NORMAL
..................................................................
TEMPERATURE (F)
 YESTERDAY
  MAXIMUM         68    123 PM  80    2002  61      7       67
  MINIMUM         39   1143 PM  21    2013  35      4       36
                                      1975
  AVERAGE         54                        48      6       52

PRECIPITATION (IN)
  YESTERDAY        0.00          0.70 2005   0.03  -0.03     0.00
  MONTH TO DATE    0.18                      0.93  -0.75      T
  SINCE OCT 1      5.52                      4.05   1.47     2.70
  SINCE JAN 1      1.96                      1.95   0.01     1.18

DEGREE DAYS
 HEATING
  YESTERDAY       11                        17     -6       13
  MONTH TO DATE  250                       409   -159      324
  SINCE DEC 1   1537                      1748   -211     1706
  SINCE JUL 1   1859                      2314   -455     2282

 COOLING
  YESTERDAY        0                         0      0        0
  MONTH TO DATE    0                         0      0        0
  SINCE DEC 1      0                         0      0        0
  SINCE JAN 1      0                         0      0        0
..................................................................


WIND (MPH)
  RESULTANT WIND SPEED  11   RESULTANT WIND DIRECTION  SW (210)
  HIGHEST WIND SPEED    33   HIGHEST WIND DIRECTION    SW (220)
  HIGHEST GUST SPEED    39   HIGHEST GUST DIRECTION    SW (220)
  AVERAGE WIND SPEED    13.9


SKY COVER
  POSSIBLE SUNSHINE  MM
  AVERAGE SKY COVER 0.1


WEATHER CONDITIONS
 THE FOLLOWING WEATHER WAS RECORDED YESTERDAY.
  NO SIGNIFICANT WEATHER WAS OBSERVED.


RELATIVE HUMIDITY (PERCENT)
 HIGHEST    86          1200 AM
 LOWEST      8          1200 PM
 AVERAGE    47

..........................................................


THE KINGMAN AZ CLIMATE NORMALS FOR TODAY
                         NORMAL    RECORD    YEAR
 MAXIMUM TEMPERATURE (F)   61        78      1927
 MINIMUM TEMPERATURE (F)   35        19      1953


SUNRISE AND SUNSET
FEBRUARY 23 2017......SUNRISE   712 AM MST   SUNSET   626 PM MST
FEBRUARY 24 2017......SUNRISE   711 AM MST   SUNSET   627 PM MST


-  INDICATES NEGATIVE NUMBERS.
R  INDICATES RECORD WAS SET OR TIED.
MM INDICATES DATA IS MISSING.
T  INDICATES TRACE AMOUNT.




$$
