000
CDUS45 KIGM 010830
CLIIGM


CLIMATE REPORT
NATIONAL WEATHER SERVICE LAS VEGAS, NV
130 AM PDT WED OCT 1 2014


...................................

...THE KINGMAN AZ CLIMATE SUMMARY FOR SEPTEMBER 30 2014...

CLIMATE NORMAL PERIOD 1981 TO 2010
CLIMATE RECORD PERIOD 1901 TO 2014


WEATHER ITEM   OBSERVED TIME   RECORD YEAR NORMAL DEPARTURE LAST
                VALUE   (LST)  VALUE       VALUE  FROM      YEAR
                                                  NORMAL
..................................................................
TEMPERATURE (F)
 YESTERDAY
  MAXIMUM         81    314 PM  99    1980  84     -3       85
  MINIMUM         MM        MM  34    1907  56     MM       49
  AVERAGE         MM                        70     MM       67

PRECIPITATION (IN)
  YESTERDAY        0.00          0.97 1921   0.01  -0.01     0.00
  MONTH TO DATE    1.53                      1.02   0.51     1.80
  SINCE OCT 1      6.50                      8.39  -1.89     7.01
  SINCE JAN 1      5.62                      6.29  -0.67     5.84

DEGREE DAYS
 HEATING
  YESTERDAY       MM                         1     MM        0
  MONTH TO DATE    0                         5     -5       26
  SINCE SEP 1      0                         6     -6       26
  SINCE JUL 1      0                         6     -6       26

 COOLING
  YESTERDAY       MM                         6     MM        2
  MONTH TO DATE  332                       325      7      225
  SINCE SEP 1    332                       325      7      225
  SINCE JAN 1   2014                      2026    -12     2099
..................................................................


WIND (MPH)
  RESULTANT WIND SPEED   5   RESULTANT WIND DIRECTION   S (200)
  HIGHEST WIND SPEED    16   HIGHEST WIND DIRECTION     W (250)
  HIGHEST GUST SPEED    19   HIGHEST GUST DIRECTION    SW (240)
  AVERAGE WIND SPEED     7.1


SKY COVER
  POSSIBLE SUNSHINE  MM
  AVERAGE SKY COVER 0.0


WEATHER CONDITIONS
 THE FOLLOWING WEATHER WAS RECORDED YESTERDAY.
  NO SIGNIFICANT WEATHER WAS OBSERVED.


RELATIVE HUMIDITY (PERCENT)
 HIGHEST    MM
 LOWEST     18           400 PM
 AVERAGE    MM

..........................................................


THE KINGMAN AZ CLIMATE NORMALS FOR TODAY
                         NORMAL    RECORD    YEAR
 MAXIMUM TEMPERATURE (F)   84       100      1980
 MINIMUM TEMPERATURE (F)   55        37      1971


SUNRISE AND SUNSET
OCTOBER  1 2014.......SUNRISE   631 AM MST   SUNSET   620 PM MST
OCTOBER  2 2014.......SUNRISE   631 AM MST   SUNSET   618 PM MST


-  INDICATES NEGATIVE NUMBERS.
R  INDICATES RECORD WAS SET OR TIED.
MM INDICATES DATA IS MISSING.
T  INDICATES TRACE AMOUNT.




$$
