000
CDUS45 KVEF 280827
CLIIGM


CLIMATE REPORT
NATIONAL WEATHER SERVICE LAS VEGAS, NV
126 AM PDT THU JUL 28 2016


...................................

...THE KINGMAN AZ CLIMATE SUMMARY FOR JULY 27 2016...

CLIMATE NORMAL PERIOD 1981 TO 2010
CLIMATE RECORD PERIOD 1901 TO 2016


WEATHER ITEM   OBSERVED TIME   RECORD YEAR NORMAL DEPARTURE LAST
                VALUE   (LST)  VALUE       VALUE  FROM      YEAR
                                                  NORMAL
..................................................................
TEMPERATURE (F)
 YESTERDAY
  MAXIMUM        107    244 PM 108    1934  97     10       97
  MINIMUM         78    558 AM  49    1907  71      7       62
  AVERAGE         93                        84      9       80

PRECIPITATION (IN)
  YESTERDAY        T             1.10 2013   0.03  -0.03     0.00
  MONTH TO DATE    0.32                      0.64  -0.32     0.92
  SINCE OCT 1      5.48                      6.29  -0.81     7.53
  SINCE JAN 1      3.96                      4.19  -0.23     5.40

DEGREE DAYS
 HEATING
  YESTERDAY        0                         0      0        0
  MONTH TO DATE    0                         0      0        0
  SINCE JUN 1      0                         3     -3        0
  SINCE JUL 1      0                         0      0        0

 COOLING
  YESTERDAY       28                        19      9       15
  MONTH TO DATE  571                       499     72      439
  SINCE JUN 1   1133                       884    249      916
  SINCE JAN 1   1273                      1082    191     1022
..................................................................


WIND (MPH)
  RESULTANT WIND SPEED   5   RESULTANT WIND DIRECTION   S (200)
  HIGHEST WIND SPEED    44   HIGHEST WIND DIRECTION     N (350)
  HIGHEST GUST SPEED    55   HIGHEST GUST DIRECTION     N (360)
  AVERAGE WIND SPEED     8.5


SKY COVER
  POSSIBLE SUNSHINE  MM
  AVERAGE SKY COVER 0.0


WEATHER CONDITIONS
 THE FOLLOWING WEATHER WAS RECORDED YESTERDAY.
  THUNDERSTORM
  LIGHT RAIN
  HAZE


RELATIVE HUMIDITY (PERCENT)
 HIGHEST    40           900 PM
 LOWEST     14           300 PM
 AVERAGE    27

..........................................................


THE KINGMAN AZ CLIMATE NORMALS FOR TODAY
                         NORMAL    RECORD    YEAR
 MAXIMUM TEMPERATURE (F)   97       107      1972
 MINIMUM TEMPERATURE (F)   71        54      1907


SUNRISE AND SUNSET
JULY 28 2016..........SUNRISE   542 AM MST   SUNSET   742 PM MST
JULY 29 2016..........SUNRISE   543 AM MST   SUNSET   741 PM MST


-  INDICATES NEGATIVE NUMBERS.
R  INDICATES RECORD WAS SET OR TIED.
MM INDICATES DATA IS MISSING.
T  INDICATES TRACE AMOUNT.




$$
