000
CDUS45 KIGM 230828
CLIIGM


CLIMATE REPORT
NATIONAL WEATHER SERVICE LAS VEGAS, NV
128 AM PDT TUE SEP 23 2014


...................................

...THE KINGMAN AZ CLIMATE SUMMARY FOR SEPTEMBER 22 2014...

CLIMATE NORMAL PERIOD 1981 TO 2010
CLIMATE RECORD PERIOD 1901 TO 2014


WEATHER ITEM   OBSERVED TIME   RECORD YEAR NORMAL DEPARTURE LAST
                VALUE   (LST)  VALUE       VALUE  FROM      YEAR
                                                  NORMAL
..................................................................
TEMPERATURE (F)
 YESTERDAY
  MAXIMUM         90    352 PM 101    1949  88      2       75
  MINIMUM         58    638 AM  40    1923  59     -1       53
  AVERAGE         74                        73      1       64

PRECIPITATION (IN)
  YESTERDAY        0.00          0.82 1999   0.02  -0.02     0.00
  MONTH TO DATE    1.52                      0.89   0.63     1.80
  SINCE OCT 1      6.49                      8.26  -1.77     7.01
  SINCE JAN 1      5.61                      6.16  -0.55     5.84

DEGREE DAYS
 HEATING
  YESTERDAY        0                         0      0        1
  MONTH TO DATE    0                         0      0        1
  SINCE SEP 1      0                         0      0        1
  SINCE JUL 1      0                         0      0        1

 COOLING
  YESTERDAY        9                         9      0        0
  MONTH TO DATE  287                       270     17      215
  SINCE SEP 1    287                       270     17      215
  SINCE JAN 1   1969                      1971     -2     2089
..................................................................


WIND (MPH)
  RESULTANT WIND SPEED   5   RESULTANT WIND DIRECTION  SW (210)
  HIGHEST WIND SPEED    18   HIGHEST WIND DIRECTION    SW (220)
  HIGHEST GUST SPEED    24   HIGHEST GUST DIRECTION     W (250)
  AVERAGE WIND SPEED     7.9


SKY COVER
  POSSIBLE SUNSHINE  MM
  AVERAGE SKY COVER 0.0


WEATHER CONDITIONS
 THE FOLLOWING WEATHER WAS RECORDED YESTERDAY.
  NO SIGNIFICANT WEATHER WAS OBSERVED.


RELATIVE HUMIDITY (PERCENT)
 HIGHEST    51           300 AM
 LOWEST     14           400 PM
 AVERAGE    33

..........................................................


THE KINGMAN AZ CLIMATE NORMALS FOR TODAY
                         NORMAL    RECORD    YEAR
 MAXIMUM TEMPERATURE (F)   87       105      1922
 MINIMUM TEMPERATURE (F)   59        38      1941


SUNRISE AND SUNSET
SEPTEMBER 23 2014.....SUNRISE   625 AM MST   SUNSET   631 PM MST
SEPTEMBER 24 2014.....SUNRISE   625 AM MST   SUNSET   630 PM MST


-  INDICATES NEGATIVE NUMBERS.
R  INDICATES RECORD WAS SET OR TIED.
MM INDICATES DATA IS MISSING.
T  INDICATES TRACE AMOUNT.




$$
