000
CDUS45 KVEF 070031
CLIIGM


CLIMATE REPORT
NATIONAL WEATHER SERVICE LAS VEGAS, NV
431 PM PST FRI MAR 6 2015


...................................

...THE KINGMAN AZ CLIMATE SUMMARY FOR MARCH 6 2015...
VALID TODAY AS OF 0400 PM LOCAL TIME.

CLIMATE NORMAL PERIOD 1981 TO 2010
CLIMATE RECORD PERIOD 1901 TO 2015


WEATHER ITEM   OBSERVED TIME   RECORD YEAR NORMAL DEPARTURE LAST
                VALUE   (LST)  VALUE       VALUE  FROM      YEAR
                                                  NORMAL
..................................................................
TEMPERATURE (F)
 TODAY
  MAXIMUM         68    416 PM  86    1910  63      5       74
  MINIMUM         32    418 AM  24    1976  36     -4       46
  AVERAGE         50                        50      0       60

PRECIPITATION (IN)
  TODAY            0.00          0.72 1981   0.04  -0.04     0.00
  MONTH TO DATE    1.27                      0.23   1.04     0.11
  SINCE OCT 1      4.83                      4.49   0.34     1.43
  SINCE JAN 1      2.70                      2.39   0.31     0.55

DEGREE DAYS
 HEATING
  TODAY           15                        15      0        5
  MONTH TO DATE  120                        94     26       67
  SINCE MAR 1    120                        94     26       67
  SINCE JUL 1   2100                      2507   -407     2389

 COOLING
  TODAY            0                         0      0        0
  MONTH TO DATE    0                         0      0        0
  SINCE MAR 1      0                         0      0        0
  SINCE JAN 1      0                         0      0        0
..................................................................


WIND (MPH)
  RESULTANT WIND SPEED   8   RESULTANT WIND DIRECTION  NE (30)
  HIGHEST WIND SPEED    22   HIGHEST WIND DIRECTION     N (360)
  HIGHEST GUST SPEED    28   HIGHEST GUST DIRECTION     N (10)
  AVERAGE WIND SPEED     9.6


SKY COVER
  POSSIBLE SUNSHINE  MM
  AVERAGE SKY COVER 0.0


WEATHER CONDITIONS
 THE FOLLOWING WEATHER WAS RECORDED TODAY.
  NO SIGNIFICANT WEATHER WAS OBSERVED.


RELATIVE HUMIDITY (PERCENT)
 HIGHEST    70           200 AM
 LOWEST     17           400 PM
 AVERAGE    44

..........................................................


THE KINGMAN AZ CLIMATE NORMALS FOR TOMORROW
                         NORMAL    RECORD    YEAR
 MAXIMUM TEMPERATURE (F)   64        85      1910
 MINIMUM TEMPERATURE (F)   36        22      1931


SUNRISE AND SUNSET
MARCH  6 2015.........SUNRISE   659 AM MST   SUNSET   636 PM MST
MARCH  7 2015.........SUNRISE   658 AM MST   SUNSET   636 PM MST


-  INDICATES NEGATIVE NUMBERS.
R  INDICATES RECORD WAS SET OR TIED.
MM INDICATES DATA IS MISSING.
T  INDICATES TRACE AMOUNT.




$$
