000
CDUS45 KVEF 250827
CLIIGM


CLIMATE REPORT
NATIONAL WEATHER SERVICE LAS VEGAS, NV
1226 AM PST SUN JAN 25 2015


...................................

...THE KINGMAN AZ CLIMATE SUMMARY FOR JANUARY 24 2015...

CLIMATE NORMAL PERIOD 1981 TO 2010
CLIMATE RECORD PERIOD 1901 TO 2015


WEATHER ITEM   OBSERVED TIME   RECORD YEAR NORMAL DEPARTURE LAST
                VALUE   (LST)  VALUE       VALUE  FROM      YEAR
                                                  NORMAL
..................................................................
TEMPERATURE (F)
 YESTERDAY
  MAXIMUM         62    359 PM  73    1953  58      4       59
  MINIMUM         34    750 AM  16    1933  32      2       35
  AVERAGE         48                        45      3       47

PRECIPITATION (IN)
  YESTERDAY        0.00          0.40 1944   0.04  -0.04     0.00
  MONTH TO DATE    0.10                      0.76  -0.66     0.00
  SINCE OCT 1      2.23                      2.86  -0.63     0.88
  SINCE JAN 1      0.10                      0.76  -0.66     0.00

DEGREE DAYS
 HEATING
  YESTERDAY       17                        20     -3       18
  MONTH TO DATE  499                       515    -16      449
  SINCE DEC 1   1140                      1198    -58     1192
  SINCE JUL 1   1554                      1764   -210     1825

 COOLING
  YESTERDAY        0                         0      0        0
  MONTH TO DATE    0                         0      0        0
  SINCE DEC 1      0                         0      0        0
  SINCE JAN 1      0                         0      0        0
..................................................................


WIND (MPH)
  RESULTANT WIND SPEED  10   RESULTANT WIND DIRECTION  NE (30)
  HIGHEST WIND SPEED    22   HIGHEST WIND DIRECTION     N (360)
  HIGHEST GUST SPEED    27   HIGHEST GUST DIRECTION     N (360)
  AVERAGE WIND SPEED    11.9


SKY COVER
  POSSIBLE SUNSHINE  MM
  AVERAGE SKY COVER 0.0


WEATHER CONDITIONS
 THE FOLLOWING WEATHER WAS RECORDED YESTERDAY.
  NO SIGNIFICANT WEATHER WAS OBSERVED.


RELATIVE HUMIDITY (PERCENT)
 HIGHEST    47           700 AM
 LOWEST     16           200 PM
 AVERAGE    32

..........................................................


THE KINGMAN AZ CLIMATE NORMALS FOR TODAY
                         NORMAL    RECORD    YEAR
 MAXIMUM TEMPERATURE (F)   58        72      1982
 MINIMUM TEMPERATURE (F)   32         8      1937


SUNRISE AND SUNSET
JANUARY 25 2015.......SUNRISE   740 AM MST   SUNSET   557 PM MST
JANUARY 26 2015.......SUNRISE   739 AM MST   SUNSET   558 PM MST


-  INDICATES NEGATIVE NUMBERS.
R  INDICATES RECORD WAS SET OR TIED.
MM INDICATES DATA IS MISSING.
T  INDICATES TRACE AMOUNT.




$$
