000
CDUS45 KVEF 090827
CLIIGM


CLIMATE REPORT
NATIONAL WEATHER SERVICE LAS VEGAS, NV
1226 AM PST TUE FEB 9 2016


...................................

...THE KINGMAN AZ CLIMATE SUMMARY FOR FEBRUARY 8 2016...

CLIMATE NORMAL PERIOD 1981 TO 2010
CLIMATE RECORD PERIOD 1901 TO 2016


WEATHER ITEM   OBSERVED TIME   RECORD YEAR NORMAL DEPARTURE LAST
                VALUE   (LST)  VALUE       VALUE  FROM      YEAR
                                                  NORMAL
..................................................................
TEMPERATURE (F)
 YESTERDAY
  MAXIMUM         69    432 PM  77    1996  59     10       74
  MINIMUM         37    513 AM  11    1939  33      4       42
  AVERAGE         53                        46      7       58

PRECIPITATION (IN)
  YESTERDAY        0.00          0.61 1993   0.04  -0.04     0.00
  MONTH TO DATE    T                         0.34  -0.34     0.00
  SINCE OCT 1      2.70                      3.46  -0.76     2.95
  SINCE JAN 1      1.18                      1.36  -0.18     0.82

DEGREE DAYS
 HEATING
  YESTERDAY       12                        19     -7        7
  MONTH TO DATE  191                       155     36       80
  SINCE DEC 1   1573                      1494     79     1317
  SINCE JUL 1   2149                      2060     89     1731

 COOLING
  YESTERDAY        0                         0      0        0
  MONTH TO DATE    0                         0      0        0
  SINCE DEC 1      0                         0      0        0
  SINCE JAN 1      0                         0      0        0
..................................................................


WIND (MPH)
  RESULTANT WIND SPEED   9   RESULTANT WIND DIRECTION  NE (40)
  HIGHEST WIND SPEED    18   HIGHEST WIND DIRECTION    NE (30)
  HIGHEST GUST SPEED    26   HIGHEST GUST DIRECTION    NE (30)
  AVERAGE WIND SPEED    10.4


SKY COVER
  POSSIBLE SUNSHINE  MM
  AVERAGE SKY COVER 0.0


WEATHER CONDITIONS
 THE FOLLOWING WEATHER WAS RECORDED YESTERDAY.
  NO SIGNIFICANT WEATHER WAS OBSERVED.


RELATIVE HUMIDITY (PERCENT)
 HIGHEST    45           300 AM
 LOWEST     15           400 PM
 AVERAGE    30

..........................................................


THE KINGMAN AZ CLIMATE NORMALS FOR TODAY
                         NORMAL    RECORD    YEAR
 MAXIMUM TEMPERATURE (F)   59        79      1951
 MINIMUM TEMPERATURE (F)   33        11      1939


SUNRISE AND SUNSET
FEBRUARY  9 2016......SUNRISE   729 AM MST   SUNSET   612 PM MST
FEBRUARY 10 2016......SUNRISE   728 AM MST   SUNSET   613 PM MST


-  INDICATES NEGATIVE NUMBERS.
R  INDICATES RECORD WAS SET OR TIED.
MM INDICATES DATA IS MISSING.
T  INDICATES TRACE AMOUNT.




$$
