000
CDUS45 KIGM 210834
CLIIGM


CLIMATE REPORT
NATIONAL WEATHER SERVICE LAS VEGAS, NV
134 AM PDT THU AUG 21 2014


...................................

...THE KINGMAN AZ CLIMATE SUMMARY FOR AUGUST 20 2014...

CLIMATE NORMAL PERIOD 1981 TO 2010
CLIMATE RECORD PERIOD 1901 TO 2014


WEATHER ITEM   OBSERVED TIME   RECORD YEAR NORMAL DEPARTURE LAST
                VALUE   (LST)  VALUE       VALUE  FROM      YEAR
                                                  NORMAL
..................................................................
TEMPERATURE (F)
 YESTERDAY
  MAXIMUM         88    145 PM 107    1915  95     -7       99
  MINIMUM         59    534 AM  53    1918  69    -10       68
  AVERAGE         74                        82     -8       84

PRECIPITATION (IN)
  YESTERDAY        0.00          0.69 1957   0.02  -0.02     0.00
  MONTH TO DATE    1.27                      0.48   0.79     0.42
  SINCE OCT 1      4.19                      6.88  -2.69     4.26
  SINCE JAN 1      3.31                      4.78  -1.47     3.09

DEGREE DAYS
 HEATING
  YESTERDAY        0                         0      0        0
  MONTH TO DATE    0                         0      0        0
  SINCE JUN 1      0                         3     -3        0
  SINCE JUL 1      0                         0      0        0

 COOLING
  YESTERDAY        9                        17     -8       19
  MONTH TO DATE  289                       363    -74      367
  SINCE JUN 1   1314                      1324    -10     1499
  SINCE JAN 1   1539                      1522     17     1721
..................................................................


WIND (MPH)
  RESULTANT WIND SPEED   5   RESULTANT WIND DIRECTION   S (160)
  HIGHEST WIND SPEED    26   HIGHEST WIND DIRECTION     E (90)
  HIGHEST GUST SPEED    31   HIGHEST GUST DIRECTION     E (90)
  AVERAGE WIND SPEED     7.7


SKY COVER
  POSSIBLE SUNSHINE  MM
  AVERAGE SKY COVER 0.1


WEATHER CONDITIONS
 THE FOLLOWING WEATHER WAS RECORDED YESTERDAY.
  THUNDERSTORM


RELATIVE HUMIDITY (PERCENT)
 HIGHEST    84           400 AM
 LOWEST     25           600 PM
 AVERAGE    55

..........................................................


THE KINGMAN AZ CLIMATE NORMALS FOR TODAY
                         NORMAL    RECORD    YEAR
 MAXIMUM TEMPERATURE (F)   95       104      1915
 MINIMUM TEMPERATURE (F)   69        52      1918


SUNRISE AND SUNSET
AUGUST 21 2014........SUNRISE   600 AM MST   SUNSET   717 PM MST
AUGUST 22 2014........SUNRISE   601 AM MST   SUNSET   716 PM MST


-  INDICATES NEGATIVE NUMBERS.
R  INDICATES RECORD WAS SET OR TIED.
MM INDICATES DATA IS MISSING.
T  INDICATES TRACE AMOUNT.




$$
