000
CDUS45 KVEF 050827
CLIIGM


CLIMATE REPORT
NATIONAL WEATHER SERVICE LAS VEGAS, NV
126 AM PDT SAT SEP 5 2015


...................................

...THE KINGMAN AZ CLIMATE SUMMARY FOR SEPTEMBER 4 2015...

CLIMATE NORMAL PERIOD 1981 TO 2010
CLIMATE RECORD PERIOD 1901 TO 2015


WEATHER ITEM   OBSERVED TIME   RECORD YEAR NORMAL DEPARTURE LAST
                VALUE   (LST)  VALUE       VALUE  FROM      YEAR
                                                  NORMAL
..................................................................
TEMPERATURE (F)
 YESTERDAY
  MAXIMUM         90    416 PM 103    1955  93     -3       97
  MINIMUM         65    440 AM  42    1912  66     -1       67
  AVERAGE         78                        80     -2       82

PRECIPITATION (IN)
  YESTERDAY        0.00          0.78 2009   0.05  -0.05     0.00
  MONTH TO DATE    0.00                      0.19  -0.19     0.00
  SINCE OCT 1      8.61                      7.56   1.05     4.97
  SINCE JAN 1      6.48                      5.46   1.02     4.09

DEGREE DAYS
 HEATING
  YESTERDAY        0                         0      0        0
  MONTH TO DATE    0                         0      0        0
  SINCE SEP 1      0                         0      0        0
  SINCE JUL 1      0                         0      0        0

 COOLING
  YESTERDAY       13                        15     -2       17
  MONTH TO DATE   63                        60      3       72
  SINCE SEP 1     63                        60      3       72
  SINCE JAN 1   1750                      1761    -11     1754
..................................................................


WIND (MPH)
  RESULTANT WIND SPEED  12   RESULTANT WIND DIRECTION   S (190)
  HIGHEST WIND SPEED    29   HIGHEST WIND DIRECTION    SW (220)
  HIGHEST GUST SPEED    36   HIGHEST GUST DIRECTION    SW (220)
  AVERAGE WIND SPEED    15.1


SKY COVER
  POSSIBLE SUNSHINE  MM
  AVERAGE SKY COVER 0.0


WEATHER CONDITIONS
 THE FOLLOWING WEATHER WAS RECORDED YESTERDAY.
  NO SIGNIFICANT WEATHER WAS OBSERVED.


RELATIVE HUMIDITY (PERCENT)
 HIGHEST    73           500 AM
 LOWEST     19           200 PM
 AVERAGE    46

..........................................................


THE KINGMAN AZ CLIMATE NORMALS FOR TODAY
                         NORMAL    RECORD    YEAR
 MAXIMUM TEMPERATURE (F)   93       104      1932
 MINIMUM TEMPERATURE (F)   65        43      1912


SUNRISE AND SUNSET
SEPTEMBER  5 2015.....SUNRISE   611 AM MST   SUNSET   657 PM MST
SEPTEMBER  6 2015.....SUNRISE   612 AM MST   SUNSET   656 PM MST


-  INDICATES NEGATIVE NUMBERS.
R  INDICATES RECORD WAS SET OR TIED.
MM INDICATES DATA IS MISSING.
T  INDICATES TRACE AMOUNT.




$$
