000
CDUS41 KPHI 232131
CLIILG


CLIMATE REPORT
NATIONAL WEATHER SERVICE MOUNT HOLLY NJ
428 PM EST MON JAN 23 2017


...................................

...THE WILMINGTON DE CLIMATE SUMMARY FOR JANUARY 23 2017...
VALID TODAY AS OF 0400 PM LOCAL TIME.

CLIMATE NORMAL PERIOD 1981 TO 2010
CLIMATE RECORD PERIOD 1894 TO 2017


WEATHER ITEM   OBSERVED TIME   RECORD YEAR NORMAL DEPARTURE LAST
                VALUE   (LST)  VALUE       VALUE  FROM      YEAR
                                                  NORMAL
..................................................................
TEMPERATURE (F)
 TODAY
  MAXIMUM         47   1207 AM  69    1906  40      7       30
  MINIMUM         39    359 PM  -4    1936  25     14       23
  AVERAGE         43                        32     11       27

PRECIPITATION (IN)
  TODAY            0.42          2.51 1998   0.09   0.33     0.95
  MONTH TO DATE    2.59                      2.22   0.37     2.30
  SINCE DEC 1      5.18                      5.70  -0.52     7.51
  SINCE JAN 1      2.59                      2.22   0.37     2.30

SNOWFALL (IN)
  TODAY            0.0          15.0  1935   0.2   -0.2     13.1
  MONTH TO DATE    4.0                       3.8    0.2     16.9
  SINCE DEC 1      4.0                       7.2   -3.2     16.9
  SINCE JUL 1      4.0                       7.6   -3.6     16.9
  SNOW DEPTH       0

DEGREE DAYS
 HEATING
  TODAY           22                        33    -11       38
  MONTH TO DATE  637                       753   -116      742
  SINCE DEC 1   1468                      1632   -164     1219
  SINCE JUL 1   2192                      2530   -338     1923

 COOLING
  TODAY            0                         0      0        0
  MONTH TO DATE    0                         0      0        0
  SINCE DEC 1      0                         0      0        1
  SINCE JAN 1      0                         0      0        0
..................................................................


WIND (MPH)
  HIGHEST WIND SPEED    39   HIGHEST WIND DIRECTION    NE (60)
  HIGHEST GUST SPEED    53   HIGHEST GUST DIRECTION    NE (50)
  AVERAGE WIND SPEED    24.8


SKY COVER
  POSSIBLE SUNSHINE  MM
  AVERAGE SKY COVER 0.9


WEATHER CONDITIONS
 THE FOLLOWING WEATHER WAS RECORDED TODAY.
  HEAVY RAIN
  RAIN
  LIGHT RAIN
  FOG


RELATIVE HUMIDITY (PERCENT)
 HIGHEST   100           300 AM
 LOWEST     86          1100 AM
 AVERAGE    93

..........................................................


THE WILMINGTON DE CLIMATE NORMALS FOR TOMORROW
                         NORMAL    RECORD    YEAR
 MAXIMUM TEMPERATURE (F)   40        71      1967
 MINIMUM TEMPERATURE (F)   25         2      1963


SUNRISE AND SUNSET
JANUARY 23 2017.......SUNRISE   717 AM EST   SUNSET   512 PM EST
JANUARY 24 2017.......SUNRISE   716 AM EST   SUNSET   513 PM EST


-  INDICATES NEGATIVE NUMBERS.
R  INDICATES RECORD WAS SET OR TIED.
MM INDICATES DATA IS MISSING.
T  INDICATES TRACE AMOUNT.




$$
