000
CDUS41 KPHI 090632
CLIILG


CLIMATE REPORT
NATIONAL WEATHER SERVICE MOUNT HOLLY NJ
128 AM EST TUE FEB 9 2016


...................................

...THE WILMINGTON DE CLIMATE SUMMARY FOR FEBRUARY 8 2016...

CLIMATE NORMAL PERIOD 1981 TO 2010
CLIMATE RECORD PERIOD 1894 TO 2016


WEATHER ITEM   OBSERVED TIME   RECORD YEAR NORMAL DEPARTURE LAST
                VALUE   (LST)  VALUE       VALUE  FROM      YEAR
                                                  NORMAL
..................................................................
TEMPERATURE (F)
 YESTERDAY
  MAXIMUM         44   1232 PM  66    1965  42      2       53
  MINIMUM         32   1159 PM   0    1895  26      6       31
  AVERAGE         38                        34      4       42

PRECIPITATION (IN)
  YESTERDAY        0.14          1.13 1928   0.09   0.05     0.00
  MONTH TO DATE    1.38                      0.77   0.61     0.85
  SINCE DEC 1      8.89                      7.26   1.63     8.31
  SINCE JAN 1      3.68                      3.78  -0.10     5.30

SNOWFALL (IN)
  YESTERDAY        0.3           6.4  1974   0.3    0.0      0.0
  MONTH TO DATE    1.8                       2.6   -0.8      0.2
  SINCE DEC 1     18.7                      11.9    6.8      4.1
  SINCE JUL 1     18.7                      12.3    6.4      4.4
  SNOW DEPTH       0

DEGREE DAYS
 HEATING
  YESTERDAY       27                        31     -4       23
  MONTH TO DATE  200                       253    -53      274
  SINCE DEC 1   1686                      2142   -456     2105
  SINCE JUL 1   2390                      3040   -650     2994

 COOLING
  YESTERDAY        0                         0      0        0
  MONTH TO DATE    0                         0      0        0
  SINCE DEC 1      1                         0      1        0
  SINCE JAN 1      0                         0      0        0
..................................................................


WIND (MPH)
  HIGHEST WIND SPEED    18   HIGHEST WIND DIRECTION    NE (30)
  HIGHEST GUST SPEED    24   HIGHEST GUST DIRECTION     N (20)
  AVERAGE WIND SPEED     9.4


SKY COVER
  POSSIBLE SUNSHINE  MM
  AVERAGE SKY COVER 0.7


WEATHER CONDITIONS
 THE FOLLOWING WEATHER WAS RECORDED YESTERDAY.
  LIGHT RAIN
  LIGHT SNOW
  FOG


RELATIVE HUMIDITY (PERCENT)
 HIGHEST    92          1100 PM
 LOWEST     52           600 AM
 AVERAGE    72

..........................................................


THE WILMINGTON DE CLIMATE NORMALS FOR TODAY
                         NORMAL    RECORD    YEAR
 MAXIMUM TEMPERATURE (F)   42        64      2001
                                             1990
                                             1949
 MINIMUM TEMPERATURE (F)   26       -15      1934


SUNRISE AND SUNSET
FEBRUARY  9 2016......SUNRISE   702 AM EST   SUNSET   531 PM EST
FEBRUARY 10 2016......SUNRISE   701 AM EST   SUNSET   532 PM EST


-  INDICATES NEGATIVE NUMBERS.
R  INDICATES RECORD WAS SET OR TIED.
MM INDICATES DATA IS MISSING.
T  INDICATES TRACE AMOUNT.




$$
