000
CDUS41 KPHI 242129
CLIILG


CLIMATE REPORT
NATIONAL WEATHER SERVICE MOUNT HOLLY NJ
528 PM EDT SAT SEP 24 2016


...................................

...THE WILMINGTON DE CLIMATE SUMMARY FOR SEPTEMBER 24 2016...
VALID TODAY AS OF 0500 PM LOCAL TIME.

CLIMATE NORMAL PERIOD 1981 TO 2010
CLIMATE RECORD PERIOD 1894 TO 2016


WEATHER ITEM   OBSERVED TIME   RECORD YEAR NORMAL DEPARTURE LAST
                VALUE   (LST)  VALUE       VALUE  FROM      YEAR
                                                  NORMAL
..................................................................
TEMPERATURE (F)
 TODAY
  MAXIMUM         72    342 AM  92    2010  74     -2       81
  MINIMUM         66   1008 AM  36    1974  55     11       51
  AVERAGE         69                        65      4       66

PRECIPITATION (IN)
  TODAY            0.00          2.60 1946   0.16  -0.16     0.00
  MONTH TO DATE    1.19                      3.37  -2.18     0.95
  SINCE SEP 1      1.19                      3.37  -2.18     0.95
  SINCE JAN 1     30.45                     32.13  -1.68    35.99

SNOWFALL (IN)
  TODAY            0.0           0.0  1894   0.0    0.0      0.0
  MONTH TO DATE    0.0                       0.0    0.0      0.0
  SINCE SEP 1      0.0                       0.0    0.0      0.0
  SINCE JUL 1      0.0                       0.0    0.0      0.0
  SNOW DEPTH       0

DEGREE DAYS
 HEATING
  TODAY            0                         3     -3        0
  MONTH TO DATE    0                        27    -27        0
  SINCE SEP 1      0                        27    -27        0
  SINCE JUL 1      0                        29    -29        0

 COOLING
  TODAY            4                         2      2        1
  MONTH TO DATE  236                       122    114      201
  SINCE SEP 1    236                       122    114      201
  SINCE JAN 1   1457                      1115    342     1348
..................................................................


WIND (MPH)
  HIGHEST WIND SPEED    17   HIGHEST WIND DIRECTION     N (20)
  HIGHEST GUST SPEED    22   HIGHEST GUST DIRECTION    NE (50)
  AVERAGE WIND SPEED     8.2


SKY COVER
  POSSIBLE SUNSHINE  MM
  AVERAGE SKY COVER 0.7


WEATHER CONDITIONS
 THE FOLLOWING WEATHER WAS RECORDED TODAY.
  NO SIGNIFICANT WEATHER WAS OBSERVED.


RELATIVE HUMIDITY (PERCENT)
 HIGHEST    87           200 AM
 LOWEST     61           200 PM
 AVERAGE    74

..........................................................


THE WILMINGTON DE CLIMATE NORMALS FOR TOMORROW
                         NORMAL    RECORD    YEAR
 MAXIMUM TEMPERATURE (F)   74        93      1970
 MINIMUM TEMPERATURE (F)   54        37      1997


SUNRISE AND SUNSET
SEPTEMBER 24 2016.....SUNRISE   652 AM EDT   SUNSET   655 PM EDT
SEPTEMBER 25 2016.....SUNRISE   653 AM EDT   SUNSET   654 PM EDT


-  INDICATES NEGATIVE NUMBERS.
R  INDICATES RECORD WAS SET OR TIED.
MM INDICATES DATA IS MISSING.
T  INDICATES TRACE AMOUNT.




$$
