000
CDUS41 KPHI 290628
CLIILG


CLIMATE REPORT
NATIONAL WEATHER SERVICE MOUNT HOLLY NJ
227 AM EDT WED JUL 29 2015


...................................

...THE WILMINGTON DE CLIMATE SUMMARY FOR JULY 28 2015...

CLIMATE NORMAL PERIOD 1981 TO 2010
CLIMATE RECORD PERIOD 1894 TO 2015


WEATHER ITEM   OBSERVED TIME   RECORD YEAR NORMAL DEPARTURE LAST
                VALUE   (LST)  VALUE       VALUE  FROM      YEAR
                                                  NORMAL
..................................................................
TEMPERATURE (F)
 YESTERDAY
  MAXIMUM         89    552 PM 101    1894  86      3       84
  MINIMUM         70    510 AM  53    1962  68      2       66
  AVERAGE         80                        77      3       75

PRECIPITATION (IN)
  YESTERDAY        0.00          2.34 1914   0.14  -0.14     0.32
  MONTH TO DATE    1.87                      4.15  -2.28     5.94
  SINCE JUN 1     14.39                      8.03   6.36    10.97
  SINCE JAN 1     33.07                     25.09   7.98    33.30

SNOWFALL (IN)
  YESTERDAY        0.0           0.0  1894   0.0    0.0      0.0
  MONTH TO DATE    0.0                       0.0    0.0      0.0
  SINCE JUN 1      0.0                       0.0    0.0      0.0
  SINCE JUL 1      0.0                       0.0    0.0      0.0
  SNOW DEPTH       0

DEGREE DAYS
 HEATING
  YESTERDAY        0                         0      0        0
  MONTH TO DATE    0                         0      0        0
  SINCE JUN 1     18                        15      3        2
  SINCE JUL 1      0                         0      0        0

 COOLING
  YESTERDAY       15                        12      3       10
  MONTH TO DATE  327                       332     -5      338
  SINCE JUN 1    595                       563     32      578
  SINCE JAN 1    763                       642    121      645
..................................................................


WIND (MPH)
  HIGHEST WIND SPEED    16   HIGHEST WIND DIRECTION    SE (150)
  HIGHEST GUST SPEED    19   HIGHEST GUST DIRECTION     S (160)
  AVERAGE WIND SPEED     4.9


SKY COVER
  POSSIBLE SUNSHINE  MM
  AVERAGE SKY COVER 0.3


WEATHER CONDITIONS
 THE FOLLOWING WEATHER WAS RECORDED YESTERDAY.
  FOG
  HAZE


RELATIVE HUMIDITY (PERCENT)
 HIGHEST   100           500 AM
 LOWEST     56           600 PM
 AVERAGE    78

..........................................................


THE WILMINGTON DE CLIMATE NORMALS FOR TODAY
                         NORMAL    RECORD    YEAR
 MAXIMUM TEMPERATURE (F)   86        99      1896
                                             1894
 MINIMUM TEMPERATURE (F)   68        57      1920


SUNRISE AND SUNSET
JULY 29 2015..........SUNRISE   559 AM EDT   SUNSET   819 PM EDT
JULY 30 2015..........SUNRISE   600 AM EDT   SUNSET   818 PM EDT


-  INDICATES NEGATIVE NUMBERS.
R  INDICATES RECORD WAS SET OR TIED.
MM INDICATES DATA IS MISSING.
T  INDICATES TRACE AMOUNT.




$$
