000
CDUS41 KPHI 260631
CLIILG


CLIMATE REPORT
NATIONAL WEATHER SERVICE MOUNT HOLLY NJ
131 AM EST WED NOV 26 2014


...................................

...THE WILMINGTON DE CLIMATE SUMMARY FOR NOVEMBER 25 2014...

CLIMATE NORMAL PERIOD 1981 TO 2010
CLIMATE RECORD PERIOD 1894 TO 2014


WEATHER ITEM   OBSERVED TIME   RECORD YEAR NORMAL DEPARTURE LAST
                VALUE   (LST)  VALUE       VALUE  FROM      YEAR
                                                  NORMAL
..................................................................
TEMPERATURE (F)
 YESTERDAY
  MAXIMUM         68   1220 AM  74    1973  52     16       35
  MINIMUM         44   1159 PM  18    1970  35      9       19
  AVERAGE         56                        43     13       27

PRECIPITATION (IN)
  YESTERDAY        0.00          2.75 1950   0.11  -0.11     0.00
  MONTH TO DATE    3.08                      2.53   0.55     0.40
  SINCE SEP 1      8.71                     10.27  -1.56     4.29
  SINCE JAN 1     46.78                     39.03   7.75    40.62

SNOWFALL (IN)
  YESTERDAY        0.0           T    2012   0.0    0.0      0.0
                                      2010
  MONTH TO DATE    T                         0.2   -0.2       T
  SINCE SEP 1      T                         0.2   -0.2       T
  SINCE JUL 1      T                         0.2   -0.2       T
  SNOW DEPTH       0

DEGREE DAYS
 HEATING
  YESTERDAY        9                        22    -13       38
  MONTH TO DATE  504                       442     62      491
  SINCE SEP 1    759                       784    -25      787
  SINCE JUL 1    759                       786    -27      787

 COOLING
  YESTERDAY        0                         0      0        0
  MONTH TO DATE    0                         0      0        0
  SINCE SEP 1    167                       152     15      156
  SINCE JAN 1   1073                      1145    -72     1241
..................................................................


WIND (MPH)
  HIGHEST WIND SPEED    18   HIGHEST WIND DIRECTION    NW (320)
  HIGHEST GUST SPEED    23   HIGHEST GUST DIRECTION    NW (320)
  AVERAGE WIND SPEED     7.1


SKY COVER
  POSSIBLE SUNSHINE  MM
  AVERAGE SKY COVER 0.2


WEATHER CONDITIONS
 THE FOLLOWING WEATHER WAS RECORDED YESTERDAY.
  NO SIGNIFICANT WEATHER WAS OBSERVED.


RELATIVE HUMIDITY (PERCENT)
 HIGHEST    90           300 AM
 LOWEST     38           100 PM
 AVERAGE    64

..........................................................


THE WILMINGTON DE CLIMATE NORMALS FOR TODAY
                         NORMAL    RECORD    YEAR
 MAXIMUM TEMPERATURE (F)   52        71      1896
 MINIMUM TEMPERATURE (F)   35        12      1938


SUNRISE AND SUNSET
NOVEMBER 26 2014......SUNRISE   659 AM EST   SUNSET   440 PM EST
NOVEMBER 27 2014......SUNRISE   700 AM EST   SUNSET   440 PM EST


-  INDICATES NEGATIVE NUMBERS.
R  INDICATES RECORD WAS SET OR TIED.
MM INDICATES DATA IS MISSING.
T  INDICATES TRACE AMOUNT.




$$
