000
CDUS42 KILM 281001
CLIILM


CLIMATE REPORT
NATIONAL WEATHER SERVICE WILMINGTON NC
500 AM EST SUN DEC 28 2014


...................................

...THE WILMINGTON NC CLIMATE SUMMARY FOR DECEMBER 27 2014...

CLIMATE NORMAL PERIOD 1981 TO 2010
CLIMATE RECORD PERIOD 1871 TO 2014


WEATHER ITEM   OBSERVED TIME   RECORD YEAR NORMAL DEPARTURE LAST
                VALUE   (LST)  VALUE       VALUE  FROM      YEAR
                                                  NORMAL
..................................................................
TEMPERATURE (F)
 YESTERDAY
  MAXIMUM         64    252 PM  77    1875  57      7       56
  MINIMUM         34    731 AM  17    1935  36     -2       32
  AVERAGE         49                        46      3       44

PRECIPITATION (IN)
  YESTERDAY        0.00          2.57 1964   0.11  -0.11     0.00
  MONTH TO DATE    4.72                      3.18   1.54     1.51
  SINCE DEC 1      4.72                      3.18   1.54     1.51
  SINCE JAN 1     59.50                     57.17   2.33    50.92

SNOWFALL (IN)
  YESTERDAY        0.0           0.5  1892   0.1   -0.1      0.0
  MONTH TO DATE    0.0                       0.7   -0.7      0.0
  SINCE DEC 1      0.0                       0.7   -0.7      0.0
  SINCE JUL 1      0.0                       0.7   -0.7       T
  SNOW DEPTH       0

DEGREE DAYS
 HEATING
  YESTERDAY       16                        19     -3       21
  MONTH TO DATE  403                       437    -34      346
  SINCE DEC 1    403                       437    -34      346
  SINCE JUL 1    856                       806     50      748

 COOLING
  YESTERDAY        0                         0      0        0
  MONTH TO DATE    0                         0      0       22
  SINCE DEC 1      0                         0      0       22
  SINCE JAN 1   2190                      2037    153     1914
..................................................................


WIND (MPH)
  HIGHEST WIND SPEED     9   HIGHEST WIND DIRECTION    SE (120)
  HIGHEST GUST SPEED    17   HIGHEST GUST DIRECTION    SE (150)
  AVERAGE WIND SPEED     1.2


SKY COVER
  POSSIBLE SUNSHINE  MM
  AVERAGE SKY COVER 0.0


WEATHER CONDITIONS
 THE FOLLOWING WEATHER WAS RECORDED YESTERDAY.
  FOG


RELATIVE HUMIDITY (PERCENT)
 HIGHEST   100           600 AM
 LOWEST     43           100 PM
 AVERAGE    72

..........................................................


THE WILMINGTON NC CLIMATE NORMALS FOR TODAY
                         NORMAL    RECORD    YEAR
 MAXIMUM TEMPERATURE (F)   57        76      2008
                                             1971
                                             1916
 MINIMUM TEMPERATURE (F)   36        13      1925


SUNRISE AND SUNSET
DECEMBER 28 2014......SUNRISE   717 AM EST   SUNSET   510 PM EST
DECEMBER 29 2014......SUNRISE   717 AM EST   SUNSET   511 PM EST


-  INDICATES NEGATIVE NUMBERS.
R  INDICATES RECORD WAS SET OR TIED.
MM INDICATES DATA IS MISSING.
T  INDICATES TRACE AMOUNT.




$$
