000
CDUS43 KILX 120627
CLIILX


CLIMATE REPORT
NATIONAL WEATHER SERVICE LINCOLN IL
127 AM CDT SAT JUL 12 2014


...................................

...THE LINCOLN IL CLIMATE SUMMARY FOR JULY 11 2014...

CLIMATE NORMAL PERIOD 1981 TO 2010
CLIMATE RECORD PERIOD 1905 TO 2014


WEATHER ITEM   OBSERVED TIME   RECORD YEAR NORMAL DEPARTURE LAST
                VALUE   (LST)  VALUE       VALUE  FROM      YEAR
                                                  NORMAL
..................................................................
TEMPERATURE (F)
 YESTERDAY
  MAXIMUM         82        MM 109    1936  86     -4       80
  MINIMUM         53        MM  50    1926  65    -12       61
  AVERAGE         68                        76     -8       71

PRECIPITATION (IN)
  YESTERDAY        T             2.93 2006   0.16  -0.16     0.00
  MONTH TO DATE    1.63                      1.83  -0.20     1.70
  SINCE JUN 1      8.05                      6.15   1.90     4.95
  SINCE JAN 1     19.37                     20.27  -0.90    26.11

SNOWFALL (IN)
  YESTERDAY        0.0           0.0    MM   0.0    0.0      0.0
  MONTH TO DATE    0.0                       0.0    0.0       T
  SINCE JUN 1      0.0                       0.0    0.0       T
  SINCE JUL 1      0.0                       0.0    0.0       T
  SNOW DEPTH       0

DEGREE DAYS
 HEATING
  YESTERDAY        0                         0      0        0
  MONTH TO DATE    0                         0      0        0
  SINCE JUN 1      7                        17    -10       17
  SINCE JUL 1      0                         0      0        0

 COOLING
  YESTERDAY        3                        11     -8        6
  MONTH TO DATE   55                       117    -62       97
  SINCE JUN 1    292                       349    -57      321
  SINCE JAN 1    421                       440    -19      423
..................................................................


WIND (MPH)
  HIGHEST WIND SPEED    MM   HIGHEST WIND DIRECTION    MM
  HIGHEST GUST SPEED     0   HIGHEST GUST DIRECTION     N (0)
  AVERAGE WIND SPEED    MM


SKY COVER
  POSSIBLE SUNSHINE   0 PERCENT


WEATHER CONDITIONS
 THE FOLLOWING WEATHER WAS RECORDED YESTERDAY.
  LIGHT RAIN


..........................................................


THE LINCOLN IL CLIMATE NORMALS FOR TODAY
                         NORMAL    RECORD    YEAR
 MAXIMUM TEMPERATURE (F)   86       110      1936
 MINIMUM TEMPERATURE (F)   65        47      1918


SUNRISE AND SUNSET
JULY 12 2014..........SUNRISE   538 AM CDT   SUNSET   827 PM CDT
JULY 13 2014..........SUNRISE   539 AM CDT   SUNSET   827 PM CDT


-  INDICATES NEGATIVE NUMBERS.
R  INDICATES RECORD WAS SET OR TIED.
MM INDICATES DATA IS MISSING.
T  INDICATES TRACE AMOUNT.




$$
