000
CDUS43 KILX 230709
CLIILX


CLIMATE REPORT
NATIONAL WEATHER SERVICE LINCOLN IL
109 AM CST SUN NOV 23 2014


...................................

...THE LINCOLN IL CLIMATE SUMMARY FOR NOVEMBER 22 2014...

CLIMATE NORMAL PERIOD 1981 TO 2010
CLIMATE RECORD PERIOD 1905 TO 2014


WEATHER ITEM   OBSERVED TIME   RECORD YEAR NORMAL DEPARTURE LAST
                VALUE   (LST)  VALUE       VALUE  FROM      YEAR
                                                  NORMAL
..................................................................
TEMPERATURE (F)
 YESTERDAY
  MAXIMUM         57        MM  72    1927  48      9       46
  MINIMUM         35        MM   7    1937  31      4       28
  AVERAGE         46                        39      7       37

PRECIPITATION (IN)
  YESTERDAY        0.01          1.90 1942   0.11  -0.10     0.04
  MONTH TO DATE    0.69                      2.36  -1.67     1.21
  SINCE SEP 1     12.74                      8.65   4.09     5.65
  SINCE JAN 1     41.39                     36.07   5.32    34.79

SNOWFALL (IN)
  YESTERDAY        0.0           3.0  1941   0.1   -0.1      0.0
  MONTH TO DATE    0.1                       0.3   -0.2      0.5
  SINCE SEP 1      0.1                       0.3   -0.2      0.5
  SINCE JUL 1      0.1                       0.3   -0.2      0.5
  SNOW DEPTH       0

DEGREE DAYS
 HEATING
  YESTERDAY       19                        26     -7       28
  MONTH TO DATE  669                       461    208      502
  SINCE SEP 1   1145                       908    237      943
  SINCE JUL 1   1155                       917    238      965

 COOLING
  YESTERDAY        0                         0      0        0
  MONTH TO DATE    0                         0      0        0
  SINCE SEP 1     84                       128    -44      176
  SINCE JAN 1    838                      1017   -179      947
..................................................................


WIND (MPH)
  HIGHEST WIND SPEED    MM   HIGHEST WIND DIRECTION    MM
  HIGHEST GUST SPEED    MM   HIGHEST GUST DIRECTION    MM
  AVERAGE WIND SPEED    MM


SKY COVER
  POSSIBLE SUNSHINE  MM


WEATHER CONDITIONS
 THE FOLLOWING WEATHER WAS RECORDED YESTERDAY.
  LIGHT RAIN
  FOG


..........................................................


THE LINCOLN IL CLIMATE NORMALS FOR TODAY
                         NORMAL    RECORD    YEAR
 MAXIMUM TEMPERATURE (F)   47        72      1931
 MINIMUM TEMPERATURE (F)   30         6      1950


SUNRISE AND SUNSET
NOVEMBER 23 2014......SUNRISE   652 AM CST   SUNSET   435 PM CST
NOVEMBER 24 2014......SUNRISE   653 AM CST   SUNSET   435 PM CST


-  INDICATES NEGATIVE NUMBERS.
R  INDICATES RECORD WAS SET OR TIED.
MM INDICATES DATA IS MISSING.
T  INDICATES TRACE AMOUNT.




$$
