000
CDUS43 KILX 250706
CLIILX


CLIMATE REPORT
NATIONAL WEATHER SERVICE LINCOLN IL
105 AM CST SAT FEB 25 2017


...................................

...THE LINCOLN IL CLIMATE SUMMARY FOR FEBRUARY 24 2017...

CLIMATE NORMAL PERIOD 1981 TO 2010
CLIMATE RECORD PERIOD 1905 TO 2017


WEATHER ITEM   OBSERVED TIME   RECORD YEAR NORMAL DEPARTURE LAST
                VALUE   (LST)  VALUE       VALUE  FROM      YEAR
                                                  NORMAL
..................................................................
TEMPERATURE (F)
 YESTERDAY
  MAXIMUM         64        MM  74    1930  42     22       38
  MINIMUM         33        MM  -8    1989  25      8       32
  AVERAGE         49                        34     15       35

PRECIPITATION (IN)
  YESTERDAY        0.03          1.68 2001   0.07  -0.04     0.13
  MONTH TO DATE    0.50                      1.52  -1.02     1.25
  SINCE DEC 1      3.62                      6.09  -2.47     9.05
  SINCE JAN 1      2.26                      3.45  -1.19     2.24

SNOWFALL (IN)
  YESTERDAY        T             8.6  1963   0.2   -0.2      0.9
  MONTH TO DATE    3.4                       5.2   -1.8      5.7
  SINCE DEC 1      7.2                      17.3  -10.1     11.3
  SINCE JUL 1      7.2                      17.9  -10.7     12.3
  SNOW DEPTH       0

DEGREE DAYS
 HEATING
  YESTERDAY       16                        32    -16       30
  MONTH TO DATE  593                       846   -253      791
  SINCE DEC 1   2731                      3157   -426     2751
  SINCE JUL 1   3508                      4300   -792     3678

 COOLING
  YESTERDAY        0                         0      0        0
  MONTH TO DATE    0                         0      0        0
  SINCE DEC 1      0                         0      0        0
  SINCE JAN 1      0                         0      0        0
..................................................................


WIND (MPH)
  HIGHEST WIND SPEED    MM   HIGHEST WIND DIRECTION    MM
  HIGHEST GUST SPEED    MM   HIGHEST GUST DIRECTION    MM
  AVERAGE WIND SPEED    MM


SKY COVER
  POSSIBLE SUNSHINE  MM


WEATHER CONDITIONS
 THE FOLLOWING WEATHER WAS RECORDED YESTERDAY.
  LIGHT RAIN
  LIGHT SNOW


..........................................................


THE LINCOLN IL CLIMATE NORMALS FOR TODAY
                         NORMAL    RECORD    YEAR
 MAXIMUM TEMPERATURE (F)   43        72      1930
 MINIMUM TEMPERATURE (F)   25        -9      1914


SUNRISE AND SUNSET
FEBRUARY 25 2017......SUNRISE   636 AM CST   SUNSET   545 PM CST
FEBRUARY 26 2017......SUNRISE   635 AM CST   SUNSET   546 PM CST


-  INDICATES NEGATIVE NUMBERS.
R  INDICATES RECORD WAS SET OR TIED.
MM INDICATES DATA IS MISSING.
T  INDICATES TRACE AMOUNT.




$$
