000
CDUS43 KILX 280641
CLIILX


CLIMATE REPORT
NATIONAL WEATHER SERVICE LINCOLN IL
1240 AM CST SUN DEC 28 2014


...................................

...THE LINCOLN IL CLIMATE SUMMARY FOR DECEMBER 27 2014...

CLIMATE NORMAL PERIOD 1981 TO 2010
CLIMATE RECORD PERIOD 1905 TO 2014


WEATHER ITEM   OBSERVED TIME   RECORD YEAR NORMAL DEPARTURE LAST
                VALUE   (LST)  VALUE       VALUE  FROM      YEAR
                                                  NORMAL
..................................................................
TEMPERATURE (F)
 YESTERDAY
  MAXIMUM         48        MM  69    2008  35     13       49
  MINIMUM         30        MM  -8    1935  19     11       22
  AVERAGE         39                        27     12       36

PRECIPITATION (IN)
  YESTERDAY        0.03          1.35 1942   0.08  -0.05     0.00
  MONTH TO DATE    1.45                      2.32  -0.87     1.51
  SINCE DEC 1      1.45                      2.32  -0.87     1.51
  SINCE JAN 1     44.38                     39.28   5.10    36.30

SNOWFALL (IN)
  YESTERDAY        T             4.2  1939   0.2   -0.2      0.0
  MONTH TO DATE    0.4                       5.2   -4.8      6.4
  SINCE DEC 1      0.4                       5.2   -4.8      6.4
  SINCE JUL 1      1.4                       5.8   -4.4      6.9
  SNOW DEPTH       0

DEGREE DAYS
 HEATING
  YESTERDAY       26                        38    -12       29
  MONTH TO DATE  837                       944   -107     1047
  SINCE DEC 1    837                       944   -107     1047
  SINCE JUL 1   2235                      2087    148     2325

 COOLING
  YESTERDAY        0                         0      0        0
  MONTH TO DATE    0                         0      0        0
  SINCE DEC 1      0                         0      0        0
  SINCE JAN 1    838                      1017   -179      947
..................................................................


WIND (MPH)
  HIGHEST WIND SPEED    MM   HIGHEST WIND DIRECTION    MM
  HIGHEST GUST SPEED    MM   HIGHEST GUST DIRECTION    MM
  AVERAGE WIND SPEED    MM


SKY COVER
  POSSIBLE SUNSHINE  MM


WEATHER CONDITIONS
 THE FOLLOWING WEATHER WAS RECORDED YESTERDAY.
  LIGHT RAIN
  LIGHT SNOW
  FOG


..........................................................


THE LINCOLN IL CLIMATE NORMALS FOR TODAY
                         NORMAL    RECORD    YEAR
 MAXIMUM TEMPERATURE (F)   34        63      1946
 MINIMUM TEMPERATURE (F)   19       -24      1924


SUNRISE AND SUNSET
DECEMBER 28 2014......SUNRISE   719 AM CST   SUNSET   439 PM CST
DECEMBER 29 2014......SUNRISE   719 AM CST   SUNSET   440 PM CST


-  INDICATES NEGATIVE NUMBERS.
R  INDICATES RECORD WAS SET OR TIED.
MM INDICATES DATA IS MISSING.
T  INDICATES TRACE AMOUNT.




$$
