000
CDUS43 KILX 250649
CLIILX


CLIMATE REPORT
NATIONAL WEATHER SERVICE LINCOLN IL
143 AM CDT MON JUL 25 2016


...................................

...THE LINCOLN IL CLIMATE SUMMARY FOR JULY 24 2016...

CLIMATE NORMAL PERIOD 1981 TO 2010
CLIMATE RECORD PERIOD 1905 TO 2016


WEATHER ITEM   OBSERVED TIME   RECORD YEAR NORMAL DEPARTURE LAST
                VALUE   (LST)  VALUE       VALUE  FROM      YEAR
                                                  NORMAL
..................................................................
TEMPERATURE (F)
 YESTERDAY
  MAXIMUM         91        MM 104    1934  85      6       84
  MINIMUM         70        MM  52    1925  64      6       59
  AVERAGE         81                        74      7       72

PRECIPITATION (IN)
  YESTERDAY        2.37R         1.85 1971   0.16   2.21     0.00
  MONTH TO DATE    7.75                      4.04   3.71     5.91
  SINCE JUN 1     10.11                      8.36   1.75    15.58
  SINCE JAN 1     22.06                     22.48  -0.42    29.97

SNOWFALL (IN)
  YESTERDAY        0.0           0.0    MM   0.0    0.0      0.0
  MONTH TO DATE    0.0                       0.0    0.0      0.0
  SINCE JUN 1      0.0                       0.0    0.0      0.0
  SINCE JUL 1      0.0                       0.0    0.0      0.0
  SNOW DEPTH       0

DEGREE DAYS
 HEATING
  YESTERDAY        0                         0      0        0
  MONTH TO DATE    9                         0      9        6
  SINCE JUN 1     11                        17     -6       14
  SINCE JUL 1      9                         0      9        6

 COOLING
  YESTERDAY       16                        10      6        7
  MONTH TO DATE  242                       247     -5      170
  SINCE JUN 1    524                       479     45      396
  SINCE JAN 1    611                       570     41      507
..................................................................


WIND (MPH)
  HIGHEST WIND SPEED    MM   HIGHEST WIND DIRECTION    MM
  HIGHEST GUST SPEED    MM   HIGHEST GUST DIRECTION    MM
  AVERAGE WIND SPEED    MM


SKY COVER
  POSSIBLE SUNSHINE  MM


WEATHER CONDITIONS
 THE FOLLOWING WEATHER WAS RECORDED YESTERDAY.
  THUNDERSTORM
  HEAVY RAIN
  RAIN
  LIGHT RAIN
  FOG


..........................................................


THE LINCOLN IL CLIMATE NORMALS FOR TODAY
                         NORMAL    RECORD    YEAR
 MAXIMUM TEMPERATURE (F)   85       105      1934
 MINIMUM TEMPERATURE (F)   64        48      1913


SUNRISE AND SUNSET
JULY 25 2016..........SUNRISE   549 AM CDT   SUNSET   818 PM CDT
JULY 26 2016..........SUNRISE   550 AM CDT   SUNSET   817 PM CDT


-  INDICATES NEGATIVE NUMBERS.
R  INDICATES RECORD WAS SET OR TIED.
MM INDICATES DATA IS MISSING.
T  INDICATES TRACE AMOUNT.




$$
