000
CDUS43 KILX 172151
CLIILX


CLIMATE REPORT
NATIONAL WEATHER SERVICE LINCOLN IL
450 PM CDT THU AUG 17 2017


...................................

...THE LINCOLN IL CLIMATE SUMMARY FOR AUGUST 17 2017...
VALID TODAY AS OF 0400 PM LOCAL TIME.

CLIMATE NORMAL PERIOD 1981 TO 2010
CLIMATE RECORD PERIOD 1905 TO 2017


WEATHER ITEM   OBSERVED TIME   RECORD YEAR NORMAL DEPARTURE LAST
                VALUE   (LST)  VALUE       VALUE  FROM      YEAR
                                                  NORMAL
..................................................................
TEMPERATURE (F)
 TODAY
  MAXIMUM         83        MM 101    1988  84     -1       87
  MINIMUM         69        MM  46    1929  62      7       66
  AVERAGE         76                        73      3       77

PRECIPITATION (IN)
  TODAY            0.01          2.48 1935   0.13  -0.12     0.00
  MONTH TO DATE    0.69                      2.21  -1.52     3.63
  SINCE JUN 1      7.49                     11.59  -4.10    14.68
  SINCE JAN 1     23.62                     25.71  -2.09    26.63

SNOWFALL (IN)
  TODAY            0.0           0.0    MM   0.0    0.0      0.0
  MONTH TO DATE    0.0                       0.0    0.0      0.0
  SINCE JUN 1      T                         0.0    0.0      0.0
  SINCE JUL 1      T                         0.0    0.0      0.0
  SNOW DEPTH       0

DEGREE DAYS
 HEATING
  TODAY            0                         0      0        0
  MONTH TO DATE    4                         0      4        0
  SINCE JUN 1     11                        19     -8       11
  SINCE JUL 1      4                         2      2        9

 COOLING
  TODAY           11                         8      3       12
  MONTH TO DATE   72                       149    -77      180
  SINCE JUN 1    658                       692    -34      774
  SINCE JAN 1    748                       783    -35      861
..................................................................







THE LINCOLN IL CLIMATE NORMALS FOR TOMORROW
                         NORMAL    RECORD    YEAR
 MAXIMUM TEMPERATURE (F)   84       105      1936
 MINIMUM TEMPERATURE (F)   62        43      1963


SUNRISE AND SUNSET
AUGUST 17 2017........SUNRISE   611 AM CDT   SUNSET   751 PM CDT
AUGUST 18 2017........SUNRISE   612 AM CDT   SUNSET   750 PM CDT


-  INDICATES NEGATIVE NUMBERS.
R  INDICATES RECORD WAS SET OR TIED.
MM INDICATES DATA IS MISSING.
T  INDICATES TRACE AMOUNT.




$$
