000
CDUS43 KILX 270648
CLIILX


CLIMATE REPORT
NATIONAL WEATHER SERVICE LINCOLN IL
1241 AM CST FRI FEB 27 2015


...................................

...THE LINCOLN IL CLIMATE SUMMARY FOR FEBRUARY 26 2015...

CLIMATE NORMAL PERIOD 1981 TO 2010
CLIMATE RECORD PERIOD 1905 TO 2015


WEATHER ITEM   OBSERVED TIME   RECORD YEAR NORMAL DEPARTURE LAST
                VALUE   (LST)  VALUE       VALUE  FROM      YEAR
                                                  NORMAL
..................................................................
TEMPERATURE (F)
 YESTERDAY
  MAXIMUM         24        MM  71    1996  43    -19       21
  MINIMUM          3        MM -16    1963  26    -23        2
  AVERAGE         14                        34    -20       12

PRECIPITATION (IN)
  YESTERDAY        0.08          1.30 2009   0.07   0.01      T
  MONTH TO DATE    1.20                      1.67  -0.47     2.83
  SINCE DEC 1      4.04                      6.24  -2.20     6.17
  SINCE JAN 1      2.59                      3.60  -1.01     4.66

SNOWFALL (IN)
  YESTERDAY        1.5          11.0  1993   0.2    1.3       T
  MONTH TO DATE   10.1                       5.5    4.6     16.7
  SINCE DEC 1     15.1                      17.6   -2.5     41.1
  SINCE JUL 1     16.1                      18.2   -2.1     41.6
  SNOW DEPTH       2

DEGREE DAYS
 HEATING
  YESTERDAY       51                        31     20       53
  MONTH TO DATE 1183                       908    275     1241
  SINCE DEC 1   3429                      3219    210     3875
  SINCE JUL 1   4827                      4362    465     5153

 COOLING
  YESTERDAY        0                         0      0        0
  MONTH TO DATE    0                         0      0        0
  SINCE DEC 1      0                         0      0        0
  SINCE JAN 1      0                         0      0        0
..................................................................


WIND (MPH)
  HIGHEST WIND SPEED    MM   HIGHEST WIND DIRECTION    MM
  HIGHEST GUST SPEED    MM   HIGHEST GUST DIRECTION    MM
  AVERAGE WIND SPEED    MM


SKY COVER
  POSSIBLE SUNSHINE  MM


WEATHER CONDITIONS
 THE FOLLOWING WEATHER WAS RECORDED YESTERDAY.
  LIGHT SNOW


..........................................................


THE LINCOLN IL CLIMATE NORMALS FOR TODAY
                         NORMAL    RECORD    YEAR
 MAXIMUM TEMPERATURE (F)   44        75      1996
 MINIMUM TEMPERATURE (F)   26       -23      1934


SUNRISE AND SUNSET
FEBRUARY 27 2015......SUNRISE   634 AM CST   SUNSET   547 PM CST
FEBRUARY 28 2015......SUNRISE   633 AM CST   SUNSET   548 PM CST


-  INDICATES NEGATIVE NUMBERS.
R  INDICATES RECORD WAS SET OR TIED.
MM INDICATES DATA IS MISSING.
T  INDICATES TRACE AMOUNT.




$$
