000
CDUS43 KILX 210640
CLIILX


CLIMATE REPORT
NATIONAL WEATHER SERVICE LINCOLN IL
139 AM CDT THU AUG 21 2014


...................................

...THE LINCOLN IL CLIMATE SUMMARY FOR AUGUST 20 2014...

CLIMATE NORMAL PERIOD 1981 TO 2010
CLIMATE RECORD PERIOD 1905 TO 2014


WEATHER ITEM   OBSERVED TIME   RECORD YEAR NORMAL DEPARTURE LAST
                VALUE   (LST)  VALUE       VALUE  FROM      YEAR
                                                  NORMAL
..................................................................
TEMPERATURE (F)
 YESTERDAY
  MAXIMUM         82        MM 102    1983  84     -2       85
  MINIMUM         61        MM  42    1950  62     -1       57
  AVERAGE         72                        73     -1       71

PRECIPITATION (IN)
  YESTERDAY        0.15          2.34 2010   0.12   0.03     0.00
  MONTH TO DATE    2.61                      2.60   0.01     1.87
  SINCE JUN 1     13.81                     11.98   1.83     7.98
  SINCE JAN 1     25.13                     26.10  -0.97    29.14

SNOWFALL (IN)
  YESTERDAY        0.0           0.0    MM   0.0    0.0      0.0
  MONTH TO DATE    0.0                       0.0    0.0      0.0
  SINCE JUN 1      0.0                       0.0    0.0       T
  SINCE JUL 1      0.0                       0.0    0.0       T
  SNOW DEPTH       0

DEGREE DAYS
 HEATING
  YESTERDAY        0                         0      0        0
  MONTH TO DATE    1                         0      1       11
  SINCE JUN 1     17                        19     -2       39
  SINCE JUL 1     10                         2      8       22

 COOLING
  YESTERDAY        7                         8     -1        6
  MONTH TO DATE  106                       173    -67       80
  SINCE JUN 1    472                       716   -244      542
  SINCE JAN 1    601                       807   -206      644
..................................................................


WIND (MPH)
  HIGHEST WIND SPEED    MM   HIGHEST WIND DIRECTION    MM
  HIGHEST GUST SPEED     0   HIGHEST GUST DIRECTION     N (0)
  AVERAGE WIND SPEED    MM


SKY COVER
  POSSIBLE SUNSHINE   0 PERCENT


WEATHER CONDITIONS
 THE FOLLOWING WEATHER WAS RECORDED YESTERDAY.
  THUNDERSTORM
  HEAVY RAIN
  RAIN
  LIGHT RAIN
  FOG


..........................................................


THE LINCOLN IL CLIMATE NORMALS FOR TODAY
                         NORMAL    RECORD    YEAR
 MAXIMUM TEMPERATURE (F)   84       104      1983
 MINIMUM TEMPERATURE (F)   62        43      1950


SUNRISE AND SUNSET
AUGUST 21 2014........SUNRISE   614 AM CDT   SUNSET   746 PM CDT
AUGUST 22 2014........SUNRISE   615 AM CDT   SUNSET   744 PM CDT


-  INDICATES NEGATIVE NUMBERS.
R  INDICATES RECORD WAS SET OR TIED.
MM INDICATES DATA IS MISSING.
T  INDICATES TRACE AMOUNT.




$$
