000
CDUS43 KILX 290630
CLIILX


CLIMATE REPORT
NATIONAL WEATHER SERVICE LINCOLN IL
1229 AM CST SAT NOV 29 2014


...................................

...THE LINCOLN IL CLIMATE SUMMARY FOR NOVEMBER 28 2014...

CLIMATE NORMAL PERIOD 1981 TO 2010
CLIMATE RECORD PERIOD 1905 TO 2014


WEATHER ITEM   OBSERVED TIME   RECORD YEAR NORMAL DEPARTURE LAST
                VALUE   (LST)  VALUE       VALUE  FROM      YEAR
                                                  NORMAL
..................................................................
TEMPERATURE (F)
 YESTERDAY
  MAXIMUM         38        MM  67    1909  44     -6       39
  MINIMUM         14        MM  -3    1930  28    -14       13
  AVERAGE         26                        36    -10       26

PRECIPITATION (IN)
  YESTERDAY        0.00          1.30 2005   0.11  -0.11     0.00
  MONTH TO DATE    2.23                      3.03  -0.80     1.21
  SINCE SEP 1     14.28                      9.32   4.96     5.65
  SINCE JAN 1     42.93                     36.74   6.19    34.79

SNOWFALL (IN)
  YESTERDAY        0.0           3.0  1980   0.0    0.0      0.0
  MONTH TO DATE    1.0                       0.5    0.5      0.5
  SINCE SEP 1      1.0                       0.5    0.5      0.5
  SINCE JUL 1      1.0                       0.5    0.5      0.5
  SNOW DEPTH       1

DEGREE DAYS
 HEATING
  YESTERDAY       39                        29     10       39
  MONTH TO DATE  872                       626    246      749
  SINCE SEP 1   1348                      1073    275     1190
  SINCE JUL 1   1358                      1082    276     1212

 COOLING
  YESTERDAY        0                         0      0        0
  MONTH TO DATE    0                         0      0        0
  SINCE SEP 1     84                       128    -44      176
  SINCE JAN 1    838                      1017   -179      947
..................................................................


WIND (MPH)
  HIGHEST WIND SPEED    MM   HIGHEST WIND DIRECTION    MM
  HIGHEST GUST SPEED    MM   HIGHEST GUST DIRECTION    MM
  AVERAGE WIND SPEED    MM


SKY COVER
  POSSIBLE SUNSHINE  MM


WEATHER CONDITIONS
 THE FOLLOWING WEATHER WAS RECORDED YESTERDAY.
  NO SIGNIFICANT WEATHER WAS OBSERVED.


..........................................................


THE LINCOLN IL CLIMATE NORMALS FOR TODAY
                         NORMAL    RECORD    YEAR
 MAXIMUM TEMPERATURE (F)   44        71      1927
 MINIMUM TEMPERATURE (F)   27         2      1929


SUNRISE AND SUNSET
NOVEMBER 29 2014......SUNRISE   658 AM CST   SUNSET   433 PM CST
NOVEMBER 30 2014......SUNRISE   659 AM CST   SUNSET   433 PM CST


-  INDICATES NEGATIVE NUMBERS.
R  INDICATES RECORD WAS SET OR TIED.
MM INDICATES DATA IS MISSING.
T  INDICATES TRACE AMOUNT.




$$
