000
CDUS43 KIND 260537
CLIIND


CLIMATE REPORT
NATIONAL WEATHER SERVICE INDIANAPOLIS IN
1237 AM EST FRI DEC 26 2014


...................................

...THE INDIANAPOLIS IN CLIMATE SUMMARY FOR DECEMBER 25 2014...

CLIMATE NORMAL PERIOD 1981 TO 2010
CLIMATE RECORD PERIOD 1871 TO 2014


WEATHER ITEM   OBSERVED TIME   RECORD YEAR NORMAL DEPARTURE LAST
                VALUE   (LST)  VALUE       VALUE  FROM      YEAR
                                                  NORMAL
..................................................................
TEMPERATURE (F)
 YESTERDAY
  MAXIMUM         41    331 PM  64    1893  36      5       30
  MINIMUM         31   1156 PM -15    1983  22      9       18
  AVERAGE         36                        29      7       24

PRECIPITATION (IN)
  YESTERDAY        0.01          1.36 2005   0.11  -0.10      T
  MONTH TO DATE    2.35                      2.56  -0.21     4.44
  SINCE DEC 1      2.35                      2.56  -0.21     4.44
  SINCE JAN 1     41.37                     41.83  -0.46    45.92

SNOWFALL (IN)
  YESTERDAY        0.0         999.0  2013   0.3   -0.3       T
  MONTH TO DATE    0.1                       5.2   -5.1      8.8
  SINCE DEC 1      0.1                       5.2   -5.1      8.8
  SINCE JUL 1      2.8                       6.3   -3.5      8.9
  SNOW DEPTH       0

DEGREE DAYS
 HEATING
  YESTERDAY       29                        36     -7       41
  MONTH TO DATE  761                       817    -56      878
  SINCE DEC 1    761                       817    -56      878
  SINCE JUL 1   2040                      1859    181     2022

 COOLING
  YESTERDAY        0                         0      0        0
  MONTH TO DATE    0                         0      0        0
  SINCE DEC 1      0                         0      0        0
  SINCE JAN 1    900                      1066   -166     1160
..................................................................


WIND (MPH)
  HIGHEST WIND SPEED    21   HIGHEST WIND DIRECTION     W (270)
  HIGHEST GUST SPEED    28   HIGHEST GUST DIRECTION     W (260)
  AVERAGE WIND SPEED    11.8


SKY COVER
  AVERAGE SKY COVER 0.6


WEATHER CONDITIONS
 THE FOLLOWING WEATHER WAS RECORDED YESTERDAY.
  LIGHT RAIN
  FOG


RELATIVE HUMIDITY (PERCENT)
 HIGHEST   100           200 AM
 LOWEST     70           200 PM
 AVERAGE    85

..........................................................


THE INDIANAPOLIS IN CLIMATE NORMALS FOR TODAY
                         NORMAL    RECORD    YEAR
 MAXIMUM TEMPERATURE (F)   36        67      1875
 MINIMUM TEMPERATURE (F)   22        -5      1983


SUNRISE AND SUNSET
DECEMBER 26 2014......SUNRISE   805 AM EST   SUNSET   527 PM EST
DECEMBER 27 2014......SUNRISE   805 AM EST   SUNSET   527 PM EST


-  INDICATES NEGATIVE NUMBERS.
R  INDICATES RECORD WAS SET OR TIED.
MM INDICATES DATA IS MISSING.
T  INDICATES TRACE AMOUNT.




$$
