000
CDUS43 KIND 280530
CLIIND


CLIMATE REPORT
NATIONAL WEATHER SERVICE INDIANAPOLIS IN
130 AM EDT MON JUL 28 2014


...................................

...THE INDIANAPOLIS IN CLIMATE SUMMARY FOR JULY 27 2014...

CLIMATE NORMAL PERIOD 1981 TO 2010
CLIMATE RECORD PERIOD 1871 TO 2014


WEATHER ITEM   OBSERVED TIME   RECORD YEAR NORMAL DEPARTURE LAST
                VALUE   (LST)  VALUE       VALUE  FROM      YEAR
                                                  NORMAL
..................................................................
TEMPERATURE (F)
 YESTERDAY
  MAXIMUM         85    257 PM 100    1916  85      0       78
  MINIMUM         66   1159 PM  51    1962  66      0       57
  AVERAGE         76                        75      1       68

PRECIPITATION (IN)
  YESTERDAY        0.22          1.86 1981   0.12   0.10     0.53
  MONTH TO DATE    2.87                      4.05  -1.18     3.20
  SINCE JUN 1      9.91                      8.30   1.61     6.86
  SINCE JAN 1     27.34                     25.70   1.64    28.69

SNOWFALL (IN)
  YESTERDAY        0.0           0.0    MM   0.0    0.0      0.0
  MONTH TO DATE    0.0                       0.0    0.0      0.0
  SINCE JUN 1      0.0                       0.0    0.0      0.0
  SINCE JUL 1      0.0                       0.0    0.0      0.0
  SNOW DEPTH       0

DEGREE DAYS
 HEATING
  YESTERDAY        0                         0      0        0
  MONTH TO DATE    3                         0      3        0
  SINCE JUN 1      5                        16    -11        9
  SINCE JUL 1      3                         0      3        0

 COOLING
  YESTERDAY       11                        10      1        3
  MONTH TO DATE  164                       285   -121      273
  SINCE JUN 1    402                       511   -109      499
  SINCE JAN 1    506                       595    -89      628
..................................................................


WIND (MPH)
  HIGHEST WIND SPEED    31   HIGHEST WIND DIRECTION     W (280)
  HIGHEST GUST SPEED    39   HIGHEST GUST DIRECTION     W (280)
  AVERAGE WIND SPEED    10.9


SKY COVER
  AVERAGE SKY COVER 0.7


WEATHER CONDITIONS
 THE FOLLOWING WEATHER WAS RECORDED YESTERDAY.
  THUNDERSTORM
  LIGHT RAIN
  FOG
  HAZE


RELATIVE HUMIDITY (PERCENT)
 HIGHEST   100           200 AM
 LOWEST     54           700 PM
 AVERAGE    77

..........................................................


THE INDIANAPOLIS IN CLIMATE NORMALS FOR TODAY
                         NORMAL    RECORD    YEAR
 MAXIMUM TEMPERATURE (F)   85       101      1930
 MINIMUM TEMPERATURE (F)   66        51      2013


SUNRISE AND SUNSET
JULY 28 2014..........SUNRISE   641 AM EDT   SUNSET   902 PM EDT
JULY 29 2014..........SUNRISE   641 AM EDT   SUNSET   901 PM EDT


-  INDICATES NEGATIVE NUMBERS.
R  INDICATES RECORD WAS SET OR TIED.
MM INDICATES DATA IS MISSING.
T  INDICATES TRACE AMOUNT.




$$
