000
CDUS43 KIND 180535
CLIIND


CLIMATE REPORT
NATIONAL WEATHER SERVICE INDIANAPOLIS IN
133 AM EDT FRI AUG 18 2017


...................................

...THE INDIANAPOLIS IN CLIMATE SUMMARY FOR AUGUST 17 2017...

CLIMATE NORMAL PERIOD 1981 TO 2010
CLIMATE RECORD PERIOD 1871 TO 2017


WEATHER ITEM   OBSERVED TIME   RECORD YEAR NORMAL DEPARTURE LAST
                VALUE   (LST)  VALUE       VALUE  FROM      YEAR
                                                  NORMAL
..................................................................
TEMPERATURE (F)
 YESTERDAY
  MAXIMUM         88    200 PM  99    1988  84      4       84
  MINIMUM         72   1159 PM  52    1963  65      7       70
  AVERAGE         80                        74      6       77

PRECIPITATION (IN)
  YESTERDAY        0.03          3.18 1935   0.11  -0.08     0.00
  MONTH TO DATE    0.17                      1.71  -1.54     3.62
  SINCE JUN 1     12.88                     10.51   2.37    13.81
  SINCE JAN 1     37.16                     27.91   9.25    31.32

SNOWFALL (IN)
  YESTERDAY        0.0           T    2000   0.0    0.0      0.0
  MONTH TO DATE    0.0                       0.0    0.0      0.0
  SINCE JUN 1      0.0                       0.0    0.0      0.0
  SINCE JUL 1      0.0                       0.0    0.0      0.0
  SNOW DEPTH       0

DEGREE DAYS
 HEATING
  YESTERDAY        0                         0      0        0
  MONTH TO DATE    0                         0      0        0
  SINCE JUN 1      3                        17    -14        3
  SINCE JUL 1      0                         1     -1        2

 COOLING
  YESTERDAY       15                         9      6       12
  MONTH TO DATE  144                       169    -25      240
  SINCE JUN 1    721                       718      3      903
  SINCE JAN 1    827                       802     25     1004
..................................................................


WIND (MPH)
  HIGHEST WIND SPEED    30   HIGHEST WIND DIRECTION     W (260)
  HIGHEST GUST SPEED    42   HIGHEST GUST DIRECTION    SW (240)
  AVERAGE WIND SPEED    13.6


SKY COVER
  AVERAGE SKY COVER 0.7


WEATHER CONDITIONS
 THE FOLLOWING WEATHER WAS RECORDED YESTERDAY.
  HEAVY RAIN
  RAIN
  LIGHT RAIN
  FOG


RELATIVE HUMIDITY (PERCENT)
 HIGHEST    94           700 AM
 LOWEST     50           200 PM
 AVERAGE    72

..........................................................


THE INDIANAPOLIS IN CLIMATE NORMALS FOR TODAY
                         NORMAL    RECORD    YEAR
 MAXIMUM TEMPERATURE (F)   84        98      1936
 MINIMUM TEMPERATURE (F)   65        48      1963


SUNRISE AND SUNSET
AUGUST 18 2017........SUNRISE   700 AM EDT   SUNSET   837 PM EDT
AUGUST 19 2017........SUNRISE   701 AM EDT   SUNSET   835 PM EDT


-  INDICATES NEGATIVE NUMBERS.
R  INDICATES RECORD WAS SET OR TIED.
MM INDICATES DATA IS MISSING.
T  INDICATES TRACE AMOUNT.




$$
