000
CDUS43 KIND 270532
CLIIND


CLIMATE REPORT
NATIONAL WEATHER SERVICE INDIANAPOLIS IN
131 AM EDT FRI MAR 27 2015


...................................

...THE INDIANAPOLIS IN CLIMATE SUMMARY FOR MARCH 26 2015...

CLIMATE NORMAL PERIOD 1981 TO 2010
CLIMATE RECORD PERIOD 1871 TO 2015


WEATHER ITEM   OBSERVED TIME   RECORD YEAR NORMAL DEPARTURE LAST
                VALUE   (LST)  VALUE       VALUE  FROM      YEAR
                                                  NORMAL
..................................................................
TEMPERATURE (F)
 YESTERDAY
  MAXIMUM         45    116 AM  80    1907  56    -11       41
  MINIMUM         34   1159 PM   8    1955  36     -2       15
  AVERAGE         40                        46     -6       28

PRECIPITATION (IN)
  YESTERDAY        0.50          1.98 1948   0.12   0.38     0.00
  MONTH TO DATE    3.47                      2.92   0.55     1.58
  SINCE MAR 1      3.47                      2.92   0.55     1.58
  SINCE JAN 1      6.62                      7.90  -1.28     6.37

SNOWFALL (IN)
  YESTERDAY        0.0           2.1  1930   0.0    0.0      0.0
  MONTH TO DATE    5.9                       2.4    3.5      3.1
  SINCE MAR 1      5.9                       2.4    3.5      3.1
  SINCE JUL 1     25.6                      25.5    0.1     55.4
  SNOW DEPTH       0

DEGREE DAYS
 HEATING
  YESTERDAY       25                        19      6       37
  MONTH TO DATE  663                       616     47      787
  SINCE MAR 1    663                       616     47      787
  SINCE JUL 1   5389                      4759    630     5584

 COOLING
  YESTERDAY        0                         0      0        0
  MONTH TO DATE    0                         0      0        0
  SINCE MAR 1      0                         0      0        0
  SINCE JAN 1      0                         0      0        0
..................................................................


WIND (MPH)
  HIGHEST WIND SPEED    20   HIGHEST WIND DIRECTION    NW (330)
  HIGHEST GUST SPEED    22   HIGHEST GUST DIRECTION    NW (320)
  AVERAGE WIND SPEED    11.4


SKY COVER
  AVERAGE SKY COVER 0.8


WEATHER CONDITIONS
 THE FOLLOWING WEATHER WAS RECORDED YESTERDAY.
  RAIN
  LIGHT RAIN
  FOG
  HAZE


RELATIVE HUMIDITY (PERCENT)
 HIGHEST    96           200 AM
 LOWEST     62           300 PM
 AVERAGE    79

..........................................................


THE INDIANAPOLIS IN CLIMATE NORMALS FOR TODAY
                         NORMAL    RECORD    YEAR
 MAXIMUM TEMPERATURE (F)   56        84      1910
 MINIMUM TEMPERATURE (F)   36        11      1955


SUNRISE AND SUNSET
MARCH 27 2015.........SUNRISE   738 AM EDT   SUNSET   804 PM EDT
MARCH 28 2015.........SUNRISE   736 AM EDT   SUNSET   805 PM EDT


-  INDICATES NEGATIVE NUMBERS.
R  INDICATES RECORD WAS SET OR TIED.
MM INDICATES DATA IS MISSING.
T  INDICATES TRACE AMOUNT.




$$
