000
CDUS43 KIND 280532
CLIIND


CLIMATE REPORT
NATIONAL WEATHER SERVICE INDIANAPOLIS IN
132 AM EDT WED SEP 28 2016


...................................

...THE INDIANAPOLIS IN CLIMATE SUMMARY FOR SEPTEMBER 27 2016...

CLIMATE NORMAL PERIOD 1981 TO 2010
CLIMATE RECORD PERIOD 1871 TO 2016


WEATHER ITEM   OBSERVED TIME   RECORD YEAR NORMAL DEPARTURE LAST
                VALUE   (LST)  VALUE       VALUE  FROM      YEAR
                                                  NORMAL
..................................................................
TEMPERATURE (F)
 YESTERDAY
  MAXIMUM         75    320 PM  93    1998  73      2       77
  MINIMUM         48    658 AM  35    1991  51     -3       61
  AVERAGE         62                        62      0       69

PRECIPITATION (IN)
  YESTERDAY        0.00          2.59 1996   0.11  -0.11      T
  MONTH TO DATE    3.56                      2.80   0.76     1.43
  SINCE SEP 1      3.56                      2.80   0.76     1.43
  SINCE JAN 1     38.58                     32.13   6.45    37.61

SNOWFALL (IN)
  YESTERDAY        0.0           0.0    MM   0.0    0.0      0.0
  MONTH TO DATE    0.0                       0.0    0.0      0.0
  SINCE SEP 1      0.0                       0.0    0.0      0.0
  SINCE JUL 1      0.0                       0.0    0.0      0.0
  SNOW DEPTH       0

DEGREE DAYS
 HEATING
  YESTERDAY        3                         5     -2        0
  MONTH TO DATE    5                        53    -48       17
  SINCE SEP 1      5                        53    -48       17
  SINCE JUL 1      7                        57    -50       19

 COOLING
  YESTERDAY        0                         2     -2        4
  MONTH TO DATE  213                       123     90      180
  SINCE SEP 1    213                       123     90      180
  SINCE JAN 1   1393                      1044    349     1135
..................................................................


WIND (MPH)
  HIGHEST WIND SPEED    25   HIGHEST WIND DIRECTION    SW (240)
  HIGHEST GUST SPEED    31   HIGHEST GUST DIRECTION     W (270)
  AVERAGE WIND SPEED    11.1


SKY COVER
  AVERAGE SKY COVER 0.2


WEATHER CONDITIONS
 THE FOLLOWING WEATHER WAS RECORDED YESTERDAY.
  NO SIGNIFICANT WEATHER WAS OBSERVED.


RELATIVE HUMIDITY (PERCENT)
 HIGHEST    86           200 AM
 LOWEST     29           500 PM
 AVERAGE    58

..........................................................


THE INDIANAPOLIS IN CLIMATE NORMALS FOR TODAY
                         NORMAL    RECORD    YEAR
 MAXIMUM TEMPERATURE (F)   72        91      1939
 MINIMUM TEMPERATURE (F)   51        33      1942


SUNRISE AND SUNSET
SEPTEMBER 28 2016.....SUNRISE   739 AM EDT   SUNSET   732 PM EDT
SEPTEMBER 29 2016.....SUNRISE   740 AM EDT   SUNSET   730 PM EDT


-  INDICATES NEGATIVE NUMBERS.
R  INDICATES RECORD WAS SET OR TIED.
MM INDICATES DATA IS MISSING.
T  INDICATES TRACE AMOUNT.




$$
