000
CDUS43 KIND 020536
CLIIND


CLIMATE REPORT
NATIONAL WEATHER SERVICE INDIANAPOLIS IN
1236 AM EST MON MAR 2 2015


...................................

...THE INDIANAPOLIS IN CLIMATE SUMMARY FOR MARCH 1 2015...

CLIMATE NORMAL PERIOD 1981 TO 2010
CLIMATE RECORD PERIOD 1871 TO 2015


WEATHER ITEM   OBSERVED TIME   RECORD YEAR NORMAL DEPARTURE LAST
                VALUE   (LST)  VALUE       VALUE  FROM      YEAR
                                                  NORMAL
..................................................................
TEMPERATURE (F)
 YESTERDAY
  MAXIMUM         31    220 PM  71    1976  45    -14       49
  MINIMUM         22   1159 PM  -4    1960  28     -6       25
  AVERAGE         27                        37    -10       37

PRECIPITATION (IN)
  YESTERDAY        0.53          1.90 1875   0.10   0.43      T
  MONTH TO DATE    0.53                      0.10   0.43      T
  SINCE MAR 1      0.53                      0.10   0.43      T
  SINCE JAN 1      3.68                      5.08  -1.40     4.79

SNOWFALL (IN)
  YESTERDAY        5.9 R         5.5  1963   0.1    5.8       T
  MONTH TO DATE    5.9                       0.1    5.8       T
  SINCE MAR 1      5.9                       0.1    5.8       T
  SINCE JUL 1     25.6                      23.2    2.4     52.3
  SNOW DEPTH      11

DEGREE DAYS
 HEATING
  YESTERDAY       38                        28     10       28
  MONTH TO DATE   38                        28     10       28
  SINCE MAR 1     38                        28     10       28
  SINCE JUL 1   4764                      4171    593     4825

 COOLING
  YESTERDAY        0                         0      0        0
  MONTH TO DATE    0                         0      0        0
  SINCE MAR 1      0                         0      0        0
  SINCE JAN 1      0                         0      0        0
..................................................................


WIND (MPH)
  HIGHEST WIND SPEED    17   HIGHEST WIND DIRECTION    NW (300)
  HIGHEST GUST SPEED    22   HIGHEST GUST DIRECTION    NW (320)
  AVERAGE WIND SPEED     4.7


SKY COVER
  AVERAGE SKY COVER 1.0


WEATHER CONDITIONS
 THE FOLLOWING WEATHER WAS RECORDED YESTERDAY.
  LIGHT RAIN
  HEAVY SNOW
  SNOW
  LIGHT SNOW
  FOG
  FOG W/VISIBILITY <= 1/4 MILE
  HAZE


RELATIVE HUMIDITY (PERCENT)
 HIGHEST    96           400 AM
 LOWEST     78           400 PM
 AVERAGE    87

..........................................................


THE INDIANAPOLIS IN CLIMATE NORMALS FOR TODAY
                         NORMAL    RECORD    YEAR
 MAXIMUM TEMPERATURE (F)   46        74      1992
 MINIMUM TEMPERATURE (F)   28        -7      1980


SUNRISE AND SUNSET
MARCH  2 2015.........SUNRISE   717 AM EST   SUNSET   638 PM EST
MARCH  3 2015.........SUNRISE   716 AM EST   SUNSET   639 PM EST


-  INDICATES NEGATIVE NUMBERS.
R  INDICATES RECORD WAS SET OR TIED.
MM INDICATES DATA IS MISSING.
T  INDICATES TRACE AMOUNT.




$$
