000
CDUS43 KIND 270533
CLIIND


CLIMATE REPORT
NATIONAL WEATHER SERVICE INDIANAPOLIS IN
131 AM EDT SAT AUG 27 2016


...................................

...THE INDIANAPOLIS IN CLIMATE SUMMARY FOR AUGUST 26 2016...

CLIMATE NORMAL PERIOD 1981 TO 2010
CLIMATE RECORD PERIOD 1871 TO 2016


WEATHER ITEM   OBSERVED TIME   RECORD YEAR NORMAL DEPARTURE LAST
                VALUE   (LST)  VALUE       VALUE  FROM      YEAR
                                                  NORMAL
..................................................................
TEMPERATURE (F)
 YESTERDAY
  MAXIMUM         92    315 PM  97    1948  84      8       78
  MINIMUM         72   1159 PM  48    1945  63      9       62
                                      1885
  AVERAGE         82                        74      8       70

PRECIPITATION (IN)
  YESTERDAY        1.82          1.90 1890   0.11   1.71     0.00
  MONTH TO DATE    5.94                      2.63   3.31     1.55
  SINCE JUN 1     16.13                     11.43   4.70    23.05
  SINCE JAN 1     33.64                     28.83   4.81    36.18

SNOWFALL (IN)
  YESTERDAY        0.0           0.0    MM   0.0    0.0      0.0
  MONTH TO DATE    0.0                       0.0    0.0      0.0
  SINCE JUN 1      0.0                       0.0    0.0       T
  SINCE JUL 1      0.0                       0.0    0.0      0.0
  SNOW DEPTH       0

DEGREE DAYS
 HEATING
  YESTERDAY        0                         0      0        0
  MONTH TO DATE    0                         0      0        2
  SINCE JUN 1      3                        17    -14       18
  SINCE JUL 1      2                         1      1        2

 COOLING
  YESTERDAY       17                         9      8        5
  MONTH TO DATE  344                       250     94      210
  SINCE JUN 1   1007                       799    208      765
  SINCE JAN 1   1108                       883    225      913
..................................................................


WIND (MPH)
  HIGHEST WIND SPEED    29   HIGHEST WIND DIRECTION     S (190)
  HIGHEST GUST SPEED    36   HIGHEST GUST DIRECTION     E (110)
  AVERAGE WIND SPEED     4.4


SKY COVER
  AVERAGE SKY COVER 0.7


WEATHER CONDITIONS
 THE FOLLOWING WEATHER WAS RECORDED YESTERDAY.
  THUNDERSTORM
  HEAVY RAIN
  RAIN
  LIGHT RAIN
  FOG
  HAZE


RELATIVE HUMIDITY (PERCENT)
 HIGHEST    93          1100 PM
 LOWEST     59           300 PM
 AVERAGE    76

..........................................................


THE INDIANAPOLIS IN CLIMATE NORMALS FOR TODAY
                         NORMAL    RECORD    YEAR
 MAXIMUM TEMPERATURE (F)   84        97      1948
 MINIMUM TEMPERATURE (F)   63        48      1968
                                             1885
                                             1876


SUNRISE AND SUNSET
AUGUST 27 2016........SUNRISE   709 AM EDT   SUNSET   823 PM EDT
AUGUST 28 2016........SUNRISE   710 AM EDT   SUNSET   822 PM EDT


-  INDICATES NEGATIVE NUMBERS.
R  INDICATES RECORD WAS SET OR TIED.
MM INDICATES DATA IS MISSING.
T  INDICATES TRACE AMOUNT.




$$
