922
CDUS43 KDLH 302221
CLIINL


CLIMATE REPORT
NATIONAL WEATHER SERVICE DULUTH MN
521 PM CDT SAT JUL 30 2016


...................................

...THE INTERNATIONAL FALLS MN CLIMATE SUMMARY FOR JULY 30 2016...
VALID TODAY AS OF 0500 PM LOCAL TIME.

CLIMATE NORMAL PERIOD 1981 TO 2010
CLIMATE RECORD PERIOD 1895 TO 2016


WEATHER ITEM   OBSERVED TIME   RECORD YEAR NORMAL DEPARTURE LAST
                VALUE   (LST)  VALUE       VALUE  FROM      YEAR
                                                  NORMAL
..................................................................
TEMPERATURE (F)
 TODAY
  MAXIMUM         79    232 PM  94    1995  78      1       79
                                      1975
                                      1970
  MINIMUM         54    526 AM  38    1898  53      1       55
  AVERAGE         67                        65      2       67

PRECIPITATION (IN)
  TODAY            T                         0.10  -0.10      T
  MONTH TO DATE    2.42                      3.61  -1.19     1.47
  SINCE JUN 1      9.34                      7.53   1.81     4.67
  SINCE JAN 1     17.14                     14.06   3.08    12.84

SNOWFALL (IN)
  TODAY            0.0                       0.0    0.0      0.0
  MONTH TO DATE    0.0                       0.0    0.0      0.0
  SINCE JUL 1      0.0                       0.0    0.0      0.0
  SNOW DEPTH       0

DEGREE DAYS
 HEATING
  TODAY            0                         2     -2        0
  MONTH TO DATE   43                        67    -24       47
  SINCE JUN 1    210                       231    -21      196
  SINCE JUL 1     43                        67    -24       47

 COOLING
  TODAY            2                         2      0        2
  MONTH TO DATE   77                        71      6       91
  SINCE JUN 1     96                       109    -13       95
  SINCE JAN 1     98                       118    -20       95
..................................................................


WIND (MPH)
  HIGHEST WIND SPEED    13   HIGHEST WIND DIRECTION    SE (140)
  HIGHEST GUST SPEED    17   HIGHEST GUST DIRECTION     S (170)


SKY COVER
  AVERAGE SKY COVER 0.3


WEATHER CONDITIONS
 THE FOLLOWING WEATHER WAS RECORDED TODAY.
  NO SIGNIFICANT WEATHER WAS OBSERVED.


RELATIVE HUMIDITY (PERCENT)
 HIGHEST    93           300 AM
 LOWEST     54          1200 PM
 AVERAGE    74

..........................................................


THE INTERNATIONAL FALLS MN CLIMATE NORMALS FOR TOMORROW
                         NORMAL    RECORD    YEAR
 MAXIMUM TEMPERATURE (F)   78        97      1923
 MINIMUM TEMPERATURE (F)   52        39      1906
                                             1898


SUNRISE AND SUNSET
JULY 30 2016..........SUNRISE   546 AM CDT   SUNSET   853 PM CDT
JULY 31 2016..........SUNRISE   547 AM CDT   SUNSET   852 PM CDT


-  INDICATES NEGATIVE NUMBERS.
R  INDICATES RECORD WAS SET OR TIED.
MM INDICATES DATA IS MISSING.
T  INDICATES TRACE AMOUNT.




$$
