000
CDUS45 KFGZ 010830
CLIINW
CLIMATE REPORT
NATIONAL WEATHER SERVICE FLAGSTAFF, AZ
128 AM MST TUE SEP 1 2015


...................................

...THE WINSLOW AZ AIRPORT CLIMATE SUMMARY FOR AUGUST 31 2015...

CLIMATE NORMAL PERIOD 1981 TO 2010
CLIMATE RECORD PERIOD 1915 TO 2015


WEATHER ITEM   OBSERVED TIME   RECORD YEAR NORMAL DEPARTURE LAST
                VALUE   (LST)  VALUE       VALUE  FROM      YEAR
                                                  NORMAL
..................................................................
TEMPERATURE (F)
 YESTERDAY
  MAXIMUM         85   1242 PM  99    1949  90     -5       92
                                      1919
  MINIMUM         61    626 AM  49    2000  58      3       63
  AVERAGE         73                        74     -1       78

PRECIPITATION (IN)
  YESTERDAY        0.19          0.75 1928   0.04   0.15     0.00
  MONTH TO DATE    3.26                      1.20   2.06     2.68
  SINCE SEP 1     11.75                      7.01   4.74     7.99
  SINCE JAN 1      8.90                      4.53   4.37     4.18

DEGREE DAYS
 HEATING
  YESTERDAY        0                         0      0        0
  MONTH TO DATE    0                         0      0        0
  SINCE JUL 1      0                         0      0        0

 COOLING
  YESTERDAY        8                         9     -1       13
  MONTH TO DATE  389                       341     48      297
  SINCE JAN 1   1109                      1058     51     1116
..................................................................


WIND (MPH)
  HIGHEST WIND SPEED    29   HIGHEST WIND DIRECTION    NW (300)
  HIGHEST GUST SPEED    36   HIGHEST GUST DIRECTION    NW (310)
  AVERAGE WIND SPEED     7.0


SKY COVER
  POSSIBLE SUNSHINE  MM
  AVERAGE SKY COVER 0.0


WEATHER CONDITIONS
 THE FOLLOWING WEATHER WAS RECORDED YESTERDAY.
  THUNDERSTORM
  HEAVY RAIN
  LIGHT RAIN
  FOG


RELATIVE HUMIDITY (PERCENT)
 HIGHEST    97           600 AM
 LOWEST     43          1200 PM
 AVERAGE    70

..........................................................


THE WINSLOW AZ AIRPORT CLIMATE NORMALS FOR TODAY
                         NORMAL    RECORD    YEAR
 MAXIMUM TEMPERATURE (F)   89        99      1950
 MINIMUM TEMPERATURE (F)   58        46      1962


SUNRISE AND SUNSET
SEPTEMBER  1 2015.....SUNRISE   555 AM MST   SUNSET   650 PM MST
SEPTEMBER  2 2015.....SUNRISE   556 AM MST   SUNSET   648 PM MST


-  INDICATES NEGATIVE NUMBERS.
R  INDICATES RECORD WAS SET OR TIED.
MM INDICATES DATA IS MISSING.
T  INDICATES TRACE AMOUNT.




$$
