000
CDUS45 KFGZ 170745
CLIINW
CLIMATE REPORT
NATIONAL WEATHER SERVICE FLAGSTAFF, AZ
1245 AM MST FRI NOV 17 2017


...................................

...THE WINSLOW AZ AIRPORT CLIMATE SUMMARY FOR NOVEMBER 16 2017...

CLIMATE NORMAL PERIOD 1981 TO 2010
CLIMATE RECORD PERIOD 1915 TO 2017


WEATHER ITEM   OBSERVED TIME   RECORD YEAR NORMAL DEPARTURE LAST
                VALUE   (LST)  VALUE       VALUE  FROM      YEAR
                                                  NORMAL
..................................................................
TEMPERATURE (F)
 YESTERDAY
  MAXIMUM         76R   222 PM  74    1999  60     16       72
                                      1981
  MINIMUM         35    630 AM  10    1964  28      7       43
                                      1956
                                      1916
  AVERAGE         56                        44     12       58

PRECIPITATION (IN)
  YESTERDAY        0.00          0.58 1952   0.02  -0.02     0.00
  MONTH TO DATE    0.00                      0.28  -0.28     0.86
  SINCE SEP 1      0.22                      1.69  -1.47     1.84
  SINCE JAN 1      4.25                      6.22  -1.97     5.46

DEGREE DAYS
 HEATING
  YESTERDAY        9                        21    -12        7
  MONTH TO DATE  160                       288   -128      198
  SINCE JUL 1    438                       594   -156      337

 COOLING
  YESTERDAY        0                         0      0        0
  MONTH TO DATE    0                         0      0        0
  SINCE JAN 1   1443                      1208    235     1278
..................................................................


WIND (MPH)
  HIGHEST WIND SPEED    24   HIGHEST WIND DIRECTION    SW (230)
  HIGHEST GUST SPEED    29   HIGHEST GUST DIRECTION    SW (230)
  AVERAGE WIND SPEED     8.0


SKY COVER
  POSSIBLE SUNSHINE  MM
  AVERAGE SKY COVER 0.2


WEATHER CONDITIONS
 THE FOLLOWING WEATHER WAS RECORDED YESTERDAY.
  NO SIGNIFICANT WEATHER WAS OBSERVED.


RELATIVE HUMIDITY (PERCENT)
 HIGHEST    35           400 AM
 LOWEST     13           300 PM
 AVERAGE    24

..........................................................


THE WINSLOW AZ AIRPORT CLIMATE NORMALS FOR TODAY
                         NORMAL    RECORD    YEAR
 MAXIMUM TEMPERATURE (F)   59        76      1981
 MINIMUM TEMPERATURE (F)   27        10      1980


SUNRISE AND SUNSET
NOVEMBER 17 2017......SUNRISE   700 AM MST   SUNSET   516 PM MST
NOVEMBER 18 2017......SUNRISE   701 AM MST   SUNSET   515 PM MST


-  INDICATES NEGATIVE NUMBERS.
R  INDICATES RECORD WAS SET OR TIED.
MM INDICATES DATA IS MISSING.
T  INDICATES TRACE AMOUNT.




$$
