288
CDUS45 KFGZ 200128
CLIINW
CLIMATE REPORT
NATIONAL WEATHER SERVICE FLAGSTAFF, AZ
555 PM MST THU JAN 19 2017


...................................

...THE WINSLOW AZ AIRPORT CLIMATE SUMMARY FOR JANUARY 19 2017...
VALID TODAY AS OF 0500 PM LOCAL TIME.

CLIMATE NORMAL PERIOD 1981 TO 2010
CLIMATE RECORD PERIOD 1915 TO 2017


WEATHER ITEM   OBSERVED TIME   RECORD YEAR NORMAL DEPARTURE LAST
                VALUE   (LST)  VALUE       VALUE  FROM      YEAR
                                                  NORMAL
..................................................................
TEMPERATURE (F)
 TODAY
  MAXIMUM         50    339 PM  70    2012  50      0       53
  MINIMUM         32    627 AM  -6    1968  21     11       21
  AVERAGE         41                        35      6       37

PRECIPITATION (IN)
  TODAY            T             0.51 2010   0.02  -0.02     0.01
  MONTH TO DATE    0.63                      0.33   0.30     0.19
  SINCE SEP 1      3.71                      2.81   0.90     4.21
  SINCE JAN 1      0.63                      0.33   0.30     0.19

DEGREE DAYS
 HEATING
  TODAY           24                        30     -6       28
  MONTH TO DATE  421                       581   -160      596
  SINCE JUL 1   1920                      2459   -539     2377

 COOLING
  TODAY            0                         0      0        0
  MONTH TO DATE    0                         0      0        0
  SINCE JAN 1      0                         0      0        0
..................................................................


WIND (MPH)
  HIGHEST WIND SPEED    30   HIGHEST WIND DIRECTION    SW (230)
  HIGHEST GUST SPEED    36   HIGHEST GUST DIRECTION    SW (220)
  AVERAGE WIND SPEED    10.4


SKY COVER
  POSSIBLE SUNSHINE  MM
  AVERAGE SKY COVER 0.4


WEATHER CONDITIONS
 THE FOLLOWING WEATHER WAS RECORDED TODAY.
  LIGHT RAIN


RELATIVE HUMIDITY (PERCENT)
 HIGHEST    89           300 AM
 LOWEST     56           400 PM
 AVERAGE    73

..........................................................


THE WINSLOW AZ AIRPORT CLIMATE NORMALS FOR TOMORROW
                         NORMAL    RECORD    YEAR
 MAXIMUM TEMPERATURE (F)   50        75      1971
 MINIMUM TEMPERATURE (F)   21        -8      1968


SUNRISE AND SUNSET
JANUARY 19 2017.......SUNRISE   729 AM MST   SUNSET   539 PM MST
JANUARY 20 2017.......SUNRISE   729 AM MST   SUNSET   540 PM MST


-  INDICATES NEGATIVE NUMBERS.
R  INDICATES RECORD WAS SET OR TIED.
MM INDICATES DATA IS MISSING.
T  INDICATES TRACE AMOUNT.




$$
