000
CDUS45 KFGZ 280808
CLIINW
CLIMATE REPORT
NATIONAL WEATHER SERVICE FLAGSTAFF, AZ
107 AM MST SUN MAY 28 2017


...................................

...THE WINSLOW AZ AIRPORT CLIMATE SUMMARY FOR MAY 27 2017...

CLIMATE NORMAL PERIOD 1981 TO 2010
CLIMATE RECORD PERIOD 1915 TO 2017


WEATHER ITEM   OBSERVED TIME   RECORD YEAR NORMAL DEPARTURE LAST
                VALUE   (LST)  VALUE       VALUE  FROM      YEAR
                                                  NORMAL
..................................................................
TEMPERATURE (F)
 YESTERDAY
  MAXIMUM         85    445 PM  99    1951  85      0       78
  MINIMUM         44    530 AM  30    1916  48     -4       42
  AVERAGE         65                        67     -2       60

PRECIPITATION (IN)
  YESTERDAY        0.00          0.25 1992   0.01  -0.01      T
  MONTH TO DATE    0.40                      0.29   0.11     0.43
  SINCE SEP 1      5.22                      4.55   0.67     5.62
  SINCE JAN 1      2.14                      2.07   0.07     1.60

DEGREE DAYS
 HEATING
  YESTERDAY        0                         2     -2        5
  MONTH TO DATE  134                       102     32      133
  SINCE JUL 1   3633                      4481   -848     4252

 COOLING
  YESTERDAY        0                         3     -3        0
  MONTH TO DATE   28                        48    -20       15
  SINCE JAN 1     28                        52    -24       15
..................................................................


WIND (MPH)
  HIGHEST WIND SPEED    16   HIGHEST WIND DIRECTION     E (80)
  HIGHEST GUST SPEED    23   HIGHEST GUST DIRECTION    NW (330)
  AVERAGE WIND SPEED     6.5


SKY COVER
  POSSIBLE SUNSHINE  MM
  AVERAGE SKY COVER 0.0


WEATHER CONDITIONS
 THE FOLLOWING WEATHER WAS RECORDED YESTERDAY.
  NO SIGNIFICANT WEATHER WAS OBSERVED.


RELATIVE HUMIDITY (PERCENT)
 HIGHEST    34           400 AM
 LOWEST      9           400 PM
 AVERAGE    22

..........................................................


THE WINSLOW AZ AIRPORT CLIMATE NORMALS FOR TODAY
                         NORMAL    RECORD    YEAR
 MAXIMUM TEMPERATURE (F)   86       100      1958
 MINIMUM TEMPERATURE (F)   48        35      1929


SUNRISE AND SUNSET
MAY 28 2017...........SUNRISE   511 AM MST   SUNSET   729 PM MST
MAY 29 2017...........SUNRISE   511 AM MST   SUNSET   730 PM MST


-  INDICATES NEGATIVE NUMBERS.
R  INDICATES RECORD WAS SET OR TIED.
MM INDICATES DATA IS MISSING.
T  INDICATES TRACE AMOUNT.




$$
