000
CDUS45 KFGZ 020845
CLIINW
CLIMATE REPORT
NATIONAL WEATHER SERVICE FLAGSTAFF, AZ
143 AM MST TUE SEP 2 2014


...................................

...THE WINSLOW AZ AIRPORT CLIMATE SUMMARY FOR SEPTEMBER 1 2014...

CLIMATE NORMAL PERIOD 1981 TO 2010
CLIMATE RECORD PERIOD 1898 TO 2014


WEATHER ITEM   OBSERVED TIME   RECORD YEAR NORMAL DEPARTURE LAST
                VALUE   (LST)  VALUE       VALUE  FROM      YEAR
                                                  NORMAL
..................................................................
TEMPERATURE (F)
 YESTERDAY
  MAXIMUM         93    419 PM  99    1950  89      4       88
  MINIMUM         59    621 AM  46    1962  58      1       60
  AVERAGE         76                        74      2       74

PRECIPITATION (IN)
  YESTERDAY        0.00          0.62 1938   0.04  -0.04     0.00
  MONTH TO DATE    0.00                      0.04  -0.04     0.00
  SINCE SEP 1      0.00                      0.04  -0.04     0.00
  SINCE JAN 1      4.18                      4.57  -0.39     5.70

DEGREE DAYS
 HEATING
  YESTERDAY        0                         0      0        0
  MONTH TO DATE    0                         0      0        0
  SINCE JUL 1      0                         0      0        0

 COOLING
  YESTERDAY       11                         9      2        9
  MONTH TO DATE   11                         9      2        9
  SINCE JAN 1   1127                      1067     60     1234
..................................................................


WIND (MPH)
  HIGHEST WIND SPEED    16   HIGHEST WIND DIRECTION    SW (210)
  HIGHEST GUST SPEED    22   HIGHEST GUST DIRECTION     S (170)
  AVERAGE WIND SPEED     8.1


SKY COVER
  POSSIBLE SUNSHINE  MM
  AVERAGE SKY COVER 0.0


WEATHER CONDITIONS
 THE FOLLOWING WEATHER WAS RECORDED YESTERDAY.
  NO SIGNIFICANT WEATHER WAS OBSERVED.


RELATIVE HUMIDITY (PERCENT)
 HIGHEST    57           600 AM
 LOWEST     13           400 PM
 AVERAGE    35

..........................................................


THE WINSLOW AZ AIRPORT CLIMATE NORMALS FOR TODAY
                         NORMAL    RECORD    YEAR
 MAXIMUM TEMPERATURE (F)   89        99      1948
 MINIMUM TEMPERATURE (F)   57        46      1932


SUNRISE AND SUNSET
SEPTEMBER  2 2014.....SUNRISE   556 AM MST   SUNSET   648 PM MST
SEPTEMBER  3 2014.....SUNRISE   557 AM MST   SUNSET   647 PM MST


-  INDICATES NEGATIVE NUMBERS.
R  INDICATES RECORD WAS SET OR TIED.
MM INDICATES DATA IS MISSING.
T  INDICATES TRACE AMOUNT.




$$
