000
CDUS45 KFGZ 190744
CLIINW
CLIMATE REPORT
NATIONAL WEATHER SERVICE FLAGSTAFF, AZ
1243 AM MST SAT APR 19 2014


...................................

...THE WINSLOW AZ AIRPORT CLIMATE SUMMARY FOR APRIL 18 2014...

CLIMATE NORMAL PERIOD 1981 TO 2010
CLIMATE RECORD PERIOD 1898 TO 2014


WEATHER ITEM   OBSERVED TIME   RECORD YEAR NORMAL DEPARTURE LAST
                VALUE   (LST)  VALUE       VALUE  FROM      YEAR
                                                  NORMAL
..................................................................
TEMPERATURE (F)
 YESTERDAY
  MAXIMUM         71    155 PM  88    1962  73     -2       56
  MINIMUM         46    452 AM  21    1922  37      9       22
  AVERAGE         59                        55      4       39

PRECIPITATION (IN)
  YESTERDAY        T             0.60 1917   0.01  -0.01     0.00
  MONTH TO DATE    0.03                      0.18  -0.15     0.31
  SINCE SEP 1      4.86                      4.18   0.68     3.06
  SINCE JAN 1      1.05                      1.70  -0.65     1.79

DEGREE DAYS
 HEATING
  YESTERDAY        6                        10     -4       26
  MONTH TO DATE  197                       227    -30      182
  SINCE JUL 1   4055                      4280   -225     4033

 COOLING
  YESTERDAY        0                         0      0        0
  MONTH TO DATE    0                         0      0        0
  SINCE JAN 1      0                         0      0        0
..................................................................


WIND (MPH)
  HIGHEST WIND SPEED    30   HIGHEST WIND DIRECTION     S (200)
  HIGHEST GUST SPEED    36   HIGHEST GUST DIRECTION     S (200)
  AVERAGE WIND SPEED    11.2


SKY COVER
  POSSIBLE SUNSHINE  MM
  AVERAGE SKY COVER 0.4


WEATHER CONDITIONS
 THE FOLLOWING WEATHER WAS RECORDED YESTERDAY.
  LIGHT RAIN


RELATIVE HUMIDITY (PERCENT)
 HIGHEST    47           900 PM
 LOWEST     16          1000 AM
 AVERAGE    32

..........................................................


THE WINSLOW AZ AIRPORT CLIMATE NORMALS FOR TODAY
                         NORMAL    RECORD    YEAR
 MAXIMUM TEMPERATURE (F)   73        89      1989
 MINIMUM TEMPERATURE (F)   38        19      2013


SUNRISE AND SUNSET
APRIL 19 2014.........SUNRISE   546 AM MST   SUNSET   659 PM MST
APRIL 20 2014.........SUNRISE   545 AM MST   SUNSET   700 PM MST


-  INDICATES NEGATIVE NUMBERS.
R  INDICATES RECORD WAS SET OR TIED.
MM INDICATES DATA IS MISSING.
T  INDICATES TRACE AMOUNT.




$$
