593
CDUS45 KFGZ 061020
CLIINW
CLIMATE REPORT
NATIONAL WEATHER SERVICE FLAGSTAFF, AZ
319 AM MST SAT FEB 6 2016


...................................

...THE WINSLOW AZ AIRPORT CLIMATE SUMMARY FOR FEBRUARY 5 2016...

CLIMATE NORMAL PERIOD 1981 TO 2010
CLIMATE RECORD PERIOD 1915 TO 2016


WEATHER ITEM   OBSERVED TIME   RECORD YEAR NORMAL DEPARTURE LAST
                VALUE   (LST)  VALUE       VALUE  FROM      YEAR
                                                  NORMAL
..................................................................
TEMPERATURE (F)
 YESTERDAY
  MAXIMUM         45    437 PM  71    2009  53     -8       69
                                      1925
  MINIMUM         13    655 AM   5    1956  23    -10       30
  AVERAGE         29                        38     -9       50

PRECIPITATION (IN)
  YESTERDAY        0.00          0.33 1928   0.01  -0.01     0.00
  MONTH TO DATE    0.22                      0.08   0.14     0.00
  SINCE SEP 1      4.59                      3.08   1.51     4.48
  SINCE JAN 1      0.57                      0.60  -0.03     1.63

DEGREE DAYS
 HEATING
  YESTERDAY       36                        27      9       15
  MONTH TO DATE  183                       136     47       92
  SINCE JUL 1   2871                      2939    -68     2529

 COOLING
  YESTERDAY        0                         0      0        0
  MONTH TO DATE    0                         0      0        0
  SINCE JAN 1      0                         0      0        0
..................................................................


WIND (MPH)
  HIGHEST WIND SPEED    10   HIGHEST WIND DIRECTION    NE (40)
  HIGHEST GUST SPEED    14   HIGHEST GUST DIRECTION    NE (30)
  AVERAGE WIND SPEED     3.3


SKY COVER
  POSSIBLE SUNSHINE  MM
  AVERAGE SKY COVER 0.0


WEATHER CONDITIONS
 THE FOLLOWING WEATHER WAS RECORDED YESTERDAY.
  NO SIGNIFICANT WEATHER WAS OBSERVED.


RELATIVE HUMIDITY (PERCENT)
 HIGHEST    88           600 AM
 LOWEST     28           300 PM
 AVERAGE    58

..........................................................


THE WINSLOW AZ AIRPORT CLIMATE NORMALS FOR TODAY
                         NORMAL    RECORD    YEAR
 MAXIMUM TEMPERATURE (F)   54        73      2015
 MINIMUM TEMPERATURE (F)   23        -3      1989


SUNRISE AND SUNSET
FEBRUARY  6 2016......SUNRISE   718 AM MST   SUNSET   556 PM MST
FEBRUARY  7 2016......SUNRISE   717 AM MST   SUNSET   557 PM MST


-  INDICATES NEGATIVE NUMBERS.
R  INDICATES RECORD WAS SET OR TIED.
MM INDICATES DATA IS MISSING.
T  INDICATES TRACE AMOUNT.




$$
