000
CDUS45 KFGZ 300103
CLIINW
CLIMATE REPORT
NATIONAL WEATHER SERVICE FLAGSTAFF, AZ
602 PM MST SUN MAY 29 2016


...................................

...THE WINSLOW AZ AIRPORT CLIMATE SUMMARY FOR MAY 29 2016...
VALID TODAY AS OF 0500 PM LOCAL TIME.

CLIMATE NORMAL PERIOD 1981 TO 2010
CLIMATE RECORD PERIOD 1915 TO 2016


WEATHER ITEM   OBSERVED TIME   RECORD YEAR NORMAL DEPARTURE LAST
                VALUE   (LST)  VALUE       VALUE  FROM      YEAR
                                                  NORMAL
..................................................................
TEMPERATURE (F)
 TODAY
  MAXIMUM         87    412 PM 100    2000  86      1       88
  MINIMUM         44    429 AM  32    1929  49     -5       52
  AVERAGE         66                        67     -1       70

PRECIPITATION (IN)
  TODAY            0.00          0.15 1934   0.01  -0.01     0.00
  MONTH TO DATE    0.43                      0.31   0.12     0.82
  SINCE SEP 1      5.62                      4.57   1.05     6.26
  SINCE JAN 1      1.60                      2.09  -0.49     3.41

DEGREE DAYS
 HEATING
  TODAY            0                         1     -1        0
  MONTH TO DATE  134                       105     29      154
  SINCE JUL 1   4253                      4484   -231     3828

 COOLING
  TODAY            1                         4     -3        5
  MONTH TO DATE   16                        56    -40        8
  SINCE JAN 1     16                        60    -44        8
..................................................................


WIND (MPH)
  HIGHEST WIND SPEED    21   HIGHEST WIND DIRECTION    SE (140)
  HIGHEST GUST SPEED    28   HIGHEST GUST DIRECTION     E (100)
  AVERAGE WIND SPEED     7.6


SKY COVER
  POSSIBLE SUNSHINE  MM
  AVERAGE SKY COVER 0.0


WEATHER CONDITIONS
 THE FOLLOWING WEATHER WAS RECORDED TODAY.
  NO SIGNIFICANT WEATHER WAS OBSERVED.


RELATIVE HUMIDITY (PERCENT)
 HIGHEST    42           600 AM
 LOWEST      6          1200 PM
 AVERAGE    24

..........................................................


THE WINSLOW AZ AIRPORT CLIMATE NORMALS FOR TOMORROW
                         NORMAL    RECORD    YEAR
 MAXIMUM TEMPERATURE (F)   86        99      2002
 MINIMUM TEMPERATURE (F)   49        30      1918


SUNRISE AND SUNSET
MAY 29 2016...........SUNRISE   511 AM MST   SUNSET   730 PM MST
MAY 30 2016...........SUNRISE   511 AM MST   SUNSET   731 PM MST


-  INDICATES NEGATIVE NUMBERS.
R  INDICATES RECORD WAS SET OR TIED.
MM INDICATES DATA IS MISSING.
T  INDICATES TRACE AMOUNT.




$$
