000
CDUS45 KFGZ 260733
CLIINW
CLIMATE REPORT
NATIONAL WEATHER SERVICE FLAGSTAFF, AZ
1232 AM MST TUE MAY 26 2015


...................................

...THE WINSLOW AZ AIRPORT CLIMATE SUMMARY FOR MAY 25 2015...

CLIMATE NORMAL PERIOD 1981 TO 2010
CLIMATE RECORD PERIOD 1915 TO 2015


WEATHER ITEM   OBSERVED TIME   RECORD YEAR NORMAL DEPARTURE LAST
                VALUE   (LST)  VALUE       VALUE  FROM      YEAR
                                                  NORMAL
..................................................................
TEMPERATURE (F)
 YESTERDAY
  MAXIMUM         73    318 PM  95    1958  85    -12       75
  MINIMUM         52    442 AM  29    1980  48      4       48
  AVERAGE         63                        66     -3       62

PRECIPITATION (IN)
  YESTERDAY        0.10          0.24 1965   0.01   0.09      T
  MONTH TO DATE    0.82                      0.27   0.55      T
  SINCE SEP 1      6.26                      4.53   1.73     4.99
  SINCE JAN 1      3.41                      2.05   1.36     1.18

DEGREE DAYS
 HEATING
  YESTERDAY        2                         2      0        3
  MONTH TO DATE  151                        98     53      130
  SINCE JUL 1   3825                      4477   -652     4298

 COOLING
  YESTERDAY        0                         3     -3        0
  MONTH TO DATE    3                        42    -39       16
  SINCE JAN 1      3                        46    -43       17
..................................................................


WIND (MPH)
  HIGHEST WIND SPEED    33   HIGHEST WIND DIRECTION     W (280)
  HIGHEST GUST SPEED    38   HIGHEST GUST DIRECTION     W (270)
  AVERAGE WIND SPEED     8.3


SKY COVER
  POSSIBLE SUNSHINE  MM
  AVERAGE SKY COVER 0.7


WEATHER CONDITIONS
 THE FOLLOWING WEATHER WAS RECORDED YESTERDAY.
  THUNDERSTORM
  LIGHT RAIN


RELATIVE HUMIDITY (PERCENT)
 HIGHEST    77          1000 AM
 LOWEST     31           300 PM
 AVERAGE    54

..........................................................


THE WINSLOW AZ AIRPORT CLIMATE NORMALS FOR TODAY
                         NORMAL    RECORD    YEAR
 MAXIMUM TEMPERATURE (F)   85       101      1951
 MINIMUM TEMPERATURE (F)   48        30      1917


SUNRISE AND SUNSET
MAY 26 2015...........SUNRISE   513 AM MST   SUNSET   728 PM MST
MAY 27 2015...........SUNRISE   512 AM MST   SUNSET   728 PM MST


-  INDICATES NEGATIVE NUMBERS.
R  INDICATES RECORD WAS SET OR TIED.
MM INDICATES DATA IS MISSING.
T  INDICATES TRACE AMOUNT.




$$
