000
CDUS45 KFGZ 200054
CLIINW
CLIMATE REPORT
NATIONAL WEATHER SERVICE FLAGSTAFF, AZ
554 PM MST TUE SEP 19 2017


...................................

...THE WINSLOW AZ AIRPORT CLIMATE SUMMARY FOR SEPTEMBER 19 2017...
VALID TODAY AS OF 0500 PM LOCAL TIME.

CLIMATE NORMAL PERIOD 1981 TO 2010
CLIMATE RECORD PERIOD 1915 TO 2017


WEATHER ITEM   OBSERVED TIME   RECORD YEAR NORMAL DEPARTURE LAST
                VALUE   (LST)  VALUE       VALUE  FROM      YEAR
                                                  NORMAL
..................................................................
TEMPERATURE (F)
 TODAY
  MAXIMUM         86    315 PM  97    1956  84      2       90
  MINIMUM         45    610 AM  32    1971  51     -6       45
  AVERAGE         66                        68     -2       68

PRECIPITATION (IN)
  TODAY            0.00          0.50 1965   0.03  -0.03     0.00
  MONTH TO DATE    0.21                      0.60  -0.39     0.20
  SINCE SEP 1      0.21                      0.60  -0.39     0.20
  SINCE JAN 1      4.24                      5.13  -0.89     3.82

DEGREE DAYS
 HEATING
  TODAY            0                         1     -1        0
  MONTH TO DATE    0                         6     -6        2
  SINCE JUL 1      0                         6     -6        2

 COOLING
  TODAY            1                         4     -3        3
  MONTH TO DATE  174                       119     55      106
  SINCE JAN 1   1424                      1177    247     1252
..................................................................


WIND (MPH)
  HIGHEST WIND SPEED    31   HIGHEST WIND DIRECTION    SW (210)
  HIGHEST GUST SPEED    39   HIGHEST GUST DIRECTION     S (190)
  AVERAGE WIND SPEED    14.8


SKY COVER
  POSSIBLE SUNSHINE  MM
  AVERAGE SKY COVER 0.0


WEATHER CONDITIONS
 THE FOLLOWING WEATHER WAS RECORDED TODAY.
  NO SIGNIFICANT WEATHER WAS OBSERVED.


RELATIVE HUMIDITY (PERCENT)
 HIGHEST    35           700 AM
 LOWEST      9           300 PM
 AVERAGE    22

..........................................................


THE WINSLOW AZ AIRPORT CLIMATE NORMALS FOR TOMORROW
                         NORMAL    RECORD    YEAR
 MAXIMUM TEMPERATURE (F)   84        93      2014
                                             1928
                                             1920
 MINIMUM TEMPERATURE (F)   51        31      1978


SUNRISE AND SUNSET
SEPTEMBER 19 2017.....SUNRISE   609 AM MST   SUNSET   624 PM MST
SEPTEMBER 20 2017.....SUNRISE   610 AM MST   SUNSET   622 PM MST


-  INDICATES NEGATIVE NUMBERS.
R  INDICATES RECORD WAS SET OR TIED.
MM INDICATES DATA IS MISSING.
T  INDICATES TRACE AMOUNT.




$$
