000
CDUS45 KFGZ 190735
CLIINW
CLIMATE REPORT
NATIONAL WEATHER SERVICE FLAGSTAFF, AZ
1234 AM MST FRI JAN 19 2018


...................................

...THE WINSLOW AZ AIRPORT CLIMATE SUMMARY FOR JANUARY 18 2018...

CLIMATE NORMAL PERIOD 1981 TO 2010
CLIMATE RECORD PERIOD 1915 TO 2018


WEATHER ITEM   OBSERVED TIME   RECORD YEAR NORMAL DEPARTURE LAST
                VALUE   (LST)  VALUE       VALUE  FROM      YEAR
                                                  NORMAL
..................................................................
TEMPERATURE (F)
 YESTERDAY
  MAXIMUM         56    433 PM  70    2000  50      6       56
  MINIMUM         15    738 AM  -6    1968  21     -6       26
  AVERAGE         36                        35      1       41

PRECIPITATION (IN)
  YESTERDAY        0.00          0.67 1980   0.01  -0.01     0.00
  MONTH TO DATE    0.01                      0.31  -0.30     0.63
  SINCE SEP 1      0.24                      2.79  -2.55     3.71
  SINCE JAN 1      0.01                      0.31  -0.30     0.63

DEGREE DAYS
 HEATING
  YESTERDAY       29                        30     -1       24
  MONTH TO DATE  465                       551    -86      397
  SINCE JUL 1   1982                      2429   -447     1896

 COOLING
  YESTERDAY        0                         0      0        0
  MONTH TO DATE    0                         0      0        0
  SINCE JAN 1      0                         0      0        0
..................................................................


WIND (MPH)
  HIGHEST WIND SPEED    10   HIGHEST WIND DIRECTION     W (260)
  HIGHEST GUST SPEED    10   HIGHEST GUST DIRECTION    SE (120)
  AVERAGE WIND SPEED     3.4


SKY COVER
  POSSIBLE SUNSHINE  MM
  AVERAGE SKY COVER 0.0


WEATHER CONDITIONS
 THE FOLLOWING WEATHER WAS RECORDED YESTERDAY.
  NO SIGNIFICANT WEATHER WAS OBSERVED.


RELATIVE HUMIDITY (PERCENT)
 HIGHEST    63           100 AM
 LOWEST     24           300 PM
 AVERAGE    44

..........................................................


THE WINSLOW AZ AIRPORT CLIMATE NORMALS FOR TODAY
                         NORMAL    RECORD    YEAR
 MAXIMUM TEMPERATURE (F)   50        70      2012
 MINIMUM TEMPERATURE (F)   21        -6      1968


SUNRISE AND SUNSET
JANUARY 19 2018.......SUNRISE   729 AM MST   SUNSET   539 PM MST
JANUARY 20 2018.......SUNRISE   729 AM MST   SUNSET   540 PM MST


-  INDICATES NEGATIVE NUMBERS.
R  INDICATES RECORD WAS SET OR TIED.
MM INDICATES DATA IS MISSING.
T  INDICATES TRACE AMOUNT.




$$
