000
CDUS45 KFGZ 280051
CLIINW
CLIMATE REPORT
NATIONAL WEATHER SERVICE FLAGSTAFF, AZ
550 PM MST WED JUL 27 2016


...................................

...THE WINSLOW AZ AIRPORT CLIMATE SUMMARY FOR JULY 27 2016...
VALID TODAY AS OF 0500 PM LOCAL TIME.

CLIMATE NORMAL PERIOD 1981 TO 2010
CLIMATE RECORD PERIOD 1915 TO 2016


WEATHER ITEM   OBSERVED TIME   RECORD YEAR NORMAL DEPARTURE LAST
                VALUE   (LST)  VALUE       VALUE  FROM      YEAR
                                                  NORMAL
..................................................................
TEMPERATURE (F)
 TODAY
  MAXIMUM        102    155 PM 103    1995  93      9       95
  MINIMUM         62    549 AM  49    1921  63     -1       65
  AVERAGE         82                        78      4       80

PRECIPITATION (IN)
  TODAY            T             0.75 1960   0.04  -0.04     0.00
  MONTH TO DATE    0.36                      0.87  -0.51     1.32
  SINCE SEP 1      5.99                      5.64   0.35     8.48
  SINCE JAN 1      1.97                      3.16  -1.19     5.63

DEGREE DAYS
 HEATING
  TODAY            0                         0      0        0
  MONTH TO DATE    0                         0      0        0
  SINCE JUL 1      0                         0      0        0

 COOLING
  TODAY           17                        13      4       15
  MONTH TO DATE  375                       358     17      311
  SINCE JAN 1    781                       666    115      664
..................................................................


WIND (MPH)
  HIGHEST WIND SPEED    28   HIGHEST WIND DIRECTION     E (110)
  HIGHEST GUST SPEED    34   HIGHEST GUST DIRECTION     E (110)
  AVERAGE WIND SPEED     3.5


SKY COVER
  POSSIBLE SUNSHINE  MM
  AVERAGE SKY COVER 0.0


WEATHER CONDITIONS
 THE FOLLOWING WEATHER WAS RECORDED TODAY.
  THUNDERSTORM
  LIGHT RAIN


RELATIVE HUMIDITY (PERCENT)
 HIGHEST    60           400 AM
 LOWEST     12           200 PM
 AVERAGE    36

..........................................................


THE WINSLOW AZ AIRPORT CLIMATE NORMALS FOR TOMORROW
                         NORMAL    RECORD    YEAR
 MAXIMUM TEMPERATURE (F)   93       106      1995
 MINIMUM TEMPERATURE (F)   63        54      1986
                                             1921


SUNRISE AND SUNSET
JULY 27 2016..........SUNRISE   529 AM MST   SUNSET   729 PM MST
JULY 28 2016..........SUNRISE   530 AM MST   SUNSET   729 PM MST


-  INDICATES NEGATIVE NUMBERS.
R  INDICATES RECORD WAS SET OR TIED.
MM INDICATES DATA IS MISSING.
T  INDICATES TRACE AMOUNT.




$$
