000
CDUS43 KDVN 070929
CLIIOW


CLIMATE REPORT
NATIONAL WEATHER SERVICE QUAD CITIES IA IL
427 AM CDT TUE JUL 7 2015


...................................

...THE IOWA CITY IA CLIMATE SUMMARY FOR JULY 6 2015...

CLIMATE NORMAL PERIOD 1981 TO 2010
CLIMATE RECORD PERIOD 9999 TO 9999


WEATHER ITEM   OBSERVED TIME   RECORD YEAR NORMAL DEPARTURE LAST
                VALUE   (LST)  VALUE       VALUE  FROM      YEAR
                                                  NORMAL
..................................................................
TEMPERATURE (F)
 YESTERDAY
  MAXIMUM         83    431 PM  MM      MM  85     -2       86
  MINIMUM         68   1159 PM  MM      MM  65      3       65
  AVERAGE         76                        75      1       76

PRECIPITATION (IN)
  YESTERDAY        0.42         MM      MM   0.18   0.24     0.03
  MONTH TO DATE    0.42                      1.08  -0.66     0.65
  SINCE JUN 1      6.30                      5.69   0.61    10.45
  SINCE JAN 1     16.15                     17.78  -1.63    21.50

DEGREE DAYS
 HEATING
  YESTERDAY        0                         0      0        0
  MONTH TO DATE    0                         0      0        7
  SINCE JUN 1      7                        17    -10       11
  SINCE JUL 1      0                         0      0        7

 COOLING
  YESTERDAY       11                        10      1       11
  MONTH TO DATE   31                        60    -29       19
  SINCE JUN 1    231                       271    -40      233
  SINCE JAN 1    294                       332    -38      322
..................................................................


WIND (MPH)
  HIGHEST WIND SPEED    22   HIGHEST WIND DIRECTION     N (350)
  HIGHEST GUST SPEED    29   HIGHEST GUST DIRECTION     N (350)
  AVERAGE WIND SPEED     7.8


SKY COVER
  POSSIBLE SUNSHINE  MM
  AVERAGE SKY COVER 0.6


WEATHER CONDITIONS
 THE FOLLOWING WEATHER WAS RECORDED YESTERDAY.
  THUNDERSTORM
  HEAVY RAIN
  RAIN
  LIGHT RAIN
  FOG
  HAZE


RELATIVE HUMIDITY (PERCENT)
 HIGHEST    97          1200 AM
 LOWEST     74           500 PM
 AVERAGE    86

..........................................................


THE IOWA CITY IA CLIMATE NORMALS FOR TODAY
                         NORMAL    RECORD    YEAR
 MAXIMUM TEMPERATURE (F)   85        MM        MM
 MINIMUM TEMPERATURE (F)   65        MM        MM


SUNRISE AND SUNSET
JULY  7 2015..........SUNRISE   539 AM CDT   SUNSET   843 PM CDT
JULY  8 2015..........SUNRISE   540 AM CDT   SUNSET   843 PM CDT


-  INDICATES NEGATIVE NUMBERS.
R  INDICATES RECORD WAS SET OR TIED.
MM INDICATES DATA IS MISSING.
T  INDICATES TRACE AMOUNT.




$$
