000
CDUS43 KDVN 190909
CLIIOW


CLIMATE REPORT
NATIONAL WEATHER SERVICE QUAD CITIES IA IL
408 AM CDT TUE SEP 19 2017


...................................

...THE IOWA CITY IA CLIMATE SUMMARY FOR SEPTEMBER 18 2017...

CLIMATE NORMAL PERIOD 1981 TO 2010
CLIMATE RECORD PERIOD 9999 TO 9999


WEATHER ITEM   OBSERVED TIME   RECORD YEAR NORMAL DEPARTURE LAST
                VALUE   (LST)  VALUE       VALUE  FROM      YEAR
                                                  NORMAL
..................................................................
TEMPERATURE (F)
 YESTERDAY
  MAXIMUM         80    146 PM  MM      MM  75      5       86
  MINIMUM         52    338 AM  MM      MM  51      1       52
  AVERAGE         66                        63      3       69

PRECIPITATION (IN)
  YESTERDAY        0.04         MM      MM   0.11  -0.07     0.00
  MONTH TO DATE    0.33                      2.14  -1.81     1.49
  SINCE SEP 1      0.33                      2.14  -1.81     1.49
  SINCE JAN 1     25.86                     28.29  -2.43    27.13

DEGREE DAYS
 HEATING
  YESTERDAY        0                         4     -4        0
  MONTH TO DATE   17                        34    -17        0
  SINCE SEP 1     17                        34    -17        0
  SINCE JUL 1     17                        42    -25        2

 COOLING
  YESTERDAY        1                         2     -1        4
  MONTH TO DATE   67                        63      4      114
  SINCE SEP 1     67                        63      4      114
  SINCE JAN 1    939                       885     54     1090
..................................................................


WIND (MPH)
  HIGHEST WIND SPEED    14   HIGHEST WIND DIRECTION    SE (120)
  HIGHEST GUST SPEED    19   HIGHEST GUST DIRECTION    SE (130)
  AVERAGE WIND SPEED     4.2


SKY COVER
  POSSIBLE SUNSHINE  MM
  AVERAGE SKY COVER 0.3


WEATHER CONDITIONS
 THE FOLLOWING WEATHER WAS RECORDED YESTERDAY.
  LIGHT RAIN
  FOG


RELATIVE HUMIDITY (PERCENT)
 HIGHEST    93           100 AM
 LOWEST     52          1200 PM
 AVERAGE    73

..........................................................


THE IOWA CITY IA CLIMATE NORMALS FOR TODAY
                         NORMAL    RECORD    YEAR
 MAXIMUM TEMPERATURE (F)   75        MM        MM
 MINIMUM TEMPERATURE (F)   51        MM        MM


SUNRISE AND SUNSET
SEPTEMBER 19 2017.....SUNRISE   651 AM CDT   SUNSET   708 PM CDT
SEPTEMBER 20 2017.....SUNRISE   652 AM CDT   SUNSET   706 PM CDT


-  INDICATES NEGATIVE NUMBERS.
R  INDICATES RECORD WAS SET OR TIED.
MM INDICATES DATA IS MISSING.
T  INDICATES TRACE AMOUNT.




$$
