109
CDUS43 KDVN 202225
CLIIOW


CLIMATE REPORT
NATIONAL WEATHER SERVICE QUAD CITIES IA IL
421 PM CST MON FEB 20 2017


...................................

...THE IOWA CITY IA CLIMATE SUMMARY FOR FEBRUARY 20 2017...
VALID TODAY AS OF 0400 PM LOCAL TIME.

CLIMATE NORMAL PERIOD 1981 TO 2010
CLIMATE RECORD PERIOD 9999 TO 9999


WEATHER ITEM   OBSERVED TIME   RECORD YEAR NORMAL DEPARTURE LAST
                VALUE   (LST)  VALUE       VALUE  FROM      YEAR
                                                  NORMAL
..................................................................
TEMPERATURE (F)
 TODAY
  MAXIMUM         64   1240 PM  MM      MM  36     28       54
  MINIMUM         48    417 AM  MM      MM  20     28       38
  AVERAGE         56                        28     28       46

PRECIPITATION (IN)
  TODAY            0.11         MM      MM   0.04   0.07     0.00
  MONTH TO DATE    0.24                      0.83  -0.59     0.38
  SINCE DEC 1      2.55                      3.27  -0.72     4.22
  SINCE JAN 1      1.71                      1.75  -0.04     0.75

DEGREE DAYS
 HEATING
  TODAY            9                        37    -28       19
  MONTH TO DATE  592                       799   -207      756
  SINCE DEC 1   2926                      3359   -433     2931
  SINCE JUL 1   3728                      4666   -938     3981

 COOLING
  TODAY            0                         0      0        0
  MONTH TO DATE    0                         0      0        0
  SINCE DEC 1      0                         0      0        0
  SINCE JAN 1      0                         0      0        0
..................................................................


WIND (MPH)
  HIGHEST WIND SPEED    21   HIGHEST WIND DIRECTION    SE (140)
  HIGHEST GUST SPEED    25   HIGHEST GUST DIRECTION    SE (130)
  AVERAGE WIND SPEED     8.7


SKY COVER
  POSSIBLE SUNSHINE  MM
  AVERAGE SKY COVER 0.5


WEATHER CONDITIONS
 THE FOLLOWING WEATHER WAS RECORDED TODAY.
  LIGHT RAIN
  FOG
  HAZE


RELATIVE HUMIDITY (PERCENT)
 HIGHEST    93           700 AM
 LOWEST     67          1200 PM
 AVERAGE    80

..........................................................


THE IOWA CITY IA CLIMATE NORMALS FOR TOMORROW
                         NORMAL    RECORD    YEAR
 MAXIMUM TEMPERATURE (F)   36        MM        MM
 MINIMUM TEMPERATURE (F)   20        MM        MM


SUNRISE AND SUNSET
FEBRUARY 20 2017......SUNRISE   654 AM CST   SUNSET   546 PM CST
FEBRUARY 21 2017......SUNRISE   653 AM CST   SUNSET   547 PM CST


-  INDICATES NEGATIVE NUMBERS.
R  INDICATES RECORD WAS SET OR TIED.
MM INDICATES DATA IS MISSING.
T  INDICATES TRACE AMOUNT.




$$
