000
CDUS43 KDVN 221018
CLIIOW


CLIMATE REPORT
NATIONAL WEATHER SERVICE QUAD CITIES IA IL
415 AM CST MON DEC 22 2014


...................................

...THE IOWA CITY IA CLIMATE SUMMARY FOR DECEMBER 21 2014...

CLIMATE NORMAL PERIOD 1981 TO 2010
CLIMATE RECORD PERIOD 9999 TO 9999


WEATHER ITEM   OBSERVED TIME   RECORD YEAR NORMAL DEPARTURE LAST
                VALUE   (LST)  VALUE       VALUE  FROM      YEAR
                                                  NORMAL
..................................................................
TEMPERATURE (F)
 YESTERDAY
  MAXIMUM         41    454 PM  MM      MM  31     10       29
  MINIMUM         34    141 AM  MM      MM  16     18       24
  AVERAGE         38                        23     15       27

PRECIPITATION (IN)
  YESTERDAY        0.00         MM      MM   0.05  -0.05     0.02
  MONTH TO DATE    0.48                      1.23  -0.75     0.27
  SINCE DEC 1      0.48                      1.23  -0.75     0.27
  SINCE JAN 1     37.75                     35.99   1.76    34.69

DEGREE DAYS
 HEATING
  YESTERDAY       27                        42    -15       38
  MONTH TO DATE  705                       807   -102      921
  SINCE DEC 1    705                       807   -102      921
  SINCE JUL 1   2265                      2114    151     2289

 COOLING
  YESTERDAY        0                         0      0        0
  MONTH TO DATE    0                         0      0        0
  SINCE DEC 1      0                         0      0        0
  SINCE JAN 1    779                       912   -133     1064
..................................................................


WIND (MPH)
  HIGHEST WIND SPEED    20   HIGHEST WIND DIRECTION     S (160)
  HIGHEST GUST SPEED    24   HIGHEST GUST DIRECTION    SE (150)
  AVERAGE WIND SPEED    11.1


SKY COVER
  POSSIBLE SUNSHINE  MM
  AVERAGE SKY COVER 1.0


WEATHER CONDITIONS
 THE FOLLOWING WEATHER WAS RECORDED YESTERDAY.
  FOG


RELATIVE HUMIDITY (PERCENT)
 HIGHEST   100          1200 AM
 LOWEST     79           300 PM
 AVERAGE    90

..........................................................


THE IOWA CITY IA CLIMATE NORMALS FOR TODAY
                         NORMAL    RECORD    YEAR
 MAXIMUM TEMPERATURE (F)   31        MM        MM
 MINIMUM TEMPERATURE (F)   16        MM        MM


SUNRISE AND SUNSET
DECEMBER 22 2014......SUNRISE   730 AM CST   SUNSET   440 PM CST
DECEMBER 23 2014......SUNRISE   731 AM CST   SUNSET   440 PM CST


-  INDICATES NEGATIVE NUMBERS.
R  INDICATES RECORD WAS SET OR TIED.
MM INDICATES DATA IS MISSING.
T  INDICATES TRACE AMOUNT.




$$
