000
CDUS43 KDVN 241019
CLIIOW


CLIMATE REPORT
NATIONAL WEATHER SERVICE QUAD CITIES IA IL
418 AM CST FRI FEB 24 2017


...................................

...THE IOWA CITY IA CLIMATE SUMMARY FOR FEBRUARY 23 2017...

CLIMATE NORMAL PERIOD 1981 TO 2010
CLIMATE RECORD PERIOD 9999 TO 9999


WEATHER ITEM   OBSERVED TIME   RECORD YEAR NORMAL DEPARTURE LAST
                VALUE   (LST)  VALUE       VALUE  FROM      YEAR
                                                  NORMAL
..................................................................
TEMPERATURE (F)
 YESTERDAY
  MAXIMUM         52   1203 AM  MM      MM  37     15       47
  MINIMUM         39   1159 PM  MM      MM  21     18       28
  AVERAGE         46                        29     17       38

PRECIPITATION (IN)
  YESTERDAY        0.04         MM      MM   0.05  -0.01     0.00
  MONTH TO DATE    0.37                      0.99  -0.62     0.38
  SINCE DEC 1      2.68                      3.43  -0.75     4.22
  SINCE JAN 1      1.84                      1.91  -0.07     0.75

DEGREE DAYS
 HEATING
  YESTERDAY       19                        36    -17       27
  MONTH TO DATE  629                       909   -280      841
  SINCE DEC 1   2963                      3469   -506     3016
  SINCE JUL 1   3765                      4776  -1011     4066

 COOLING
  YESTERDAY        0                         0      0        0
  MONTH TO DATE    0                         0      0        0
  SINCE DEC 1      0                         0      0        0
  SINCE JAN 1      0                         0      0        0
..................................................................


WIND (MPH)
  HIGHEST WIND SPEED    23   HIGHEST WIND DIRECTION    NE (60)
  HIGHEST GUST SPEED    32   HIGHEST GUST DIRECTION    NE (50)
  AVERAGE WIND SPEED    13.0


SKY COVER
  POSSIBLE SUNSHINE  MM
  AVERAGE SKY COVER 0.6


WEATHER CONDITIONS
 THE FOLLOWING WEATHER WAS RECORDED YESTERDAY.
  THUNDERSTORM
  LIGHT RAIN
  FOG


RELATIVE HUMIDITY (PERCENT)
 HIGHEST    89           700 PM
 LOWEST     71          1100 AM
 AVERAGE    80

..........................................................


THE IOWA CITY IA CLIMATE NORMALS FOR TODAY
                         NORMAL    RECORD    YEAR
 MAXIMUM TEMPERATURE (F)   37        MM        MM
 MINIMUM TEMPERATURE (F)   21        MM        MM


SUNRISE AND SUNSET
FEBRUARY 24 2017......SUNRISE   648 AM CST   SUNSET   551 PM CST
FEBRUARY 25 2017......SUNRISE   647 AM CST   SUNSET   552 PM CST


-  INDICATES NEGATIVE NUMBERS.
R  INDICATES RECORD WAS SET OR TIED.
MM INDICATES DATA IS MISSING.
T  INDICATES TRACE AMOUNT.




$$
