000
CDUS43 KDVN 280913
CLIIOW


CLIMATE REPORT
NATIONAL WEATHER SERVICE QUAD CITIES IA IL
411 AM CDT TUE APR 28 2015


...................................

...THE IOWA CITY IA CLIMATE SUMMARY FOR APRIL 27 2015...

CLIMATE NORMAL PERIOD 1981 TO 2010
CLIMATE RECORD PERIOD 9999 TO 9999


WEATHER ITEM   OBSERVED TIME   RECORD YEAR NORMAL DEPARTURE LAST
                VALUE   (LST)  VALUE       VALUE  FROM      YEAR
                                                  NORMAL
..................................................................
TEMPERATURE (F)
 YESTERDAY
  MAXIMUM         67    412 PM  MM      MM  65      2       71
  MINIMUM         36    512 AM  MM      MM  44     -8       42
  AVERAGE         52                        55     -3       57

PRECIPITATION (IN)
  YESTERDAY        0.00         MM      MM   0.17  -0.17     1.71
  MONTH TO DATE    3.10                      3.00   0.10     5.33
  SINCE MAR 1      3.63                      5.22  -1.59     5.96
  SINCE JAN 1      5.21                      7.38  -2.17     7.79

DEGREE DAYS
 HEATING
  YESTERDAY       13                        11      2        8
  MONTH TO DATE  358                       397    -39      423
  SINCE MAR 1   1202                      1214    -12     1466
  SINCE JUL 1   6567                      6164    403     7259

 COOLING
  YESTERDAY        0                         0      0        0
  MONTH TO DATE    0                         0      0        3
  SINCE MAR 1      0                         0      0        3
  SINCE JAN 1      0                         0      0        3
..................................................................


WIND (MPH)
  HIGHEST WIND SPEED    16   HIGHEST WIND DIRECTION    NW (320)
  HIGHEST GUST SPEED    20   HIGHEST GUST DIRECTION     N (350)
  AVERAGE WIND SPEED     5.4


SKY COVER
  POSSIBLE SUNSHINE  MM
  AVERAGE SKY COVER 0.0


WEATHER CONDITIONS
 THE FOLLOWING WEATHER WAS RECORDED YESTERDAY.
  NO SIGNIFICANT WEATHER WAS OBSERVED.


RELATIVE HUMIDITY (PERCENT)
 HIGHEST    82           500 AM
 LOWEST     32           400 PM
 AVERAGE    57

..........................................................


THE IOWA CITY IA CLIMATE NORMALS FOR TODAY
                         NORMAL    RECORD    YEAR
 MAXIMUM TEMPERATURE (F)   66        MM        MM
 MINIMUM TEMPERATURE (F)   44        MM        MM


SUNRISE AND SUNSET
APRIL 28 2015.........SUNRISE   607 AM CDT   SUNSET   801 PM CDT
APRIL 29 2015.........SUNRISE   606 AM CDT   SUNSET   802 PM CDT


-  INDICATES NEGATIVE NUMBERS.
R  INDICATES RECORD WAS SET OR TIED.
MM INDICATES DATA IS MISSING.
T  INDICATES TRACE AMOUNT.




$$
