000
CDUS43 KDVN 310916
CLIIOW


CLIMATE REPORT
NATIONAL WEATHER SERVICE QUAD CITIES IA IL
416 AM CDT TUE MAR 31 2015


...................................

...THE IOWA CITY IA CLIMATE SUMMARY FOR MARCH 30 2015...

CLIMATE NORMAL PERIOD 1981 TO 2010
CLIMATE RECORD PERIOD 9999 TO 9999


WEATHER ITEM   OBSERVED TIME   RECORD YEAR NORMAL DEPARTURE LAST
                VALUE   (LST)  VALUE       VALUE  FROM      YEAR
                                                  NORMAL
..................................................................
TEMPERATURE (F)
 YESTERDAY
  MAXIMUM         72    359 PM  MM      MM  56     16       66
  MINIMUM         28    552 AM  MM      MM  35     -7       28
  AVERAGE         50                        45      5       47

PRECIPITATION (IN)
  YESTERDAY        0.00         MM      MM   0.07  -0.07     0.00
  MONTH TO DATE    0.53                      2.15  -1.62     0.58
  SINCE MAR 1      0.53                      2.15  -1.62     0.58
  SINCE JAN 1      2.11                      4.31  -2.20     2.41

DEGREE DAYS
 HEATING
  YESTERDAY       15                        20     -5       18
  MONTH TO DATE  833                       798     35     1029
  SINCE MAR 1    833                       798     35     1029
  SINCE JUL 1   6198                      5748    450     6822

 COOLING
  YESTERDAY        0                         0      0        0
  MONTH TO DATE    0                         0      0        0
  SINCE MAR 1      0                         0      0        0
  SINCE JAN 1      0                         0      0        0
..................................................................


WIND (MPH)
  HIGHEST WIND SPEED    24   HIGHEST WIND DIRECTION    SW (240)
  HIGHEST GUST SPEED    35   HIGHEST GUST DIRECTION     W (250)
  AVERAGE WIND SPEED    11.0


SKY COVER
  POSSIBLE SUNSHINE  MM
  AVERAGE SKY COVER 0.0


WEATHER CONDITIONS
 THE FOLLOWING WEATHER WAS RECORDED YESTERDAY.
  NO SIGNIFICANT WEATHER WAS OBSERVED.


RELATIVE HUMIDITY (PERCENT)
 HIGHEST    85           200 AM
 LOWEST     19           200 PM
 AVERAGE    52

..........................................................


THE IOWA CITY IA CLIMATE NORMALS FOR TODAY
                         NORMAL    RECORD    YEAR
 MAXIMUM TEMPERATURE (F)   56        MM        MM
 MINIMUM TEMPERATURE (F)   35        MM        MM


SUNRISE AND SUNSET
MARCH 31 2015.........SUNRISE   651 AM CDT   SUNSET   730 PM CDT
APRIL  1 2015.........SUNRISE   650 AM CDT   SUNSET   731 PM CDT


-  INDICATES NEGATIVE NUMBERS.
R  INDICATES RECORD WAS SET OR TIED.
MM INDICATES DATA IS MISSING.
T  INDICATES TRACE AMOUNT.




$$
