000
CDUS43 KDVN 181015
CLIIOW


CLIMATE REPORT
NATIONAL WEATHER SERVICE QUAD CITIES IA IL
415 AM CST SAT NOV 18 2017


...................................

...THE IOWA CITY IA CLIMATE SUMMARY FOR NOVEMBER 17 2017...

CLIMATE NORMAL PERIOD 1981 TO 2010
CLIMATE RECORD PERIOD 9999 TO 9999


WEATHER ITEM   OBSERVED TIME   RECORD YEAR NORMAL DEPARTURE LAST
                VALUE   (LST)  VALUE       VALUE  FROM      YEAR
                                                  NORMAL
..................................................................
TEMPERATURE (F)
 YESTERDAY
  MAXIMUM         47   1129 PM  MM      MM  47      0       75
  MINIMUM         32   1237 AM  MM      MM  30      2       50
  AVERAGE         40                        38      2       63

PRECIPITATION (IN)
  YESTERDAY        0.06         MM      MM   0.07  -0.01     0.00
  MONTH TO DATE    0.66                      1.44  -0.78     0.05
  SINCE SEP 1      4.88                      7.70  -2.82     5.04
  SINCE JAN 1     30.41                     33.85  -3.44    30.68

DEGREE DAYS
 HEATING
  YESTERDAY       25                        27     -2        2
  MONTH TO DATE  449                       387     62      212
  SINCE SEP 1    777                       904   -127      461
  SINCE JUL 1    777                       912   -135      463

 COOLING
  YESTERDAY        0                         0      0        0
  MONTH TO DATE    0                         0      0        0
  SINCE SEP 1    201                        90    111      216
  SINCE JAN 1   1073                       912    161     1192
..................................................................


WIND (MPH)
  HIGHEST WIND SPEED    20   HIGHEST WIND DIRECTION    SE (140)
  HIGHEST GUST SPEED    25   HIGHEST GUST DIRECTION    SE (130)
  AVERAGE WIND SPEED     9.5


SKY COVER
  POSSIBLE SUNSHINE  MM
  AVERAGE SKY COVER 1.0


WEATHER CONDITIONS
 THE FOLLOWING WEATHER WAS RECORDED YESTERDAY.
  LIGHT RAIN
  FOG
  HAZE


RELATIVE HUMIDITY (PERCENT)
 HIGHEST    93           800 PM
 LOWEST     82           100 AM
 AVERAGE    88

..........................................................


THE IOWA CITY IA CLIMATE NORMALS FOR TODAY
                         NORMAL    RECORD    YEAR
 MAXIMUM TEMPERATURE (F)   46        MM        MM
 MINIMUM TEMPERATURE (F)   29        MM        MM


SUNRISE AND SUNSET
NOVEMBER 18 2017......SUNRISE   659 AM CST   SUNSET   443 PM CST
NOVEMBER 19 2017......SUNRISE   700 AM CST   SUNSET   443 PM CST


-  INDICATES NEGATIVE NUMBERS.
R  INDICATES RECORD WAS SET OR TIED.
MM INDICATES DATA IS MISSING.
T  INDICATES TRACE AMOUNT.




$$
