000
CDUS43 KDVN 212225
CLIIOW


CLIMATE REPORT
NATIONAL WEATHER SERVICE QUAD CITIES IA IL
424 PM CST FRI NOV 21 2014


...................................

...THE IOWA CITY IA CLIMATE SUMMARY FOR NOVEMBER 21 2014...
VALID TODAY AS OF 0400 PM LOCAL TIME.

CLIMATE NORMAL PERIOD 1981 TO 2010
CLIMATE RECORD PERIOD 9999 TO 9999


WEATHER ITEM   OBSERVED TIME   RECORD YEAR NORMAL DEPARTURE LAST
                VALUE   (LST)  VALUE       VALUE  FROM      YEAR
                                                  NORMAL
..................................................................
TEMPERATURE (F)
 TODAY
  MAXIMUM         36    315 PM  MM      MM  45     -9       43
  MINIMUM          7    715 AM  MM      MM  28    -21       31
  AVERAGE         22                        36    -14       37

PRECIPITATION (IN)
  TODAY            0.00         MM      MM   0.07  -0.07     0.08
  MONTH TO DATE    0.20                      1.71  -1.51     1.00
  SINCE SEP 1      9.01                      7.97   1.04     6.14
  SINCE JAN 1     36.44                     34.12   2.32    34.40

DEGREE DAYS
 HEATING
  TODAY           43                        29     14       28
  MONTH TO DATE  697                       499    198      510
  SINCE SEP 1   1237                      1016    221      992
  SINCE JUL 1   1249                      1024    225     1001

 COOLING
  TODAY            0                         0      0        0
  MONTH TO DATE    0                         0      0        0
  SINCE SEP 1     63                        90    -27      196
  SINCE JAN 1    779                       912   -133     1064
..................................................................


WIND (MPH)
  HIGHEST WIND SPEED    17   HIGHEST WIND DIRECTION    SE (140)
  HIGHEST GUST SPEED    22   HIGHEST GUST DIRECTION    SE (140)
  AVERAGE WIND SPEED     6.7


SKY COVER
  POSSIBLE SUNSHINE  MM
  AVERAGE SKY COVER 0.0


WEATHER CONDITIONS
 THE FOLLOWING WEATHER WAS RECORDED TODAY.
  NO SIGNIFICANT WEATHER WAS OBSERVED.


RELATIVE HUMIDITY (PERCENT)
 HIGHEST    91           500 AM
 LOWEST     43           100 PM
 AVERAGE    67

..........................................................


THE IOWA CITY IA CLIMATE NORMALS FOR TOMORROW
                         NORMAL    RECORD    YEAR
 MAXIMUM TEMPERATURE (F)   44        MM        MM
 MINIMUM TEMPERATURE (F)   27        MM        MM


SUNRISE AND SUNSET
NOVEMBER 21 2014......SUNRISE   702 AM CST   SUNSET   441 PM CST
NOVEMBER 22 2014......SUNRISE   704 AM CST   SUNSET   441 PM CST


-  INDICATES NEGATIVE NUMBERS.
R  INDICATES RECORD WAS SET OR TIED.
MM INDICATES DATA IS MISSING.
T  INDICATES TRACE AMOUNT.




$$
