000
CDUS41 KCTP 270628
CLIIPT


CLIMATE REPORT
NATIONAL WEATHER SERVICE STATE COLLEGE PA
228 AM EDT MON MAR 27 2017


...................................

...THE WILLIAMSPORT PA CLIMATE SUMMARY FOR MARCH 26 2017...

CLIMATE NORMAL PERIOD 1981 TO 2010
CLIMATE RECORD PERIOD 1895 TO 2017


WEATHER ITEM   OBSERVED TIME   RECORD YEAR NORMAL DEPARTURE LAST
                VALUE   (LST)  VALUE       VALUE  FROM      YEAR
                                                  NORMAL
..................................................................
TEMPERATURE (F)
 YESTERDAY
  MAXIMUM         45    416 PM  78    1939  52     -7       56
                                      1921
  MINIMUM         40   1144 PM  15    1960  32      8       33
  AVERAGE         43                        42      1       45

PRECIPITATION (IN)
  YESTERDAY        0.05          1.91 2002   0.10  -0.05     0.00
  MONTH TO DATE    2.43                      2.42   0.01     0.77
  SINCE MAR 1      2.43                      2.42   0.01     0.77
  SINCE JAN 1      7.73                      7.46   0.27     7.19

SNOWFALL (IN)
  YESTERDAY        0.0           2.5  1933   0.2   -0.2      0.0
  MONTH TO DATE   22.6                       6.3   16.3      0.2
  SINCE MAR 1     22.6                       6.3   16.3      0.2
  SINCE JUL 1     41.1                      34.3    6.8      5.9
  SNOW DEPTH       0

DEGREE DAYS
 HEATING
  YESTERDAY       22                        23     -1       20
  MONTH TO DATE  762                       720     42      499
  SINCE MAR 1    762                       720     42      499
  SINCE JUL 1   4398                      5187   -789     4142

 COOLING
  YESTERDAY        0                         0      0        0
  MONTH TO DATE    0                         0      0        0
  SINCE MAR 1      0                         0      0        0
  SINCE JAN 1      0                         0      0        0
..................................................................


WIND (MPH)
  HIGHEST WIND SPEED    22   HIGHEST WIND DIRECTION     E (80)
  HIGHEST GUST SPEED    31   HIGHEST GUST DIRECTION     E (110)
  AVERAGE WIND SPEED    12.3


SKY COVER
  POSSIBLE SUNSHINE  MM
  AVERAGE SKY COVER 1.0


WEATHER CONDITIONS
 THE FOLLOWING WEATHER WAS RECORDED YESTERDAY.
  RAIN
  LIGHT RAIN
  FOG
  HAZE


RELATIVE HUMIDITY (PERCENT)
 HIGHEST    86           900 PM
 LOWEST     70           400 AM
 AVERAGE    78

..........................................................


THE WILLIAMSPORT PA CLIMATE NORMALS FOR TODAY
                         NORMAL    RECORD    YEAR
 MAXIMUM TEMPERATURE (F)   52        84      2007
 MINIMUM TEMPERATURE (F)   32        13      2014


SUNRISE AND SUNSET
MARCH 27 2017.........SUNRISE   659 AM EDT   SUNSET   728 PM EDT
MARCH 28 2017.........SUNRISE   657 AM EDT   SUNSET   729 PM EDT


-  INDICATES NEGATIVE NUMBERS.
R  INDICATES RECORD WAS SET OR TIED.
MM INDICATES DATA IS MISSING.
T  INDICATES TRACE AMOUNT.




$$
