000
CDUS41 KCTP 280641
CLIIPT


CLIMATE REPORT
NATIONAL WEATHER SERVICE STATE COLLEGE PA
241 AM EDT THU AUG 28 2014


...................................

...THE WILLIAMSPORT PA CLIMATE SUMMARY FOR AUGUST 27 2014...

CLIMATE NORMAL PERIOD 1981 TO 2010
CLIMATE RECORD PERIOD 1895 TO 2014


WEATHER ITEM   OBSERVED TIME   RECORD YEAR NORMAL DEPARTURE LAST
                VALUE   (LST)  VALUE       VALUE  FROM      YEAR
                                                  NORMAL
..................................................................
TEMPERATURE (F)
 YESTERDAY
  MAXIMUM         90    432 PM  98    1948  80     10       86
  MINIMUM         61    509 AM  41    1944  59      2       66
  AVERAGE         76                        70      6       76

PRECIPITATION (IN)
  YESTERDAY        0.00          1.71 1937   0.12  -0.12     0.00
  MONTH TO DATE    6.29                      3.37   2.92     1.70
  SINCE JUN 1     13.77                     11.63   2.14     8.99
  SINCE JAN 1     28.52                     26.54   1.98    21.56

DEGREE DAYS
 HEATING
  YESTERDAY        0                         1     -1        0
  MONTH TO DATE    4                         3      1        5
  SINCE JUN 1     12                        44    -32       14
  SINCE JUL 1      4                         7     -3        5

 COOLING
  YESTERDAY       11                         5      6       11
  MONTH TO DATE  148                       182    -34      146
  SINCE JUN 1    555                       572    -17      643
  SINCE JAN 1    607                       615     -8      714
..................................................................


WIND (MPH)
  HIGHEST WIND SPEED    12   HIGHEST WIND DIRECTION     W (280)
  HIGHEST GUST SPEED    15   HIGHEST GUST DIRECTION     W (270)
  AVERAGE WIND SPEED     3.3


SKY COVER
  POSSIBLE SUNSHINE  MM
  AVERAGE SKY COVER 0.4


WEATHER CONDITIONS
 THE FOLLOWING WEATHER WAS RECORDED YESTERDAY.
  THUNDERSTORM


RELATIVE HUMIDITY (PERCENT)
 HIGHEST    93           200 AM
 LOWEST     47           300 PM
 AVERAGE    70

..........................................................


THE WILLIAMSPORT PA CLIMATE NORMALS FOR TODAY
                         NORMAL    RECORD    YEAR
 MAXIMUM TEMPERATURE (F)   80        98      1953
 MINIMUM TEMPERATURE (F)   59        42      1941


SUNRISE AND SUNSET
AUGUST 28 2014........SUNRISE   630 AM EDT   SUNSET   747 PM EDT
AUGUST 29 2014........SUNRISE   631 AM EDT   SUNSET   745 PM EDT


-  INDICATES NEGATIVE NUMBERS.
R  INDICATES RECORD WAS SET OR TIED.
MM INDICATES DATA IS MISSING.
T  INDICATES TRACE AMOUNT.




$$
