000
CDUS41 KCTP 250636
CLIIPT


CLIMATE REPORT
NATIONAL WEATHER SERVICE STATE COLLEGE PA
136 AM EST SUN JAN 25 2015


...................................

...THE WILLIAMSPORT PA CLIMATE SUMMARY FOR JANUARY 24 2015...

CLIMATE NORMAL PERIOD 1981 TO 2010
CLIMATE RECORD PERIOD 1895 TO 2015


WEATHER ITEM   OBSERVED TIME   RECORD YEAR NORMAL DEPARTURE LAST
                VALUE   (LST)  VALUE       VALUE  FROM      YEAR
                                                  NORMAL
..................................................................
TEMPERATURE (F)
 YESTERDAY
  MAXIMUM         42    423 PM  59    1999  34      8       19
  MINIMUM         30    907 AM  -9    1948  19     11        5
                                      1907
  AVERAGE         36                        27      9       12

PRECIPITATION (IN)
  YESTERDAY        0.27          1.95 1979   0.09   0.18     0.00
  MONTH TO DATE    1.27                      2.09  -0.82     1.22
  SINCE DEC 1      3.87                      5.02  -1.15     4.86
  SINCE JAN 1      1.27                      2.09  -0.82     1.22

SNOWFALL (IN)
  YESTERDAY        4.5           8.5  1948   0.4    4.1      0.0
  MONTH TO DATE    8.9                       8.0    0.9      7.3
  SINCE DEC 1     12.9                      14.9   -2.0     21.4
  SINCE JUL 1     18.0                      16.7    1.3     23.6
  SNOW DEPTH       5

DEGREE DAYS
 HEATING
  YESTERDAY       29                        38     -9       53
  MONTH TO DATE  955                       920     35     1018
  SINCE DEC 1   1858                      1968   -110     2091
  SINCE JUL 1   3028                      3213   -185     3334

 COOLING
  YESTERDAY        0                         0      0        0
  MONTH TO DATE    0                         0      0        0
  SINCE DEC 1      0                         0      0        0
  SINCE JAN 1      0                         0      0        0
..................................................................


WIND (MPH)
  HIGHEST WIND SPEED    21   HIGHEST WIND DIRECTION     W (270)
  HIGHEST GUST SPEED    26   HIGHEST GUST DIRECTION     W (280)
  AVERAGE WIND SPEED     6.9


SKY COVER
  POSSIBLE SUNSHINE  MM
  AVERAGE SKY COVER 0.7


WEATHER CONDITIONS
 THE FOLLOWING WEATHER WAS RECORDED YESTERDAY.
  SNOW
  LIGHT SNOW
  FOG
  HAZE


RELATIVE HUMIDITY (PERCENT)
 HIGHEST    92           100 AM
 LOWEST     50           500 PM
 AVERAGE    71

..........................................................


THE WILLIAMSPORT PA CLIMATE NORMALS FOR TODAY
                         NORMAL    RECORD    YEAR
 MAXIMUM TEMPERATURE (F)   34        69      1967
 MINIMUM TEMPERATURE (F)   19        -6      1963


SUNRISE AND SUNSET
JANUARY 25 2015.......SUNRISE   725 AM EST   SUNSET   515 PM EST
JANUARY 26 2015.......SUNRISE   724 AM EST   SUNSET   516 PM EST


-  INDICATES NEGATIVE NUMBERS.
R  INDICATES RECORD WAS SET OR TIED.
MM INDICATES DATA IS MISSING.
T  INDICATES TRACE AMOUNT.




$$
