000
CDUS41 KCTP 040649
CLIIPT


CLIMATE REPORT
NATIONAL WEATHER SERVICE STATE COLLEGE PA
249 AM EDT SAT JUL 4 2015


...................................

...THE WILLIAMSPORT PA CLIMATE SUMMARY FOR JULY 3 2015...

CLIMATE NORMAL PERIOD 1981 TO 2010
CLIMATE RECORD PERIOD 1895 TO 2015


WEATHER ITEM   OBSERVED TIME   RECORD YEAR NORMAL DEPARTURE LAST
                VALUE   (LST)  VALUE       VALUE  FROM      YEAR
                                                  NORMAL
..................................................................
TEMPERATURE (F)
 YESTERDAY
  MAXIMUM         79    447 PM 100    1966  83     -4       89
  MINIMUM         57    525 AM  46    2007  61     -4       66
                                      1939
                                      1938
  AVERAGE         68                        72     -4       78

PRECIPITATION (IN)
  YESTERDAY        T             1.92 1933   0.13  -0.13     0.56
  MONTH TO DATE    T                         0.39  -0.39     1.60
  SINCE JUN 1      7.81                      4.31   3.50     5.06
  SINCE JAN 1     20.23                     19.22   1.01    19.81

DEGREE DAYS
 HEATING
  YESTERDAY        0                         0      0        0
  MONTH TO DATE    0                         0      0        0
  SINCE JUN 1     21                        37    -16        8
  SINCE JUL 1      0                         0      0        0

 COOLING
  YESTERDAY        3                         7     -4       13
  MONTH TO DATE   11                        21    -10       44
  SINCE JUN 1    183                       167     16      213
  SINCE JAN 1    311                       210    101      265
..................................................................


WIND (MPH)
  HIGHEST WIND SPEED    10   HIGHEST WIND DIRECTION     S (170)
  HIGHEST GUST SPEED    16   HIGHEST GUST DIRECTION    SE (140)
  AVERAGE WIND SPEED     3.3


SKY COVER
  POSSIBLE SUNSHINE  MM
  AVERAGE SKY COVER 0.3


WEATHER CONDITIONS
 THE FOLLOWING WEATHER WAS RECORDED YESTERDAY.
  LIGHT RAIN


RELATIVE HUMIDITY (PERCENT)
 HIGHEST    86           300 AM
 LOWEST     44          1100 AM
 AVERAGE    65

..........................................................


THE WILLIAMSPORT PA CLIMATE NORMALS FOR TODAY
                         NORMAL    RECORD    YEAR
 MAXIMUM TEMPERATURE (F)   83       100      1990
                                             1911
 MINIMUM TEMPERATURE (F)   61        47      1986


SUNRISE AND SUNSET
JULY  4 2015..........SUNRISE   540 AM EDT   SUNSET   844 PM EDT
JULY  5 2015..........SUNRISE   541 AM EDT   SUNSET   844 PM EDT


-  INDICATES NEGATIVE NUMBERS.
R  INDICATES RECORD WAS SET OR TIED.
MM INDICATES DATA IS MISSING.
T  INDICATES TRACE AMOUNT.




$$
