000
CDUS41 KCTP 250708
CLIIPT


CLIMATE REPORT
NATIONAL WEATHER SERVICE STATE COLLEGE PA
308 AM EDT THU MAY 25 2017


...................................

...THE WILLIAMSPORT PA CLIMATE SUMMARY FOR MAY 24 2017...

CLIMATE NORMAL PERIOD 1981 TO 2010
CLIMATE RECORD PERIOD 1895 TO 2017


WEATHER ITEM   OBSERVED TIME   RECORD YEAR NORMAL DEPARTURE LAST
                VALUE   (LST)  VALUE       VALUE  FROM      YEAR
                                                  NORMAL
..................................................................
TEMPERATURE (F)
 YESTERDAY
  MAXIMUM         76    322 PM  90    1964  74      2       85
  MINIMUM         52    523 AM  31    1963  50      2       53
  AVERAGE         64                        62      2       69

PRECIPITATION (IN)
  YESTERDAY        0.00          1.48 1979   0.13  -0.13     0.00
  MONTH TO DATE    3.40                      2.82   0.58     2.22
  SINCE MAR 1     11.05                      9.03   2.02     4.92
  SINCE JAN 1     16.35                     14.07   2.28    11.34

SNOWFALL (IN)
  YESTERDAY        0.0           0.0  2002   0.0    0.0      0.0
                                      2001
  MONTH TO DATE    0.0                       0.0    0.0       T
  SINCE MAR 1     22.6                       8.0   14.6      2.0
  SINCE JUL 1     41.1                      36.0    5.1      7.7
  SNOW DEPTH       0

DEGREE DAYS
 HEATING
  YESTERDAY        1                         5     -4        0
  MONTH TO DATE  174                       176     -2      207
  SINCE MAR 1   1282                      1464   -182     1264
  SINCE JUL 1   4918                      5931  -1013     4907

 COOLING
  YESTERDAY        0                         2     -2        4
  MONTH TO DATE   29                        22      7        7
  SINCE MAR 1     44                        27     17        7
  SINCE JAN 1     44                        27     17        7
..................................................................


WIND (MPH)
  HIGHEST WIND SPEED    20   HIGHEST WIND DIRECTION     E (110)
  HIGHEST GUST SPEED    26   HIGHEST GUST DIRECTION     E (110)
  AVERAGE WIND SPEED     8.0


SKY COVER
  POSSIBLE SUNSHINE  MM
  AVERAGE SKY COVER 0.4


WEATHER CONDITIONS
 THE FOLLOWING WEATHER WAS RECORDED YESTERDAY.
  NO SIGNIFICANT WEATHER WAS OBSERVED.


RELATIVE HUMIDITY (PERCENT)
 HIGHEST    89           100 AM
 LOWEST     41          1200 PM
 AVERAGE    65

..........................................................


THE WILLIAMSPORT PA CLIMATE NORMALS FOR TODAY
                         NORMAL    RECORD    YEAR
 MAXIMUM TEMPERATURE (F)   74        92      1991
 MINIMUM TEMPERATURE (F)   51        31      1956


SUNRISE AND SUNSET
MAY 25 2017...........SUNRISE   541 AM EDT   SUNSET   829 PM EDT
MAY 26 2017...........SUNRISE   540 AM EDT   SUNSET   830 PM EDT


-  INDICATES NEGATIVE NUMBERS.
R  INDICATES RECORD WAS SET OR TIED.
MM INDICATES DATA IS MISSING.
T  INDICATES TRACE AMOUNT.




$$
