000
CDUS41 KCTP 142220
CLIIPT


CLIMATE REPORT
NATIONAL WEATHER SERVICE STATE COLLEGE PA
519 PM EST SUN FEB 14 2016


...................................

...THE WILLIAMSPORT PA CLIMATE SUMMARY FOR FEBRUARY 14 2016...
VALID TODAY AS OF 0500 PM LOCAL TIME.

CLIMATE NORMAL PERIOD 1981 TO 2010
CLIMATE RECORD PERIOD 1895 TO 2016


WEATHER ITEM   OBSERVED TIME   RECORD YEAR NORMAL DEPARTURE LAST
                VALUE   (LST)  VALUE       VALUE  FROM      YEAR
                                                  NORMAL
..................................................................
TEMPERATURE (F)
 TODAY
  MAXIMUM         19    356 PM  56    1946  38    -19       25
  MINIMUM         -1    715 AM  -5    1979  21    -22        9
                                      1970
                                      1905
  AVERAGE          9                        29    -20       17

PRECIPITATION (IN)
  TODAY            0.00          2.15 1984   0.09  -0.09     0.11
  MONTH TO DATE    1.18                      1.17   0.01     0.91
  SINCE DEC 1      6.60                      6.80  -0.20     5.22
  SINCE JAN 1      3.24                      3.87  -0.63     2.62

SNOWFALL (IN)
  TODAY            0.0          16.0  1914   0.3   -0.3      2.2
  MONTH TO DATE    2.6                       4.4   -1.8      6.9
  SINCE DEC 1      3.5                      21.8  -18.3     25.6
  SINCE JUL 1      3.5                      23.6  -20.1     30.7
  SNOW DEPTH       1

DEGREE DAYS
 HEATING
  TODAY           56                        36     20       48
  MONTH TO DATE  487                       513    -26      592
  SINCE DEC 1   2287                      2747   -460     2752
  SINCE JUL 1   3214                      3992   -778     3922

 COOLING
  TODAY            0                         0      0        0
  MONTH TO DATE    0                         0      0        0
  SINCE DEC 1      0                         0      0        0
  SINCE JAN 1      0                         0      0        0
..................................................................


WIND (MPH)
  HIGHEST WIND SPEED    17   HIGHEST WIND DIRECTION    NW (300)
  HIGHEST GUST SPEED    24   HIGHEST GUST DIRECTION    NW (300)
  AVERAGE WIND SPEED     7.8


SKY COVER
  POSSIBLE SUNSHINE  MM
  AVERAGE SKY COVER 0.0


WEATHER CONDITIONS
 THE FOLLOWING WEATHER WAS RECORDED TODAY.
  NO SIGNIFICANT WEATHER WAS OBSERVED.


RELATIVE HUMIDITY (PERCENT)
 HIGHEST    62           500 AM
 LOWEST     30           400 PM
 AVERAGE    46

..........................................................


THE WILLIAMSPORT PA CLIMATE NORMALS FOR TOMORROW
                         NORMAL    RECORD    YEAR
 MAXIMUM TEMPERATURE (F)   38        60      1949
 MINIMUM TEMPERATURE (F)   21       -10      1943


SUNRISE AND SUNSET
FEBRUARY 14 2016......SUNRISE   704 AM EST   SUNSET   540 PM EST
FEBRUARY 15 2016......SUNRISE   703 AM EST   SUNSET   541 PM EST


-  INDICATES NEGATIVE NUMBERS.
R  INDICATES RECORD WAS SET OR TIED.
MM INDICATES DATA IS MISSING.
T  INDICATES TRACE AMOUNT.




$$
