777
CDUS41 KCTP 220711
CLIIPT


CLIMATE REPORT
NATIONAL WEATHER SERVICE STATE COLLEGE PA
311 AM EDT SAT JUL 22 2017


...................................

...THE WILLIAMSPORT PA CLIMATE SUMMARY FOR JULY 21 2017...

CLIMATE NORMAL PERIOD 1981 TO 2010
CLIMATE RECORD PERIOD 1895 TO 2017


WEATHER ITEM   OBSERVED TIME   RECORD YEAR NORMAL DEPARTURE LAST
                VALUE   (LST)  VALUE       VALUE  FROM      YEAR
                                                  NORMAL
..................................................................
TEMPERATURE (F)
 YESTERDAY
  MAXIMUM         92    354 PM 101    1934  84      8       89
  MINIMUM         69    533 AM  44    1966  62      7       57
  AVERAGE         81                        73      8       73

PRECIPITATION (IN)
  YESTERDAY        0.00          1.47 1947   0.15  -0.15     0.00
  MONTH TO DATE    3.73                      2.87   0.86     1.19
  SINCE JUN 1      7.43                      6.79   0.64     5.64
  SINCE JAN 1     26.55                     21.70   4.85    16.98

DEGREE DAYS
 HEATING
  YESTERDAY        0                         0      0        0
  MONTH TO DATE    0                         0      0        0
  SINCE JUN 1     21                        37    -16        9
  SINCE JUL 1      0                         0      0        0

 COOLING
  YESTERDAY       16                         8      8        8
  MONTH TO DATE  238                       165     73      223
  SINCE JUN 1    417                       311    106      395
  SINCE JAN 1    467                       354    113      468
..................................................................


WIND (MPH)
  HIGHEST WIND SPEED    13   HIGHEST WIND DIRECTION    SW (220)
  HIGHEST GUST SPEED    17   HIGHEST GUST DIRECTION     S (200)
  AVERAGE WIND SPEED     3.2


SKY COVER
  POSSIBLE SUNSHINE  MM
  AVERAGE SKY COVER 0.4


WEATHER CONDITIONS
 THE FOLLOWING WEATHER WAS RECORDED YESTERDAY.
  FOG


RELATIVE HUMIDITY (PERCENT)
 HIGHEST   100           200 AM
 LOWEST     49           300 PM
 AVERAGE    75

..........................................................


THE WILLIAMSPORT PA CLIMATE NORMALS FOR TODAY
                         NORMAL    RECORD    YEAR
 MAXIMUM TEMPERATURE (F)   84       103      2011
 MINIMUM TEMPERATURE (F)   62        48      1929


SUNRISE AND SUNSET
JULY 22 2017..........SUNRISE   554 AM EDT   SUNSET   834 PM EDT
JULY 23 2017..........SUNRISE   555 AM EDT   SUNSET   833 PM EDT


-  INDICATES NEGATIVE NUMBERS.
R  INDICATES RECORD WAS SET OR TIED.
MM INDICATES DATA IS MISSING.
T  INDICATES TRACE AMOUNT.




$$
