000
CDUS43 KEAX 280632
CLIIRK


CLIMATE REPORT
NATIONAL WEATHER SERVICE KANSAS CITY/PLEASANT HILL MO
132 AM CDT FRI APR 28 2017


...................................

...THE KIRKSVILLE MO CLIMATE SUMMARY FOR APRIL 27 2017...

CLIMATE NORMAL PERIOD 1981 TO 2010
CLIMATE RECORD PERIOD 9999 TO 9999


WEATHER ITEM   OBSERVED TIME   NORMAL DEPARTURE LAST
                VALUE   (LST)  VALUE  FROM      YEAR
                                      NORMAL
......................................................
TEMPERATURE (F)
 YESTERDAY
  MAXIMUM         60    425 PM  66     -6       69
  MINIMUM         40    643 AM  45     -5       48
  AVERAGE         50            56     -6       59

PRECIPITATION (IN)
  YESTERDAY        0.06          0.16  -0.10     0.20
  MONTH TO DATE    3.47          3.30   0.17     2.72
  SINCE MAR 1      7.11          5.85   1.26     4.71
  SINCE JAN 1      8.97          8.65   0.32     7.30

DEGREE DAYS
 HEATING
  YESTERDAY       15            10      5        6
  MONTH TO DATE  232           375   -143      301
  SINCE MAR 1    874          1129   -255      827
  SINCE JUL 1   4403          5662  -1259     4534

 COOLING
  YESTERDAY        0             0      0        0
  MONTH TO DATE   24             0     24        8
  SINCE MAR 1     24             0     24        8
  SINCE JAN 1     24             0     24        8
......................................................


WIND (MPH)
  HIGHEST WIND SPEED    16   HIGHEST WIND DIRECTION     W (260)
  HIGHEST GUST SPEED    22   HIGHEST GUST DIRECTION    SW (230)
  AVERAGE WIND SPEED     8.8


SKY COVER
  AVERAGE SKY COVER 0.8


WEATHER CONDITIONS
 THE FOLLOWING WEATHER WAS RECORDED YESTERDAY.
  LIGHT RAIN


RELATIVE HUMIDITY (PERCENT)
 HIGHEST   100           100 AM
 LOWEST     53           400 PM
 AVERAGE    77

..........................................................


THE KIRKSVILLE MO CLIMATE NORMALS FOR TODAY
                         NORMAL
 MAXIMUM TEMPERATURE (F)   67
 MINIMUM TEMPERATURE (F)   45


SUNRISE AND SUNSET
APRIL 28 2017.........SUNRISE   613 AM CDT   SUNSET   802 PM CDT
APRIL 29 2017.........SUNRISE   612 AM CDT   SUNSET   803 PM CDT


-  INDICATES NEGATIVE NUMBERS.
R  INDICATES RECORD WAS SET OR TIED.
MM INDICATES DATA IS MISSING.
T  INDICATES TRACE AMOUNT.




$$
