000
CDUS43 KEAX 240632
CLIIRK


CLIMATE REPORT
NATIONAL WEATHER SERVICE KANSAS CITY/PLEASANT HILL MO
1231 AM CST FRI FEB 24 2017


...................................

...THE KIRKSVILLE MO CLIMATE SUMMARY FOR FEBRUARY 23 2017...

CLIMATE NORMAL PERIOD 1981 TO 2010
CLIMATE RECORD PERIOD 9999 TO 9999


WEATHER ITEM   OBSERVED TIME   NORMAL DEPARTURE LAST
                VALUE   (LST)  VALUE  FROM      YEAR
                                      NORMAL
......................................................
TEMPERATURE (F)
 YESTERDAY
  MAXIMUM         53   1217 AM  41     12       47
  MINIMUM         40    815 AM  23     17       27
  AVERAGE         47            32     15       37

PRECIPITATION (IN)
  YESTERDAY        T             0.06  -0.06     0.00
  MONTH TO DATE    0.14          1.25  -1.11     1.49
  SINCE DEC 1      3.00          4.27  -1.27     6.94
  SINCE JAN 1      1.77          2.52  -0.75     2.58

DEGREE DAYS
 HEATING
  YESTERDAY       18            33    -15       28
  MONTH TO DATE  530           827   -297      751
  SINCE DEC 1   2688          3153   -465     2694
  SINCE JUL 1   3410          4374   -964     3576

 COOLING
  YESTERDAY        0             0      0        0
  MONTH TO DATE    0             0      0        0
  SINCE DEC 1      0             0      0        0
  SINCE JAN 1      0             0      0        0
......................................................


WIND (MPH)
  HIGHEST WIND SPEED    22   HIGHEST WIND DIRECTION     E (90)
  HIGHEST GUST SPEED    27   HIGHEST GUST DIRECTION     E (90)
  AVERAGE WIND SPEED    11.5


SKY COVER
  AVERAGE SKY COVER 0.6


WEATHER CONDITIONS
 THE FOLLOWING WEATHER WAS RECORDED YESTERDAY.
  THUNDERSTORM
  FOG


RELATIVE HUMIDITY (PERCENT)
 HIGHEST   100          1000 PM
 LOWEST     71          1200 AM
 AVERAGE    86

..........................................................


THE KIRKSVILLE MO CLIMATE NORMALS FOR TODAY
                         NORMAL
 MAXIMUM TEMPERATURE (F)   42
 MINIMUM TEMPERATURE (F)   23


SUNRISE AND SUNSET
FEBRUARY 24 2017......SUNRISE   650 AM CST   SUNSET   557 PM CST
FEBRUARY 25 2017......SUNRISE   649 AM CST   SUNSET   558 PM CST


-  INDICATES NEGATIVE NUMBERS.
R  INDICATES RECORD WAS SET OR TIED.
MM INDICATES DATA IS MISSING.
T  INDICATES TRACE AMOUNT.




$$
