000
CDUS43 KEAX 250031
CLIIRK


CLIMATE REPORT
NATIONAL WEATHER SERVICE KANSAS CITY/PLEASANT HILL MO
631 PM CST TUE JAN 24 2017


...................................

...THE KIRKSVILLE MO CLIMATE SUMMARY FOR JANUARY 24 2017...
VALID TODAY AS OF 0600 PM LOCAL TIME.

CLIMATE NORMAL PERIOD 1981 TO 2010
CLIMATE RECORD PERIOD 9999 TO 9999


WEATHER ITEM   OBSERVED TIME   NORMAL DEPARTURE LAST
                VALUE   (LST)  VALUE  FROM      YEAR
                                      NORMAL
......................................................
TEMPERATURE (F)
 TODAY
  MAXIMUM         40    419 PM  36      4       42
  MINIMUM         30    824 AM  17     13       15
  AVERAGE         35            26      9       29

PRECIPITATION (IN)
  TODAY            0.00          0.05  -0.05     0.00
  MONTH TO DATE    1.60          0.85   0.75     1.06
  SINCE DEC 1      2.83          2.60   0.23     5.42
  SINCE JAN 1      1.60          0.85   0.75     1.06

DEGREE DAYS
 HEATING
  TODAY           30            39     -9       36
  MONTH TO DATE  864           936    -72      992
  SINCE DEC 1   1943          2058   -115     1739
  SINCE JUL 1   2665          3279   -614     2621

 COOLING
  TODAY            0             0      0        0
  MONTH TO DATE    0             0      0        0
  SINCE DEC 1      0             0      0        0
  SINCE JAN 1      0             0      0        0
......................................................


WIND (MPH)
  HIGHEST WIND SPEED    22   HIGHEST WIND DIRECTION     E (90)
  HIGHEST GUST SPEED    29   HIGHEST GUST DIRECTION     E (100)
  AVERAGE WIND SPEED     9.5


SKY COVER
  AVERAGE SKY COVER 0.9


WEATHER CONDITIONS
 THE FOLLOWING WEATHER WAS RECORDED TODAY.
  FOG


RELATIVE HUMIDITY (PERCENT)
 HIGHEST   100           300 AM
 LOWEST     79           400 PM
 AVERAGE    90

..........................................................


THE KIRKSVILLE MO CLIMATE NORMALS FOR TOMORROW
                         NORMAL
 MAXIMUM TEMPERATURE (F)   36
 MINIMUM TEMPERATURE (F)   17


SUNRISE AND SUNSET
JANUARY 24 2017.......SUNRISE   725 AM CST   SUNSET   520 PM CST
JANUARY 25 2017.......SUNRISE   724 AM CST   SUNSET   521 PM CST


-  INDICATES NEGATIVE NUMBERS.
R  INDICATES RECORD WAS SET OR TIED.
MM INDICATES DATA IS MISSING.
T  INDICATES TRACE AMOUNT.




$$
