000
CDUS43 KEAX 241248
CLIIRK


CLIMATE REPORT
NATIONAL WEATHER SERVICE KANSAS CITY/PLEASANT HILL MO
648 AM CST MON NOV 24 2014


...................................

...THE KIRKSVILLE MO CLIMATE SUMMARY FOR NOVEMBER 24 2014...
VALID AS OF 0600 AM LOCAL TIME.

CLIMATE NORMAL PERIOD 1981 TO 2010
CLIMATE RECORD PERIOD 9999 TO 9999


WEATHER ITEM   OBSERVED TIME   NORMAL DEPARTURE LAST
                VALUE   (LST)  VALUE  FROM      YEAR
                                      NORMAL
......................................................
TEMPERATURE (F)
 TODAY
  MAXIMUM         35    248 AM  46    -11       29
  MINIMUM         32    559 AM  27      5        6
  AVERAGE         34            36     -2       18

PRECIPITATION (IN)
  TODAY            0.12          0.06   0.06     0.00
  MONTH TO DATE    1.30          2.22  -0.92     1.62
  SINCE SEP 1     15.41          9.65   5.76     7.02
  SINCE JAN 1     43.50         37.06   6.44    36.91

DEGREE DAYS
 HEATING
  TODAY           31            29      2       47
  MONTH TO DATE  708           554    154      588
  SINCE SEP 1   1134          1036     98     1038
  SINCE JUL 1   1140          1043     97     1051

 COOLING
  TODAY            0             0      0        0
  MONTH TO DATE    0             0      0        0
  SINCE SEP 1     92            95     -3      218
  SINCE JAN 1    958           939     19     1028
......................................................


WIND (MPH)
  HIGHEST WIND SPEED    25   HIGHEST WIND DIRECTION     W (290)
  HIGHEST GUST SPEED    33   HIGHEST GUST DIRECTION     W (280)
  AVERAGE WIND SPEED    18.6


SKY COVER
  AVERAGE SKY COVER 0.9


WEATHER CONDITIONS
 THE FOLLOWING WEATHER WAS RECORDED TODAY.
  LIGHT SNOW
  FOG


RELATIVE HUMIDITY (PERCENT)
 HIGHEST    96           100 AM
 LOWEST     78           600 AM
 AVERAGE    87

..........................................................


THE KIRKSVILLE MO CLIMATE NORMALS FOR TOMORROW
                         NORMAL
 MAXIMUM TEMPERATURE (F)   45
 MINIMUM TEMPERATURE (F)   27


SUNRISE AND SUNSET
NOVEMBER 24 2014......SUNRISE   706 AM CST   SUNSET   448 PM CST
NOVEMBER 25 2014......SUNRISE   707 AM CST   SUNSET   447 PM CST


-  INDICATES NEGATIVE NUMBERS.
R  INDICATES RECORD WAS SET OR TIED.
MM INDICATES DATA IS MISSING.
T  INDICATES TRACE AMOUNT.




$$
