000
CDUS43 KEAX 030638
CLIIRK


CLIMATE REPORT
NATIONAL WEATHER SERVICE KANSAS CITY/PLEASANT HILL MO
137 AM CDT FRI JUL 3 2015


...................................

...THE KIRKSVILLE MO CLIMATE SUMMARY FOR JULY 2 2015...

CLIMATE NORMAL PERIOD 1981 TO 2010
CLIMATE RECORD PERIOD 9999 TO 9999


WEATHER ITEM   OBSERVED TIME   NORMAL DEPARTURE LAST
                VALUE   (LST)  VALUE  FROM      YEAR
                                      NORMAL
......................................................
TEMPERATURE (F)
 YESTERDAY
  MAXIMUM         73    312 PM  84    -11       66
  MINIMUM         63   1158 PM  64     -1       55
  AVERAGE         68            74     -6       61

PRECIPITATION (IN)
  YESTERDAY        T             0.11  -0.11      T
  MONTH TO DATE    0.19          0.23  -0.04      T
  SINCE JUN 1     11.38          5.01   6.37     7.42
  SINCE JAN 1     22.14         19.16   2.98    16.52

DEGREE DAYS
 HEATING
  YESTERDAY        0             0      0        4
  MONTH TO DATE    0             0      0        4
  SINCE JUN 1     15            16     -1       10
  SINCE JUL 1      0             0      0        4

 COOLING
  YESTERDAY        3             9     -6        0
  MONTH TO DATE   13            18     -5        9
  SINCE JUN 1    255           210     45      256
  SINCE JAN 1    323           272     51      378
......................................................


WIND (MPH)
  HIGHEST WIND SPEED    14   HIGHEST WIND DIRECTION    NE (50)
  HIGHEST GUST SPEED    17   HIGHEST GUST DIRECTION    NE (50)
  AVERAGE WIND SPEED     7.6


SKY COVER
  AVERAGE SKY COVER 0.6


WEATHER CONDITIONS
 THE FOLLOWING WEATHER WAS RECORDED YESTERDAY.
  LIGHT RAIN
  FOG
  HAZE


RELATIVE HUMIDITY (PERCENT)
 HIGHEST    93          1200 AM
 LOWEST     61           100 PM
 AVERAGE    77

..........................................................


THE KIRKSVILLE MO CLIMATE NORMALS FOR TODAY
                         NORMAL
 MAXIMUM TEMPERATURE (F)   84
 MINIMUM TEMPERATURE (F)   64


SUNRISE AND SUNSET
JULY  3 2015..........SUNRISE   546 AM CDT   SUNSET   843 PM CDT
JULY  4 2015..........SUNRISE   546 AM CDT   SUNSET   843 PM CDT


-  INDICATES NEGATIVE NUMBERS.
R  INDICATES RECORD WAS SET OR TIED.
MM INDICATES DATA IS MISSING.
T  INDICATES TRACE AMOUNT.




$$
