000
CDUS43 KEAX 060634
CLIIRK


CLIMATE REPORT
NATIONAL WEATHER SERVICE KANSAS CITY/PLEASANT HILL MO
133 AM CDT FRI MAY 6 2016


...................................

...THE KIRKSVILLE MO CLIMATE SUMMARY FOR MAY 5 2016...

CLIMATE NORMAL PERIOD 1981 TO 2010
CLIMATE RECORD PERIOD 9999 TO 9999


WEATHER ITEM   OBSERVED TIME   NORMAL DEPARTURE LAST
                VALUE   (LST)  VALUE  FROM      YEAR
                                      NORMAL
......................................................
TEMPERATURE (F)
 YESTERDAY
  MAXIMUM         68    458 PM  69     -1       81
  MINIMUM         41    516 AM  48     -7       56
  AVERAGE         55            58     -3       69

PRECIPITATION (IN)
  YESTERDAY        0.00          0.18  -0.18     0.00
  MONTH TO DATE    0.07          0.94  -0.87     0.21
  SINCE MAR 1      5.05          7.33  -2.28     4.74
  SINCE JAN 1      7.64         10.13  -2.49     6.79

DEGREE DAYS
 HEATING
  YESTERDAY       10             8      2        0
  MONTH TO DATE   60            41     19       14
  SINCE MAR 1    921          1198   -277      982
  SINCE JUL 1   4628          5731  -1103     5661

 COOLING
  YESTERDAY        0             1     -1        4
  MONTH TO DATE    0             4     -4       12
  SINCE MAR 1      8            11     -3       15
  SINCE JAN 1      8            11     -3       15
......................................................


WIND (MPH)
  HIGHEST WIND SPEED    15   HIGHEST WIND DIRECTION     N (360)
  HIGHEST GUST SPEED    22   HIGHEST GUST DIRECTION     N (360)
  AVERAGE WIND SPEED     6.6


SKY COVER
  AVERAGE SKY COVER 0.0


WEATHER CONDITIONS
 THE FOLLOWING WEATHER WAS RECORDED YESTERDAY.
  NO SIGNIFICANT WEATHER WAS OBSERVED.


RELATIVE HUMIDITY (PERCENT)
 HIGHEST    89          1000 PM
 LOWEST     26           300 PM
 AVERAGE    58

..........................................................


THE KIRKSVILLE MO CLIMATE NORMALS FOR TODAY
                         NORMAL
 MAXIMUM TEMPERATURE (F)   69
 MINIMUM TEMPERATURE (F)   48


SUNRISE AND SUNSET
MAY  6 2016...........SUNRISE   603 AM CDT   SUNSET   811 PM CDT
MAY  7 2016...........SUNRISE   602 AM CDT   SUNSET   812 PM CDT


-  INDICATES NEGATIVE NUMBERS.
R  INDICATES RECORD WAS SET OR TIED.
MM INDICATES DATA IS MISSING.
T  INDICATES TRACE AMOUNT.




$$
