000
CDUS43 KEAX 140639
CLIIRK


CLIMATE REPORT
NATIONAL WEATHER SERVICE KANSAS CITY/PLEASANT HILL MO
1239 AM CST SUN FEB 14 2016


...................................

...THE KIRKSVILLE MO CLIMATE SUMMARY FOR FEBRUARY 13 2016...

CLIMATE NORMAL PERIOD 1981 TO 2010
CLIMATE RECORD PERIOD 9999 TO 9999


WEATHER ITEM   OBSERVED TIME   NORMAL DEPARTURE LAST
                VALUE   (LST)  VALUE  FROM      YEAR
                                      NORMAL
......................................................
TEMPERATURE (F)
 YESTERDAY
  MAXIMUM         19   1159 PM  38    -19       39
  MINIMUM          6    640 AM  20    -14       17
  AVERAGE         13            29    -16       28

PRECIPITATION (IN)
  YESTERDAY        0.00          0.06  -0.06      T
  MONTH TO DATE    1.00          0.73   0.27     0.11
  SINCE DEC 1      6.45          3.75   2.70     2.61
  SINCE JAN 1      2.09          2.00   0.09     1.71

DEGREE DAYS
 HEATING
  YESTERDAY       52            36     16       37
  MONTH TO DATE  493           483     10      521
  SINCE DEC 1   2436          2809   -373     2628
  SINCE JUL 1   3318          4030   -712     3949

 COOLING
  YESTERDAY        0             0      0        0
  MONTH TO DATE    0             0      0        0
  SINCE DEC 1      0             0      0        0
  SINCE JAN 1      0             0      0        0
......................................................


WIND (MPH)
  HIGHEST WIND SPEED    16   HIGHEST WIND DIRECTION    SE (120)
  HIGHEST GUST SPEED    20   HIGHEST GUST DIRECTION    SE (120)
  AVERAGE WIND SPEED     8.1


SKY COVER
  AVERAGE SKY COVER 0.7


WEATHER CONDITIONS
 THE FOLLOWING WEATHER WAS RECORDED YESTERDAY.
  NO SIGNIFICANT WEATHER WAS OBSERVED.


RELATIVE HUMIDITY (PERCENT)
 HIGHEST    69           100 AM
 LOWEST     46           100 PM
 AVERAGE    58

..........................................................


THE KIRKSVILLE MO CLIMATE NORMALS FOR TODAY
                         NORMAL
 MAXIMUM TEMPERATURE (F)   38
 MINIMUM TEMPERATURE (F)   20


SUNRISE AND SUNSET
FEBRUARY 14 2016......SUNRISE   705 AM CST   SUNSET   544 PM CST
FEBRUARY 15 2016......SUNRISE   704 AM CST   SUNSET   545 PM CST


-  INDICATES NEGATIVE NUMBERS.
R  INDICATES RECORD WAS SET OR TIED.
MM INDICATES DATA IS MISSING.
T  INDICATES TRACE AMOUNT.




$$
