000
CDUS43 KEAX 170031
CLIIRK


CLIMATE REPORT
NATIONAL WEATHER SERVICE KANSAS CITY/PLEASANT HILL MO
731 PM CDT TUE SEP 16 2014


...................................

...THE KIRKSVILLE MO CLIMATE SUMMARY FOR SEPTEMBER 16 2014...
VALID TODAY AS OF 0700 PM LOCAL TIME.

CLIMATE NORMAL PERIOD 1981 TO 2010
CLIMATE RECORD PERIOD 9999 TO 9999


WEATHER ITEM   OBSERVED TIME   NORMAL DEPARTURE LAST
                VALUE   (LST)  VALUE  FROM      YEAR
                                      NORMAL
......................................................
TEMPERATURE (F)
 TODAY
  MAXIMUM         68    430 PM  76     -8       66
  MINIMUM         40    608 AM  53    -13       53
  AVERAGE         54            64    -10       60

PRECIPITATION (IN)
  TODAY            0.00          0.13  -0.13     0.00
  MONTH TO DATE   10.07          2.38   7.69     0.88
  SINCE SEP 1     10.07          2.38   7.69     0.88
  SINCE JAN 1     38.16         29.79   8.37    30.77

DEGREE DAYS
 HEATING
  TODAY           11             3      8        5
  MONTH TO DATE   79            26     53       15
  SINCE SEP 1     79            26     53       15
  SINCE JUL 1     85            33     52       28

 COOLING
  TODAY            0             2     -2        0
  MONTH TO DATE   59            62     -3      145
  SINCE SEP 1     59            62     -3      145
  SINCE JAN 1    925           906     19      955
......................................................


WIND (MPH)
  HIGHEST WIND SPEED     9   HIGHEST WIND DIRECTION    NE (40)
  HIGHEST GUST SPEED    13   HIGHEST GUST DIRECTION     E (90)
  AVERAGE WIND SPEED     3.3


SKY COVER
  AVERAGE SKY COVER 0.1


WEATHER CONDITIONS
 THE FOLLOWING WEATHER WAS RECORDED TODAY.
  FOG
  FOG W/VISIBILITY <= 1/4 MILE


RELATIVE HUMIDITY (PERCENT)
 HIGHEST   100           700 AM
 LOWEST     48           200 PM
 AVERAGE    74

..........................................................


THE KIRKSVILLE MO CLIMATE NORMALS FOR TOMORROW
                         NORMAL
 MAXIMUM TEMPERATURE (F)   75
 MINIMUM TEMPERATURE (F)   52


SUNRISE AND SUNSET
SEPTEMBER 16 2014.....SUNRISE   652 AM CDT   SUNSET   717 PM CDT
SEPTEMBER 17 2014.....SUNRISE   653 AM CDT   SUNSET   716 PM CDT


-  INDICATES NEGATIVE NUMBERS.
R  INDICATES RECORD WAS SET OR TIED.
MM INDICATES DATA IS MISSING.
T  INDICATES TRACE AMOUNT.




$$
