000
CDUS43 KEAX 290632
CLIIRK


CLIMATE REPORT
NATIONAL WEATHER SERVICE KANSAS CITY/PLEASANT HILL MO
131 AM CDT SAT AUG 29 2015


...................................

...THE KIRKSVILLE MO CLIMATE SUMMARY FOR AUGUST 28 2015...

CLIMATE NORMAL PERIOD 1981 TO 2010
CLIMATE RECORD PERIOD 9999 TO 9999


WEATHER ITEM   OBSERVED TIME   NORMAL DEPARTURE LAST
                VALUE   (LST)  VALUE  FROM      YEAR
                                      NORMAL
......................................................
TEMPERATURE (F)
 YESTERDAY
  MAXIMUM         74    447 PM  82     -8       85
  MINIMUM         60    206 AM  60      0       71
  AVERAGE         67            71     -4       78

PRECIPITATION (IN)
  YESTERDAY        0.01          0.13  -0.12     0.03
  MONTH TO DATE    2.43          3.33  -0.90     8.27
  SINCE JUN 1     20.47         12.77   7.70    18.50
  SINCE JAN 1     31.23         26.92   4.31    27.60

DEGREE DAYS
 HEATING
  YESTERDAY        0             0      0        0
  MONTH TO DATE    8             0      8        0
  SINCE JUN 1     28            17     11       12
  SINCE JUL 1     13             1     12        6

 COOLING
  YESTERDAY        2             7     -5       13
  MONTH TO DATE  204           256    -52      272
  SINCE JUN 1    778           761     17      710
  SINCE JAN 1    846           823     23      832
......................................................


WIND (MPH)
  HIGHEST WIND SPEED    22   HIGHEST WIND DIRECTION     S (160)
  HIGHEST GUST SPEED    24   HIGHEST GUST DIRECTION     S (170)
  AVERAGE WIND SPEED     9.9


SKY COVER
  AVERAGE SKY COVER 0.4


WEATHER CONDITIONS
 THE FOLLOWING WEATHER WAS RECORDED YESTERDAY.
  FOG


RELATIVE HUMIDITY (PERCENT)
 HIGHEST    93          1100 PM
 LOWEST     68          1200 PM
 AVERAGE    81

..........................................................


THE KIRKSVILLE MO CLIMATE NORMALS FOR TODAY
                         NORMAL
 MAXIMUM TEMPERATURE (F)   82
 MINIMUM TEMPERATURE (F)   60


SUNRISE AND SUNSET
AUGUST 29 2015........SUNRISE   635 AM CDT   SUNSET   747 PM CDT
AUGUST 30 2015........SUNRISE   636 AM CDT   SUNSET   745 PM CDT


-  INDICATES NEGATIVE NUMBERS.
R  INDICATES RECORD WAS SET OR TIED.
MM INDICATES DATA IS MISSING.
T  INDICATES TRACE AMOUNT.




$$
