000
CDUS43 KBIS 292236
CLIISN


CLIMATE REPORT
NATIONAL WEATHER SERVICE BISMARCK ND
535 PM CDT SUN MAY 29 2016


...................................

...THE WILLISTON ND CLIMATE SUMMARY FOR MAY 29 2016...
VALID TODAY AS OF 0500 PM LOCAL TIME.

CLIMATE NORMAL PERIOD 1981 TO 2010
CLIMATE RECORD PERIOD 1894 TO 2016


WEATHER ITEM   OBSERVED TIME   RECORD YEAR NORMAL DEPARTURE LAST
                VALUE   (LST)  VALUE       VALUE  FROM      YEAR
                                                  NORMAL
..................................................................
TEMPERATURE (F)
 TODAY
  MAXIMUM         78    359 PM  99    1988  71      7       61
                                      1934
  MINIMUM         41    340 AM  26    1947  45     -4       44
  AVERAGE         60                        58      2       53

PRECIPITATION (IN)
  TODAY            0.00          1.44 1929   0.07  -0.07     0.00
  MONTH TO DATE    0.65                      1.76  -1.11     1.82
  SINCE MAR 1      2.78                      3.47  -0.69     2.56
  SINCE JAN 1      3.91                      4.45  -0.54     3.50

SNOWFALL (IN)
  TODAY           MM

DEGREE DAYS
 HEATING
  TODAY            5                         8     -3       12
  MONTH TO DATE  249                       335    -86      352
  SINCE MAR 1   1716                      2092   -376     1824
  SINCE JUL 1   7326                      8860  -1534     8340

 COOLING
  TODAY            0                         1     -1        0
  MONTH TO DATE   10                         5      5        1
  SINCE MAR 1     10                         6      4        1
  SINCE JAN 1     10                         6      4        1
..................................................................


WIND (MPH)
  HIGHEST WIND SPEED    17   HIGHEST WIND DIRECTION    SW (240)
  HIGHEST GUST SPEED    25   HIGHEST GUST DIRECTION    SW (240)
  AVERAGE WIND SPEED     6.4


SKY COVER
  POSSIBLE SUNSHINE  MM
  AVERAGE SKY COVER 0.1


WEATHER CONDITIONS
 THE FOLLOWING WEATHER WAS RECORDED TODAY.
  FOG


RELATIVE HUMIDITY (PERCENT)
 HIGHEST    93          1200 AM
 LOWEST     19           400 PM
 AVERAGE    56

..........................................................


THE WILLISTON ND CLIMATE NORMALS FOR TOMORROW
                         NORMAL    RECORD    YEAR
 MAXIMUM TEMPERATURE (F)   72        98      1984
 MINIMUM TEMPERATURE (F)   45        30      1907


SUNRISE AND SUNSET
MAY 29 2016...........SUNRISE   600 AM CDT   SUNSET   944 PM CDT
MAY 30 2016...........SUNRISE   559 AM CDT   SUNSET   945 PM CDT


-  INDICATES NEGATIVE NUMBERS.
R  INDICATES RECORD WAS SET OR TIED.
MM INDICATES DATA IS MISSING.
T  INDICATES TRACE AMOUNT.




$$
