000
CDUS43 KBIS 190726
CLIISN


CLIMATE REPORT
NATIONAL WEATHER SERVICE BISMARCK ND
225 AM CDT SAT APR 19 2014


...................................

...THE WILLISTON ND CLIMATE SUMMARY FOR APRIL 18 2014...

CLIMATE NORMAL PERIOD 1981 TO 2010
CLIMATE RECORD PERIOD 1894 TO 2014


WEATHER ITEM   OBSERVED TIME   RECORD YEAR NORMAL DEPARTURE LAST
                VALUE   (LST)  VALUE       VALUE  FROM      YEAR
                                                  NORMAL
..................................................................
TEMPERATURE (F)
 YESTERDAY
  MAXIMUM         57    357 PM  83    1980  59     -2       38
                                      1923
  MINIMUM         35    941 PM  10    1953  31      4       13
                                      1928
  AVERAGE         46                        45      1       26

PRECIPITATION (IN)
  YESTERDAY        0.10          2.20 2006   0.03   0.07     0.02
  MONTH TO DATE    0.28                      0.53  -0.25     0.56
  SINCE MAR 1      0.60                      1.24  -0.64     1.98
  SINCE JAN 1      1.04                      2.22  -1.18     2.55

SNOWFALL (IN)
  YESTERDAY       MM            10.0  1896   0.1   MM        0.5
  MONTH TO DATE   MM                         2.6   MM        8.2
  SINCE MAR 1     MM                         8.8   MM       24.3
  SINCE JUL 1     MM                        42.9   MM       56.3
  SNOW DEPTH      MM

DEGREE DAYS
 HEATING
  YESTERDAY       19                        20     -1       39
  MONTH TO DATE  503                       434     69      625
  SINCE MAR 1   1706                      1541    165     2075
  SINCE JUL 1   8655                      8309    346     8663

 COOLING
  YESTERDAY        0                         0      0        0
  MONTH TO DATE    0                         0      0        0
  SINCE MAR 1      0                         0      0        0
  SINCE JAN 1      0                         0      0        0
..................................................................


WIND (MPH)
  HIGHEST WIND SPEED    29   HIGHEST WIND DIRECTION     W (280)
  HIGHEST GUST SPEED    36   HIGHEST GUST DIRECTION     W (290)
  AVERAGE WIND SPEED    12.6


SKY COVER
  POSSIBLE SUNSHINE  MM
  AVERAGE SKY COVER 0.6


WEATHER CONDITIONS
 THE FOLLOWING WEATHER WAS RECORDED YESTERDAY.
  RAIN
  LIGHT RAIN
  FOG
  FOG W/VISIBILITY <= 1/4 MILE


RELATIVE HUMIDITY (PERCENT)
 HIGHEST   100           900 PM
 LOWEST     38           200 PM
 AVERAGE    69

..........................................................


THE WILLISTON ND CLIMATE NORMALS FOR TODAY
                         NORMAL    RECORD    YEAR
 MAXIMUM TEMPERATURE (F)   59        87      1910
 MINIMUM TEMPERATURE (F)   31         6      1928


SUNRISE AND SUNSET
APRIL 19 2014.........SUNRISE   657 AM CDT   SUNSET   851 PM CDT
APRIL 20 2014.........SUNRISE   655 AM CDT   SUNSET   852 PM CDT


-  INDICATES NEGATIVE NUMBERS.
R  INDICATES RECORD WAS SET OR TIED.
MM INDICATES DATA IS MISSING.
T  INDICATES TRACE AMOUNT.




$$
