000
CDUS43 KBIS 260019
CLIISN


CLIMATE REPORT
NATIONAL WEATHER SERVICE BISMARCK ND
618 PM CST SUN FEB 25 2018


...................................

...THE WILLISTON ND CLIMATE SUMMARY FOR FEBRUARY 25 2018...
VALID TODAY AS OF 0500 PM LOCAL TIME.

CLIMATE NORMAL PERIOD 1981 TO 2010
CLIMATE RECORD PERIOD 1894 TO 2018


WEATHER ITEM   OBSERVED TIME   RECORD YEAR NORMAL DEPARTURE LAST
                VALUE   (LST)  VALUE       VALUE  FROM      YEAR
                                                  NORMAL
..................................................................
TEMPERATURE (F)
 TODAY
  MAXIMUM         30    545 PM  55    1958  31     -1       28
  MINIMUM         12    843 AM -27    1962  10      2       -1
  AVERAGE         21                        21      0       14

PRECIPITATION (IN)
  TODAY            0.00          0.69 1998   0.02  -0.02     0.02
  MONTH TO DATE    0.38                      0.34   0.04     0.58
  SINCE DEC 1      1.11                      1.55  -0.44     1.98
  SINCE JAN 1      0.57                      0.93  -0.36     1.02

SNOWFALL (IN)
  TODAY           MM

DEGREE DAYS
 HEATING
  TODAY           44                        44      0       51
  MONTH TO DATE 1579                      1215    364     1099
  SINCE DEC 1   4702                      4474    228     4285
  SINCE JUL 1   6716                      6636     80     5864

 COOLING
  TODAY            0                         0      0        0
  MONTH TO DATE    0                         0      0        0
  SINCE DEC 1      0                         0      0        0
  SINCE JAN 1      0                         0      0        0
..................................................................


WIND (MPH)
  HIGHEST WIND SPEED    18   HIGHEST WIND DIRECTION    SW (230)
  HIGHEST GUST SPEED    23   HIGHEST GUST DIRECTION     W (290)
  AVERAGE WIND SPEED    11.6


SKY COVER
  POSSIBLE SUNSHINE  MM
  AVERAGE SKY COVER 0.4


WEATHER CONDITIONS
 THE FOLLOWING WEATHER WAS RECORDED TODAY.
  NO SIGNIFICANT WEATHER WAS OBSERVED.


RELATIVE HUMIDITY (PERCENT)
 HIGHEST    81          1200 AM
 LOWEST     57           300 PM
 AVERAGE    69

..........................................................


THE WILLISTON ND CLIMATE NORMALS FOR TOMORROW
                         NORMAL    RECORD    YEAR
 MAXIMUM TEMPERATURE (F)   31        59      2016
                                             1988
 MINIMUM TEMPERATURE (F)   11       -27      1962
                                             1904


SUNRISE AND SUNSET
FEBRUARY 25 2018......SUNRISE   743 AM CST   SUNSET   633 PM CST
FEBRUARY 26 2018......SUNRISE   741 AM CST   SUNSET   634 PM CST


-  INDICATES NEGATIVE NUMBERS.
R  INDICATES RECORD WAS SET OR TIED.
MM INDICATES DATA IS MISSING.
T  INDICATES TRACE AMOUNT.




$$
