000
CDUS43 KBIS 230735
CLIISN


CLIMATE REPORT
NATIONAL WEATHER SERVICE BISMARCK ND
234 AM CDT SAT SEP 23 2017


...................................

...THE WILLISTON ND CLIMATE SUMMARY FOR SEPTEMBER 22 2017...

CLIMATE NORMAL PERIOD 1981 TO 2010
CLIMATE RECORD PERIOD 1894 TO 2017


WEATHER ITEM   OBSERVED TIME   RECORD YEAR NORMAL DEPARTURE LAST
                VALUE   (LST)  VALUE       VALUE  FROM      YEAR
                                                  NORMAL
..................................................................
TEMPERATURE (F)
 YESTERDAY
  MAXIMUM         51   1257 PM  93    1938  68    -17       59
  MINIMUM         44   1111 PM  19    1983  39      5       51
  AVERAGE         48                        54     -6       55

PRECIPITATION (IN)
  YESTERDAY        0.01          1.48 1959   0.04  -0.03     0.14
  MONTH TO DATE    1.47                      0.78   0.69     2.07
  SINCE SEP 1      1.47                      0.78   0.69     2.07
  SINCE JAN 1     10.75                     11.90  -1.15    11.82

DEGREE DAYS
 HEATING
  YESTERDAY       17                        12      5       10
  MONTH TO DATE  141                       166    -25      131
  SINCE SEP 1    141                       166    -25      131
  SINCE JUL 1    160                       237    -77      141

 COOLING
  YESTERDAY        0                         0      0        0
  MONTH TO DATE   38                        24     14       31
  SINCE SEP 1     38                        24     14       31
  SINCE JAN 1    643                       453    190      521
..................................................................


WIND (MPH)
  HIGHEST WIND SPEED    21   HIGHEST WIND DIRECTION     N (10)
  HIGHEST GUST SPEED    24   HIGHEST GUST DIRECTION    NW (330)
  AVERAGE WIND SPEED    12.8


SKY COVER
  POSSIBLE SUNSHINE  MM
  AVERAGE SKY COVER 0.8


WEATHER CONDITIONS
 THE FOLLOWING WEATHER WAS RECORDED YESTERDAY.
  LIGHT RAIN


RELATIVE HUMIDITY (PERCENT)
 HIGHEST    92          1000 PM
 LOWEST     61          1200 AM
 AVERAGE    77

..........................................................


THE WILLISTON ND CLIMATE NORMALS FOR TODAY
                         NORMAL    RECORD    YEAR
 MAXIMUM TEMPERATURE (F)   68        93      1992
 MINIMUM TEMPERATURE (F)   39        26      1985
                                             1926


SUNRISE AND SUNSET
SEPTEMBER 23 2017.....SUNRISE   743 AM CDT   SUNSET   750 PM CDT
SEPTEMBER 24 2017.....SUNRISE   744 AM CDT   SUNSET   748 PM CDT


-  INDICATES NEGATIVE NUMBERS.
R  INDICATES RECORD WAS SET OR TIED.
MM INDICATES DATA IS MISSING.
T  INDICATES TRACE AMOUNT.




$$
