000
CDUS43 KBIS 280815
CLIISN


CLIMATE REPORT
NATIONAL WEATHER SERVICE BISMARCK ND
202 AM CST FRI NOV 28 2014


...................................

...THE WILLISTON ND CLIMATE SUMMARY FOR NOVEMBER 27 2014...

CLIMATE NORMAL PERIOD 1981 TO 2010
CLIMATE RECORD PERIOD 1894 TO 2014


WEATHER ITEM   OBSERVED TIME   RECORD YEAR NORMAL DEPARTURE LAST
                VALUE   (LST)  VALUE       VALUE  FROM      YEAR
                                                  NORMAL
..................................................................
TEMPERATURE (F)
 YESTERDAY
  MAXIMUM         21    335 PM  67    1949  31    -10       31
  MINIMUM          2    356 AM -20    1985  11     -9       16
  AVERAGE         12                        21     -9       24

PRECIPITATION (IN)
  YESTERDAY        0.18R         0.18 1944   0.02   0.16     0.00
  MONTH TO DATE    0.51                      0.60  -0.09     0.35
  SINCE SEP 1      2.10                      2.58  -0.48     4.32
  SINCE JAN 1     10.53                     13.70  -3.17    20.21

SNOWFALL (IN)
  YESTERDAY       MM             1.9  1905   0.3   MM       MM
  MONTH TO DATE   MM                         5.4   MM       MM
  SINCE SEP 1     MM                         8.2   MM       MM
  SINCE JUL 1     MM                         8.2   MM       MM
  SNOW DEPTH       0

DEGREE DAYS
 HEATING
  YESTERDAY       53                        44      9       41
  MONTH TO DATE 1148                      1000    148     1050
  SINCE SEP 1   1959                      1956      3     1913
  SINCE JUL 1   2016                      2027    -11     1959

 COOLING
  YESTERDAY        0                         0      0        0
  MONTH TO DATE    0                         0      0        0
  SINCE SEP 1     34                        27      7       78
  SINCE JAN 1    425                       456    -31      405
..................................................................


WIND (MPH)
  HIGHEST WIND SPEED    17   HIGHEST WIND DIRECTION    SE (130)
  HIGHEST GUST SPEED    23   HIGHEST GUST DIRECTION    SE (130)
  AVERAGE WIND SPEED     6.2


SKY COVER
  POSSIBLE SUNSHINE  MM
  AVERAGE SKY COVER 0.7


WEATHER CONDITIONS
 THE FOLLOWING WEATHER WAS RECORDED YESTERDAY.
  SNOW
  LIGHT SNOW
  FOG


RELATIVE HUMIDITY (PERCENT)
 HIGHEST    95           400 AM
 LOWEST     73          1100 AM
 AVERAGE    84

..........................................................


THE WILLISTON ND CLIMATE NORMALS FOR TODAY
                         NORMAL    RECORD    YEAR
 MAXIMUM TEMPERATURE (F)   31        56      2002
 MINIMUM TEMPERATURE (F)   10       -22      1896


SUNRISE AND SUNSET
NOVEMBER 28 2014......SUNRISE   820 AM CST   SUNSET   505 PM CST
NOVEMBER 29 2014......SUNRISE   821 AM CST   SUNSET   504 PM CST


-  INDICATES NEGATIVE NUMBERS.
R  INDICATES RECORD WAS SET OR TIED.
MM INDICATES DATA IS MISSING.
T  INDICATES TRACE AMOUNT.




$$
