000
CDUS43 KBIS 230739
CLIISN


CLIMATE REPORT
NATIONAL WEATHER SERVICE BISMARCK ND
239 AM CDT THU MAR 23 2017


...................................

...THE WILLISTON ND CLIMATE SUMMARY FOR MARCH 22 2017...

CLIMATE NORMAL PERIOD 1981 TO 2010
CLIMATE RECORD PERIOD 1894 TO 2017


WEATHER ITEM   OBSERVED TIME   RECORD YEAR NORMAL DEPARTURE LAST
                VALUE   (LST)  VALUE       VALUE  FROM      YEAR
                                                  NORMAL
..................................................................
TEMPERATURE (F)
 YESTERDAY
  MAXIMUM         52    559 PM  84    1910  44      8       38
  MINIMUM         28    206 AM -26    1899  21      7       25
  AVERAGE         40                        32      8       32

PRECIPITATION (IN)
  YESTERDAY        0.00          0.52 2011   0.02  -0.02     0.00
  MONTH TO DATE    0.64                      0.48   0.16     0.08
  SINCE MAR 1      0.64                      0.48   0.16     0.08
  SINCE JAN 1      1.78                      1.46   0.32     1.21

SNOWFALL (IN)
  YESTERDAY       MM
  SNOW DEPTH      MM

DEGREE DAYS
 HEATING
  YESTERDAY       25                        33     -8       33
  MONTH TO DATE  874                       834     40      613
  SINCE MAR 1    874                       834     40      613
  SINCE JUL 1   6896                      7602   -706     6223

 COOLING
  YESTERDAY        0                         0      0        0
  MONTH TO DATE    0                         0      0        0
  SINCE MAR 1      0                         0      0        0
  SINCE JAN 1      0                         0      0        0
..................................................................


WIND (MPH)
  HIGHEST WIND SPEED    20   HIGHEST WIND DIRECTION    SE (150)
  HIGHEST GUST SPEED    27   HIGHEST GUST DIRECTION    SE (150)
  AVERAGE WIND SPEED     9.0


SKY COVER
  POSSIBLE SUNSHINE  MM
  AVERAGE SKY COVER 0.5


WEATHER CONDITIONS
 THE FOLLOWING WEATHER WAS RECORDED YESTERDAY.
  NO SIGNIFICANT WEATHER WAS OBSERVED.


RELATIVE HUMIDITY (PERCENT)
 HIGHEST    85          1100 PM
 LOWEST     48           500 PM
 AVERAGE    67

..........................................................


THE WILLISTON ND CLIMATE NORMALS FOR TODAY
                         NORMAL    RECORD    YEAR
 MAXIMUM TEMPERATURE (F)   44        76      1993
 MINIMUM TEMPERATURE (F)   21       -22      1965


SUNRISE AND SUNSET
MARCH 23 2017.........SUNRISE   751 AM CDT   SUNSET   812 PM CDT
MARCH 24 2017.........SUNRISE   749 AM CDT   SUNSET   814 PM CDT


-  INDICATES NEGATIVE NUMBERS.
R  INDICATES RECORD WAS SET OR TIED.
MM INDICATES DATA IS MISSING.
T  INDICATES TRACE AMOUNT.




$$
