000
CDUS43 KBIS 210038
CLIISN


CLIMATE REPORT
NATIONAL WEATHER SERVICE BISMARCK ND
738 PM CDT THU JUL 20 2017


...................................

...THE WILLISTON ND CLIMATE SUMMARY FOR JULY 20 2017...
VALID TODAY AS OF 0700 PM LOCAL TIME.

CLIMATE NORMAL PERIOD 1981 TO 2010
CLIMATE RECORD PERIOD 1894 TO 2017


WEATHER ITEM   OBSERVED TIME   RECORD YEAR NORMAL DEPARTURE LAST
                VALUE   (LST)  VALUE       VALUE  FROM      YEAR
                                                  NORMAL
..................................................................
TEMPERATURE (F)
 TODAY
  MAXIMUM         93        MM 106    1960  85      8       96
  MINIMUM         72    100 AM  37    1898  57     15       67
  AVERAGE         83                        71     12       82

PRECIPITATION (IN)
  TODAY            0.09          1.28 1948   0.07   0.02     0.00
  MONTH TO DATE    0.45                      1.83  -1.38     1.88
  SINCE JUN 1      1.74                      4.35  -2.61     3.72
  SINCE JAN 1      5.21                      8.96  -3.75     8.79

SNOWFALL (IN)
  TODAY           MM

DEGREE DAYS
 HEATING
  TODAY            0                         0      0        0
  MONTH TO DATE    0                        21    -21        1
  SINCE JUN 1     31                       141   -110       17
  SINCE JUL 1      0                        21    -21        1

 COOLING
  TODAY           18                         6     12       17
  MONTH TO DATE  250                       105    145      122
  SINCE JUN 1    340                       173    167      218
  SINCE JAN 1    363                       186    177      228
..................................................................


WIND (MPH)
  HIGHEST WIND SPEED    25   HIGHEST WIND DIRECTION    NE (60)
  HIGHEST GUST SPEED    38   HIGHEST GUST DIRECTION    NE (40)
  AVERAGE WIND SPEED    13.1


SKY COVER
  POSSIBLE SUNSHINE   0 PERCENT
  AVERAGE SKY COVER 0.0


WEATHER CONDITIONS
 THE FOLLOWING WEATHER WAS RECORDED TODAY.
  NO SIGNIFICANT WEATHER WAS OBSERVED.


RELATIVE HUMIDITY (PERCENT)
 HIGHEST     0          1200 AM
 LOWEST      0          1200 AM
 AVERAGE     0

..........................................................


THE WILLISTON ND CLIMATE NORMALS FOR TOMORROW
                         NORMAL    RECORD    YEAR
 MAXIMUM TEMPERATURE (F)   86       102      2007
 MINIMUM TEMPERATURE (F)   57        41      1911


SUNRISE AND SUNSET
JULY 20 2017..........SUNRISE   616 AM CDT   SUNSET   945 PM CDT
JULY 21 2017..........SUNRISE   617 AM CDT   SUNSET   944 PM CDT


-  INDICATES NEGATIVE NUMBERS.
R  INDICATES RECORD WAS SET OR TIED.
MM INDICATES DATA IS MISSING.
T  INDICATES TRACE AMOUNT.




$$
