717
CDUS43 KBIS 220753
CLIISN


CLIMATE REPORT
NATIONAL WEATHER SERVICE BISMARCK ND
153 AM CST WED NOV 22 2017


...................................

...THE WILLISTON ND CLIMATE SUMMARY FOR NOVEMBER 21 2017...

CLIMATE NORMAL PERIOD 1981 TO 2010
CLIMATE RECORD PERIOD 1894 TO 2017


WEATHER ITEM   OBSERVED TIME   RECORD YEAR NORMAL DEPARTURE LAST
                VALUE   (LST)  VALUE       VALUE  FROM      YEAR
                                                  NORMAL
..................................................................
TEMPERATURE (F)
 YESTERDAY
  MAXIMUM         17    400 PM  58    1987  34    -17       46
  MINIMUM          3    610 AM -22    1978  14    -11       24
                                      1900
  AVERAGE         10                        24    -14       35

PRECIPITATION (IN)
  YESTERDAY        0.00          0.40 1895   0.02  -0.02     0.00
  MONTH TO DATE    0.26                      0.49  -0.23     0.01
  SINCE SEP 1      2.46                      2.47  -0.01     4.61
  SINCE JAN 1     11.74                     13.59  -1.85    14.36

DEGREE DAYS
 HEATING
  YESTERDAY       55                        41     14       30
  MONTH TO DATE  882                       742    140      494
  SINCE SEP 1   1757                      1698     59     1267
  SINCE JUL 1   1776                      1769      7     1277

 COOLING
  YESTERDAY        0                         0      0        0
  MONTH TO DATE    0                         0      0        0
  SINCE SEP 1     38                        27     11       31
  SINCE JAN 1    643                       456    187      521
..................................................................


WIND (MPH)
  HIGHEST WIND SPEED    24   HIGHEST WIND DIRECTION    NW (320)
  HIGHEST GUST SPEED    29   HIGHEST GUST DIRECTION    NW (330)
  AVERAGE WIND SPEED     7.8


SKY COVER
  POSSIBLE SUNSHINE  MM
  AVERAGE SKY COVER 0.4


WEATHER CONDITIONS
 THE FOLLOWING WEATHER WAS RECORDED YESTERDAY.
  NO SIGNIFICANT WEATHER WAS OBSERVED.


RELATIVE HUMIDITY (PERCENT)
 HIGHEST    83           900 AM
 LOWEST     51           200 PM
 AVERAGE    67

..........................................................


THE WILLISTON ND CLIMATE NORMALS FOR TODAY
                         NORMAL    RECORD    YEAR
 MAXIMUM TEMPERATURE (F)   34        62      1939
 MINIMUM TEMPERATURE (F)   13       -26      1898


SUNRISE AND SUNSET
NOVEMBER 22 2017......SUNRISE   812 AM CST   SUNSET   509 PM CST
NOVEMBER 23 2017......SUNRISE   814 AM CST   SUNSET   508 PM CST


-  INDICATES NEGATIVE NUMBERS.
R  INDICATES RECORD WAS SET OR TIED.
MM INDICATES DATA IS MISSING.
T  INDICATES TRACE AMOUNT.




$$
