000
CDUS43 KBIS 210032
CLIISN


CLIMATE REPORT
NATIONAL WEATHER SERVICE BISMARCK ND
732 PM CDT SAT SEP 20 2014


...................................

...THE WILLISTON ND CLIMATE SUMMARY FOR SEPTEMBER 20 2014...
VALID TODAY AS OF 0700 PM LOCAL TIME.

CLIMATE NORMAL PERIOD 1981 TO 2010
CLIMATE RECORD PERIOD 1894 TO 2014


WEATHER ITEM   OBSERVED TIME   RECORD YEAR NORMAL DEPARTURE LAST
                VALUE   (LST)  VALUE       VALUE  FROM      YEAR
                                                  NORMAL
..................................................................
TEMPERATURE (F)
 TODAY
  MAXIMUM         74   1241 PM  90    1922  69      5       68
  MINIMUM         47    244 AM  26    1997  40      7       35
  AVERAGE         61                        54      7       52

PRECIPITATION (IN)
  TODAY            0.00          0.48 2011   0.03  -0.03     0.00
  MONTH TO DATE    0.39                      0.71  -0.32     1.62
  SINCE SEP 1      0.39                      0.71  -0.32     1.62
  SINCE JAN 1      8.82                     11.83  -3.01    17.51

SNOWFALL (IN)
  TODAY           MM

DEGREE DAYS
 HEATING
  TODAY            4                        11     -7       13
  MONTH TO DATE  192                       143     49       47
  SINCE SEP 1    192                       143     49       47
  SINCE JUL 1    249                       214     35       93

 COOLING
  TODAY            0                         0      0        0
  MONTH TO DATE    4                        24    -20       78
  SINCE SEP 1      4                        24    -20       78
  SINCE JAN 1    395                       453    -58      405
..................................................................


WIND (MPH)
  HIGHEST WIND SPEED    33   HIGHEST WIND DIRECTION    NW (310)
  HIGHEST GUST SPEED    41   HIGHEST GUST DIRECTION    NW (320)
  AVERAGE WIND SPEED    15.2


SKY COVER
  POSSIBLE SUNSHINE  MM
  AVERAGE SKY COVER 0.3


WEATHER CONDITIONS
 THE FOLLOWING WEATHER WAS RECORDED TODAY.
  NO SIGNIFICANT WEATHER WAS OBSERVED.


RELATIVE HUMIDITY (PERCENT)
 HIGHEST    93           200 AM
 LOWEST     25           500 PM
 AVERAGE    59

..........................................................


THE WILLISTON ND CLIMATE NORMALS FOR TOMORROW
                         NORMAL    RECORD    YEAR
 MAXIMUM TEMPERATURE (F)   69        91      1938
 MINIMUM TEMPERATURE (F)   40        18      1995


SUNRISE AND SUNSET
SEPTEMBER 20 2014.....SUNRISE   738 AM CDT   SUNSET   756 PM CDT
SEPTEMBER 21 2014.....SUNRISE   740 AM CDT   SUNSET   754 PM CDT


-  INDICATES NEGATIVE NUMBERS.
R  INDICATES RECORD WAS SET OR TIED.
MM INDICATES DATA IS MISSING.
T  INDICATES TRACE AMOUNT.




$$
