000
CDUS43 KBIS 270750
CLIISN


CLIMATE REPORT
NATIONAL WEATHER SERVICE BISMARCK ND
149 AM CST SAT DEC 27 2014


...................................

...THE WILLISTON ND CLIMATE SUMMARY FOR DECEMBER 26 2014...

CLIMATE NORMAL PERIOD 1981 TO 2010
CLIMATE RECORD PERIOD 1894 TO 2014


WEATHER ITEM   OBSERVED TIME   RECORD YEAR NORMAL DEPARTURE LAST
                VALUE   (LST)  VALUE       VALUE  FROM      YEAR
                                                  NORMAL
..................................................................
TEMPERATURE (F)
 YESTERDAY
  MAXIMUM         21   1148 PM  49    1947  22     -1       37
  MINIMUM         12    757 AM -33    1990   1     11       17
  AVERAGE         17                        11      6       27

PRECIPITATION (IN)
  YESTERDAY        T             0.32 1988   0.02  -0.02     0.05
  MONTH TO DATE    0.03                      0.51  -0.48     0.86
  SINCE DEC 1      0.03                      0.51  -0.48     0.86
  SINCE JAN 1     10.68                     14.26  -3.58    21.07

SNOWFALL (IN)
  YESTERDAY       MM             7.4  1988   0.3   MM       MM
  MONTH TO DATE    0.0                       7.6   -7.6     MM
  SINCE DEC 1      0.0                       7.6   -7.6     MM
  SINCE JUL 1      0.0                      16.5  -16.5     MM
  SNOW DEPTH      MM

DEGREE DAYS
 HEATING
  YESTERDAY       48                        54     -6       38
  MONTH TO DATE 1104                      1315   -211     1507
  SINCE DEC 1   1104                      1315   -211     1507
  SINCE JUL 1   3297                      3477   -180     3581

 COOLING
  YESTERDAY        0                         0      0        0
  MONTH TO DATE    0                         0      0        0
  SINCE DEC 1      0                         0      0        0
  SINCE JAN 1    425                       456    -31      405
..................................................................


WIND (MPH)
  HIGHEST WIND SPEED    13   HIGHEST WIND DIRECTION    NW (310)
  HIGHEST GUST SPEED    16   HIGHEST GUST DIRECTION    NW (310)
  AVERAGE WIND SPEED     4.0


SKY COVER
  POSSIBLE SUNSHINE  MM
  AVERAGE SKY COVER 1.0


WEATHER CONDITIONS
 THE FOLLOWING WEATHER WAS RECORDED YESTERDAY.
  LIGHT SNOW
  FOG


RELATIVE HUMIDITY (PERCENT)
 HIGHEST    88          1100 AM
 LOWEST     73           400 PM
 AVERAGE    81

..........................................................


THE WILLISTON ND CLIMATE NORMALS FOR TODAY
                         NORMAL    RECORD    YEAR
 MAXIMUM TEMPERATURE (F)   22        51      1980
 MINIMUM TEMPERATURE (F)    0       -31      1924


SUNRISE AND SUNSET
DECEMBER 27 2014......SUNRISE   845 AM CST   SUNSET   507 PM CST
DECEMBER 28 2014......SUNRISE   845 AM CST   SUNSET   508 PM CST


-  INDICATES NEGATIVE NUMBERS.
R  INDICATES RECORD WAS SET OR TIED.
MM INDICATES DATA IS MISSING.
T  INDICATES TRACE AMOUNT.




$$
