000
CDUS43 KBIS 270723
CLIISN


CLIMATE REPORT
NATIONAL WEATHER SERVICE BISMARCK ND
222 AM CDT WED AUG 27 2014


...................................

...THE WILLISTON ND CLIMATE SUMMARY FOR AUGUST 26 2014...

CLIMATE NORMAL PERIOD 1981 TO 2010
CLIMATE RECORD PERIOD 1894 TO 2014


WEATHER ITEM   OBSERVED TIME   RECORD YEAR NORMAL DEPARTURE LAST
                VALUE   (LST)  VALUE       VALUE  FROM      YEAR
                                                  NORMAL
..................................................................
TEMPERATURE (F)
 YESTERDAY
  MAXIMUM         73    612 PM  99    1901  81     -8       96
  MINIMUM         39    616 AM  33    1914  51    -12       63
  AVERAGE         56                        66    -10       80

PRECIPITATION (IN)
  YESTERDAY        0.00          1.19 1903   0.05  -0.05     0.00
  MONTH TO DATE    1.83                      1.23   0.60     1.76
  SINCE JUN 1      3.93                      6.29  -2.36     7.67
  SINCE JAN 1      8.02                     10.90  -2.88    15.48

SNOWFALL (IN)
  YESTERDAY       MM             T    1998   0.0   MM       MM
  MONTH TO DATE    0.0                       0.0    0.0     MM
  SINCE JUN 1      0.0                       0.0    0.0     MM
  SINCE JUL 1      0.0                       0.0    0.0     MM
  SNOW DEPTH      MM

DEGREE DAYS
 HEATING
  YESTERDAY        9                         2      7        0
  MONTH TO DATE   35                        33      2       21
  SINCE JUN 1    162                       177    -15      174
  SINCE JUL 1     52                        57     -5       46

 COOLING
  YESTERDAY        0                         4     -4       15
  MONTH TO DATE  168                       151     17      115
  SINCE JUN 1    360                       401    -41      268
  SINCE JAN 1    381                       414    -33      276
..................................................................


WIND (MPH)
  HIGHEST WIND SPEED    12   HIGHEST WIND DIRECTION    SE (130)
  HIGHEST GUST SPEED    23   HIGHEST GUST DIRECTION     S (160)
  AVERAGE WIND SPEED     2.6


SKY COVER
  POSSIBLE SUNSHINE  MM
  AVERAGE SKY COVER 0.0


WEATHER CONDITIONS
 THE FOLLOWING WEATHER WAS RECORDED YESTERDAY.
  FOG


RELATIVE HUMIDITY (PERCENT)
 HIGHEST   100           600 AM
 LOWEST     35           400 PM
 AVERAGE    68

..........................................................


THE WILLISTON ND CLIMATE NORMALS FOR TODAY
                         NORMAL    RECORD    YEAR
 MAXIMUM TEMPERATURE (F)   81       100      1991
 MINIMUM TEMPERATURE (F)   51        35      1982


SUNRISE AND SUNSET
AUGUST 27 2014........SUNRISE   705 AM CDT   SUNSET   846 PM CDT
AUGUST 28 2014........SUNRISE   707 AM CDT   SUNSET   844 PM CDT


-  INDICATES NEGATIVE NUMBERS.
R  INDICATES RECORD WAS SET OR TIED.
MM INDICATES DATA IS MISSING.
T  INDICATES TRACE AMOUNT.




$$
