000
CDUS41 KOKX 242133
CLIISP


CLIMATE REPORT
NATIONAL WEATHER SERVICE NEW YORK NY
432 PM EST SAT FEB 24 2018


...................................

...THE ISLIP NY CLIMATE SUMMARY FOR FEBRUARY 24 2018...
VALID TODAY AS OF 0400 PM LOCAL TIME.

CLIMATE NORMAL PERIOD 1981 TO 2010
CLIMATE RECORD PERIOD 1963 TO 2018


WEATHER ITEM   OBSERVED TIME   RECORD YEAR NORMAL DEPARTURE LAST
                VALUE   (LST)  VALUE       VALUE  FROM      YEAR
                                                  NORMAL
..................................................................
TEMPERATURE (F)
 TODAY
  MAXIMUM         54    309 PM  64    2017  42     12       64
  MINIMUM         40    353 AM   3    2015  27     13       45
  AVERAGE         47                        34     13       55

PRECIPITATION (IN)
  TODAY            0.02          1.31 1998   0.13  -0.11     0.00
  MONTH TO DATE    5.24                      2.71   2.53     1.45
  SINCE DEC 1     11.10                     10.41   0.69     9.04
  SINCE JAN 1      8.98                      6.35   2.63     5.51

SNOWFALL (IN)
  TODAY            0.0           3.2  2005   0.2   -0.2      0.0
  MONTH TO DATE    1.4                       6.1   -4.7     14.7
  SINCE OCT 1     29.4                      18.7   10.7     31.9
  SINCE JUL 1     29.4                      18.7   10.7     31.9
  SNOW DEPTH       0

DEGREE DAYS
 HEATING
  TODAY           18                        31    -13       10
  MONTH TO DATE  630                       782   -152      673
  SINCE DEC 1   2661                      2758    -97     2431
  SINCE JUL 1   3412                      3774   -362     3222

 COOLING
  TODAY            0                         0      0        0
  MONTH TO DATE    0                         0      0        0
  SINCE DEC 1      0                         0      0        0
  SINCE JAN 1      0                         0      0        0
..................................................................


WIND (MPH)
  HIGHEST WIND SPEED    12   HIGHEST WIND DIRECTION     W (250)
  HIGHEST GUST SPEED    15   HIGHEST GUST DIRECTION     N (350)
  AVERAGE WIND SPEED     7.7


SKY COVER
  AVERAGE SKY COVER 0.7


WEATHER CONDITIONS
 THE FOLLOWING WEATHER WAS RECORDED TODAY.
  LIGHT RAIN
  FOG


RELATIVE HUMIDITY (PERCENT)
 HIGHEST   100          1200 AM
 LOWEST     64          1200 PM
 AVERAGE    82

..........................................................


THE ISLIP NY CLIMATE NORMALS FOR TOMORROW
                         NORMAL    RECORD    YEAR
 MAXIMUM TEMPERATURE (F)   42        65      2017
 MINIMUM TEMPERATURE (F)   27         8      1967


SUNRISE AND SUNSET
FEBRUARY 24 2018......SUNRISE   634 AM EST   SUNSET   538 PM EST
FEBRUARY 25 2018......SUNRISE   632 AM EST   SUNSET   539 PM EST


-  INDICATES NEGATIVE NUMBERS.
R  INDICATES RECORD WAS SET OR TIED.
MM INDICATES DATA IS MISSING.
T  INDICATES TRACE AMOUNT.




$$
