000
CDUS41 KOKX 300626
CLIISP


CLIMATE REPORT
NATIONAL WEATHER SERVICE NEW YORK NY
226 AM EDT MON MAY 30 2016


...................................

...THE ISLIP NY CLIMATE SUMMARY FOR MAY 29 2016...

CLIMATE NORMAL PERIOD 1981 TO 2010
CLIMATE RECORD PERIOD 1986 TO 2016


WEATHER ITEM   OBSERVED TIME   RECORD YEAR NORMAL DEPARTURE LAST
                VALUE   (LST)  VALUE       VALUE  FROM      YEAR
                                                  NORMAL
..................................................................
TEMPERATURE (F)
 YESTERDAY
  MAXIMUM         81   1121 AM  93    1987  71     10       79
  MINIMUM         64    420 AM  43    1992  54     10       60
  AVERAGE         73                        63     10       70

PRECIPITATION (IN)
  YESTERDAY        0.02          1.95 1990   0.14  -0.12     0.00
  MONTH TO DATE    2.79                      3.50  -0.71     0.42
  SINCE MAR 1      7.90                     12.28  -4.38     7.15
  SINCE JAN 1     16.37                     19.18  -2.81    15.09

SNOWFALL (IN)
  YESTERDAY        0.0          MM      MM   0.0    0.0      0.0
  MONTH TO DATE    0.0                       0.0    0.0      0.0
  SINCE OCT 1     41.4                      24.8   16.6     63.7
  SINCE JUL 1     41.4                      24.8   16.6     63.7
  SNOW DEPTH       0

DEGREE DAYS
 HEATING
  YESTERDAY        0                         4     -4        0
  MONTH TO DATE  226                       212     14      112
  SINCE MAR 1   1282                      1488   -206     1491
  SINCE JUL 1   4364                      5383  -1019     5511

 COOLING
  YESTERDAY        8                         2      6        5
  MONTH TO DATE   32                        15     17       42
  SINCE MAR 1     32                        17     15       42
  SINCE JAN 1     32                        17     15       42
..................................................................


WIND (MPH)
  HIGHEST WIND SPEED    15   HIGHEST WIND DIRECTION     S (190)
  HIGHEST GUST SPEED    19   HIGHEST GUST DIRECTION     S (190)
  AVERAGE WIND SPEED     8.1


SKY COVER
  AVERAGE SKY COVER 0.7


WEATHER CONDITIONS
 THE FOLLOWING WEATHER WAS RECORDED YESTERDAY.
  LIGHT RAIN
  FOG
  FOG W/VISIBILITY <= 1/4 MILE
  HAZE


RELATIVE HUMIDITY (PERCENT)
 HIGHEST    93           700 PM
 LOWEST     54           900 AM
 AVERAGE    74

..........................................................


THE ISLIP NY CLIMATE NORMALS FOR TODAY
                         NORMAL    RECORD    YEAR
 MAXIMUM TEMPERATURE (F)   72        95      1987
 MINIMUM TEMPERATURE (F)   55        41      2004


SUNRISE AND SUNSET
MAY 30 2016...........SUNRISE   524 AM EDT   SUNSET   817 PM EDT
MAY 31 2016...........SUNRISE   523 AM EDT   SUNSET   817 PM EDT


-  INDICATES NEGATIVE NUMBERS.
R  INDICATES RECORD WAS SET OR TIED.
MM INDICATES DATA IS MISSING.
T  INDICATES TRACE AMOUNT.




$$
