000
CDUS41 KOKX 310618
CLIISP


CLIMATE REPORT
NATIONAL WEATHER SERVICE NEW YORK NY
218 AM EDT MON AUG 31 2015


...................................

...THE ISLIP NY CLIMATE SUMMARY FOR AUGUST 30 2015...

CLIMATE NORMAL PERIOD 1981 TO 2010
CLIMATE RECORD PERIOD 1986 TO 2015


WEATHER ITEM   OBSERVED TIME   RECORD YEAR NORMAL DEPARTURE LAST
                VALUE   (LST)  VALUE       VALUE  FROM      YEAR
                                                  NORMAL
..................................................................
TEMPERATURE (F)
 YESTERDAY
  MAXIMUM         85   1142 AM  91    1991  79      6       77
  MINIMUM         67    500 AM  45    1986  63      4       58
  AVERAGE         76                        71      5       68

PRECIPITATION (IN)
  YESTERDAY        T             0.47 1985   0.12  -0.12     0.00
  MONTH TO DATE    1.48                      3.86  -2.38    14.05
  SINCE JUN 1      7.27                     11.56  -4.29    18.80
  SINCE JAN 1     22.36                     31.02  -8.66    40.54

SNOWFALL (IN)
  YESTERDAY        0.0          MM      MM   0.0    0.0      0.0
  MONTH TO DATE    0.0                       0.0    0.0      0.0
  SINCE OCT 1     63.7                      24.8   38.9     63.7
  SINCE JUL 1      0.0                       0.0    0.0      0.0
  SNOW DEPTH       0

DEGREE DAYS
 HEATING
  YESTERDAY        0                         0      0        0
  MONTH TO DATE    0                         0      0        0
  SINCE JUN 1     46                        40      6        2
  SINCE JUL 1      0                         2     -2        0

 COOLING
  YESTERDAY       11                         6      5        3
  MONTH TO DATE  321                       241     80      210
  SINCE JUN 1    814                       657    157      705
  SINCE JAN 1    864                       681    183      734
..................................................................


WIND (MPH)
  HIGHEST WIND SPEED    16   HIGHEST WIND DIRECTION     W (250)
  HIGHEST GUST SPEED    21   HIGHEST GUST DIRECTION    SW (240)
  AVERAGE WIND SPEED     8.8


SKY COVER
  AVERAGE SKY COVER 0.6


WEATHER CONDITIONS
 THE FOLLOWING WEATHER WAS RECORDED YESTERDAY.
  LIGHT RAIN


RELATIVE HUMIDITY (PERCENT)
 HIGHEST    84           600 AM
 LOWEST     55          1200 PM
 AVERAGE    70

..........................................................


THE ISLIP NY CLIMATE NORMALS FOR TODAY
                         NORMAL    RECORD    YEAR
 MAXIMUM TEMPERATURE (F)   78        94      2010
 MINIMUM TEMPERATURE (F)   63        50      1986


SUNRISE AND SUNSET
AUGUST 31 2015........SUNRISE   618 AM EDT   SUNSET   727 PM EDT
SEPTEMBER  1 2015.....SUNRISE   619 AM EDT   SUNSET   725 PM EDT


-  INDICATES NEGATIVE NUMBERS.
R  INDICATES RECORD WAS SET OR TIED.
MM INDICATES DATA IS MISSING.
T  INDICATES TRACE AMOUNT.




$$
