000
CDCA42 TJSJ 260452
CLIIST


CLIMATE REPORT
NATIONAL WEATHER SERVICE SAN JUAN, PR
1252 AM AST FRI DEC 26 2014


...................................

...THE CYRIL E. KING AIRPORT/USVI CLIMATE SUMMARY FOR DECEMBER 25 2014...

CLIMATE NORMAL PERIOD 1981 TO 2010
CLIMATE RECORD PERIOD 1953 TO 2014


WEATHER ITEM   OBSERVED TIME   RECORD YEAR NORMAL DEPARTURE LAST
                VALUE   (LST)  VALUE       VALUE  FROM      YEAR
                                                  NORMAL
..................................................................
TEMPERATURE (F)
 YESTERDAY
  MAXIMUM         85   1250 PM  92    1995  85      0       81
  MINIMUM         74    441 AM  65    1991  73      1       70
  AVERAGE         80                        79      1       76

PRECIPITATION (IN)
  YESTERDAY        0.07          0.84 1959   0.09  -0.02      T
  MONTH TO DATE    2.63                      2.43   0.20     7.21
  SINCE DEC 1      2.63                      2.43   0.20     7.21
  SINCE JAN 1     35.36                     38.81  -3.45    55.09

SNOWFALL (IN)
  YESTERDAY       MM
  MONTH TO DATE    0.0
  SINCE DEC 1      0.0
  SINCE JUL 1      0.0

DEGREE DAYS
 HEATING
  YESTERDAY        0                         0      0        0
  MONTH TO DATE    0                         0      0        0
  SINCE DEC 1      0                         0      0        0
  SINCE JUL 1      0                         0      0        0

 COOLING
  YESTERDAY       15                        14      1       11
  MONTH TO DATE  366                       366      0      362
  SINCE DEC 1    366                       366      0      362
  SINCE JAN 1   5912                      5960    -48     5923
..................................................................


WIND (MPH)
  RESULTANT WIND SPEED  13   RESULTANT WIND DIRECTION   E (70)
  HIGHEST WIND SPEED    22   HIGHEST WIND DIRECTION     E (90)
  AVERAGE WIND SPEED    12.7


SKY COVER
  AVERAGE SKY COVER 0.1


WEATHER CONDITIONS
 THE FOLLOWING WEATHER WAS RECORDED YESTERDAY.
  NO SIGNIFICANT WEATHER WAS OBSERVED.


RELATIVE HUMIDITY (PERCENT)
 HIGHEST    76
 LOWEST     76
 AVERAGE    76

..........................................................


THE CYRIL E. KING AIRPORT/USVI CLIMATE NORMALS FOR TODAY
                         NORMAL    RECORD    YEAR
 MAXIMUM TEMPERATURE (F)   85        92      1995
 MINIMUM TEMPERATURE (F)   73        65      1991


SUNRISE AND SUNSET
DECEMBER 26 2014......SUNRISE   649 AM AST   SUNSET   552 PM AST
DECEMBER 27 2014......SUNRISE   650 AM AST   SUNSET   552 PM AST


-  INDICATES NEGATIVE NUMBERS.
R  INDICATES RECORD WAS SET OR TIED.
MM INDICATES DATA IS MISSING.
T  INDICATES TRACE AMOUNT.




$$
