000
CDCA42 TJSJ 260528
CLIIST


CLIMATE REPORT
NATIONAL WEATHER SERVICE SAN JUAN, PR
128 AM AST MON JAN 26 2015


...................................

...THE CYRIL E. KING AIRPORT/USVI CLIMATE SUMMARY FOR JANUARY 25 2015...

CLIMATE NORMAL PERIOD 1981 TO 2010
CLIMATE RECORD PERIOD 1953 TO 2015


WEATHER ITEM   OBSERVED TIME   RECORD YEAR NORMAL DEPARTURE LAST
                VALUE   (LST)  VALUE       VALUE  FROM      YEAR
                                                  NORMAL
..................................................................
TEMPERATURE (F)
 YESTERDAY
  MAXIMUM         83    322 PM  91    1995  85     -2       85
  MINIMUM         71    656 AM  66    1958  72     -1       72
                                      1986
  AVERAGE         77                        79     -2       79

PRECIPITATION (IN)
  YESTERDAY        T             0.69 2003   0.07  -0.07      T
  MONTH TO DATE    1.68                      2.00  -0.32     0.92
  SINCE DEC 1      4.35                      4.96  -0.61     8.26
  SINCE JAN 1      1.68                      2.00  -0.32     0.92

SNOWFALL (IN)
  YESTERDAY       MM                         0.0   MM        0.0
  MONTH TO DATE    0.0                       0.0    0.0      0.0
  SINCE DEC 1      0.0                       0.0    0.0      0.0
  SINCE JUL 1      0.0                       0.0    0.0      0.0

DEGREE DAYS
 HEATING
  YESTERDAY        0                         0      0        0
  MONTH TO DATE    0                         0      0        0
  SINCE DEC 1      0                         0      0        0
  SINCE JUL 1      0                         0      0        0

 COOLING
  YESTERDAY       12                        14     -2       14
  MONTH TO DATE  335                       350    -15      334
  SINCE DEC 1    788                       801    -13      788
  SINCE JAN 1    335                       350    -15      334
..................................................................


WIND (MPH)
  HIGHEST WIND SPEED    MM   HIGHEST WIND DIRECTION    MM
  HIGHEST GUST SPEED    MM   HIGHEST GUST DIRECTION    MM
  AVERAGE WIND SPEED    MM


SKY COVER
  AVERAGE SKY COVER  MM


WEATHER CONDITIONS
 THE FOLLOWING WEATHER WAS RECORDED YESTERDAY.
  NO SIGNIFICANT WEATHER WAS OBSERVED.


RELATIVE HUMIDITY (PERCENT)
 HIGHEST    MM
 LOWEST     MM
 AVERAGE    MM

..........................................................


THE CYRIL E. KING AIRPORT/USVI CLIMATE NORMALS FOR TODAY
                         NORMAL    RECORD    YEAR
 MAXIMUM TEMPERATURE (F)   85        90      1995
 MINIMUM TEMPERATURE (F)   72        65      1955


SUNRISE AND SUNSET
JANUARY 26 2015.......SUNRISE   654 AM AST   SUNSET   611 PM AST
JANUARY 27 2015.......SUNRISE   654 AM AST   SUNSET   611 PM AST


-  INDICATES NEGATIVE NUMBERS.
R  INDICATES RECORD WAS SET OR TIED.
MM INDICATES DATA IS MISSING.
T  INDICATES TRACE AMOUNT.




$$
